[INFO] fetching crate windows-capture 1.0.42...
[INFO] testing windows-capture-1.0.42 against 1.75.0 for beta-1.76-1
[INFO] extracting crate windows-capture 1.0.42 into /workspace/builds/worker-2-tc1/source
[INFO] validating manifest of crates.io crate windows-capture 1.0.42 on toolchain 1.75.0
[INFO] running `Command { std: CARGO_HOME="/workspace/cargo-home" RUSTUP_HOME="/workspace/rustup-home" "/workspace/cargo-home/bin/cargo" "+1.75.0" "metadata" "--manifest-path" "Cargo.toml" "--no-deps", kill_on_drop: false }`
[INFO] removed /workspace/builds/worker-2-tc1/source/rust-toolchain.toml
[INFO] started tweaking crates.io crate windows-capture 1.0.42
[INFO] removed 0 missing examples
[INFO] finished tweaking crates.io crate windows-capture 1.0.42
[INFO] tweaked toml for crates.io crate windows-capture 1.0.42 written to /workspace/builds/worker-2-tc1/source/Cargo.toml
[INFO] crate crates.io crate windows-capture 1.0.42 already has a lockfile, it will not be regenerated
[INFO] running `Command { std: CARGO_HOME="/workspace/cargo-home" RUSTUP_HOME="/workspace/rustup-home" "/workspace/cargo-home/bin/cargo" "+1.75.0" "fetch" "--manifest-path" "Cargo.toml", kill_on_drop: false }`
[INFO] running `Command { std: "docker" "create" "-v" "/var/lib/crater-agent-workspace/builds/worker-2-tc1/target:/opt/rustwide/target:rw,Z" "-v" "/var/lib/crater-agent-workspace/builds/worker-2-tc1/source:/opt/rustwide/workdir:ro,Z" "-v" "/var/lib/crater-agent-workspace/cargo-home:/opt/rustwide/cargo-home:ro,Z" "-v" "/var/lib/crater-agent-workspace/rustup-home:/opt/rustwide/rustup-home:ro,Z" "-e" "SOURCE_DIR=/opt/rustwide/workdir" "-e" "CARGO_TARGET_DIR=/opt/rustwide/target" "-e" "CARGO_HOME=/opt/rustwide/cargo-home" "-e" "RUSTUP_HOME=/opt/rustwide/rustup-home" "-w" "/opt/rustwide/workdir" "-m" "1610612736" "--user" "0:0" "--network" "none" "ghcr.io/rust-lang/crates-build-env/linux@sha256:2788e3201cd34a07e3172128adcd8b3090168a8e3bcc40d7c032b9dda1df7d1c" "/opt/rustwide/cargo-home/bin/cargo" "+1.75.0" "metadata" "--no-deps" "--format-version=1", kill_on_drop: false }`
[INFO] [stdout] 4a33eaeb47e24d089e28c4c11ac86e805a72fc9ede01b68fde7d677b5278f506
[INFO] running `Command { std: "docker" "start" "-a" "4a33eaeb47e24d089e28c4c11ac86e805a72fc9ede01b68fde7d677b5278f506", kill_on_drop: false }`
[INFO] running `Command { std: "docker" "inspect" "4a33eaeb47e24d089e28c4c11ac86e805a72fc9ede01b68fde7d677b5278f506", kill_on_drop: false }`
[INFO] running `Command { std: "docker" "rm" "-f" "4a33eaeb47e24d089e28c4c11ac86e805a72fc9ede01b68fde7d677b5278f506", kill_on_drop: false }`
[INFO] [stdout] 4a33eaeb47e24d089e28c4c11ac86e805a72fc9ede01b68fde7d677b5278f506
[INFO] running `Command { std: "docker" "create" "-v" "/var/lib/crater-agent-workspace/builds/worker-2-tc1/target:/opt/rustwide/target:rw,Z" "-v" "/var/lib/crater-agent-workspace/builds/worker-2-tc1/source:/opt/rustwide/workdir:ro,Z" "-v" "/var/lib/crater-agent-workspace/cargo-home:/opt/rustwide/cargo-home:ro,Z" "-v" "/var/lib/crater-agent-workspace/rustup-home:/opt/rustwide/rustup-home:ro,Z" "-e" "SOURCE_DIR=/opt/rustwide/workdir" "-e" "CARGO_TARGET_DIR=/opt/rustwide/target" "-e" "CARGO_INCREMENTAL=0" "-e" "RUST_BACKTRACE=full" "-e" "RUSTFLAGS=--cap-lints=warn" "-e" "RUSTDOCFLAGS=--cap-lints=warn" "-e" "CARGO_HOME=/opt/rustwide/cargo-home" "-e" "RUSTUP_HOME=/opt/rustwide/rustup-home" "-w" "/opt/rustwide/workdir" "-m" "1610612736" "--user" "0:0" "--network" "none" "ghcr.io/rust-lang/crates-build-env/linux@sha256:2788e3201cd34a07e3172128adcd8b3090168a8e3bcc40d7c032b9dda1df7d1c" "/opt/rustwide/cargo-home/bin/cargo" "+1.75.0" "build" "--frozen" "--message-format=json", kill_on_drop: false }`
[INFO] [stdout] 405c2865143c2fba602436bb182910541d1dc80b000798f0740dd7db85ebd7ea
[INFO] running `Command { std: "docker" "start" "-a" "405c2865143c2fba602436bb182910541d1dc80b000798f0740dd7db85ebd7ea", kill_on_drop: false }`
[INFO] [stderr]    Compiling memoffset v0.9.0
[INFO] [stderr]    Compiling crossbeam-utils v0.8.16
[INFO] [stderr]    Compiling crossbeam-epoch v0.9.15
[INFO] [stderr]    Compiling lock_api v0.4.10
[INFO] [stderr]    Compiling proc-macro2 v1.0.69
[INFO] [stderr]    Compiling windows_x86_64_gnu v0.52.0
[INFO] [stderr]    Compiling num-integer v0.1.45
[INFO] [stderr]    Compiling libc v0.2.148
[INFO] [stderr]    Compiling smallvec v1.11.1
[INFO] [stderr]    Compiling num-rational v0.4.1
[INFO] [stderr]    Compiling parking_lot_core v0.9.8
[INFO] [stderr]    Compiling windows-targets v0.52.0
[INFO] [stderr]    Compiling fdeflate v0.3.0
[INFO] [stderr]    Compiling spin v0.9.8
[INFO] [stderr]    Compiling half v2.2.1
[INFO] [stderr]    Compiling bit_field v0.10.2
[INFO] [stderr]    Compiling flume v0.11.0
[INFO] [stderr]    Compiling quote v1.0.33
[INFO] [stderr]    Compiling crossbeam-deque v0.8.3
[INFO] [stderr]    Compiling color_quant v1.1.0
[INFO] [stderr]    Compiling syn v2.0.39
[INFO] [stderr]    Compiling rayon-core v1.12.0
[INFO] [stderr]    Compiling lebe v0.5.2
[INFO] [stderr]    Compiling thiserror v1.0.50
[INFO] [stderr]    Compiling gif v0.12.0
[INFO] [stderr]    Compiling png v0.17.10
[INFO] [stderr]    Compiling qoi v0.4.1
[INFO] [stderr]    Compiling windows-core v0.52.0
[INFO] [stderr]    Compiling parking_lot v0.12.1
[INFO] [stderr]    Compiling rayon v1.8.0
[INFO] [stderr]    Compiling exr v1.71.0
[INFO] [stderr]    Compiling windows v0.52.0
[INFO] [stderr]    Compiling thiserror-impl v1.0.50
[INFO] [stderr]    Compiling jpeg-decoder v0.3.0
[INFO] [stderr]    Compiling tiff v0.9.0
[INFO] [stderr]    Compiling image v0.24.7
[INFO] [stderr]    Compiling windows-capture v1.0.42 (/opt/rustwide/workdir)
[INFO] [stdout] error[E0433]: failed to resolve: could not find `windows` in `os`
[INFO] [stdout]  --> src/capture.rs:4:9
[INFO] [stdout]   |
[INFO] [stdout] 4 |     os::windows::prelude::AsRawHandle,
[INFO] [stdout]   |         ^^^^^^^ could not find `windows` in `os`
[INFO] [stdout] 
[INFO] [stdout] 
[INFO] [stdout] error[E0599]: no method named `as_raw_handle` found for struct `JoinHandle` in the current scope
[INFO] [stdout]    --> src/capture.rs:116:40
[INFO] [stdout]     |
[INFO] [stdout] 116 |             let handle = thread_handle.as_raw_handle();
[INFO] [stdout]     |                                        ^^^^^^^^^^^^^ method not found in `JoinHandle<Result<(), Box<dyn Error + Send + Sync>>>`
[INFO] [stdout] 
[INFO] [stdout] 
[INFO] [stdout] error: aborting due to 2 previous errors
[INFO] [stdout] 
[INFO] [stdout] 
[INFO] [stdout] Some errors have detailed explanations: E0433, E0599.
[INFO] [stdout] 
[INFO] [stdout] For more information about an error, try `rustc --explain E0433`.
[INFO] [stdout] 
[INFO] [stderr] error: could not compile `windows-capture` (lib) due to 3 previous errors
[INFO] [stderr] warning: build failed, waiting for other jobs to finish...
[INFO] running `Command { std: "docker" "inspect" "405c2865143c2fba602436bb182910541d1dc80b000798f0740dd7db85ebd7ea", kill_on_drop: false }`
[INFO] running `Command { std: "docker" "rm" "-f" "405c2865143c2fba602436bb182910541d1dc80b000798f0740dd7db85ebd7ea", kill_on_drop: false }`
[INFO] [stdout] 405c2865143c2fba602436bb182910541d1dc80b000798f0740dd7db85ebd7ea
[INFO] testing windows-capture-1.0.42 against beta-2023-12-22 for beta-1.76-1
[INFO] extracting crate windows-capture 1.0.42 into /workspace/builds/worker-2-tc2/source
[INFO] validating manifest of crates.io crate windows-capture 1.0.42 on toolchain beta-2023-12-22
[INFO] running `Command { std: CARGO_HOME="/workspace/cargo-home" RUSTUP_HOME="/workspace/rustup-home" "/workspace/cargo-home/bin/cargo" "+beta-2023-12-22" "metadata" "--manifest-path" "Cargo.toml" "--no-deps", kill_on_drop: false }`
[INFO] removed /workspace/builds/worker-2-tc2/source/rust-toolchain.toml
[INFO] started tweaking crates.io crate windows-capture 1.0.42
[INFO] removed 0 missing examples
[INFO] finished tweaking crates.io crate windows-capture 1.0.42
[INFO] tweaked toml for crates.io crate windows-capture 1.0.42 written to /workspace/builds/worker-2-tc2/source/Cargo.toml
[INFO] crate crates.io crate windows-capture 1.0.42 already has a lockfile, it will not be regenerated
[INFO] running `Command { std: CARGO_HOME="/workspace/cargo-home" RUSTUP_HOME="/workspace/rustup-home" "/workspace/cargo-home/bin/cargo" "+beta-2023-12-22" "fetch" "--manifest-path" "Cargo.toml", kill_on_drop: false }`
[INFO] running `Command { std: "docker" "create" "-v" "/var/lib/crater-agent-workspace/builds/worker-2-tc2/target:/opt/rustwide/target:rw,Z" "-v" "/var/lib/crater-agent-workspace/builds/worker-2-tc2/source:/opt/rustwide/workdir:ro,Z" "-v" "/var/lib/crater-agent-workspace/cargo-home:/opt/rustwide/cargo-home:ro,Z" "-v" "/var/lib/crater-agent-workspace/rustup-home:/opt/rustwide/rustup-home:ro,Z" "-e" "SOURCE_DIR=/opt/rustwide/workdir" "-e" "CARGO_TARGET_DIR=/opt/rustwide/target" "-e" "CARGO_HOME=/opt/rustwide/cargo-home" "-e" "RUSTUP_HOME=/opt/rustwide/rustup-home" "-w" "/opt/rustwide/workdir" "-m" "1610612736" "--user" "0:0" "--network" "none" "ghcr.io/rust-lang/crates-build-env/linux@sha256:2788e3201cd34a07e3172128adcd8b3090168a8e3bcc40d7c032b9dda1df7d1c" "/opt/rustwide/cargo-home/bin/cargo" "+beta-2023-12-22" "metadata" "--no-deps" "--format-version=1", kill_on_drop: false }`
[INFO] [stdout] 6f59ddfc920a6ac03aebd17f152b93391b7f5de33534ae1dd6f66185bf80b5c1
[INFO] running `Command { std: "docker" "start" "-a" "6f59ddfc920a6ac03aebd17f152b93391b7f5de33534ae1dd6f66185bf80b5c1", kill_on_drop: false }`
[INFO] running `Command { std: "docker" "inspect" "6f59ddfc920a6ac03aebd17f152b93391b7f5de33534ae1dd6f66185bf80b5c1", kill_on_drop: false }`
[INFO] running `Command { std: "docker" "rm" "-f" "6f59ddfc920a6ac03aebd17f152b93391b7f5de33534ae1dd6f66185bf80b5c1", kill_on_drop: false }`
[INFO] [stdout] 6f59ddfc920a6ac03aebd17f152b93391b7f5de33534ae1dd6f66185bf80b5c1
[INFO] running `Command { std: "docker" "create" "-v" "/var/lib/crater-agent-workspace/builds/worker-2-tc2/target:/opt/rustwide/target:rw,Z" "-v" "/var/lib/crater-agent-workspace/builds/worker-2-tc2/source:/opt/rustwide/workdir:ro,Z" "-v" "/var/lib/crater-agent-workspace/cargo-home:/opt/rustwide/cargo-home:ro,Z" "-v" "/var/lib/crater-agent-workspace/rustup-home:/opt/rustwide/rustup-home:ro,Z" "-e" "SOURCE_DIR=/opt/rustwide/workdir" "-e" "CARGO_TARGET_DIR=/opt/rustwide/target" "-e" "CARGO_INCREMENTAL=0" "-e" "RUST_BACKTRACE=full" "-e" "RUSTFLAGS=--cap-lints=warn" "-e" "RUSTDOCFLAGS=--cap-lints=warn" "-e" "CARGO_HOME=/opt/rustwide/cargo-home" "-e" "RUSTUP_HOME=/opt/rustwide/rustup-home" "-w" "/opt/rustwide/workdir" "-m" "1610612736" "--user" "0:0" "--network" "none" "ghcr.io/rust-lang/crates-build-env/linux@sha256:2788e3201cd34a07e3172128adcd8b3090168a8e3bcc40d7c032b9dda1df7d1c" "/opt/rustwide/cargo-home/bin/cargo" "+beta-2023-12-22" "build" "--frozen" "--message-format=json", kill_on_drop: false }`
[INFO] [stdout] 3db464c33c6eb4c4c8aedb70e74975b14d0eb91da9edd91dae095f9777b37dcd
[INFO] running `Command { std: "docker" "start" "-a" "3db464c33c6eb4c4c8aedb70e74975b14d0eb91da9edd91dae095f9777b37dcd", kill_on_drop: false }`
[INFO] [stderr]    Compiling memoffset v0.9.0
[INFO] [stderr]    Compiling crossbeam-utils v0.8.16
[INFO] [stderr]    Compiling crossbeam-epoch v0.9.15
[INFO] [stderr]    Compiling lock_api v0.4.10
[INFO] [stderr]    Compiling proc-macro2 v1.0.69
[INFO] [stderr]    Compiling windows_x86_64_gnu v0.52.0
[INFO] [stderr]    Compiling num-integer v0.1.45
[INFO] [stderr]    Compiling smallvec v1.11.1
[INFO] [stderr]    Compiling libc v0.2.148
[INFO] [stderr]    Compiling num-rational v0.4.1
[INFO] [stderr]    Compiling parking_lot_core v0.9.8
[INFO] [stderr]    Compiling windows-targets v0.52.0
[INFO] [stderr]    Compiling fdeflate v0.3.0
[INFO] [stderr]    Compiling spin v0.9.8
[INFO] [stderr]    Compiling lebe v0.5.2
[INFO] [stderr]    Compiling bit_field v0.10.2
[INFO] [stderr]    Compiling flume v0.11.0
[INFO] [stderr]    Compiling thiserror v1.0.50
[INFO] [stderr]    Compiling quote v1.0.33
[INFO] [stderr]    Compiling crossbeam-deque v0.8.3
[INFO] [stderr]    Compiling bytemuck v1.14.0
[INFO] [stderr]    Compiling syn v2.0.39
[INFO] [stderr]    Compiling rayon-core v1.12.0
[INFO] [stderr]    Compiling half v2.2.1
[INFO] [stderr]    Compiling color_quant v1.1.0
[INFO] [stderr]    Compiling qoi v0.4.1
[INFO] [stderr]    Compiling png v0.17.10
[INFO] [stderr]    Compiling gif v0.12.0
[INFO] [stderr]    Compiling windows-core v0.52.0
[INFO] [stderr]    Compiling rayon v1.8.0
[INFO] [stderr]    Compiling exr v1.71.0
[INFO] [stderr]    Compiling windows v0.52.0
[INFO] [stderr]    Compiling parking_lot v0.12.1
[INFO] [stderr]    Compiling thiserror-impl v1.0.50
[INFO] [stderr]    Compiling jpeg-decoder v0.3.0
[INFO] [stderr]    Compiling tiff v0.9.0
[INFO] [stderr]    Compiling image v0.24.7
[INFO] [stderr]    Compiling windows-capture v1.0.42 (/opt/rustwide/workdir)
[INFO] [stdout] error[E0433]: failed to resolve: could not find `windows` in `os`
[INFO] [stdout]  --> src/capture.rs:4:9
[INFO] [stdout]   |
[INFO] [stdout] 4 |     os::windows::prelude::AsRawHandle,
[INFO] [stdout]   |         ^^^^^^^ could not find `windows` in `os`
[INFO] [stdout] 
[INFO] [stdout] 
[INFO] [stdout] error[E0599]: no method named `as_raw_handle` found for struct `JoinHandle` in the current scope
[INFO] [stdout]    --> src/capture.rs:116:40
[INFO] [stdout]     |
[INFO] [stdout] 116 |             let handle = thread_handle.as_raw_handle();
[INFO] [stdout]     |                                        ^^^^^^^^^^^^^ method not found in `JoinHandle<Result<(), Box<dyn Error + Send + Sync>>>`
[INFO] [stdout] 
[INFO] [stdout] 
[INFO] [stdout] error: aborting due to 2 previous errors
[INFO] [stdout] 
[INFO] [stdout] 
[INFO] [stdout] Some errors have detailed explanations: E0433, E0599.
[INFO] [stdout] 
[INFO] [stdout] For more information about an error, try `rustc --explain E0433`.
[INFO] [stdout] 
[INFO] [stderr] error: could not compile `windows-capture` (lib) due to 3 previous errors
[INFO] [stderr] warning: build failed, waiting for other jobs to finish...
[INFO] running `Command { std: "docker" "inspect" "3db464c33c6eb4c4c8aedb70e74975b14d0eb91da9edd91dae095f9777b37dcd", kill_on_drop: false }`
[INFO] running `Command { std: "docker" "rm" "-f" "3db464c33c6eb4c4c8aedb70e74975b14d0eb91da9edd91dae095f9777b37dcd", kill_on_drop: false }`
[INFO] [stdout] 3db464c33c6eb4c4c8aedb70e74975b14d0eb91da9edd91dae095f9777b37dcd
