[INFO] fetching crate windmark 0.3.9...
[INFO] testing windmark-0.3.9 against 1.75.0 for beta-1.76-1
[INFO] extracting crate windmark 0.3.9 into /workspace/builds/worker-4-tc1/source
[INFO] validating manifest of crates.io crate windmark 0.3.9 on toolchain 1.75.0
[INFO] running `Command { std: CARGO_HOME="/workspace/cargo-home" RUSTUP_HOME="/workspace/rustup-home" "/workspace/cargo-home/bin/cargo" "+1.75.0" "metadata" "--manifest-path" "Cargo.toml" "--no-deps", kill_on_drop: false }`
[INFO] removed /workspace/builds/worker-4-tc1/source/rust-toolchain.toml
[INFO] started tweaking crates.io crate windmark 0.3.9
[INFO] finished tweaking crates.io crate windmark 0.3.9
[INFO] tweaked toml for crates.io crate windmark 0.3.9 written to /workspace/builds/worker-4-tc1/source/Cargo.toml
[INFO] crate crates.io crate windmark 0.3.9 already has a lockfile, it will not be regenerated
[INFO] running `Command { std: CARGO_HOME="/workspace/cargo-home" RUSTUP_HOME="/workspace/rustup-home" "/workspace/cargo-home/bin/cargo" "+1.75.0" "fetch" "--manifest-path" "Cargo.toml", kill_on_drop: false }`
[INFO] [stderr]     Updating crates.io index
[INFO] [stderr]  Downloading crates ...
[INFO] [stderr]   Downloaded tree_magic v0.2.3
[INFO] [stderr]   Downloaded rustix v0.37.3
[INFO] [stderr]   Downloaded linux-raw-sys v0.3.2
[INFO] [stderr]   Downloaded rossweisse v0.0.2
[INFO] [stderr]   Downloaded async-std-openssl v0.6.3
[INFO] [stderr]   Downloaded matchit v0.6.0
[INFO] running `Command { std: "docker" "create" "-v" "/var/lib/crater-agent-workspace/builds/worker-4-tc1/target:/opt/rustwide/target:rw,Z" "-v" "/var/lib/crater-agent-workspace/builds/worker-4-tc1/source:/opt/rustwide/workdir:ro,Z" "-v" "/var/lib/crater-agent-workspace/cargo-home:/opt/rustwide/cargo-home:ro,Z" "-v" "/var/lib/crater-agent-workspace/rustup-home:/opt/rustwide/rustup-home:ro,Z" "-e" "SOURCE_DIR=/opt/rustwide/workdir" "-e" "CARGO_TARGET_DIR=/opt/rustwide/target" "-e" "CARGO_HOME=/opt/rustwide/cargo-home" "-e" "RUSTUP_HOME=/opt/rustwide/rustup-home" "-w" "/opt/rustwide/workdir" "-m" "1610612736" "--user" "0:0" "--network" "none" "ghcr.io/rust-lang/crates-build-env/linux@sha256:2788e3201cd34a07e3172128adcd8b3090168a8e3bcc40d7c032b9dda1df7d1c" "/opt/rustwide/cargo-home/bin/cargo" "+1.75.0" "metadata" "--no-deps" "--format-version=1", kill_on_drop: false }`
[INFO] [stdout] 7560f3783c6ce8811a5cf0441c7105629d4c8cd35f39b93e6e129e8e57638f17
[INFO] running `Command { std: "docker" "start" "-a" "7560f3783c6ce8811a5cf0441c7105629d4c8cd35f39b93e6e129e8e57638f17", kill_on_drop: false }`
[INFO] running `Command { std: "docker" "inspect" "7560f3783c6ce8811a5cf0441c7105629d4c8cd35f39b93e6e129e8e57638f17", kill_on_drop: false }`
[INFO] running `Command { std: "docker" "rm" "-f" "7560f3783c6ce8811a5cf0441c7105629d4c8cd35f39b93e6e129e8e57638f17", kill_on_drop: false }`
[INFO] [stdout] 7560f3783c6ce8811a5cf0441c7105629d4c8cd35f39b93e6e129e8e57638f17
[INFO] running `Command { std: "docker" "create" "-v" "/var/lib/crater-agent-workspace/builds/worker-4-tc1/target:/opt/rustwide/target:rw,Z" "-v" "/var/lib/crater-agent-workspace/builds/worker-4-tc1/source:/opt/rustwide/workdir:ro,Z" "-v" "/var/lib/crater-agent-workspace/cargo-home:/opt/rustwide/cargo-home:ro,Z" "-v" "/var/lib/crater-agent-workspace/rustup-home:/opt/rustwide/rustup-home:ro,Z" "-e" "SOURCE_DIR=/opt/rustwide/workdir" "-e" "CARGO_TARGET_DIR=/opt/rustwide/target" "-e" "CARGO_INCREMENTAL=0" "-e" "RUST_BACKTRACE=full" "-e" "RUSTFLAGS=--cap-lints=warn" "-e" "RUSTDOCFLAGS=--cap-lints=warn" "-e" "CARGO_HOME=/opt/rustwide/cargo-home" "-e" "RUSTUP_HOME=/opt/rustwide/rustup-home" "-w" "/opt/rustwide/workdir" "-m" "1610612736" "--user" "0:0" "--network" "none" "ghcr.io/rust-lang/crates-build-env/linux@sha256:2788e3201cd34a07e3172128adcd8b3090168a8e3bcc40d7c032b9dda1df7d1c" "/opt/rustwide/cargo-home/bin/cargo" "+1.75.0" "build" "--frozen" "--message-format=json", kill_on_drop: false }`
[INFO] [stdout] 7914f249c4d439703629ef7b91b6c0eead01477aa3fc1c621bca7e43f95e1c54
[INFO] running `Command { std: "docker" "start" "-a" "7914f249c4d439703629ef7b91b6c0eead01477aa3fc1c621bca7e43f95e1c54", kill_on_drop: false }`
[INFO] [stderr]    Compiling libc v0.2.139
[INFO] [stderr]    Compiling proc-macro2 v1.0.56
[INFO] [stderr]    Compiling quote v1.0.26
[INFO] [stderr]    Compiling unicode-ident v1.0.6
[INFO] [stderr]    Compiling syn v1.0.107
[INFO] [stderr]    Compiling pkg-config v0.3.26
[INFO] [stderr]    Compiling cc v1.0.79
[INFO] [stderr]    Compiling lock_api v0.4.9
[INFO] [stderr]    Compiling parking_lot_core v0.9.7
[INFO] [stderr]    Compiling log v0.4.17
[INFO] [stderr]    Compiling smallvec v1.10.0
[INFO] [stderr]    Compiling futures-task v0.3.28
[INFO] [stderr]    Compiling futures-core v0.3.28
[INFO] [stderr]    Compiling scopeguard v1.1.0
[INFO] [stderr]    Compiling tokio v1.26.0
[INFO] [stderr]    Compiling pin-project-lite v0.2.9
[INFO] [stderr]    Compiling futures-util v0.3.28
[INFO] [stderr]    Compiling openssl v0.10.45
[INFO] [stderr]    Compiling async-trait v0.1.68
[INFO] [stderr]    Compiling paste v1.0.12
[INFO] [stderr]    Compiling unicode-bidi v0.3.10
[INFO] [stderr]    Compiling tokio-openssl v0.6.3
[INFO] [stderr]    Compiling percent-encoding v2.2.0
[INFO] [stderr]    Compiling once_cell v1.17.0
[INFO] [stderr]    Compiling aho-corasick v0.7.20
[INFO] [stderr]    Compiling regex-syntax v0.6.28
[INFO] [stderr]    Compiling form_urlencoded v1.1.0
[INFO] [stderr]    Compiling matchit v0.6.0
[INFO] [stderr]    Compiling idna v0.3.0
[INFO] [stderr]    Compiling openssl-sys v0.9.80
[INFO] [stderr]    Compiling socket2 v0.4.9
[INFO] [stderr]    Compiling signal-hook-registry v1.4.0
[INFO] [stderr]    Compiling num_cpus v1.15.0
[INFO] [stderr]    Compiling mio v0.8.6
[INFO] [stderr]    Compiling syn v2.0.15
[INFO] [stderr]    Compiling url v2.3.1
[INFO] [stderr]    Compiling parking_lot v0.12.1
[INFO] [stderr]    Compiling regex v1.7.1
[INFO] [stderr]    Compiling tokio-macros v1.8.2
[INFO] [stderr]    Compiling openssl-macros v0.1.0
[INFO] [stderr]    Compiling windmark v0.3.9 (/opt/rustwide/workdir)
[INFO] [stderr]     Finished dev [unoptimized + debuginfo] target(s) in 7.68s
[INFO] running `Command { std: "docker" "inspect" "7914f249c4d439703629ef7b91b6c0eead01477aa3fc1c621bca7e43f95e1c54", kill_on_drop: false }`
[INFO] running `Command { std: "docker" "rm" "-f" "7914f249c4d439703629ef7b91b6c0eead01477aa3fc1c621bca7e43f95e1c54", kill_on_drop: false }`
[INFO] [stdout] 7914f249c4d439703629ef7b91b6c0eead01477aa3fc1c621bca7e43f95e1c54
[INFO] running `Command { std: "docker" "create" "-v" "/var/lib/crater-agent-workspace/builds/worker-4-tc1/target:/opt/rustwide/target:rw,Z" "-v" "/var/lib/crater-agent-workspace/builds/worker-4-tc1/source:/opt/rustwide/workdir:ro,Z" "-v" "/var/lib/crater-agent-workspace/cargo-home:/opt/rustwide/cargo-home:ro,Z" "-v" "/var/lib/crater-agent-workspace/rustup-home:/opt/rustwide/rustup-home:ro,Z" "-e" "SOURCE_DIR=/opt/rustwide/workdir" "-e" "CARGO_TARGET_DIR=/opt/rustwide/target" "-e" "CARGO_INCREMENTAL=0" "-e" "RUST_BACKTRACE=full" "-e" "RUSTFLAGS=--cap-lints=warn" "-e" "RUSTDOCFLAGS=--cap-lints=warn" "-e" "CARGO_HOME=/opt/rustwide/cargo-home" "-e" "RUSTUP_HOME=/opt/rustwide/rustup-home" "-w" "/opt/rustwide/workdir" "-m" "1610612736" "--user" "0:0" "--network" "none" "ghcr.io/rust-lang/crates-build-env/linux@sha256:2788e3201cd34a07e3172128adcd8b3090168a8e3bcc40d7c032b9dda1df7d1c" "/opt/rustwide/cargo-home/bin/cargo" "+1.75.0" "test" "--frozen" "--no-run" "--message-format=json", kill_on_drop: false }`
[INFO] [stdout] ad367218519e1b82d7bf390513fe7ee5fe0ad0a5eadb12938d3ab6452795b939
[INFO] running `Command { std: "docker" "start" "-a" "ad367218519e1b82d7bf390513fe7ee5fe0ad0a5eadb12938d3ab6452795b939", kill_on_drop: false }`
[INFO] [stderr]    Compiling rossweisse v0.0.2
[INFO] [stderr]    Compiling windmark v0.3.9 (/opt/rustwide/workdir)
[INFO] [stdout] error[E0433]: failed to resolve: could not find `certificate_not_valid` in `windmark`
[INFO] [stdout]   --> examples/certificate.rs:48:17
[INFO] [stdout]    |
[INFO] [stdout] 48 |       windmark::certificate_not_valid!("Your certificate is invalid."),
[INFO] [stdout]    |                 ^^^^^^^^^^^^^^^^^^^^^ could not find `certificate_not_valid` in `windmark`
[INFO] [stdout] 
[INFO] [stdout] 
[INFO] [stdout] error[E0433]: failed to resolve: could not find `success` in `windmark`
[INFO] [stdout]   --> examples/stateful_module.rs:63:31
[INFO] [stdout]    |
[INFO] [stdout] 63 |   router.mount("/", windmark::success!("Hello!"));
[INFO] [stdout]    |                               ^^^^^^^ could not find `success` in `windmark`
[INFO] [stdout] 
[INFO] [stdout] 
[INFO] [stdout] error[E0433]: failed to resolve: could not find `success_async` in `windmark`
[INFO] [stdout]   --> examples/async.rs:43:15
[INFO] [stdout]    |
[INFO] [stdout] 43 |     windmark::success_async!(
[INFO] [stdout]    |               ^^^^^^^^^^^^^ could not find `success_async` in `windmark`
[INFO] [stdout] 
[INFO] [stdout] 
[INFO] [stdout] error[E0433]: failed to resolve: could not find `success` in `windmark`
[INFO] [stdout]   --> examples/async_stateful_module.rs:64:31
[INFO] [stdout]    |
[INFO] [stdout] 64 |   router.mount("/", windmark::success!("Hello!"));
[INFO] [stdout]    |                               ^^^^^^^ could not find `success` in `windmark`
[INFO] [stdout] 
[INFO] [stdout] 
[INFO] [stdout] error[E0433]: failed to resolve: could not find `success` in `windmark`
[INFO] [stdout]   --> examples/fix_path.rs:28:17
[INFO] [stdout]    |
[INFO] [stdout] 28 |       windmark::success!("Visit '/close/'; you should be close enough!"),
[INFO] [stdout]    |                 ^^^^^^^ could not find `success` in `windmark`
[INFO] [stdout] 
[INFO] [stdout] 
[INFO] [stdout] error[E0433]: failed to resolve: could not find `success` in `windmark`
[INFO] [stdout]   --> examples/partial.rs:30:27
[INFO] [stdout]    |
[INFO] [stdout] 30 |     .mount("/", windmark::success!("Hello!"))
[INFO] [stdout]    |                           ^^^^^^^ could not find `success` in `windmark`
[INFO] [stdout] 
[INFO] [stdout] 
[INFO] [stdout] error[E0433]: failed to resolve: could not find `binary_success` in `windmark`
[INFO] [stdout]   --> examples/binary.rs:34:15
[INFO] [stdout]    |
[INFO] [stdout] 34 |     windmark::binary_success!(include_bytes!("../LICENSE"), "text/plain")
[INFO] [stdout]    |               ^^^^^^^^^^^^^^ could not find `binary_success` in `windmark`
[INFO] [stdout] 
[INFO] [stdout] 
[INFO] [stdout] error[E0433]: failed to resolve: could not find `binary_success` in `windmark`
[INFO] [stdout]   --> examples/binary.rs:37:15
[INFO] [stdout]    |
[INFO] [stdout] 37 |     windmark::binary_success!("This is a string.", "text/plain")
[INFO] [stdout]    |               ^^^^^^^^^^^^^^ could not find `binary_success` in `windmark`
[INFO] [stdout] 
[INFO] [stdout] 
[INFO] [stdout] error: aborting due to previous error
[INFO] [stdout] 
[INFO] [stdout] 
[INFO] [stdout] For more information about this error, try `rustc --explain E0433`.
[INFO] [stdout] 
[INFO] [stdout] error[E0433]: failed to resolve: could not find `success` in `windmark`
[INFO] [stdout]   --> examples/default_logger.rs:32:15
[INFO] [stdout]    |
[INFO] [stdout] 32 |     windmark::success!({
[INFO] [stdout]    |               ^^^^^^^ could not find `success` in `windmark`
[INFO] [stdout] 
[INFO] [stdout] 
[INFO] [stdout] error: aborting due to previous error
[INFO] [stdout] 
[INFO] [stdout] 
[INFO] [stdout] error: aborting due to previous error
[INFO] [stdout] 
[INFO] [stdout] 
[INFO] [stdout] For more information about this error, try `rustc --explain E0433`.
[INFO] [stdout] 
[INFO] [stdout] For more information about this error, try `rustc --explain E0433`.
[INFO] [stdout] 
[INFO] [stdout] error: aborting due to 2 previous errors
[INFO] [stdout] 
[INFO] [stdout] 
[INFO] [stdout] For more information about this error, try `rustc --explain E0433`.
[INFO] [stdout] 
[INFO] [stdout] error[E0432]: unresolved import `windmark::success`
[INFO] [stdout]   --> examples/parameters.rs:20:5
[INFO] [stdout]    |
[INFO] [stdout] 20 | use windmark::success;
[INFO] [stdout]    |     ^^^^^^^^^^^^^^^^^ no `success` in the root
[INFO] [stdout] 
[INFO] [stdout] 
[INFO] [stdout] error: aborting due to previous error
[INFO] [stdout] 
[INFO] [stdout] 
[INFO] [stdout] For more information about this error, try `rustc --explain E0433`.
[INFO] [stdout] 
[INFO] [stdout] error: aborting due to previous error
[INFO] [stdout] 
[INFO] [stdout] 
[INFO] [stdout] For more information about this error, try `rustc --explain E0433`.
[INFO] [stdout] 
[INFO] [stderr] error: could not compile `windmark` (example "fix_path") due to 2 previous errors
[INFO] [stderr] warning: build failed, waiting for other jobs to finish...
[INFO] [stderr] error: could not compile `windmark` (example "stateful_module") due to 2 previous errors
[INFO] [stderr] error: could not compile `windmark` (example "certificate") due to 2 previous errors
[INFO] [stderr] error: could not compile `windmark` (example "binary") due to 3 previous errors
[INFO] [stdout] error: cannot determine resolution for the macro `success`
[INFO] [stdout]   --> examples/parameters.rs:29:7
[INFO] [stdout]    |
[INFO] [stdout] 29 |       success!(
[INFO] [stdout]    |       ^^^^^^^
[INFO] [stdout]    |
[INFO] [stdout]    = note: import resolution is stuck, try simplifying macro imports
[INFO] [stdout] 
[INFO] [stdout] 
[INFO] [stdout] error: cannot determine resolution for the macro `success`
[INFO] [stdout]   --> examples/parameters.rs:39:7
[INFO] [stdout]    |
[INFO] [stdout] 39 |       success!(
[INFO] [stdout]    |       ^^^^^^^
[INFO] [stdout]    |
[INFO] [stdout]    = note: import resolution is stuck, try simplifying macro imports
[INFO] [stdout] 
[INFO] [stdout] 
[INFO] [stderr] error: could not compile `windmark` (example "async_stateful_module") due to 2 previous errors
[INFO] [stderr] error: could not compile `windmark` (example "partial") due to 2 previous errors
[INFO] [stdout] error: aborting due to previous error
[INFO] [stdout] 
[INFO] [stdout] 
[INFO] [stdout] For more information about this error, try `rustc --explain E0433`.
[INFO] [stdout] 
[INFO] [stdout] error[E0433]: failed to resolve: could not find `success` in `windmark`
[INFO] [stdout]   --> examples/callbacks.rs:27:27
[INFO] [stdout]    |
[INFO] [stdout] 27 |     .mount("/", windmark::success!("Hello!"))
[INFO] [stdout]    |                           ^^^^^^^ could not find `success` in `windmark`
[INFO] [stdout] 
[INFO] [stdout] 
[INFO] [stderr] error: could not compile `windmark` (example "default_logger") due to 2 previous errors
[INFO] [stdout] error: aborting due to 3 previous errors
[INFO] [stdout] 
[INFO] [stdout] 
[INFO] [stdout] For more information about this error, try `rustc --explain E0432`.
[INFO] [stdout] 
[INFO] [stderr] error: could not compile `windmark` (example "parameters") due to 4 previous errors
[INFO] [stdout] error: aborting due to previous error
[INFO] [stdout] 
[INFO] [stdout] 
[INFO] [stdout] For more information about this error, try `rustc --explain E0433`.
[INFO] [stdout] 
[INFO] [stdout] error: aborting due to previous error
[INFO] [stdout] 
[INFO] [stdout] 
[INFO] [stdout] For more information about this error, try `rustc --explain E0433`.
[INFO] [stdout] 
[INFO] [stderr] error: could not compile `windmark` (example "callbacks") due to 2 previous errors
[INFO] [stderr] error: could not compile `windmark` (example "async") due to 2 previous errors
[INFO] running `Command { std: "docker" "inspect" "ad367218519e1b82d7bf390513fe7ee5fe0ad0a5eadb12938d3ab6452795b939", kill_on_drop: false }`
[INFO] running `Command { std: "docker" "rm" "-f" "ad367218519e1b82d7bf390513fe7ee5fe0ad0a5eadb12938d3ab6452795b939", kill_on_drop: false }`
[INFO] [stdout] ad367218519e1b82d7bf390513fe7ee5fe0ad0a5eadb12938d3ab6452795b939
