[INFO] fetching crate win_event_hook 0.3.0...
[INFO] testing win_event_hook-0.3.0 against 1.75.0 for beta-1.76-1
[INFO] extracting crate win_event_hook 0.3.0 into /workspace/builds/worker-3-tc1/source
[INFO] validating manifest of crates.io crate win_event_hook 0.3.0 on toolchain 1.75.0
[INFO] running `Command { std: CARGO_HOME="/workspace/cargo-home" RUSTUP_HOME="/workspace/rustup-home" "/workspace/cargo-home/bin/cargo" "+1.75.0" "metadata" "--manifest-path" "Cargo.toml" "--no-deps", kill_on_drop: false }`
[INFO] started tweaking crates.io crate win_event_hook 0.3.0
[INFO] finished tweaking crates.io crate win_event_hook 0.3.0
[INFO] tweaked toml for crates.io crate win_event_hook 0.3.0 written to /workspace/builds/worker-3-tc1/source/Cargo.toml
[INFO] running `Command { std: CARGO_HOME="/workspace/cargo-home" RUSTUP_HOME="/workspace/rustup-home" "/workspace/cargo-home/bin/cargo" "+1.75.0" "generate-lockfile" "--manifest-path" "Cargo.toml", kill_on_drop: false }`
[INFO] [stderr]     Updating crates.io index
[INFO] running `Command { std: CARGO_HOME="/workspace/cargo-home" RUSTUP_HOME="/workspace/rustup-home" "/workspace/cargo-home/bin/cargo" "+1.75.0" "fetch" "--manifest-path" "Cargo.toml", kill_on_drop: false }`
[INFO] running `Command { std: "docker" "create" "-v" "/var/lib/crater-agent-workspace/builds/worker-3-tc1/target:/opt/rustwide/target:rw,Z" "-v" "/var/lib/crater-agent-workspace/builds/worker-3-tc1/source:/opt/rustwide/workdir:ro,Z" "-v" "/var/lib/crater-agent-workspace/cargo-home:/opt/rustwide/cargo-home:ro,Z" "-v" "/var/lib/crater-agent-workspace/rustup-home:/opt/rustwide/rustup-home:ro,Z" "-e" "SOURCE_DIR=/opt/rustwide/workdir" "-e" "CARGO_TARGET_DIR=/opt/rustwide/target" "-e" "CARGO_HOME=/opt/rustwide/cargo-home" "-e" "RUSTUP_HOME=/opt/rustwide/rustup-home" "-w" "/opt/rustwide/workdir" "-m" "1610612736" "--user" "0:0" "--network" "none" "ghcr.io/rust-lang/crates-build-env/linux@sha256:2788e3201cd34a07e3172128adcd8b3090168a8e3bcc40d7c032b9dda1df7d1c" "/opt/rustwide/cargo-home/bin/cargo" "+1.75.0" "metadata" "--no-deps" "--format-version=1", kill_on_drop: false }`
[INFO] [stdout] 39c41e7c5c37dc4bbba2dd91a0da44137b3e99693e14cc66baa7a1bf4f63613f
[INFO] running `Command { std: "docker" "start" "-a" "39c41e7c5c37dc4bbba2dd91a0da44137b3e99693e14cc66baa7a1bf4f63613f", kill_on_drop: false }`
[INFO] running `Command { std: "docker" "inspect" "39c41e7c5c37dc4bbba2dd91a0da44137b3e99693e14cc66baa7a1bf4f63613f", kill_on_drop: false }`
[INFO] running `Command { std: "docker" "rm" "-f" "39c41e7c5c37dc4bbba2dd91a0da44137b3e99693e14cc66baa7a1bf4f63613f", kill_on_drop: false }`
[INFO] [stdout] 39c41e7c5c37dc4bbba2dd91a0da44137b3e99693e14cc66baa7a1bf4f63613f
[INFO] running `Command { std: "docker" "create" "-v" "/var/lib/crater-agent-workspace/builds/worker-3-tc1/target:/opt/rustwide/target:rw,Z" "-v" "/var/lib/crater-agent-workspace/builds/worker-3-tc1/source:/opt/rustwide/workdir:ro,Z" "-v" "/var/lib/crater-agent-workspace/cargo-home:/opt/rustwide/cargo-home:ro,Z" "-v" "/var/lib/crater-agent-workspace/rustup-home:/opt/rustwide/rustup-home:ro,Z" "-e" "SOURCE_DIR=/opt/rustwide/workdir" "-e" "CARGO_TARGET_DIR=/opt/rustwide/target" "-e" "CARGO_INCREMENTAL=0" "-e" "RUST_BACKTRACE=full" "-e" "RUSTFLAGS=--cap-lints=warn" "-e" "RUSTDOCFLAGS=--cap-lints=warn" "-e" "CARGO_HOME=/opt/rustwide/cargo-home" "-e" "RUSTUP_HOME=/opt/rustwide/rustup-home" "-w" "/opt/rustwide/workdir" "-m" "1610612736" "--user" "0:0" "--network" "none" "ghcr.io/rust-lang/crates-build-env/linux@sha256:2788e3201cd34a07e3172128adcd8b3090168a8e3bcc40d7c032b9dda1df7d1c" "/opt/rustwide/cargo-home/bin/cargo" "+1.75.0" "build" "--frozen" "--message-format=json", kill_on_drop: false }`
[INFO] [stdout] 0a63b9f65f87e86b45ce2cea19e5e4251d5abede9a833cef79da125c75527bd7
[INFO] running `Command { std: "docker" "start" "-a" "0a63b9f65f87e86b45ce2cea19e5e4251d5abede9a833cef79da125c75527bd7", kill_on_drop: false }`
[INFO] [stderr]    Compiling either v1.9.0
[INFO] [stderr]    Compiling bitflags v2.4.1
[INFO] [stderr]    Compiling rayon-core v1.12.0
[INFO] [stderr]    Compiling tracing v0.1.40
[INFO] [stderr]    Compiling rayon v1.8.0
[INFO] [stderr]    Compiling win_event_hook v0.3.0 (/opt/rustwide/workdir)
[INFO] [stdout] error[E0433]: failed to resolve: use of undeclared crate or module `windows`
[INFO] [stdout]  --> src/lib.rs:8:5
[INFO] [stdout]   |
[INFO] [stdout] 8 | use windows::Win32::UI::Accessibility::HWINEVENTHOOK;
[INFO] [stdout]   |     ^^^^^^^ use of undeclared crate or module `windows`
[INFO] [stdout] 
[INFO] [stdout] 
[INFO] [stdout] error[E0433]: failed to resolve: use of undeclared crate or module `windows`
[INFO] [stdout]  --> src/event_loop.rs:2:5
[INFO] [stdout]   |
[INFO] [stdout] 2 | use windows::Win32::{
[INFO] [stdout]   |     ^^^^^^^ use of undeclared crate or module `windows`
[INFO] [stdout] 
[INFO] [stdout] 
[INFO] [stdout] error[E0433]: failed to resolve: use of undeclared crate or module `windows`
[INFO] [stdout]  --> src/handler.rs:1:5
[INFO] [stdout]   |
[INFO] [stdout] 1 | use windows::Win32::Foundation::HWND;
[INFO] [stdout]   |     ^^^^^^^ use of undeclared crate or module `windows`
[INFO] [stdout] 
[INFO] [stdout] 
[INFO] [stdout] error[E0433]: failed to resolve: use of undeclared crate or module `windows`
[INFO] [stdout]  --> src/config.rs:1:5
[INFO] [stdout]   |
[INFO] [stdout] 1 | use windows::Win32::Foundation::HMODULE;
[INFO] [stdout]   |     ^^^^^^^ use of undeclared crate or module `windows`
[INFO] [stdout] 
[INFO] [stdout] 
[INFO] [stdout] error[E0433]: failed to resolve: use of undeclared crate or module `windows`
[INFO] [stdout]  --> src/events.rs:1:5
[INFO] [stdout]   |
[INFO] [stdout] 1 | use windows::Win32::UI::WindowsAndMessaging::*;
[INFO] [stdout]   |     ^^^^^^^ use of undeclared crate or module `windows`
[INFO] [stdout] 
[INFO] [stdout] 
[INFO] [stdout] error[E0433]: failed to resolve: use of undeclared crate or module `windows`
[INFO] [stdout]  --> src/flags.rs:2:5
[INFO] [stdout]   |
[INFO] [stdout] 2 | use windows::Win32::UI::WindowsAndMessaging::{
[INFO] [stdout]   |     ^^^^^^^ use of undeclared crate or module `windows`
[INFO] [stdout] 
[INFO] [stdout] 
[INFO] [stdout] error[E0433]: failed to resolve: use of undeclared crate or module `windows`
[INFO] [stdout]  --> src/hook.rs:9:5
[INFO] [stdout]   |
[INFO] [stdout] 9 | use windows::Win32::{
[INFO] [stdout]   |     ^^^^^^^ use of undeclared crate or module `windows`
[INFO] [stdout] 
[INFO] [stdout] 
[INFO] [stdout] error[E0433]: failed to resolve: use of undeclared crate or module `windows`
[INFO] [stdout]   --> src/errors.rs:33:23
[INFO] [stdout]    |
[INFO] [stdout] 33 |     EventLoop(#[from] windows::core::Error),
[INFO] [stdout]    |                       ^^^^^^^ use of undeclared crate or module `windows`
[INFO] [stdout] 
[INFO] [stdout] 
[INFO] [stdout] error[E0425]: cannot find value `EVENT_MIN` in this scope
[INFO] [stdout]   --> src/events.rs:41:26
[INFO] [stdout]    |
[INFO] [stdout] 41 |     pub const MIN: u32 = EVENT_MIN;
[INFO] [stdout]    |                          ^^^^^^^^^ not found in this scope
[INFO] [stdout] 
[INFO] [stdout] 
[INFO] [stdout] error[E0425]: cannot find value `EVENT_MAX` in this scope
[INFO] [stdout]   --> src/events.rs:44:26
[INFO] [stdout]    |
[INFO] [stdout] 44 |     pub const MAX: u32 = EVENT_MAX;
[INFO] [stdout]    |                          ^^^^^^^^^ not found in this scope
[INFO] [stdout] 
[INFO] [stdout] 
[INFO] [stdout] error[E0425]: cannot find value `EVENT_OBJECT_ACCELERATORCHANGE` in this scope
[INFO] [stdout]    --> src/events.rs:134:35
[INFO] [stdout]     |
[INFO] [stdout] 134 |         ObjectAcceleratorChange = EVENT_OBJECT_ACCELERATORCHANGE,
[INFO] [stdout]     |                                   ^^^^^^^^^^^^^^^^^^^^^^^^^^^^^^ not found in this scope
[INFO] [stdout] 
[INFO] [stdout] 
[INFO] [stdout] error[E0425]: cannot find value `EVENT_OBJECT_CLOAKED` in this scope
[INFO] [stdout]    --> src/events.rs:136:25
[INFO] [stdout]     |
[INFO] [stdout] 136 |         ObjectCloaked = EVENT_OBJECT_CLOAKED,
[INFO] [stdout]     |                         ^^^^^^^^^^^^^^^^^^^^ not found in this scope
[INFO] [stdout] 
[INFO] [stdout] 
[INFO] [stdout] error[E0425]: cannot find value `EVENT_OBJECT_CONTENTSCROLLED` in this scope
[INFO] [stdout]    --> src/events.rs:140:34
[INFO] [stdout]     |
[INFO] [stdout] 140 |         ObjectContentsScrolled = EVENT_OBJECT_CONTENTSCROLLED,
[INFO] [stdout]     |                                  ^^^^^^^^^^^^^^^^^^^^^^^^^^^^ not found in this scope
[INFO] [stdout] 
[INFO] [stdout] 
[INFO] [stdout] error[E0425]: cannot find value `EVENT_OBJECT_CREATE` in this scope
[INFO] [stdout]    --> src/events.rs:144:24
[INFO] [stdout]     |
[INFO] [stdout] 144 |         ObjectCreate = EVENT_OBJECT_CREATE,
[INFO] [stdout]     |                        ^^^^^^^^^^^^^^^^^^^ not found in this scope
[INFO] [stdout] 
[INFO] [stdout] 
[INFO] [stdout] error[E0425]: cannot find value `EVENT_OBJECT_DEFACTIONCHANGE` in this scope
[INFO] [stdout]    --> src/events.rs:146:33
[INFO] [stdout]     |
[INFO] [stdout] 146 |         ObjectDefactionChange = EVENT_OBJECT_DEFACTIONCHANGE,
[INFO] [stdout]     |                                 ^^^^^^^^^^^^^^^^^^^^^^^^^^^^ not found in this scope
[INFO] [stdout] 
[INFO] [stdout] 
[INFO] [stdout] error[E0425]: cannot find value `EVENT_OBJECT_DESCRIPTIONCHANGE` in this scope
[INFO] [stdout]    --> src/events.rs:148:35
[INFO] [stdout]     |
[INFO] [stdout] 148 |         ObjectDescriptionChange = EVENT_OBJECT_DESCRIPTIONCHANGE,
[INFO] [stdout]     |                                   ^^^^^^^^^^^^^^^^^^^^^^^^^^^^^^ not found in this scope
[INFO] [stdout] 
[INFO] [stdout] 
[INFO] [stdout] error[E0425]: cannot find value `EVENT_OBJECT_DESTROY` in this scope
[INFO] [stdout]    --> src/events.rs:152:25
[INFO] [stdout]     |
[INFO] [stdout] 152 |         ObjectDestroy = EVENT_OBJECT_DESTROY,
[INFO] [stdout]     |                         ^^^^^^^^^^^^^^^^^^^^ not found in this scope
[INFO] [stdout] 
[INFO] [stdout] 
[INFO] [stdout] error[E0425]: cannot find value `EVENT_OBJECT_DRAGSTART` in this scope
[INFO] [stdout]    --> src/events.rs:154:27
[INFO] [stdout]     |
[INFO] [stdout] 154 |         ObjectDragStart = EVENT_OBJECT_DRAGSTART,
[INFO] [stdout]     |                           ^^^^^^^^^^^^^^^^^^^^^^ not found in this scope
[INFO] [stdout] 
[INFO] [stdout] 
[INFO] [stdout] error[E0425]: cannot find value `EVENT_OBJECT_DRAGCANCEL` in this scope
[INFO] [stdout]    --> src/events.rs:156:28
[INFO] [stdout]     |
[INFO] [stdout] 156 |         ObjectDragCancel = EVENT_OBJECT_DRAGCANCEL,
[INFO] [stdout]     |                            ^^^^^^^^^^^^^^^^^^^^^^^ not found in this scope
[INFO] [stdout] 
[INFO] [stdout] 
[INFO] [stdout] error[E0425]: cannot find value `EVENT_OBJECT_DRAGCOMPLETE` in this scope
[INFO] [stdout]    --> src/events.rs:158:30
[INFO] [stdout]     |
[INFO] [stdout] 158 |         ObjectDragComplete = EVENT_OBJECT_DRAGCOMPLETE,
[INFO] [stdout]     |                              ^^^^^^^^^^^^^^^^^^^^^^^^^ not found in this scope
[INFO] [stdout] 
[INFO] [stdout] 
[INFO] [stdout] error[E0425]: cannot find value `EVENT_OBJECT_DRAGENTER` in this scope
[INFO] [stdout]    --> src/events.rs:160:27
[INFO] [stdout]     |
[INFO] [stdout] 160 |         ObjectDragEnter = EVENT_OBJECT_DRAGENTER,
[INFO] [stdout]     |                           ^^^^^^^^^^^^^^^^^^^^^^ not found in this scope
[INFO] [stdout] 
[INFO] [stdout] 
[INFO] [stdout] error[E0425]: cannot find value `EVENT_OBJECT_DRAGLEAVE` in this scope
[INFO] [stdout]    --> src/events.rs:162:27
[INFO] [stdout]     |
[INFO] [stdout] 162 |         ObjectDragLeave = EVENT_OBJECT_DRAGLEAVE,
[INFO] [stdout]     |                           ^^^^^^^^^^^^^^^^^^^^^^ not found in this scope
[INFO] [stdout] 
[INFO] [stdout] 
[INFO] [stdout] error[E0425]: cannot find value `EVENT_OBJECT_DRAGDROPPED` in this scope
[INFO] [stdout]    --> src/events.rs:164:29
[INFO] [stdout]     |
[INFO] [stdout] 164 |         ObjectDragDropped = EVENT_OBJECT_DRAGDROPPED,
[INFO] [stdout]     |                             ^^^^^^^^^^^^^^^^^^^^^^^^ not found in this scope
[INFO] [stdout] 
[INFO] [stdout] 
[INFO] [stdout] error[E0425]: cannot find value `EVENT_OBJECT_FOCUS` in this scope
[INFO] [stdout]    --> src/events.rs:167:23
[INFO] [stdout]     |
[INFO] [stdout] 167 |         ObjectFocus = EVENT_OBJECT_FOCUS,
[INFO] [stdout]     |                       ^^^^^^^^^^^^^^^^^^ not found in this scope
[INFO] [stdout] 
[INFO] [stdout] 
[INFO] [stdout] error[E0425]: cannot find value `EVENT_OBJECT_HELPCHANGE` in this scope
[INFO] [stdout]    --> src/events.rs:169:28
[INFO] [stdout]     |
[INFO] [stdout] 169 |         ObjectHelpChange = EVENT_OBJECT_HELPCHANGE,
[INFO] [stdout]     |                            ^^^^^^^^^^^^^^^^^^^^^^^ not found in this scope
[INFO] [stdout] 
[INFO] [stdout] 
[INFO] [stdout] error[E0425]: cannot find value `EVENT_OBJECT_HIDE` in this scope
[INFO] [stdout]    --> src/events.rs:173:22
[INFO] [stdout]     |
[INFO] [stdout] 173 |         ObjectHide = EVENT_OBJECT_HIDE,
[INFO] [stdout]     |                      ^^^^^^^^^^^^^^^^^ not found in this scope
[INFO] [stdout] 
[INFO] [stdout] 
[INFO] [stdout] error[E0425]: cannot find value `EVENT_OBJECT_HOSTEDOBJECTSINVALIDATED` in this scope
[INFO] [stdout]    --> src/events.rs:175:42
[INFO] [stdout]     |
[INFO] [stdout] 175 |         ObjectHostedObjectsInvalidated = EVENT_OBJECT_HOSTEDOBJECTSINVALIDATED,
[INFO] [stdout]     |                                          ^^^^^^^^^^^^^^^^^^^^^^^^^^^^^^^^^^^^^ not found in this scope
[INFO] [stdout] 
[INFO] [stdout] 
[INFO] [stdout] error[E0425]: cannot find value `EVENT_OBJECT_IME_HIDE` in this scope
[INFO] [stdout]    --> src/events.rs:177:25
[INFO] [stdout]     |
[INFO] [stdout] 177 |         ObjectImeHide = EVENT_OBJECT_IME_HIDE,
[INFO] [stdout]     |                         ^^^^^^^^^^^^^^^^^^^^^ not found in this scope
[INFO] [stdout] 
[INFO] [stdout] 
[INFO] [stdout] error[E0425]: cannot find value `EVENT_OBJECT_IME_SHOW` in this scope
[INFO] [stdout]    --> src/events.rs:179:25
[INFO] [stdout]     |
[INFO] [stdout] 179 |         ObjectImeShow = EVENT_OBJECT_IME_SHOW,
[INFO] [stdout]     |                         ^^^^^^^^^^^^^^^^^^^^^ not found in this scope
[INFO] [stdout] 
[INFO] [stdout] 
[INFO] [stdout] error[E0425]: cannot find value `EVENT_OBJECT_IME_CHANGE` in this scope
[INFO] [stdout]    --> src/events.rs:181:27
[INFO] [stdout]     |
[INFO] [stdout] 181 |         ObjectImeChange = EVENT_OBJECT_IME_CHANGE,
[INFO] [stdout]     |                           ^^^^^^^^^^^^^^^^^^^^^^^ not found in this scope
[INFO] [stdout] 
[INFO] [stdout] 
[INFO] [stdout] error[E0425]: cannot find value `EVENT_OBJECT_INVOKED` in this scope
[INFO] [stdout]    --> src/events.rs:184:25
[INFO] [stdout]     |
[INFO] [stdout] 184 |         ObjectInvoked = EVENT_OBJECT_INVOKED,
[INFO] [stdout]     |                         ^^^^^^^^^^^^^^^^^^^^ not found in this scope
[INFO] [stdout] 
[INFO] [stdout] 
[INFO] [stdout] error[E0425]: cannot find value `EVENT_OBJECT_LIVEREGIONCHANGED` in this scope
[INFO] [stdout]    --> src/events.rs:186:35
[INFO] [stdout]     |
[INFO] [stdout] 186 |         ObjectLiveRegionChanged = EVENT_OBJECT_LIVEREGIONCHANGED,
[INFO] [stdout]     |                                   ^^^^^^^^^^^^^^^^^^^^^^^^^^^^^^ not found in this scope
[INFO] [stdout] 
[INFO] [stdout] 
[INFO] [stdout] error[E0425]: cannot find value `EVENT_OBJECT_LOCATIONCHANGE` in this scope
[INFO] [stdout]    --> src/events.rs:191:32
[INFO] [stdout]     |
[INFO] [stdout] 191 |         ObjectLocationChange = EVENT_OBJECT_LOCATIONCHANGE,
[INFO] [stdout]     |                                ^^^^^^^^^^^^^^^^^^^^^^^^^^^ not found in this scope
[INFO] [stdout] 
[INFO] [stdout] 
[INFO] [stdout] error[E0425]: cannot find value `EVENT_OBJECT_NAMECHANGE` in this scope
[INFO] [stdout]    --> src/events.rs:193:28
[INFO] [stdout]     |
[INFO] [stdout] 193 |         ObjectNameChange = EVENT_OBJECT_NAMECHANGE,
[INFO] [stdout]     |                            ^^^^^^^^^^^^^^^^^^^^^^^ not found in this scope
[INFO] [stdout] 
[INFO] [stdout] 
[INFO] [stdout] error[E0425]: cannot find value `EVENT_OBJECT_PARENTCHANGE` in this scope
[INFO] [stdout]    --> src/events.rs:195:30
[INFO] [stdout]     |
[INFO] [stdout] 195 |         ObjectParentChange = EVENT_OBJECT_PARENTCHANGE,
[INFO] [stdout]     |                              ^^^^^^^^^^^^^^^^^^^^^^^^^ not found in this scope
[INFO] [stdout] 
[INFO] [stdout] 
[INFO] [stdout] error[E0425]: cannot find value `EVENT_OBJECT_REORDER` in this scope
[INFO] [stdout]    --> src/events.rs:198:25
[INFO] [stdout]     |
[INFO] [stdout] 198 |         ObjectReorder = EVENT_OBJECT_REORDER,
[INFO] [stdout]     |                         ^^^^^^^^^^^^^^^^^^^^ not found in this scope
[INFO] [stdout] 
[INFO] [stdout] 
[INFO] [stdout] error[E0425]: cannot find value `EVENT_OBJECT_SELECTION` in this scope
[INFO] [stdout]    --> src/events.rs:202:27
[INFO] [stdout]     |
[INFO] [stdout] 202 |         ObjectSelection = EVENT_OBJECT_SELECTION,
[INFO] [stdout]     |                           ^^^^^^^^^^^^^^^^^^^^^^ not found in this scope
[INFO] [stdout] 
[INFO] [stdout] 
[INFO] [stdout] error[E0425]: cannot find value `EVENT_OBJECT_SELECTIONADD` in this scope
[INFO] [stdout]    --> src/events.rs:205:30
[INFO] [stdout]     |
[INFO] [stdout] 205 |         ObjectSelectionAdd = EVENT_OBJECT_SELECTIONADD,
[INFO] [stdout]     |                              ^^^^^^^^^^^^^^^^^^^^^^^^^ not found in this scope
[INFO] [stdout] 
[INFO] [stdout] 
[INFO] [stdout] error[E0425]: cannot find value `EVENT_OBJECT_SELECTIONREMOVE` in this scope
[INFO] [stdout]    --> src/events.rs:209:33
[INFO] [stdout]     |
[INFO] [stdout] 209 |         ObjectSelectionRemove = EVENT_OBJECT_SELECTIONREMOVE,
[INFO] [stdout]     |                                 ^^^^^^^^^^^^^^^^^^^^^^^^^^^^ not found in this scope
[INFO] [stdout] 
[INFO] [stdout] 
[INFO] [stdout] error[E0425]: cannot find value `EVENT_OBJECT_SELECTIONWITHIN` in this scope
[INFO] [stdout]    --> src/events.rs:213:33
[INFO] [stdout]     |
[INFO] [stdout] 213 |         ObjectSelectionWithin = EVENT_OBJECT_SELECTIONWITHIN,
[INFO] [stdout]     |                                 ^^^^^^^^^^^^^^^^^^^^^^^^^^^^ not found in this scope
[INFO] [stdout] 
[INFO] [stdout] 
[INFO] [stdout] error[E0425]: cannot find value `EVENT_OBJECT_SHOW` in this scope
[INFO] [stdout]    --> src/events.rs:217:22
[INFO] [stdout]     |
[INFO] [stdout] 217 |         ObjectShow = EVENT_OBJECT_SHOW,
[INFO] [stdout]     |                      ^^^^^^^^^^^^^^^^^ not found in this scope
[INFO] [stdout] 
[INFO] [stdout] 
[INFO] [stdout] error[E0425]: cannot find value `EVENT_OBJECT_STATECHANGE` in this scope
[INFO] [stdout]    --> src/events.rs:221:29
[INFO] [stdout]     |
[INFO] [stdout] 221 |         ObjectStateChange = EVENT_OBJECT_STATECHANGE,
[INFO] [stdout]     |                             ^^^^^^^^^^^^^^^^^^^^^^^^ not found in this scope
[INFO] [stdout] 
[INFO] [stdout] 
[INFO] [stdout] error[E0425]: cannot find value `EVENT_OBJECT_TEXTEDIT_CONVERSIONTARGETCHANGED` in this scope
[INFO] [stdout]    --> src/events.rs:223:41
[INFO] [stdout]     |
[INFO] [stdout] 223 |         ObjectConversionTargetChanged = EVENT_OBJECT_TEXTEDIT_CONVERSIONTARGETCHANGED,
[INFO] [stdout]     |                                         ^^^^^^^^^^^^^^^^^^^^^^^^^^^^^^^^^^^^^^^^^^^^^ not found in this scope
[INFO] [stdout] 
[INFO] [stdout] 
[INFO] [stdout] error[E0425]: cannot find value `EVENT_OBJECT_TEXTSELECTIONCHANGED` in this scope
[INFO] [stdout]    --> src/events.rs:226:38
[INFO] [stdout]     |
[INFO] [stdout] 226 |         ObjectTextSelectionChanged = EVENT_OBJECT_TEXTSELECTIONCHANGED,
[INFO] [stdout]     |                                      ^^^^^^^^^^^^^^^^^^^^^^^^^^^^^^^^^ not found in this scope
[INFO] [stdout] 
[INFO] [stdout] 
[INFO] [stdout] error[E0425]: cannot find value `EVENT_OBJECT_UNCLOAKED` in this scope
[INFO] [stdout]    --> src/events.rs:228:27
[INFO] [stdout]     |
[INFO] [stdout] 228 |         ObjectUncloaked = EVENT_OBJECT_UNCLOAKED,
[INFO] [stdout]     |                           ^^^^^^^^^^^^^^^^^^^^^^ not found in this scope
[INFO] [stdout] 
[INFO] [stdout] 
[INFO] [stdout] error[E0425]: cannot find value `EVENT_OBJECT_VALUECHANGE` in this scope
[INFO] [stdout]    --> src/events.rs:230:29
[INFO] [stdout]     |
[INFO] [stdout] 230 |         ObjectValueChange = EVENT_OBJECT_VALUECHANGE,
[INFO] [stdout]     |                             ^^^^^^^^^^^^^^^^^^^^^^^^ not found in this scope
[INFO] [stdout] 
[INFO] [stdout] 
[INFO] [stdout] error[E0425]: cannot find value `EVENT_SYSTEM_ALERT` in this scope
[INFO] [stdout]    --> src/events.rs:232:23
[INFO] [stdout]     |
[INFO] [stdout] 232 |         SystemAlert = EVENT_SYSTEM_ALERT,
[INFO] [stdout]     |                       ^^^^^^^^^^^^^^^^^^ not found in this scope
[INFO] [stdout] 
[INFO] [stdout] 
[INFO] [stdout] error[E0425]: cannot find value `EVENT_SYSTEM_ARRANGMENTPREVIEW` in this scope
[INFO] [stdout]    --> src/events.rs:234:36
[INFO] [stdout]     |
[INFO] [stdout] 234 |         SystemArrangementPreview = EVENT_SYSTEM_ARRANGMENTPREVIEW,
[INFO] [stdout]     |                                    ^^^^^^^^^^^^^^^^^^^^^^^^^^^^^^ not found in this scope
[INFO] [stdout] 
[INFO] [stdout] 
[INFO] [stdout] error[E0425]: cannot find value `EVENT_SYSTEM_CAPTUREEND` in this scope
[INFO] [stdout]    --> src/events.rs:236:28
[INFO] [stdout]     |
[INFO] [stdout] 236 |         SystemCaptureEnd = EVENT_SYSTEM_CAPTUREEND,
[INFO] [stdout]     |                            ^^^^^^^^^^^^^^^^^^^^^^^ not found in this scope
[INFO] [stdout] 
[INFO] [stdout] 
[INFO] [stdout] error[E0425]: cannot find value `EVENT_SYSTEM_CAPTURESTART` in this scope
[INFO] [stdout]    --> src/events.rs:238:30
[INFO] [stdout]     |
[INFO] [stdout] 238 |         SystemCaptureStart = EVENT_SYSTEM_CAPTURESTART,
[INFO] [stdout]     |                              ^^^^^^^^^^^^^^^^^^^^^^^^^ not found in this scope
[INFO] [stdout] 
[INFO] [stdout] 
[INFO] [stdout] error[E0425]: cannot find value `EVENT_SYSTEM_CONTEXTHELPEND` in this scope
[INFO] [stdout]    --> src/events.rs:240:32
[INFO] [stdout]     |
[INFO] [stdout] 240 |         SystemContextHelpEnd = EVENT_SYSTEM_CONTEXTHELPEND,
[INFO] [stdout]     |                                ^^^^^^^^^^^^^^^^^^^^^^^^^^^ not found in this scope
[INFO] [stdout] 
[INFO] [stdout] 
[INFO] [stdout] error[E0425]: cannot find value `EVENT_SYSTEM_CONTEXTHELPSTART` in this scope
[INFO] [stdout]    --> src/events.rs:242:34
[INFO] [stdout]     |
[INFO] [stdout] 242 |         SystemContextHelpStart = EVENT_SYSTEM_CONTEXTHELPSTART,
[INFO] [stdout]     |                                  ^^^^^^^^^^^^^^^^^^^^^^^^^^^^^ not found in this scope
[INFO] [stdout] 
[INFO] [stdout] 
[INFO] [stdout] error[E0425]: cannot find value `EVENT_SYSTEM_DESKTOPSWITCH` in this scope
[INFO] [stdout]    --> src/events.rs:244:31
[INFO] [stdout]     |
[INFO] [stdout] 244 |         SystemDesktopSwitch = EVENT_SYSTEM_DESKTOPSWITCH,
[INFO] [stdout]     |                               ^^^^^^^^^^^^^^^^^^^^^^^^^^ not found in this scope
[INFO] [stdout] 
[INFO] [stdout] 
[INFO] [stdout] error[E0425]: cannot find value `EVENT_SYSTEM_DIALOGEND` in this scope
[INFO] [stdout]    --> src/events.rs:246:27
[INFO] [stdout]     |
[INFO] [stdout] 246 |         SystemDialogEnd = EVENT_SYSTEM_DIALOGEND,
[INFO] [stdout]     |                           ^^^^^^^^^^^^^^^^^^^^^^ not found in this scope
[INFO] [stdout] 
[INFO] [stdout] 
[INFO] [stdout] error[E0425]: cannot find value `EVENT_SYSTEM_DIALOGSTART` in this scope
[INFO] [stdout]    --> src/events.rs:249:29
[INFO] [stdout]     |
[INFO] [stdout] 249 |         SystemDialogStart = EVENT_SYSTEM_DIALOGSTART,
[INFO] [stdout]     |                             ^^^^^^^^^^^^^^^^^^^^^^^^ not found in this scope
[INFO] [stdout] 
[INFO] [stdout] 
[INFO] [stdout] error[E0425]: cannot find value `EVENT_SYSTEM_DRAGDROPEND` in this scope
[INFO] [stdout]    --> src/events.rs:251:29
[INFO] [stdout]     |
[INFO] [stdout] 251 |         SystemDragDropEnd = EVENT_SYSTEM_DRAGDROPEND,
[INFO] [stdout]     |                             ^^^^^^^^^^^^^^^^^^^^^^^^ not found in this scope
[INFO] [stdout] 
[INFO] [stdout] 
[INFO] [stdout] error[E0425]: cannot find value `EVENT_SYSTEM_DRAGDROPSTART` in this scope
[INFO] [stdout]    --> src/events.rs:253:31
[INFO] [stdout]     |
[INFO] [stdout] 253 |         SystemDragDropStart = EVENT_SYSTEM_DRAGDROPSTART,
[INFO] [stdout]     |                               ^^^^^^^^^^^^^^^^^^^^^^^^^^ not found in this scope
[INFO] [stdout] 
[INFO] [stdout] 
[INFO] [stdout] error[E0425]: cannot find value `EVENT_SYSTEM_FOREGROUND` in this scope
[INFO] [stdout]    --> src/events.rs:256:28
[INFO] [stdout]     |
[INFO] [stdout] 256 |         SystemForeground = EVENT_SYSTEM_FOREGROUND,
[INFO] [stdout]     |                            ^^^^^^^^^^^^^^^^^^^^^^^ not found in this scope
[INFO] [stdout] 
[INFO] [stdout] 
[INFO] [stdout] error[E0425]: cannot find value `EVENT_SYSTEM_MENUPOPUPEND` in this scope
[INFO] [stdout]    --> src/events.rs:260:30
[INFO] [stdout]     |
[INFO] [stdout] 260 |         SystemMenuPopupEnd = EVENT_SYSTEM_MENUPOPUPEND,
[INFO] [stdout]     |                              ^^^^^^^^^^^^^^^^^^^^^^^^^ not found in this scope
[INFO] [stdout] 
[INFO] [stdout] 
[INFO] [stdout] error[E0425]: cannot find value `EVENT_SYSTEM_MENUPOPUPSTART` in this scope
[INFO] [stdout]    --> src/events.rs:262:32
[INFO] [stdout]     |
[INFO] [stdout] 262 |         SystemMenuPopupStart = EVENT_SYSTEM_MENUPOPUPSTART,
[INFO] [stdout]     |                                ^^^^^^^^^^^^^^^^^^^^^^^^^^^ not found in this scope
[INFO] [stdout] 
[INFO] [stdout] 
[INFO] [stdout] error[E0425]: cannot find value `EVENT_SYSTEM_MENUEND` in this scope
[INFO] [stdout]    --> src/events.rs:265:25
[INFO] [stdout]     |
[INFO] [stdout] 265 |         SystemMenuEnd = EVENT_SYSTEM_MENUEND,
[INFO] [stdout]     |                         ^^^^^^^^^^^^^^^^^^^^ not found in this scope
[INFO] [stdout] 
[INFO] [stdout] 
[INFO] [stdout] error[E0425]: cannot find value `EVENT_SYSTEM_MENUSTART` in this scope
[INFO] [stdout]    --> src/events.rs:269:27
[INFO] [stdout]     |
[INFO] [stdout] 269 |         SystemMenuStart = EVENT_SYSTEM_MENUSTART,
[INFO] [stdout]     |                           ^^^^^^^^^^^^^^^^^^^^^^ not found in this scope
[INFO] [stdout] 
[INFO] [stdout] 
[INFO] [stdout] error[E0425]: cannot find value `EVENT_SYSTEM_MINIMIZEEND` in this scope
[INFO] [stdout]    --> src/events.rs:271:29
[INFO] [stdout]     |
[INFO] [stdout] 271 |         SystemMinimizeEnd = EVENT_SYSTEM_MINIMIZEEND,
[INFO] [stdout]     |                             ^^^^^^^^^^^^^^^^^^^^^^^^ not found in this scope
[INFO] [stdout] 
[INFO] [stdout] 
[INFO] [stdout] error[E0425]: cannot find value `EVENT_SYSTEM_MINIMIZESTART` in this scope
[INFO] [stdout]    --> src/events.rs:273:31
[INFO] [stdout]     |
[INFO] [stdout] 273 |         SystemMinimizeStart = EVENT_SYSTEM_MINIMIZESTART,
[INFO] [stdout]     |                               ^^^^^^^^^^^^^^^^^^^^^^^^^^ not found in this scope
[INFO] [stdout] 
[INFO] [stdout] 
[INFO] [stdout] error[E0425]: cannot find value `EVENT_SYSTEM_MOVESIZEEND` in this scope
[INFO] [stdout]    --> src/events.rs:275:29
[INFO] [stdout]     |
[INFO] [stdout] 275 |         SystemMoveSizeEnd = EVENT_SYSTEM_MOVESIZEEND,
[INFO] [stdout]     |                             ^^^^^^^^^^^^^^^^^^^^^^^^ not found in this scope
[INFO] [stdout] 
[INFO] [stdout] 
[INFO] [stdout] error[E0425]: cannot find value `EVENT_SYSTEM_MOVESIZESTART` in this scope
[INFO] [stdout]    --> src/events.rs:277:31
[INFO] [stdout]     |
[INFO] [stdout] 277 |         SystemMoveSizeStart = EVENT_SYSTEM_MOVESIZESTART,
[INFO] [stdout]     |                               ^^^^^^^^^^^^^^^^^^^^^^^^^^ not found in this scope
[INFO] [stdout] 
[INFO] [stdout] 
[INFO] [stdout] error[E0425]: cannot find value `EVENT_SYSTEM_SCROLLINGEND` in this scope
[INFO] [stdout]    --> src/events.rs:280:30
[INFO] [stdout]     |
[INFO] [stdout] 280 |         SystemScrollingEnd = EVENT_SYSTEM_SCROLLINGEND,
[INFO] [stdout]     |                              ^^^^^^^^^^^^^^^^^^^^^^^^^ not found in this scope
[INFO] [stdout] 
[INFO] [stdout] 
[INFO] [stdout] error[E0425]: cannot find value `EVENT_SYSTEM_SCROLLINGSTART` in this scope
[INFO] [stdout]    --> src/events.rs:283:32
[INFO] [stdout]     |
[INFO] [stdout] 283 |         SystemScrollingStart = EVENT_SYSTEM_SCROLLINGSTART,
[INFO] [stdout]     |                                ^^^^^^^^^^^^^^^^^^^^^^^^^^^ not found in this scope
[INFO] [stdout] 
[INFO] [stdout] 
[INFO] [stdout] error[E0425]: cannot find value `EVENT_SYSTEM_SOUND` in this scope
[INFO] [stdout]    --> src/events.rs:286:23
[INFO] [stdout]     |
[INFO] [stdout] 286 |         SystemSound = EVENT_SYSTEM_SOUND,
[INFO] [stdout]     |                       ^^^^^^^^^^^^^^^^^^ not found in this scope
[INFO] [stdout] 
[INFO] [stdout] 
[INFO] [stdout] error[E0425]: cannot find value `EVENT_SYSTEM_SWITCHEND` in this scope
[INFO] [stdout]    --> src/events.rs:289:27
[INFO] [stdout]     |
[INFO] [stdout] 289 |         SystemSwitchEnd = EVENT_SYSTEM_SWITCHEND,
[INFO] [stdout]     |                           ^^^^^^^^^^^^^^^^^^^^^^ not found in this scope
[INFO] [stdout] 
[INFO] [stdout] 
[INFO] [stdout] error[E0425]: cannot find value `EVENT_SYSTEM_SWITCHSTART` in this scope
[INFO] [stdout]    --> src/events.rs:292:29
[INFO] [stdout]     |
[INFO] [stdout] 292 |         SystemSwitchStart = EVENT_SYSTEM_SWITCHSTART,
[INFO] [stdout]     |                             ^^^^^^^^^^^^^^^^^^^^^^^^ not found in this scope
[INFO] [stdout] 
[INFO] [stdout] 
[INFO] [stdout] error[E0425]: cannot find value `EVENT_OBJECT_END` in this scope
[INFO] [stdout]    --> src/events.rs:298:33
[INFO] [stdout]     |
[INFO] [stdout] 298 |     pub const OBJECT_END: u32 = EVENT_OBJECT_END;
[INFO] [stdout]     |                                 ^^^^^^^^^^^^^^^^ not found in this scope
[INFO] [stdout] 
[INFO] [stdout] 
[INFO] [stdout] error[E0425]: cannot find value `EVENT_SYSTEM_END` in this scope
[INFO] [stdout]    --> src/events.rs:301:33
[INFO] [stdout]     |
[INFO] [stdout] 301 |     pub const SYSTEM_END: u32 = EVENT_SYSTEM_END;
[INFO] [stdout]     |                                 ^^^^^^^^^^^^^^^^ not found in this scope
[INFO] [stdout] 
[INFO] [stdout] 
[INFO] [stdout] error[E0425]: cannot find value `EVENT_AIA_START` in this scope
[INFO] [stdout]    --> src/events.rs:338:26
[INFO] [stdout]     |
[INFO] [stdout] 338 |     pub const MIN: u32 = EVENT_AIA_START;
[INFO] [stdout]     |                          ^^^^^^^^^^^^^^^ not found in this scope
[INFO] [stdout] 
[INFO] [stdout] 
[INFO] [stdout] error[E0425]: cannot find value `EVENT_AIA_END` in this scope
[INFO] [stdout]    --> src/events.rs:341:26
[INFO] [stdout]     |
[INFO] [stdout] 341 |     pub const MAX: u32 = EVENT_AIA_END;
[INFO] [stdout]     |                          ^^^^^^^^^^^^^ not found in this scope
[INFO] [stdout] 
[INFO] [stdout] 
[INFO] [stdout] error[E0425]: cannot find value `EVENT_OEM_DEFINED_START` in this scope
[INFO] [stdout]    --> src/events.rs:392:26
[INFO] [stdout]     |
[INFO] [stdout] 392 |     pub const MIN: u32 = EVENT_OEM_DEFINED_START;
[INFO] [stdout]     |                          ^^^^^^^^^^^^^^^^^^^^^^^ not found in this scope
[INFO] [stdout] 
[INFO] [stdout] 
[INFO] [stdout] error[E0425]: cannot find value `EVENT_OEM_DEFINED_END` in this scope
[INFO] [stdout]    --> src/events.rs:395:26
[INFO] [stdout]     |
[INFO] [stdout] 395 |     pub const MAX: u32 = EVENT_OEM_DEFINED_END;
[INFO] [stdout]     |                          ^^^^^^^^^^^^^^^^^^^^^ not found in this scope
[INFO] [stdout] 
[INFO] [stdout] 
[INFO] [stdout] error[E0425]: cannot find value `EVENT_UIA_EVENTID_START` in this scope
[INFO] [stdout]    --> src/events.rs:446:26
[INFO] [stdout]     |
[INFO] [stdout] 446 |     pub const MIN: u32 = EVENT_UIA_EVENTID_START;
[INFO] [stdout]     |                          ^^^^^^^^^^^^^^^^^^^^^^^ not found in this scope
[INFO] [stdout] 
[INFO] [stdout] 
[INFO] [stdout] error[E0425]: cannot find value `EVENT_UIA_EVENTID_END` in this scope
[INFO] [stdout]    --> src/events.rs:449:26
[INFO] [stdout]     |
[INFO] [stdout] 449 |     pub const MAX: u32 = EVENT_UIA_EVENTID_END;
[INFO] [stdout]     |                          ^^^^^^^^^^^^^^^^^^^^^ not found in this scope
[INFO] [stdout] 
[INFO] [stdout] 
[INFO] [stdout] error[E0425]: cannot find value `EVENT_UIA_PROPID_START` in this scope
[INFO] [stdout]    --> src/events.rs:500:26
[INFO] [stdout]     |
[INFO] [stdout] 500 |     pub const MIN: u32 = EVENT_UIA_PROPID_START;
[INFO] [stdout]     |                          ^^^^^^^^^^^^^^^^^^^^^^ not found in this scope
[INFO] [stdout] 
[INFO] [stdout] 
[INFO] [stdout] error[E0425]: cannot find value `EVENT_UIA_PROPID_END` in this scope
[INFO] [stdout]    --> src/events.rs:503:26
[INFO] [stdout]     |
[INFO] [stdout] 503 |     pub const MAX: u32 = EVENT_UIA_PROPID_END;
[INFO] [stdout]     |                          ^^^^^^^^^^^^^^^^^^^^ not found in this scope
[INFO] [stdout] 
[INFO] [stdout] 
[INFO] [stdout] error: aborting due to 81 previous errors
[INFO] [stdout] 
[INFO] [stdout] 
[INFO] [stdout] Some errors have detailed explanations: E0425, E0433.
[INFO] [stdout] 
[INFO] [stdout] For more information about an error, try `rustc --explain E0425`.
[INFO] [stdout] 
[INFO] [stderr] error: could not compile `win_event_hook` (lib) due to 82 previous errors
[INFO] running `Command { std: "docker" "inspect" "0a63b9f65f87e86b45ce2cea19e5e4251d5abede9a833cef79da125c75527bd7", kill_on_drop: false }`
[INFO] running `Command { std: "docker" "rm" "-f" "0a63b9f65f87e86b45ce2cea19e5e4251d5abede9a833cef79da125c75527bd7", kill_on_drop: false }`
[INFO] [stdout] 0a63b9f65f87e86b45ce2cea19e5e4251d5abede9a833cef79da125c75527bd7
[INFO] testing win_event_hook-0.3.0 against beta-2023-12-22 for beta-1.76-1
[INFO] extracting crate win_event_hook 0.3.0 into /workspace/builds/worker-3-tc2/source
[INFO] validating manifest of crates.io crate win_event_hook 0.3.0 on toolchain beta-2023-12-22
[INFO] running `Command { std: CARGO_HOME="/workspace/cargo-home" RUSTUP_HOME="/workspace/rustup-home" "/workspace/cargo-home/bin/cargo" "+beta-2023-12-22" "metadata" "--manifest-path" "Cargo.toml" "--no-deps", kill_on_drop: false }`
[INFO] started tweaking crates.io crate win_event_hook 0.3.0
[INFO] finished tweaking crates.io crate win_event_hook 0.3.0
[INFO] tweaked toml for crates.io crate win_event_hook 0.3.0 written to /workspace/builds/worker-3-tc2/source/Cargo.toml
[INFO] running `Command { std: CARGO_HOME="/workspace/cargo-home" RUSTUP_HOME="/workspace/rustup-home" "/workspace/cargo-home/bin/cargo" "+beta-2023-12-22" "generate-lockfile" "--manifest-path" "Cargo.toml", kill_on_drop: false }`
[INFO] [stderr]     Updating crates.io index
[INFO] running `Command { std: CARGO_HOME="/workspace/cargo-home" RUSTUP_HOME="/workspace/rustup-home" "/workspace/cargo-home/bin/cargo" "+beta-2023-12-22" "fetch" "--manifest-path" "Cargo.toml", kill_on_drop: false }`
[INFO] running `Command { std: "docker" "create" "-v" "/var/lib/crater-agent-workspace/builds/worker-3-tc2/target:/opt/rustwide/target:rw,Z" "-v" "/var/lib/crater-agent-workspace/builds/worker-3-tc2/source:/opt/rustwide/workdir:ro,Z" "-v" "/var/lib/crater-agent-workspace/cargo-home:/opt/rustwide/cargo-home:ro,Z" "-v" "/var/lib/crater-agent-workspace/rustup-home:/opt/rustwide/rustup-home:ro,Z" "-e" "SOURCE_DIR=/opt/rustwide/workdir" "-e" "CARGO_TARGET_DIR=/opt/rustwide/target" "-e" "CARGO_HOME=/opt/rustwide/cargo-home" "-e" "RUSTUP_HOME=/opt/rustwide/rustup-home" "-w" "/opt/rustwide/workdir" "-m" "1610612736" "--user" "0:0" "--network" "none" "ghcr.io/rust-lang/crates-build-env/linux@sha256:2788e3201cd34a07e3172128adcd8b3090168a8e3bcc40d7c032b9dda1df7d1c" "/opt/rustwide/cargo-home/bin/cargo" "+beta-2023-12-22" "metadata" "--no-deps" "--format-version=1", kill_on_drop: false }`
[INFO] [stdout] c52b12c1839b9d2006afbdcb34c53fbdb1d0fd1405c0882de3e2635a6a03c9fe
[INFO] running `Command { std: "docker" "start" "-a" "c52b12c1839b9d2006afbdcb34c53fbdb1d0fd1405c0882de3e2635a6a03c9fe", kill_on_drop: false }`
[INFO] running `Command { std: "docker" "inspect" "c52b12c1839b9d2006afbdcb34c53fbdb1d0fd1405c0882de3e2635a6a03c9fe", kill_on_drop: false }`
[INFO] running `Command { std: "docker" "rm" "-f" "c52b12c1839b9d2006afbdcb34c53fbdb1d0fd1405c0882de3e2635a6a03c9fe", kill_on_drop: false }`
[INFO] [stdout] c52b12c1839b9d2006afbdcb34c53fbdb1d0fd1405c0882de3e2635a6a03c9fe
[INFO] running `Command { std: "docker" "create" "-v" "/var/lib/crater-agent-workspace/builds/worker-3-tc2/target:/opt/rustwide/target:rw,Z" "-v" "/var/lib/crater-agent-workspace/builds/worker-3-tc2/source:/opt/rustwide/workdir:ro,Z" "-v" "/var/lib/crater-agent-workspace/cargo-home:/opt/rustwide/cargo-home:ro,Z" "-v" "/var/lib/crater-agent-workspace/rustup-home:/opt/rustwide/rustup-home:ro,Z" "-e" "SOURCE_DIR=/opt/rustwide/workdir" "-e" "CARGO_TARGET_DIR=/opt/rustwide/target" "-e" "CARGO_INCREMENTAL=0" "-e" "RUST_BACKTRACE=full" "-e" "RUSTFLAGS=--cap-lints=warn" "-e" "RUSTDOCFLAGS=--cap-lints=warn" "-e" "CARGO_HOME=/opt/rustwide/cargo-home" "-e" "RUSTUP_HOME=/opt/rustwide/rustup-home" "-w" "/opt/rustwide/workdir" "-m" "1610612736" "--user" "0:0" "--network" "none" "ghcr.io/rust-lang/crates-build-env/linux@sha256:2788e3201cd34a07e3172128adcd8b3090168a8e3bcc40d7c032b9dda1df7d1c" "/opt/rustwide/cargo-home/bin/cargo" "+beta-2023-12-22" "build" "--frozen" "--message-format=json", kill_on_drop: false }`
[INFO] [stdout] 284c3d61f879e6f216599fd8f50f41444f206476e7ac4a63a26662bcb7f0ecec
[INFO] running `Command { std: "docker" "start" "-a" "284c3d61f879e6f216599fd8f50f41444f206476e7ac4a63a26662bcb7f0ecec", kill_on_drop: false }`
[INFO] [stderr]    Compiling either v1.9.0
[INFO] [stderr]    Compiling bitflags v2.4.1
[INFO] [stderr]    Compiling rayon-core v1.12.0
[INFO] [stderr]    Compiling tracing v0.1.40
[INFO] [stderr]    Compiling rayon v1.8.0
[INFO] [stderr]    Compiling win_event_hook v0.3.0 (/opt/rustwide/workdir)
[INFO] [stdout] error[E0433]: failed to resolve: use of undeclared crate or module `windows`
[INFO] [stdout]  --> src/lib.rs:8:5
[INFO] [stdout]   |
[INFO] [stdout] 8 | use windows::Win32::UI::Accessibility::HWINEVENTHOOK;
[INFO] [stdout]   |     ^^^^^^^ use of undeclared crate or module `windows`
[INFO] [stdout] 
[INFO] [stdout] 
[INFO] [stdout] error[E0433]: failed to resolve: use of undeclared crate or module `windows`
[INFO] [stdout]  --> src/event_loop.rs:2:5
[INFO] [stdout]   |
[INFO] [stdout] 2 | use windows::Win32::{
[INFO] [stdout]   |     ^^^^^^^ use of undeclared crate or module `windows`
[INFO] [stdout] 
[INFO] [stdout] 
[INFO] [stdout] error[E0433]: failed to resolve: use of undeclared crate or module `windows`
[INFO] [stdout]  --> src/handler.rs:1:5
[INFO] [stdout]   |
[INFO] [stdout] 1 | use windows::Win32::Foundation::HWND;
[INFO] [stdout]   |     ^^^^^^^ use of undeclared crate or module `windows`
[INFO] [stdout] 
[INFO] [stdout] 
[INFO] [stdout] error[E0433]: failed to resolve: use of undeclared crate or module `windows`
[INFO] [stdout]  --> src/config.rs:1:5
[INFO] [stdout]   |
[INFO] [stdout] 1 | use windows::Win32::Foundation::HMODULE;
[INFO] [stdout]   |     ^^^^^^^ use of undeclared crate or module `windows`
[INFO] [stdout] 
[INFO] [stdout] 
[INFO] [stdout] error[E0433]: failed to resolve: use of undeclared crate or module `windows`
[INFO] [stdout]  --> src/events.rs:1:5
[INFO] [stdout]   |
[INFO] [stdout] 1 | use windows::Win32::UI::WindowsAndMessaging::*;
[INFO] [stdout]   |     ^^^^^^^ use of undeclared crate or module `windows`
[INFO] [stdout] 
[INFO] [stdout] 
[INFO] [stdout] error[E0433]: failed to resolve: use of undeclared crate or module `windows`
[INFO] [stdout]  --> src/flags.rs:2:5
[INFO] [stdout]   |
[INFO] [stdout] 2 | use windows::Win32::UI::WindowsAndMessaging::{
[INFO] [stdout]   |     ^^^^^^^ use of undeclared crate or module `windows`
[INFO] [stdout] 
[INFO] [stdout] 
[INFO] [stdout] error[E0433]: failed to resolve: use of undeclared crate or module `windows`
[INFO] [stdout]  --> src/hook.rs:9:5
[INFO] [stdout]   |
[INFO] [stdout] 9 | use windows::Win32::{
[INFO] [stdout]   |     ^^^^^^^ use of undeclared crate or module `windows`
[INFO] [stdout] 
[INFO] [stdout] 
[INFO] [stdout] error[E0433]: failed to resolve: use of undeclared crate or module `windows`
[INFO] [stdout]   --> src/errors.rs:33:23
[INFO] [stdout]    |
[INFO] [stdout] 33 |     EventLoop(#[from] windows::core::Error),
[INFO] [stdout]    |                       ^^^^^^^ use of undeclared crate or module `windows`
[INFO] [stdout] 
[INFO] [stdout] 
[INFO] [stdout] error[E0425]: cannot find value `EVENT_MIN` in this scope
[INFO] [stdout]   --> src/events.rs:41:26
[INFO] [stdout]    |
[INFO] [stdout] 41 |     pub const MIN: u32 = EVENT_MIN;
[INFO] [stdout]    |                          ^^^^^^^^^ not found in this scope
[INFO] [stdout] 
[INFO] [stdout] 
[INFO] [stdout] error[E0425]: cannot find value `EVENT_MAX` in this scope
[INFO] [stdout]   --> src/events.rs:44:26
[INFO] [stdout]    |
[INFO] [stdout] 44 |     pub const MAX: u32 = EVENT_MAX;
[INFO] [stdout]    |                          ^^^^^^^^^ not found in this scope
[INFO] [stdout] 
[INFO] [stdout] 
[INFO] [stdout] error[E0425]: cannot find value `EVENT_OBJECT_ACCELERATORCHANGE` in this scope
[INFO] [stdout]    --> src/events.rs:134:35
[INFO] [stdout]     |
[INFO] [stdout] 134 |         ObjectAcceleratorChange = EVENT_OBJECT_ACCELERATORCHANGE,
[INFO] [stdout]     |                                   ^^^^^^^^^^^^^^^^^^^^^^^^^^^^^^ not found in this scope
[INFO] [stdout] 
[INFO] [stdout] 
[INFO] [stdout] error[E0425]: cannot find value `EVENT_OBJECT_CLOAKED` in this scope
[INFO] [stdout]    --> src/events.rs:136:25
[INFO] [stdout]     |
[INFO] [stdout] 136 |         ObjectCloaked = EVENT_OBJECT_CLOAKED,
[INFO] [stdout]     |                         ^^^^^^^^^^^^^^^^^^^^ not found in this scope
[INFO] [stdout] 
[INFO] [stdout] 
[INFO] [stdout] error[E0425]: cannot find value `EVENT_OBJECT_CONTENTSCROLLED` in this scope
[INFO] [stdout]    --> src/events.rs:140:34
[INFO] [stdout]     |
[INFO] [stdout] 140 |         ObjectContentsScrolled = EVENT_OBJECT_CONTENTSCROLLED,
[INFO] [stdout]     |                                  ^^^^^^^^^^^^^^^^^^^^^^^^^^^^ not found in this scope
[INFO] [stdout] 
[INFO] [stdout] 
[INFO] [stdout] error[E0425]: cannot find value `EVENT_OBJECT_CREATE` in this scope
[INFO] [stdout]    --> src/events.rs:144:24
[INFO] [stdout]     |
[INFO] [stdout] 144 |         ObjectCreate = EVENT_OBJECT_CREATE,
[INFO] [stdout]     |                        ^^^^^^^^^^^^^^^^^^^ not found in this scope
[INFO] [stdout] 
[INFO] [stdout] 
[INFO] [stdout] error[E0425]: cannot find value `EVENT_OBJECT_DEFACTIONCHANGE` in this scope
[INFO] [stdout]    --> src/events.rs:146:33
[INFO] [stdout]     |
[INFO] [stdout] 146 |         ObjectDefactionChange = EVENT_OBJECT_DEFACTIONCHANGE,
[INFO] [stdout]     |                                 ^^^^^^^^^^^^^^^^^^^^^^^^^^^^ not found in this scope
[INFO] [stdout] 
[INFO] [stdout] 
[INFO] [stdout] error[E0425]: cannot find value `EVENT_OBJECT_DESCRIPTIONCHANGE` in this scope
[INFO] [stdout]    --> src/events.rs:148:35
[INFO] [stdout]     |
[INFO] [stdout] 148 |         ObjectDescriptionChange = EVENT_OBJECT_DESCRIPTIONCHANGE,
[INFO] [stdout]     |                                   ^^^^^^^^^^^^^^^^^^^^^^^^^^^^^^ not found in this scope
[INFO] [stdout] 
[INFO] [stdout] 
[INFO] [stdout] error[E0425]: cannot find value `EVENT_OBJECT_DESTROY` in this scope
[INFO] [stdout]    --> src/events.rs:152:25
[INFO] [stdout]     |
[INFO] [stdout] 152 |         ObjectDestroy = EVENT_OBJECT_DESTROY,
[INFO] [stdout]     |                         ^^^^^^^^^^^^^^^^^^^^ not found in this scope
[INFO] [stdout] 
[INFO] [stdout] 
[INFO] [stdout] error[E0425]: cannot find value `EVENT_OBJECT_DRAGSTART` in this scope
[INFO] [stdout]    --> src/events.rs:154:27
[INFO] [stdout]     |
[INFO] [stdout] 154 |         ObjectDragStart = EVENT_OBJECT_DRAGSTART,
[INFO] [stdout]     |                           ^^^^^^^^^^^^^^^^^^^^^^ not found in this scope
[INFO] [stdout] 
[INFO] [stdout] 
[INFO] [stdout] error[E0425]: cannot find value `EVENT_OBJECT_DRAGCANCEL` in this scope
[INFO] [stdout]    --> src/events.rs:156:28
[INFO] [stdout]     |
[INFO] [stdout] 156 |         ObjectDragCancel = EVENT_OBJECT_DRAGCANCEL,
[INFO] [stdout]     |                            ^^^^^^^^^^^^^^^^^^^^^^^ not found in this scope
[INFO] [stdout] 
[INFO] [stdout] 
[INFO] [stdout] error[E0425]: cannot find value `EVENT_OBJECT_DRAGCOMPLETE` in this scope
[INFO] [stdout]    --> src/events.rs:158:30
[INFO] [stdout]     |
[INFO] [stdout] 158 |         ObjectDragComplete = EVENT_OBJECT_DRAGCOMPLETE,
[INFO] [stdout]     |                              ^^^^^^^^^^^^^^^^^^^^^^^^^ not found in this scope
[INFO] [stdout] 
[INFO] [stdout] 
[INFO] [stdout] error[E0425]: cannot find value `EVENT_OBJECT_DRAGENTER` in this scope
[INFO] [stdout]    --> src/events.rs:160:27
[INFO] [stdout]     |
[INFO] [stdout] 160 |         ObjectDragEnter = EVENT_OBJECT_DRAGENTER,
[INFO] [stdout]     |                           ^^^^^^^^^^^^^^^^^^^^^^ not found in this scope
[INFO] [stdout] 
[INFO] [stdout] 
[INFO] [stdout] error[E0425]: cannot find value `EVENT_OBJECT_DRAGLEAVE` in this scope
[INFO] [stdout]    --> src/events.rs:162:27
[INFO] [stdout]     |
[INFO] [stdout] 162 |         ObjectDragLeave = EVENT_OBJECT_DRAGLEAVE,
[INFO] [stdout]     |                           ^^^^^^^^^^^^^^^^^^^^^^ not found in this scope
[INFO] [stdout] 
[INFO] [stdout] 
[INFO] [stdout] error[E0425]: cannot find value `EVENT_OBJECT_DRAGDROPPED` in this scope
[INFO] [stdout]    --> src/events.rs:164:29
[INFO] [stdout]     |
[INFO] [stdout] 164 |         ObjectDragDropped = EVENT_OBJECT_DRAGDROPPED,
[INFO] [stdout]     |                             ^^^^^^^^^^^^^^^^^^^^^^^^ not found in this scope
[INFO] [stdout] 
[INFO] [stdout] 
[INFO] [stdout] error[E0425]: cannot find value `EVENT_OBJECT_FOCUS` in this scope
[INFO] [stdout]    --> src/events.rs:167:23
[INFO] [stdout]     |
[INFO] [stdout] 167 |         ObjectFocus = EVENT_OBJECT_FOCUS,
[INFO] [stdout]     |                       ^^^^^^^^^^^^^^^^^^ not found in this scope
[INFO] [stdout] 
[INFO] [stdout] 
[INFO] [stdout] error[E0425]: cannot find value `EVENT_OBJECT_HELPCHANGE` in this scope
[INFO] [stdout]    --> src/events.rs:169:28
[INFO] [stdout]     |
[INFO] [stdout] 169 |         ObjectHelpChange = EVENT_OBJECT_HELPCHANGE,
[INFO] [stdout]     |                            ^^^^^^^^^^^^^^^^^^^^^^^ not found in this scope
[INFO] [stdout] 
[INFO] [stdout] 
[INFO] [stdout] error[E0425]: cannot find value `EVENT_OBJECT_HIDE` in this scope
[INFO] [stdout]    --> src/events.rs:173:22
[INFO] [stdout]     |
[INFO] [stdout] 173 |         ObjectHide = EVENT_OBJECT_HIDE,
[INFO] [stdout]     |                      ^^^^^^^^^^^^^^^^^ not found in this scope
[INFO] [stdout] 
[INFO] [stdout] 
[INFO] [stdout] error[E0425]: cannot find value `EVENT_OBJECT_HOSTEDOBJECTSINVALIDATED` in this scope
[INFO] [stdout]    --> src/events.rs:175:42
[INFO] [stdout]     |
[INFO] [stdout] 175 |         ObjectHostedObjectsInvalidated = EVENT_OBJECT_HOSTEDOBJECTSINVALIDATED,
[INFO] [stdout]     |                                          ^^^^^^^^^^^^^^^^^^^^^^^^^^^^^^^^^^^^^ not found in this scope
[INFO] [stdout] 
[INFO] [stdout] 
[INFO] [stdout] error[E0425]: cannot find value `EVENT_OBJECT_IME_HIDE` in this scope
[INFO] [stdout]    --> src/events.rs:177:25
[INFO] [stdout]     |
[INFO] [stdout] 177 |         ObjectImeHide = EVENT_OBJECT_IME_HIDE,
[INFO] [stdout]     |                         ^^^^^^^^^^^^^^^^^^^^^ not found in this scope
[INFO] [stdout] 
[INFO] [stdout] 
[INFO] [stdout] error[E0425]: cannot find value `EVENT_OBJECT_IME_SHOW` in this scope
[INFO] [stdout]    --> src/events.rs:179:25
[INFO] [stdout]     |
[INFO] [stdout] 179 |         ObjectImeShow = EVENT_OBJECT_IME_SHOW,
[INFO] [stdout]     |                         ^^^^^^^^^^^^^^^^^^^^^ not found in this scope
[INFO] [stdout] 
[INFO] [stdout] 
[INFO] [stdout] error[E0425]: cannot find value `EVENT_OBJECT_IME_CHANGE` in this scope
[INFO] [stdout]    --> src/events.rs:181:27
[INFO] [stdout]     |
[INFO] [stdout] 181 |         ObjectImeChange = EVENT_OBJECT_IME_CHANGE,
[INFO] [stdout]     |                           ^^^^^^^^^^^^^^^^^^^^^^^ not found in this scope
[INFO] [stdout] 
[INFO] [stdout] 
[INFO] [stdout] error[E0425]: cannot find value `EVENT_OBJECT_INVOKED` in this scope
[INFO] [stdout]    --> src/events.rs:184:25
[INFO] [stdout]     |
[INFO] [stdout] 184 |         ObjectInvoked = EVENT_OBJECT_INVOKED,
[INFO] [stdout]     |                         ^^^^^^^^^^^^^^^^^^^^ not found in this scope
[INFO] [stdout] 
[INFO] [stdout] 
[INFO] [stdout] error[E0425]: cannot find value `EVENT_OBJECT_LIVEREGIONCHANGED` in this scope
[INFO] [stdout]    --> src/events.rs:186:35
[INFO] [stdout]     |
[INFO] [stdout] 186 |         ObjectLiveRegionChanged = EVENT_OBJECT_LIVEREGIONCHANGED,
[INFO] [stdout]     |                                   ^^^^^^^^^^^^^^^^^^^^^^^^^^^^^^ not found in this scope
[INFO] [stdout] 
[INFO] [stdout] 
[INFO] [stdout] error[E0425]: cannot find value `EVENT_OBJECT_LOCATIONCHANGE` in this scope
[INFO] [stdout]    --> src/events.rs:191:32
[INFO] [stdout]     |
[INFO] [stdout] 191 |         ObjectLocationChange = EVENT_OBJECT_LOCATIONCHANGE,
[INFO] [stdout]     |                                ^^^^^^^^^^^^^^^^^^^^^^^^^^^ not found in this scope
[INFO] [stdout] 
[INFO] [stdout] 
[INFO] [stdout] error[E0425]: cannot find value `EVENT_OBJECT_NAMECHANGE` in this scope
[INFO] [stdout]    --> src/events.rs:193:28
[INFO] [stdout]     |
[INFO] [stdout] 193 |         ObjectNameChange = EVENT_OBJECT_NAMECHANGE,
[INFO] [stdout]     |                            ^^^^^^^^^^^^^^^^^^^^^^^ not found in this scope
[INFO] [stdout] 
[INFO] [stdout] 
[INFO] [stdout] error[E0425]: cannot find value `EVENT_OBJECT_PARENTCHANGE` in this scope
[INFO] [stdout]    --> src/events.rs:195:30
[INFO] [stdout]     |
[INFO] [stdout] 195 |         ObjectParentChange = EVENT_OBJECT_PARENTCHANGE,
[INFO] [stdout]     |                              ^^^^^^^^^^^^^^^^^^^^^^^^^ not found in this scope
[INFO] [stdout] 
[INFO] [stdout] 
[INFO] [stdout] error[E0425]: cannot find value `EVENT_OBJECT_REORDER` in this scope
[INFO] [stdout]    --> src/events.rs:198:25
[INFO] [stdout]     |
[INFO] [stdout] 198 |         ObjectReorder = EVENT_OBJECT_REORDER,
[INFO] [stdout]     |                         ^^^^^^^^^^^^^^^^^^^^ not found in this scope
[INFO] [stdout] 
[INFO] [stdout] 
[INFO] [stdout] error[E0425]: cannot find value `EVENT_OBJECT_SELECTION` in this scope
[INFO] [stdout]    --> src/events.rs:202:27
[INFO] [stdout]     |
[INFO] [stdout] 202 |         ObjectSelection = EVENT_OBJECT_SELECTION,
[INFO] [stdout]     |                           ^^^^^^^^^^^^^^^^^^^^^^ not found in this scope
[INFO] [stdout] 
[INFO] [stdout] 
[INFO] [stdout] error[E0425]: cannot find value `EVENT_OBJECT_SELECTIONADD` in this scope
[INFO] [stdout]    --> src/events.rs:205:30
[INFO] [stdout]     |
[INFO] [stdout] 205 |         ObjectSelectionAdd = EVENT_OBJECT_SELECTIONADD,
[INFO] [stdout]     |                              ^^^^^^^^^^^^^^^^^^^^^^^^^ not found in this scope
[INFO] [stdout] 
[INFO] [stdout] 
[INFO] [stdout] error[E0425]: cannot find value `EVENT_OBJECT_SELECTIONREMOVE` in this scope
[INFO] [stdout]    --> src/events.rs:209:33
[INFO] [stdout]     |
[INFO] [stdout] 209 |         ObjectSelectionRemove = EVENT_OBJECT_SELECTIONREMOVE,
[INFO] [stdout]     |                                 ^^^^^^^^^^^^^^^^^^^^^^^^^^^^ not found in this scope
[INFO] [stdout] 
[INFO] [stdout] 
[INFO] [stdout] error[E0425]: cannot find value `EVENT_OBJECT_SELECTIONWITHIN` in this scope
[INFO] [stdout]    --> src/events.rs:213:33
[INFO] [stdout]     |
[INFO] [stdout] 213 |         ObjectSelectionWithin = EVENT_OBJECT_SELECTIONWITHIN,
[INFO] [stdout]     |                                 ^^^^^^^^^^^^^^^^^^^^^^^^^^^^ not found in this scope
[INFO] [stdout] 
[INFO] [stdout] 
[INFO] [stdout] error[E0425]: cannot find value `EVENT_OBJECT_SHOW` in this scope
[INFO] [stdout]    --> src/events.rs:217:22
[INFO] [stdout]     |
[INFO] [stdout] 217 |         ObjectShow = EVENT_OBJECT_SHOW,
[INFO] [stdout]     |                      ^^^^^^^^^^^^^^^^^ not found in this scope
[INFO] [stdout] 
[INFO] [stdout] 
[INFO] [stdout] error[E0425]: cannot find value `EVENT_OBJECT_STATECHANGE` in this scope
[INFO] [stdout]    --> src/events.rs:221:29
[INFO] [stdout]     |
[INFO] [stdout] 221 |         ObjectStateChange = EVENT_OBJECT_STATECHANGE,
[INFO] [stdout]     |                             ^^^^^^^^^^^^^^^^^^^^^^^^ not found in this scope
[INFO] [stdout] 
[INFO] [stdout] 
[INFO] [stdout] error[E0425]: cannot find value `EVENT_OBJECT_TEXTEDIT_CONVERSIONTARGETCHANGED` in this scope
[INFO] [stdout]    --> src/events.rs:223:41
[INFO] [stdout]     |
[INFO] [stdout] 223 |         ObjectConversionTargetChanged = EVENT_OBJECT_TEXTEDIT_CONVERSIONTARGETCHANGED,
[INFO] [stdout]     |                                         ^^^^^^^^^^^^^^^^^^^^^^^^^^^^^^^^^^^^^^^^^^^^^ not found in this scope
[INFO] [stdout] 
[INFO] [stdout] 
[INFO] [stdout] error[E0425]: cannot find value `EVENT_OBJECT_TEXTSELECTIONCHANGED` in this scope
[INFO] [stdout]    --> src/events.rs:226:38
[INFO] [stdout]     |
[INFO] [stdout] 226 |         ObjectTextSelectionChanged = EVENT_OBJECT_TEXTSELECTIONCHANGED,
[INFO] [stdout]     |                                      ^^^^^^^^^^^^^^^^^^^^^^^^^^^^^^^^^ not found in this scope
[INFO] [stdout] 
[INFO] [stdout] 
[INFO] [stdout] error[E0425]: cannot find value `EVENT_OBJECT_UNCLOAKED` in this scope
[INFO] [stdout]    --> src/events.rs:228:27
[INFO] [stdout]     |
[INFO] [stdout] 228 |         ObjectUncloaked = EVENT_OBJECT_UNCLOAKED,
[INFO] [stdout]     |                           ^^^^^^^^^^^^^^^^^^^^^^ not found in this scope
[INFO] [stdout] 
[INFO] [stdout] 
[INFO] [stdout] error[E0425]: cannot find value `EVENT_OBJECT_VALUECHANGE` in this scope
[INFO] [stdout]    --> src/events.rs:230:29
[INFO] [stdout]     |
[INFO] [stdout] 230 |         ObjectValueChange = EVENT_OBJECT_VALUECHANGE,
[INFO] [stdout]     |                             ^^^^^^^^^^^^^^^^^^^^^^^^ not found in this scope
[INFO] [stdout] 
[INFO] [stdout] 
[INFO] [stdout] error[E0425]: cannot find value `EVENT_SYSTEM_ALERT` in this scope
[INFO] [stdout]    --> src/events.rs:232:23
[INFO] [stdout]     |
[INFO] [stdout] 232 |         SystemAlert = EVENT_SYSTEM_ALERT,
[INFO] [stdout]     |                       ^^^^^^^^^^^^^^^^^^ not found in this scope
[INFO] [stdout] 
[INFO] [stdout] 
[INFO] [stdout] error[E0425]: cannot find value `EVENT_SYSTEM_ARRANGMENTPREVIEW` in this scope
[INFO] [stdout]    --> src/events.rs:234:36
[INFO] [stdout]     |
[INFO] [stdout] 234 |         SystemArrangementPreview = EVENT_SYSTEM_ARRANGMENTPREVIEW,
[INFO] [stdout]     |                                    ^^^^^^^^^^^^^^^^^^^^^^^^^^^^^^ not found in this scope
[INFO] [stdout] 
[INFO] [stdout] 
[INFO] [stdout] error[E0425]: cannot find value `EVENT_SYSTEM_CAPTUREEND` in this scope
[INFO] [stdout]    --> src/events.rs:236:28
[INFO] [stdout]     |
[INFO] [stdout] 236 |         SystemCaptureEnd = EVENT_SYSTEM_CAPTUREEND,
[INFO] [stdout]     |                            ^^^^^^^^^^^^^^^^^^^^^^^ not found in this scope
[INFO] [stdout] 
[INFO] [stdout] 
[INFO] [stdout] error[E0425]: cannot find value `EVENT_SYSTEM_CAPTURESTART` in this scope
[INFO] [stdout]    --> src/events.rs:238:30
[INFO] [stdout]     |
[INFO] [stdout] 238 |         SystemCaptureStart = EVENT_SYSTEM_CAPTURESTART,
[INFO] [stdout]     |                              ^^^^^^^^^^^^^^^^^^^^^^^^^ not found in this scope
[INFO] [stdout] 
[INFO] [stdout] 
[INFO] [stdout] error[E0425]: cannot find value `EVENT_SYSTEM_CONTEXTHELPEND` in this scope
[INFO] [stdout]    --> src/events.rs:240:32
[INFO] [stdout]     |
[INFO] [stdout] 240 |         SystemContextHelpEnd = EVENT_SYSTEM_CONTEXTHELPEND,
[INFO] [stdout]     |                                ^^^^^^^^^^^^^^^^^^^^^^^^^^^ not found in this scope
[INFO] [stdout] 
[INFO] [stdout] 
[INFO] [stdout] error[E0425]: cannot find value `EVENT_SYSTEM_CONTEXTHELPSTART` in this scope
[INFO] [stdout]    --> src/events.rs:242:34
[INFO] [stdout]     |
[INFO] [stdout] 242 |         SystemContextHelpStart = EVENT_SYSTEM_CONTEXTHELPSTART,
[INFO] [stdout]     |                                  ^^^^^^^^^^^^^^^^^^^^^^^^^^^^^ not found in this scope
[INFO] [stdout] 
[INFO] [stdout] 
[INFO] [stdout] error[E0425]: cannot find value `EVENT_SYSTEM_DESKTOPSWITCH` in this scope
[INFO] [stdout]    --> src/events.rs:244:31
[INFO] [stdout]     |
[INFO] [stdout] 244 |         SystemDesktopSwitch = EVENT_SYSTEM_DESKTOPSWITCH,
[INFO] [stdout]     |                               ^^^^^^^^^^^^^^^^^^^^^^^^^^ not found in this scope
[INFO] [stdout] 
[INFO] [stdout] 
[INFO] [stdout] error[E0425]: cannot find value `EVENT_SYSTEM_DIALOGEND` in this scope
[INFO] [stdout]    --> src/events.rs:246:27
[INFO] [stdout]     |
[INFO] [stdout] 246 |         SystemDialogEnd = EVENT_SYSTEM_DIALOGEND,
[INFO] [stdout]     |                           ^^^^^^^^^^^^^^^^^^^^^^ not found in this scope
[INFO] [stdout] 
[INFO] [stdout] 
[INFO] [stdout] error[E0425]: cannot find value `EVENT_SYSTEM_DIALOGSTART` in this scope
[INFO] [stdout]    --> src/events.rs:249:29
[INFO] [stdout]     |
[INFO] [stdout] 249 |         SystemDialogStart = EVENT_SYSTEM_DIALOGSTART,
[INFO] [stdout]     |                             ^^^^^^^^^^^^^^^^^^^^^^^^ not found in this scope
[INFO] [stdout] 
[INFO] [stdout] 
[INFO] [stdout] error[E0425]: cannot find value `EVENT_SYSTEM_DRAGDROPEND` in this scope
[INFO] [stdout]    --> src/events.rs:251:29
[INFO] [stdout]     |
[INFO] [stdout] 251 |         SystemDragDropEnd = EVENT_SYSTEM_DRAGDROPEND,
[INFO] [stdout]     |                             ^^^^^^^^^^^^^^^^^^^^^^^^ not found in this scope
[INFO] [stdout] 
[INFO] [stdout] 
[INFO] [stdout] error[E0425]: cannot find value `EVENT_SYSTEM_DRAGDROPSTART` in this scope
[INFO] [stdout]    --> src/events.rs:253:31
[INFO] [stdout]     |
[INFO] [stdout] 253 |         SystemDragDropStart = EVENT_SYSTEM_DRAGDROPSTART,
[INFO] [stdout]     |                               ^^^^^^^^^^^^^^^^^^^^^^^^^^ not found in this scope
[INFO] [stdout] 
[INFO] [stdout] 
[INFO] [stdout] error[E0425]: cannot find value `EVENT_SYSTEM_FOREGROUND` in this scope
[INFO] [stdout]    --> src/events.rs:256:28
[INFO] [stdout]     |
[INFO] [stdout] 256 |         SystemForeground = EVENT_SYSTEM_FOREGROUND,
[INFO] [stdout]     |                            ^^^^^^^^^^^^^^^^^^^^^^^ not found in this scope
[INFO] [stdout] 
[INFO] [stdout] 
[INFO] [stdout] error[E0425]: cannot find value `EVENT_SYSTEM_MENUPOPUPEND` in this scope
[INFO] [stdout]    --> src/events.rs:260:30
[INFO] [stdout]     |
[INFO] [stdout] 260 |         SystemMenuPopupEnd = EVENT_SYSTEM_MENUPOPUPEND,
[INFO] [stdout]     |                              ^^^^^^^^^^^^^^^^^^^^^^^^^ not found in this scope
[INFO] [stdout] 
[INFO] [stdout] 
[INFO] [stdout] error[E0425]: cannot find value `EVENT_SYSTEM_MENUPOPUPSTART` in this scope
[INFO] [stdout]    --> src/events.rs:262:32
[INFO] [stdout]     |
[INFO] [stdout] 262 |         SystemMenuPopupStart = EVENT_SYSTEM_MENUPOPUPSTART,
[INFO] [stdout]     |                                ^^^^^^^^^^^^^^^^^^^^^^^^^^^ not found in this scope
[INFO] [stdout] 
[INFO] [stdout] 
[INFO] [stdout] error[E0425]: cannot find value `EVENT_SYSTEM_MENUEND` in this scope
[INFO] [stdout]    --> src/events.rs:265:25
[INFO] [stdout]     |
[INFO] [stdout] 265 |         SystemMenuEnd = EVENT_SYSTEM_MENUEND,
[INFO] [stdout]     |                         ^^^^^^^^^^^^^^^^^^^^ not found in this scope
[INFO] [stdout] 
[INFO] [stdout] 
[INFO] [stdout] error[E0425]: cannot find value `EVENT_SYSTEM_MENUSTART` in this scope
[INFO] [stdout]    --> src/events.rs:269:27
[INFO] [stdout]     |
[INFO] [stdout] 269 |         SystemMenuStart = EVENT_SYSTEM_MENUSTART,
[INFO] [stdout]     |                           ^^^^^^^^^^^^^^^^^^^^^^ not found in this scope
[INFO] [stdout] 
[INFO] [stdout] 
[INFO] [stdout] error[E0425]: cannot find value `EVENT_SYSTEM_MINIMIZEEND` in this scope
[INFO] [stdout]    --> src/events.rs:271:29
[INFO] [stdout]     |
[INFO] [stdout] 271 |         SystemMinimizeEnd = EVENT_SYSTEM_MINIMIZEEND,
[INFO] [stdout]     |                             ^^^^^^^^^^^^^^^^^^^^^^^^ not found in this scope
[INFO] [stdout] 
[INFO] [stdout] 
[INFO] [stdout] error[E0425]: cannot find value `EVENT_SYSTEM_MINIMIZESTART` in this scope
[INFO] [stdout]    --> src/events.rs:273:31
[INFO] [stdout]     |
[INFO] [stdout] 273 |         SystemMinimizeStart = EVENT_SYSTEM_MINIMIZESTART,
[INFO] [stdout]     |                               ^^^^^^^^^^^^^^^^^^^^^^^^^^ not found in this scope
[INFO] [stdout] 
[INFO] [stdout] 
[INFO] [stdout] error[E0425]: cannot find value `EVENT_SYSTEM_MOVESIZEEND` in this scope
[INFO] [stdout]    --> src/events.rs:275:29
[INFO] [stdout]     |
[INFO] [stdout] 275 |         SystemMoveSizeEnd = EVENT_SYSTEM_MOVESIZEEND,
[INFO] [stdout]     |                             ^^^^^^^^^^^^^^^^^^^^^^^^ not found in this scope
[INFO] [stdout] 
[INFO] [stdout] 
[INFO] [stdout] error[E0425]: cannot find value `EVENT_SYSTEM_MOVESIZESTART` in this scope
[INFO] [stdout]    --> src/events.rs:277:31
[INFO] [stdout]     |
[INFO] [stdout] 277 |         SystemMoveSizeStart = EVENT_SYSTEM_MOVESIZESTART,
[INFO] [stdout]     |                               ^^^^^^^^^^^^^^^^^^^^^^^^^^ not found in this scope
[INFO] [stdout] 
[INFO] [stdout] 
[INFO] [stdout] error[E0425]: cannot find value `EVENT_SYSTEM_SCROLLINGEND` in this scope
[INFO] [stdout]    --> src/events.rs:280:30
[INFO] [stdout]     |
[INFO] [stdout] 280 |         SystemScrollingEnd = EVENT_SYSTEM_SCROLLINGEND,
[INFO] [stdout]     |                              ^^^^^^^^^^^^^^^^^^^^^^^^^ not found in this scope
[INFO] [stdout] 
[INFO] [stdout] 
[INFO] [stdout] error[E0425]: cannot find value `EVENT_SYSTEM_SCROLLINGSTART` in this scope
[INFO] [stdout]    --> src/events.rs:283:32
[INFO] [stdout]     |
[INFO] [stdout] 283 |         SystemScrollingStart = EVENT_SYSTEM_SCROLLINGSTART,
[INFO] [stdout]     |                                ^^^^^^^^^^^^^^^^^^^^^^^^^^^ not found in this scope
[INFO] [stdout] 
[INFO] [stdout] 
[INFO] [stdout] error[E0425]: cannot find value `EVENT_SYSTEM_SOUND` in this scope
[INFO] [stdout]    --> src/events.rs:286:23
[INFO] [stdout]     |
[INFO] [stdout] 286 |         SystemSound = EVENT_SYSTEM_SOUND,
[INFO] [stdout]     |                       ^^^^^^^^^^^^^^^^^^ not found in this scope
[INFO] [stdout] 
[INFO] [stdout] 
[INFO] [stdout] error[E0425]: cannot find value `EVENT_SYSTEM_SWITCHEND` in this scope
[INFO] [stdout]    --> src/events.rs:289:27
[INFO] [stdout]     |
[INFO] [stdout] 289 |         SystemSwitchEnd = EVENT_SYSTEM_SWITCHEND,
[INFO] [stdout]     |                           ^^^^^^^^^^^^^^^^^^^^^^ not found in this scope
[INFO] [stdout] 
[INFO] [stdout] 
[INFO] [stdout] error[E0425]: cannot find value `EVENT_SYSTEM_SWITCHSTART` in this scope
[INFO] [stdout]    --> src/events.rs:292:29
[INFO] [stdout]     |
[INFO] [stdout] 292 |         SystemSwitchStart = EVENT_SYSTEM_SWITCHSTART,
[INFO] [stdout]     |                             ^^^^^^^^^^^^^^^^^^^^^^^^ not found in this scope
[INFO] [stdout] 
[INFO] [stdout] 
[INFO] [stdout] error[E0425]: cannot find value `EVENT_OBJECT_END` in this scope
[INFO] [stdout]    --> src/events.rs:298:33
[INFO] [stdout]     |
[INFO] [stdout] 298 |     pub const OBJECT_END: u32 = EVENT_OBJECT_END;
[INFO] [stdout]     |                                 ^^^^^^^^^^^^^^^^ not found in this scope
[INFO] [stdout] 
[INFO] [stdout] 
[INFO] [stdout] error[E0425]: cannot find value `EVENT_SYSTEM_END` in this scope
[INFO] [stdout]    --> src/events.rs:301:33
[INFO] [stdout]     |
[INFO] [stdout] 301 |     pub const SYSTEM_END: u32 = EVENT_SYSTEM_END;
[INFO] [stdout]     |                                 ^^^^^^^^^^^^^^^^ not found in this scope
[INFO] [stdout] 
[INFO] [stdout] 
[INFO] [stdout] error[E0425]: cannot find value `EVENT_AIA_START` in this scope
[INFO] [stdout]    --> src/events.rs:338:26
[INFO] [stdout]     |
[INFO] [stdout] 338 |     pub const MIN: u32 = EVENT_AIA_START;
[INFO] [stdout]     |                          ^^^^^^^^^^^^^^^ not found in this scope
[INFO] [stdout] 
[INFO] [stdout] 
[INFO] [stdout] error[E0425]: cannot find value `EVENT_AIA_END` in this scope
[INFO] [stdout]    --> src/events.rs:341:26
[INFO] [stdout]     |
[INFO] [stdout] 341 |     pub const MAX: u32 = EVENT_AIA_END;
[INFO] [stdout]     |                          ^^^^^^^^^^^^^ not found in this scope
[INFO] [stdout] 
[INFO] [stdout] 
[INFO] [stdout] error[E0425]: cannot find value `EVENT_OEM_DEFINED_START` in this scope
[INFO] [stdout]    --> src/events.rs:392:26
[INFO] [stdout]     |
[INFO] [stdout] 392 |     pub const MIN: u32 = EVENT_OEM_DEFINED_START;
[INFO] [stdout]     |                          ^^^^^^^^^^^^^^^^^^^^^^^ not found in this scope
[INFO] [stdout] 
[INFO] [stdout] 
[INFO] [stdout] error[E0425]: cannot find value `EVENT_OEM_DEFINED_END` in this scope
[INFO] [stdout]    --> src/events.rs:395:26
[INFO] [stdout]     |
[INFO] [stdout] 395 |     pub const MAX: u32 = EVENT_OEM_DEFINED_END;
[INFO] [stdout]     |                          ^^^^^^^^^^^^^^^^^^^^^ not found in this scope
[INFO] [stdout] 
[INFO] [stdout] 
[INFO] [stdout] error[E0425]: cannot find value `EVENT_UIA_EVENTID_START` in this scope
[INFO] [stdout]    --> src/events.rs:446:26
[INFO] [stdout]     |
[INFO] [stdout] 446 |     pub const MIN: u32 = EVENT_UIA_EVENTID_START;
[INFO] [stdout]     |                          ^^^^^^^^^^^^^^^^^^^^^^^ not found in this scope
[INFO] [stdout] 
[INFO] [stdout] 
[INFO] [stdout] error[E0425]: cannot find value `EVENT_UIA_EVENTID_END` in this scope
[INFO] [stdout]    --> src/events.rs:449:26
[INFO] [stdout]     |
[INFO] [stdout] 449 |     pub const MAX: u32 = EVENT_UIA_EVENTID_END;
[INFO] [stdout]     |                          ^^^^^^^^^^^^^^^^^^^^^ not found in this scope
[INFO] [stdout] 
[INFO] [stdout] 
[INFO] [stdout] error[E0425]: cannot find value `EVENT_UIA_PROPID_START` in this scope
[INFO] [stdout]    --> src/events.rs:500:26
[INFO] [stdout]     |
[INFO] [stdout] 500 |     pub const MIN: u32 = EVENT_UIA_PROPID_START;
[INFO] [stdout]     |                          ^^^^^^^^^^^^^^^^^^^^^^ not found in this scope
[INFO] [stdout] 
[INFO] [stdout] 
[INFO] [stdout] error[E0425]: cannot find value `EVENT_UIA_PROPID_END` in this scope
[INFO] [stdout]    --> src/events.rs:503:26
[INFO] [stdout]     |
[INFO] [stdout] 503 |     pub const MAX: u32 = EVENT_UIA_PROPID_END;
[INFO] [stdout]     |                          ^^^^^^^^^^^^^^^^^^^^ not found in this scope
[INFO] [stdout] 
[INFO] [stdout] 
[INFO] [stdout] error: aborting due to 81 previous errors
[INFO] [stdout] 
[INFO] [stdout] 
[INFO] [stdout] Some errors have detailed explanations: E0425, E0433.
[INFO] [stdout] 
[INFO] [stdout] For more information about an error, try `rustc --explain E0425`.
[INFO] [stdout] 
[INFO] [stderr] error: could not compile `win_event_hook` (lib) due to 82 previous errors
[INFO] running `Command { std: "docker" "inspect" "284c3d61f879e6f216599fd8f50f41444f206476e7ac4a63a26662bcb7f0ecec", kill_on_drop: false }`
[INFO] running `Command { std: "docker" "rm" "-f" "284c3d61f879e6f216599fd8f50f41444f206476e7ac4a63a26662bcb7f0ecec", kill_on_drop: false }`
[INFO] [stdout] 284c3d61f879e6f216599fd8f50f41444f206476e7ac4a63a26662bcb7f0ecec
