[INFO] fetching crate win7-notifications 0.4.3...
[INFO] testing win7-notifications-0.4.3 against 1.75.0 for beta-1.76-1
[INFO] extracting crate win7-notifications 0.4.3 into /workspace/builds/worker-5-tc1/source
[INFO] validating manifest of crates.io crate win7-notifications 0.4.3 on toolchain 1.75.0
[INFO] running `Command { std: CARGO_HOME="/workspace/cargo-home" RUSTUP_HOME="/workspace/rustup-home" "/workspace/cargo-home/bin/cargo" "+1.75.0" "metadata" "--manifest-path" "Cargo.toml" "--no-deps", kill_on_drop: false }`
[INFO] started tweaking crates.io crate win7-notifications 0.4.3
[INFO] finished tweaking crates.io crate win7-notifications 0.4.3
[INFO] tweaked toml for crates.io crate win7-notifications 0.4.3 written to /workspace/builds/worker-5-tc1/source/Cargo.toml
[INFO] crate crates.io crate win7-notifications 0.4.3 already has a lockfile, it will not be regenerated
[INFO] running `Command { std: CARGO_HOME="/workspace/cargo-home" RUSTUP_HOME="/workspace/rustup-home" "/workspace/cargo-home/bin/cargo" "+1.75.0" "fetch" "--manifest-path" "Cargo.toml", kill_on_drop: false }`
[INFO] [stderr]     Updating crates.io index
[INFO] [stderr]  Downloading crates ...
[INFO] [stderr]   Downloaded wayland-protocols-wlr v0.2.0
[INFO] [stderr]   Downloaded wayland-backend v0.3.2
[INFO] [stderr]   Downloaded wayland-csd-frame v0.3.0
[INFO] [stderr]   Downloaded as-raw-xcb-connection v1.0.0
[INFO] [stderr]   Downloaded cursor-icon v1.1.0
[INFO] [stderr]   Downloaded wayland-cursor v0.31.0
[INFO] [stderr]   Downloaded web-time v0.2.3
[INFO] [stderr]   Downloaded calloop-wayland-source v0.2.0
[INFO] [stderr]   Downloaded memmap2 v0.9.0
[INFO] [stderr]   Downloaded sctk-adwaita v0.7.0
[INFO] [stderr]   Downloaded xkbcommon-dl v0.4.1
[INFO] [stderr]   Downloaded wayland-scanner v0.31.0
[INFO] [stderr]   Downloaded polling v3.3.0
[INFO] [stderr]   Downloaded wayland-protocols-plasma v0.2.0
[INFO] [stderr]   Downloaded android-activity v0.5.0
[INFO] [stderr]   Downloaded ndk-sys v0.5.0+25.2.9519653
[INFO] [stderr]   Downloaded winit v0.29.3
[INFO] [stderr]   Downloaded tiny-skia v0.11.2
[INFO] [stderr]   Downloaded tiny-skia-path v0.11.2
[INFO] [stderr]   Downloaded wayland-protocols v0.31.0
[INFO] [stderr]   Downloaded wayland-client v0.31.1
[INFO] [stderr]   Downloaded ndk v0.8.0
[INFO] [stderr]   Downloaded calloop v0.12.3
[INFO] [stderr]   Downloaded smithay-client-toolkit v0.18.0
[INFO] [stderr]   Downloaded xkeysym v0.2.0
[INFO] [stderr]   Downloaded raw-window-handle v0.6.0
[INFO] running `Command { std: "docker" "create" "-v" "/var/lib/crater-agent-workspace/builds/worker-5-tc1/target:/opt/rustwide/target:rw,Z" "-v" "/var/lib/crater-agent-workspace/builds/worker-5-tc1/source:/opt/rustwide/workdir:ro,Z" "-v" "/var/lib/crater-agent-workspace/cargo-home:/opt/rustwide/cargo-home:ro,Z" "-v" "/var/lib/crater-agent-workspace/rustup-home:/opt/rustwide/rustup-home:ro,Z" "-e" "SOURCE_DIR=/opt/rustwide/workdir" "-e" "CARGO_TARGET_DIR=/opt/rustwide/target" "-e" "CARGO_HOME=/opt/rustwide/cargo-home" "-e" "RUSTUP_HOME=/opt/rustwide/rustup-home" "-w" "/opt/rustwide/workdir" "-m" "1610612736" "--user" "0:0" "--network" "none" "ghcr.io/rust-lang/crates-build-env/linux@sha256:2788e3201cd34a07e3172128adcd8b3090168a8e3bcc40d7c032b9dda1df7d1c" "/opt/rustwide/cargo-home/bin/cargo" "+1.75.0" "metadata" "--no-deps" "--format-version=1", kill_on_drop: false }`
[INFO] [stdout] a5bc87e859344e92321f304440b582c827b1371679476e55b2f47c9a2c73de87
[INFO] running `Command { std: "docker" "start" "-a" "a5bc87e859344e92321f304440b582c827b1371679476e55b2f47c9a2c73de87", kill_on_drop: false }`
[INFO] running `Command { std: "docker" "inspect" "a5bc87e859344e92321f304440b582c827b1371679476e55b2f47c9a2c73de87", kill_on_drop: false }`
[INFO] running `Command { std: "docker" "rm" "-f" "a5bc87e859344e92321f304440b582c827b1371679476e55b2f47c9a2c73de87", kill_on_drop: false }`
[INFO] [stdout] a5bc87e859344e92321f304440b582c827b1371679476e55b2f47c9a2c73de87
[INFO] running `Command { std: "docker" "create" "-v" "/var/lib/crater-agent-workspace/builds/worker-5-tc1/target:/opt/rustwide/target:rw,Z" "-v" "/var/lib/crater-agent-workspace/builds/worker-5-tc1/source:/opt/rustwide/workdir:ro,Z" "-v" "/var/lib/crater-agent-workspace/cargo-home:/opt/rustwide/cargo-home:ro,Z" "-v" "/var/lib/crater-agent-workspace/rustup-home:/opt/rustwide/rustup-home:ro,Z" "-e" "SOURCE_DIR=/opt/rustwide/workdir" "-e" "CARGO_TARGET_DIR=/opt/rustwide/target" "-e" "CARGO_INCREMENTAL=0" "-e" "RUST_BACKTRACE=full" "-e" "RUSTFLAGS=--cap-lints=warn" "-e" "RUSTDOCFLAGS=--cap-lints=warn" "-e" "CARGO_HOME=/opt/rustwide/cargo-home" "-e" "RUSTUP_HOME=/opt/rustwide/rustup-home" "-w" "/opt/rustwide/workdir" "-m" "1610612736" "--user" "0:0" "--network" "none" "ghcr.io/rust-lang/crates-build-env/linux@sha256:2788e3201cd34a07e3172128adcd8b3090168a8e3bcc40d7c032b9dda1df7d1c" "/opt/rustwide/cargo-home/bin/cargo" "+1.75.0" "build" "--frozen" "--message-format=json", kill_on_drop: false }`
[INFO] [stdout] 822e7ed4c7fb7f33f298c83cc7bc223ce16bf72d5b428f48240c4448a3ca8fed
[INFO] running `Command { std: "docker" "start" "-a" "822e7ed4c7fb7f33f298c83cc7bc223ce16bf72d5b428f48240c4448a3ca8fed", kill_on_drop: false }`
[INFO] [stderr]    Compiling windows_x86_64_gnu v0.52.0
[INFO] [stderr]    Compiling once_cell v1.18.0
[INFO] [stderr]    Compiling windows-targets v0.52.0
[INFO] [stderr]    Compiling windows-sys v0.52.0
[INFO] [stderr]    Compiling win7-notifications v0.4.3 (/opt/rustwide/workdir)
[INFO] [stdout] error[E0433]: failed to resolve: could not find `windows` in `os`
[INFO] [stdout]  --> src/util.rs:5:51
[INFO] [stdout]   |
[INFO] [stdout] 5 | use std::{cell::Cell, ffi::OsStr, iter::once, os::windows::prelude::OsStrExt, ptr};
[INFO] [stdout]   |                                                   ^^^^^^^ could not find `windows` in `os`
[INFO] [stdout] 
[INFO] [stdout] 
[INFO] [stdout] error[E0599]: no method named `encode_wide` found for reference `&OsStr` in the current scope
[INFO] [stdout]   --> src/util.rs:27:21
[INFO] [stdout]    |
[INFO] [stdout] 27 |     string.as_ref().encode_wide().chain(once(0)).collect()
[INFO] [stdout]    |                     ^^^^^^^^^^^ method not found in `&OsStr`
[INFO] [stdout] 
[INFO] [stdout] 
[INFO] [stdout] error: aborting due to 2 previous errors
[INFO] [stdout] 
[INFO] [stdout] 
[INFO] [stdout] Some errors have detailed explanations: E0433, E0599.
[INFO] [stdout] 
[INFO] [stdout] For more information about an error, try `rustc --explain E0433`.
[INFO] [stdout] 
[INFO] [stderr] error: could not compile `win7-notifications` (lib) due to 3 previous errors
[INFO] [stderr] warning: build failed, waiting for other jobs to finish...
[INFO] running `Command { std: "docker" "inspect" "822e7ed4c7fb7f33f298c83cc7bc223ce16bf72d5b428f48240c4448a3ca8fed", kill_on_drop: false }`
[INFO] running `Command { std: "docker" "rm" "-f" "822e7ed4c7fb7f33f298c83cc7bc223ce16bf72d5b428f48240c4448a3ca8fed", kill_on_drop: false }`
[INFO] [stdout] 822e7ed4c7fb7f33f298c83cc7bc223ce16bf72d5b428f48240c4448a3ca8fed
[INFO] testing win7-notifications-0.4.3 against beta-2023-12-22 for beta-1.76-1
[INFO] extracting crate win7-notifications 0.4.3 into /workspace/builds/worker-5-tc2/source
[INFO] validating manifest of crates.io crate win7-notifications 0.4.3 on toolchain beta-2023-12-22
[INFO] running `Command { std: CARGO_HOME="/workspace/cargo-home" RUSTUP_HOME="/workspace/rustup-home" "/workspace/cargo-home/bin/cargo" "+beta-2023-12-22" "metadata" "--manifest-path" "Cargo.toml" "--no-deps", kill_on_drop: false }`
[INFO] started tweaking crates.io crate win7-notifications 0.4.3
[INFO] finished tweaking crates.io crate win7-notifications 0.4.3
[INFO] tweaked toml for crates.io crate win7-notifications 0.4.3 written to /workspace/builds/worker-5-tc2/source/Cargo.toml
[INFO] crate crates.io crate win7-notifications 0.4.3 already has a lockfile, it will not be regenerated
[INFO] running `Command { std: CARGO_HOME="/workspace/cargo-home" RUSTUP_HOME="/workspace/rustup-home" "/workspace/cargo-home/bin/cargo" "+beta-2023-12-22" "fetch" "--manifest-path" "Cargo.toml", kill_on_drop: false }`
[INFO] running `Command { std: "docker" "create" "-v" "/var/lib/crater-agent-workspace/builds/worker-5-tc2/target:/opt/rustwide/target:rw,Z" "-v" "/var/lib/crater-agent-workspace/builds/worker-5-tc2/source:/opt/rustwide/workdir:ro,Z" "-v" "/var/lib/crater-agent-workspace/cargo-home:/opt/rustwide/cargo-home:ro,Z" "-v" "/var/lib/crater-agent-workspace/rustup-home:/opt/rustwide/rustup-home:ro,Z" "-e" "SOURCE_DIR=/opt/rustwide/workdir" "-e" "CARGO_TARGET_DIR=/opt/rustwide/target" "-e" "CARGO_HOME=/opt/rustwide/cargo-home" "-e" "RUSTUP_HOME=/opt/rustwide/rustup-home" "-w" "/opt/rustwide/workdir" "-m" "1610612736" "--user" "0:0" "--network" "none" "ghcr.io/rust-lang/crates-build-env/linux@sha256:2788e3201cd34a07e3172128adcd8b3090168a8e3bcc40d7c032b9dda1df7d1c" "/opt/rustwide/cargo-home/bin/cargo" "+beta-2023-12-22" "metadata" "--no-deps" "--format-version=1", kill_on_drop: false }`
[INFO] [stdout] fb3ca5a8cd618210b99f83a217033a8f268876a39ca7464b92f9670be073a333
[INFO] running `Command { std: "docker" "start" "-a" "fb3ca5a8cd618210b99f83a217033a8f268876a39ca7464b92f9670be073a333", kill_on_drop: false }`
[INFO] running `Command { std: "docker" "inspect" "fb3ca5a8cd618210b99f83a217033a8f268876a39ca7464b92f9670be073a333", kill_on_drop: false }`
[INFO] running `Command { std: "docker" "rm" "-f" "fb3ca5a8cd618210b99f83a217033a8f268876a39ca7464b92f9670be073a333", kill_on_drop: false }`
[INFO] [stdout] fb3ca5a8cd618210b99f83a217033a8f268876a39ca7464b92f9670be073a333
[INFO] running `Command { std: "docker" "create" "-v" "/var/lib/crater-agent-workspace/builds/worker-5-tc2/target:/opt/rustwide/target:rw,Z" "-v" "/var/lib/crater-agent-workspace/builds/worker-5-tc2/source:/opt/rustwide/workdir:ro,Z" "-v" "/var/lib/crater-agent-workspace/cargo-home:/opt/rustwide/cargo-home:ro,Z" "-v" "/var/lib/crater-agent-workspace/rustup-home:/opt/rustwide/rustup-home:ro,Z" "-e" "SOURCE_DIR=/opt/rustwide/workdir" "-e" "CARGO_TARGET_DIR=/opt/rustwide/target" "-e" "CARGO_INCREMENTAL=0" "-e" "RUST_BACKTRACE=full" "-e" "RUSTFLAGS=--cap-lints=warn" "-e" "RUSTDOCFLAGS=--cap-lints=warn" "-e" "CARGO_HOME=/opt/rustwide/cargo-home" "-e" "RUSTUP_HOME=/opt/rustwide/rustup-home" "-w" "/opt/rustwide/workdir" "-m" "1610612736" "--user" "0:0" "--network" "none" "ghcr.io/rust-lang/crates-build-env/linux@sha256:2788e3201cd34a07e3172128adcd8b3090168a8e3bcc40d7c032b9dda1df7d1c" "/opt/rustwide/cargo-home/bin/cargo" "+beta-2023-12-22" "build" "--frozen" "--message-format=json", kill_on_drop: false }`
[INFO] [stdout] b11b197fe6a512795320e0257522f195ba788e131f302c03a4b27616a85f52b1
[INFO] running `Command { std: "docker" "start" "-a" "b11b197fe6a512795320e0257522f195ba788e131f302c03a4b27616a85f52b1", kill_on_drop: false }`
[INFO] [stderr]    Compiling windows_x86_64_gnu v0.52.0
[INFO] [stderr]    Compiling once_cell v1.18.0
[INFO] [stderr]    Compiling windows-targets v0.52.0
[INFO] [stderr]    Compiling windows-sys v0.52.0
[INFO] [stderr]    Compiling win7-notifications v0.4.3 (/opt/rustwide/workdir)
[INFO] [stdout] error[E0433]: failed to resolve: could not find `windows` in `os`
[INFO] [stdout]  --> src/util.rs:5:51
[INFO] [stdout]   |
[INFO] [stdout] 5 | use std::{cell::Cell, ffi::OsStr, iter::once, os::windows::prelude::OsStrExt, ptr};
[INFO] [stdout]   |                                                   ^^^^^^^ could not find `windows` in `os`
[INFO] [stdout] 
[INFO] [stdout] 
[INFO] [stdout] error[E0599]: no method named `encode_wide` found for reference `&OsStr` in the current scope
[INFO] [stdout]   --> src/util.rs:27:21
[INFO] [stdout]    |
[INFO] [stdout] 27 |     string.as_ref().encode_wide().chain(once(0)).collect()
[INFO] [stdout]    |                     ^^^^^^^^^^^ method not found in `&OsStr`
[INFO] [stdout] 
[INFO] [stdout] 
[INFO] [stdout] error: aborting due to 2 previous errors
[INFO] [stdout] 
[INFO] [stdout] 
[INFO] [stdout] Some errors have detailed explanations: E0433, E0599.
[INFO] [stdout] 
[INFO] [stdout] For more information about an error, try `rustc --explain E0433`.
[INFO] [stdout] 
[INFO] [stderr] error: could not compile `win7-notifications` (lib) due to 3 previous errors
[INFO] [stderr] warning: build failed, waiting for other jobs to finish...
[INFO] running `Command { std: "docker" "inspect" "b11b197fe6a512795320e0257522f195ba788e131f302c03a4b27616a85f52b1", kill_on_drop: false }`
[INFO] running `Command { std: "docker" "rm" "-f" "b11b197fe6a512795320e0257522f195ba788e131f302c03a4b27616a85f52b1", kill_on_drop: false }`
[INFO] [stdout] b11b197fe6a512795320e0257522f195ba788e131f302c03a4b27616a85f52b1
