[INFO] fetching crate win-screenshot 4.0.6...
[INFO] testing win-screenshot-4.0.6 against 1.75.0 for beta-1.76-1
[INFO] extracting crate win-screenshot 4.0.6 into /workspace/builds/worker-5-tc1/source
[INFO] validating manifest of crates.io crate win-screenshot 4.0.6 on toolchain 1.75.0
[INFO] running `Command { std: CARGO_HOME="/workspace/cargo-home" RUSTUP_HOME="/workspace/rustup-home" "/workspace/cargo-home/bin/cargo" "+1.75.0" "metadata" "--manifest-path" "Cargo.toml" "--no-deps", kill_on_drop: false }`
[INFO] started tweaking crates.io crate win-screenshot 4.0.6
[INFO] finished tweaking crates.io crate win-screenshot 4.0.6
[INFO] tweaked toml for crates.io crate win-screenshot 4.0.6 written to /workspace/builds/worker-5-tc1/source/Cargo.toml
[INFO] crate crates.io crate win-screenshot 4.0.6 already has a lockfile, it will not be regenerated
[INFO] running `Command { std: CARGO_HOME="/workspace/cargo-home" RUSTUP_HOME="/workspace/rustup-home" "/workspace/cargo-home/bin/cargo" "+1.75.0" "fetch" "--manifest-path" "Cargo.toml", kill_on_drop: false }`
[INFO] [stderr]     Updating crates.io index
[INFO] [stderr]  Downloading crates ...
[INFO] [stderr]   Downloaded jpeg-decoder v0.2.4
[INFO] [stderr]   Downloaded qshot v0.1.2
[INFO] running `Command { std: "docker" "create" "-v" "/var/lib/crater-agent-workspace/builds/worker-5-tc1/target:/opt/rustwide/target:rw,Z" "-v" "/var/lib/crater-agent-workspace/builds/worker-5-tc1/source:/opt/rustwide/workdir:ro,Z" "-v" "/var/lib/crater-agent-workspace/cargo-home:/opt/rustwide/cargo-home:ro,Z" "-v" "/var/lib/crater-agent-workspace/rustup-home:/opt/rustwide/rustup-home:ro,Z" "-e" "SOURCE_DIR=/opt/rustwide/workdir" "-e" "CARGO_TARGET_DIR=/opt/rustwide/target" "-e" "CARGO_HOME=/opt/rustwide/cargo-home" "-e" "RUSTUP_HOME=/opt/rustwide/rustup-home" "-w" "/opt/rustwide/workdir" "-m" "1610612736" "--user" "0:0" "--network" "none" "ghcr.io/rust-lang/crates-build-env/linux@sha256:2788e3201cd34a07e3172128adcd8b3090168a8e3bcc40d7c032b9dda1df7d1c" "/opt/rustwide/cargo-home/bin/cargo" "+1.75.0" "metadata" "--no-deps" "--format-version=1", kill_on_drop: false }`
[INFO] [stdout] f76ee1e4d5f340af95532a236f813e96b53569ad1b8ae51baa5383ad6f632dcf
[INFO] running `Command { std: "docker" "start" "-a" "f76ee1e4d5f340af95532a236f813e96b53569ad1b8ae51baa5383ad6f632dcf", kill_on_drop: false }`
[INFO] running `Command { std: "docker" "inspect" "f76ee1e4d5f340af95532a236f813e96b53569ad1b8ae51baa5383ad6f632dcf", kill_on_drop: false }`
[INFO] running `Command { std: "docker" "rm" "-f" "f76ee1e4d5f340af95532a236f813e96b53569ad1b8ae51baa5383ad6f632dcf", kill_on_drop: false }`
[INFO] [stdout] f76ee1e4d5f340af95532a236f813e96b53569ad1b8ae51baa5383ad6f632dcf
[INFO] running `Command { std: "docker" "create" "-v" "/var/lib/crater-agent-workspace/builds/worker-5-tc1/target:/opt/rustwide/target:rw,Z" "-v" "/var/lib/crater-agent-workspace/builds/worker-5-tc1/source:/opt/rustwide/workdir:ro,Z" "-v" "/var/lib/crater-agent-workspace/cargo-home:/opt/rustwide/cargo-home:ro,Z" "-v" "/var/lib/crater-agent-workspace/rustup-home:/opt/rustwide/rustup-home:ro,Z" "-e" "SOURCE_DIR=/opt/rustwide/workdir" "-e" "CARGO_TARGET_DIR=/opt/rustwide/target" "-e" "CARGO_INCREMENTAL=0" "-e" "RUST_BACKTRACE=full" "-e" "RUSTFLAGS=--cap-lints=warn" "-e" "RUSTDOCFLAGS=--cap-lints=warn" "-e" "CARGO_HOME=/opt/rustwide/cargo-home" "-e" "RUSTUP_HOME=/opt/rustwide/rustup-home" "-w" "/opt/rustwide/workdir" "-m" "1610612736" "--user" "0:0" "--network" "none" "ghcr.io/rust-lang/crates-build-env/linux@sha256:2788e3201cd34a07e3172128adcd8b3090168a8e3bcc40d7c032b9dda1df7d1c" "/opt/rustwide/cargo-home/bin/cargo" "+1.75.0" "build" "--frozen" "--message-format=json", kill_on_drop: false }`
[INFO] [stdout] bf1f7cd53fe3a2668d72541c04ff5e342f9cee2feab566442060cc721793d187
[INFO] running `Command { std: "docker" "start" "-a" "bf1f7cd53fe3a2668d72541c04ff5e342f9cee2feab566442060cc721793d187", kill_on_drop: false }`
[INFO] [stderr]    Compiling windows_x86_64_gnu v0.52.0
[INFO] [stderr]    Compiling windows-targets v0.52.0
[INFO] [stderr]    Compiling windows-core v0.52.0
[INFO] [stderr]    Compiling windows v0.52.0
[INFO] [stderr]    Compiling win-screenshot v4.0.6 (/opt/rustwide/workdir)
[INFO] [stdout] error[E0433]: failed to resolve: could not find `windows` in `os`
[INFO] [stdout]  --> src/utils.rs:2:14
[INFO] [stdout]   |
[INFO] [stdout] 2 | use std::os::windows::ffi::OsStrExt;
[INFO] [stdout]   |              ^^^^^^^ could not find `windows` in `os`
[INFO] [stdout] 
[INFO] [stdout] 
[INFO] [stdout] error[E0599]: no method named `encode_wide` found for struct `OsString` in the current scope
[INFO] [stdout]   --> src/utils.rs:26:22
[INFO] [stdout]    |
[INFO] [stdout] 25 | /                 OsString::from(window_name)
[INFO] [stdout] 26 | |                     .encode_wide()
[INFO] [stdout]    | |                     -^^^^^^^^^^^ method not found in `OsString`
[INFO] [stdout]    | |_____________________|
[INFO] [stdout]    | 
[INFO] [stdout] 
[INFO] [stdout] 
[INFO] [stdout] error: aborting due to 2 previous errors
[INFO] [stdout] 
[INFO] [stdout] 
[INFO] [stdout] Some errors have detailed explanations: E0433, E0599.
[INFO] [stdout] 
[INFO] [stdout] For more information about an error, try `rustc --explain E0433`.
[INFO] [stdout] 
[INFO] [stderr] error: could not compile `win-screenshot` (lib) due to 3 previous errors
[INFO] [stderr] warning: build failed, waiting for other jobs to finish...
[INFO] running `Command { std: "docker" "inspect" "bf1f7cd53fe3a2668d72541c04ff5e342f9cee2feab566442060cc721793d187", kill_on_drop: false }`
[INFO] running `Command { std: "docker" "rm" "-f" "bf1f7cd53fe3a2668d72541c04ff5e342f9cee2feab566442060cc721793d187", kill_on_drop: false }`
[INFO] [stdout] bf1f7cd53fe3a2668d72541c04ff5e342f9cee2feab566442060cc721793d187
[INFO] testing win-screenshot-4.0.6 against beta-2023-12-22 for beta-1.76-1
[INFO] extracting crate win-screenshot 4.0.6 into /workspace/builds/worker-5-tc2/source
[INFO] validating manifest of crates.io crate win-screenshot 4.0.6 on toolchain beta-2023-12-22
[INFO] running `Command { std: CARGO_HOME="/workspace/cargo-home" RUSTUP_HOME="/workspace/rustup-home" "/workspace/cargo-home/bin/cargo" "+beta-2023-12-22" "metadata" "--manifest-path" "Cargo.toml" "--no-deps", kill_on_drop: false }`
[INFO] started tweaking crates.io crate win-screenshot 4.0.6
[INFO] finished tweaking crates.io crate win-screenshot 4.0.6
[INFO] tweaked toml for crates.io crate win-screenshot 4.0.6 written to /workspace/builds/worker-5-tc2/source/Cargo.toml
[INFO] crate crates.io crate win-screenshot 4.0.6 already has a lockfile, it will not be regenerated
[INFO] running `Command { std: CARGO_HOME="/workspace/cargo-home" RUSTUP_HOME="/workspace/rustup-home" "/workspace/cargo-home/bin/cargo" "+beta-2023-12-22" "fetch" "--manifest-path" "Cargo.toml", kill_on_drop: false }`
[INFO] running `Command { std: "docker" "create" "-v" "/var/lib/crater-agent-workspace/builds/worker-5-tc2/target:/opt/rustwide/target:rw,Z" "-v" "/var/lib/crater-agent-workspace/builds/worker-5-tc2/source:/opt/rustwide/workdir:ro,Z" "-v" "/var/lib/crater-agent-workspace/cargo-home:/opt/rustwide/cargo-home:ro,Z" "-v" "/var/lib/crater-agent-workspace/rustup-home:/opt/rustwide/rustup-home:ro,Z" "-e" "SOURCE_DIR=/opt/rustwide/workdir" "-e" "CARGO_TARGET_DIR=/opt/rustwide/target" "-e" "CARGO_HOME=/opt/rustwide/cargo-home" "-e" "RUSTUP_HOME=/opt/rustwide/rustup-home" "-w" "/opt/rustwide/workdir" "-m" "1610612736" "--user" "0:0" "--network" "none" "ghcr.io/rust-lang/crates-build-env/linux@sha256:2788e3201cd34a07e3172128adcd8b3090168a8e3bcc40d7c032b9dda1df7d1c" "/opt/rustwide/cargo-home/bin/cargo" "+beta-2023-12-22" "metadata" "--no-deps" "--format-version=1", kill_on_drop: false }`
[INFO] [stdout] 239d1a29f8da01ad8ff0ba6765694f3468de26e4ac6abcf3776c532c66185005
[INFO] running `Command { std: "docker" "start" "-a" "239d1a29f8da01ad8ff0ba6765694f3468de26e4ac6abcf3776c532c66185005", kill_on_drop: false }`
[INFO] running `Command { std: "docker" "inspect" "239d1a29f8da01ad8ff0ba6765694f3468de26e4ac6abcf3776c532c66185005", kill_on_drop: false }`
[INFO] running `Command { std: "docker" "rm" "-f" "239d1a29f8da01ad8ff0ba6765694f3468de26e4ac6abcf3776c532c66185005", kill_on_drop: false }`
[INFO] [stdout] 239d1a29f8da01ad8ff0ba6765694f3468de26e4ac6abcf3776c532c66185005
[INFO] running `Command { std: "docker" "create" "-v" "/var/lib/crater-agent-workspace/builds/worker-5-tc2/target:/opt/rustwide/target:rw,Z" "-v" "/var/lib/crater-agent-workspace/builds/worker-5-tc2/source:/opt/rustwide/workdir:ro,Z" "-v" "/var/lib/crater-agent-workspace/cargo-home:/opt/rustwide/cargo-home:ro,Z" "-v" "/var/lib/crater-agent-workspace/rustup-home:/opt/rustwide/rustup-home:ro,Z" "-e" "SOURCE_DIR=/opt/rustwide/workdir" "-e" "CARGO_TARGET_DIR=/opt/rustwide/target" "-e" "CARGO_INCREMENTAL=0" "-e" "RUST_BACKTRACE=full" "-e" "RUSTFLAGS=--cap-lints=warn" "-e" "RUSTDOCFLAGS=--cap-lints=warn" "-e" "CARGO_HOME=/opt/rustwide/cargo-home" "-e" "RUSTUP_HOME=/opt/rustwide/rustup-home" "-w" "/opt/rustwide/workdir" "-m" "1610612736" "--user" "0:0" "--network" "none" "ghcr.io/rust-lang/crates-build-env/linux@sha256:2788e3201cd34a07e3172128adcd8b3090168a8e3bcc40d7c032b9dda1df7d1c" "/opt/rustwide/cargo-home/bin/cargo" "+beta-2023-12-22" "build" "--frozen" "--message-format=json", kill_on_drop: false }`
[INFO] [stdout] 3069d3a02d96011c162883805c3560a9d5bf0c1106e8e32a3b055a71b90cb5ca
[INFO] running `Command { std: "docker" "start" "-a" "3069d3a02d96011c162883805c3560a9d5bf0c1106e8e32a3b055a71b90cb5ca", kill_on_drop: false }`
[INFO] [stderr]    Compiling windows_x86_64_gnu v0.52.0
[INFO] [stderr]    Compiling windows-targets v0.52.0
[INFO] [stderr]    Compiling windows-core v0.52.0
[INFO] [stderr]    Compiling windows v0.52.0
[INFO] [stderr]    Compiling win-screenshot v4.0.6 (/opt/rustwide/workdir)
[INFO] [stdout] error[E0433]: failed to resolve: could not find `windows` in `os`
[INFO] [stdout]  --> src/utils.rs:2:14
[INFO] [stdout]   |
[INFO] [stdout] 2 | use std::os::windows::ffi::OsStrExt;
[INFO] [stdout]   |              ^^^^^^^ could not find `windows` in `os`
[INFO] [stdout] 
[INFO] [stdout] 
[INFO] [stdout] error[E0599]: no method named `encode_wide` found for struct `OsString` in the current scope
[INFO] [stdout]   --> src/utils.rs:26:22
[INFO] [stdout]    |
[INFO] [stdout] 25 | /                 OsString::from(window_name)
[INFO] [stdout] 26 | |                     .encode_wide()
[INFO] [stdout]    | |                     -^^^^^^^^^^^ method not found in `OsString`
[INFO] [stdout]    | |_____________________|
[INFO] [stdout]    | 
[INFO] [stdout] 
[INFO] [stdout] 
[INFO] [stdout] error: aborting due to 2 previous errors
[INFO] [stdout] 
[INFO] [stdout] 
[INFO] [stdout] Some errors have detailed explanations: E0433, E0599.
[INFO] [stdout] 
[INFO] [stdout] For more information about an error, try `rustc --explain E0433`.
[INFO] [stdout] 
[INFO] [stderr] error: could not compile `win-screenshot` (lib) due to 3 previous errors
[INFO] [stderr] warning: build failed, waiting for other jobs to finish...
[INFO] running `Command { std: "docker" "inspect" "3069d3a02d96011c162883805c3560a9d5bf0c1106e8e32a3b055a71b90cb5ca", kill_on_drop: false }`
[INFO] running `Command { std: "docker" "rm" "-f" "3069d3a02d96011c162883805c3560a9d5bf0c1106e8e32a3b055a71b90cb5ca", kill_on_drop: false }`
[INFO] [stdout] 3069d3a02d96011c162883805c3560a9d5bf0c1106e8e32a3b055a71b90cb5ca
