[INFO] fetching crate wildfire-ferris 0.0.1...
[INFO] testing wildfire-ferris-0.0.1 against 1.75.0 for beta-1.76-1
[INFO] extracting crate wildfire-ferris 0.0.1 into /workspace/builds/worker-1-tc1/source
[INFO] validating manifest of crates.io crate wildfire-ferris 0.0.1 on toolchain 1.75.0
[INFO] running `Command { std: CARGO_HOME="/workspace/cargo-home" RUSTUP_HOME="/workspace/rustup-home" "/workspace/cargo-home/bin/cargo" "+1.75.0" "metadata" "--manifest-path" "Cargo.toml" "--no-deps", kill_on_drop: false }`
[INFO] started tweaking crates.io crate wildfire-ferris 0.0.1
[INFO] finished tweaking crates.io crate wildfire-ferris 0.0.1
[INFO] tweaked toml for crates.io crate wildfire-ferris 0.0.1 written to /workspace/builds/worker-1-tc1/source/Cargo.toml
[INFO] running `Command { std: CARGO_HOME="/workspace/cargo-home" RUSTUP_HOME="/workspace/rustup-home" "/workspace/cargo-home/bin/cargo" "+1.75.0" "generate-lockfile" "--manifest-path" "Cargo.toml", kill_on_drop: false }`
[INFO] [stderr]     Updating crates.io index
[INFO] running `Command { std: CARGO_HOME="/workspace/cargo-home" RUSTUP_HOME="/workspace/rustup-home" "/workspace/cargo-home/bin/cargo" "+1.75.0" "fetch" "--manifest-path" "Cargo.toml", kill_on_drop: false }`
[INFO] [stderr]  Downloading crates ...
[INFO] [stderr]   Downloaded wildfire v0.0.0
[INFO] [stderr]   Downloaded ferrisgram v0.1.5
[INFO] running `Command { std: "docker" "create" "-v" "/var/lib/crater-agent-workspace/builds/worker-1-tc1/target:/opt/rustwide/target:rw,Z" "-v" "/var/lib/crater-agent-workspace/builds/worker-1-tc1/source:/opt/rustwide/workdir:ro,Z" "-v" "/var/lib/crater-agent-workspace/cargo-home:/opt/rustwide/cargo-home:ro,Z" "-v" "/var/lib/crater-agent-workspace/rustup-home:/opt/rustwide/rustup-home:ro,Z" "-e" "SOURCE_DIR=/opt/rustwide/workdir" "-e" "CARGO_TARGET_DIR=/opt/rustwide/target" "-e" "CARGO_HOME=/opt/rustwide/cargo-home" "-e" "RUSTUP_HOME=/opt/rustwide/rustup-home" "-w" "/opt/rustwide/workdir" "-m" "1610612736" "--user" "0:0" "--network" "none" "ghcr.io/rust-lang/crates-build-env/linux@sha256:2788e3201cd34a07e3172128adcd8b3090168a8e3bcc40d7c032b9dda1df7d1c" "/opt/rustwide/cargo-home/bin/cargo" "+1.75.0" "metadata" "--no-deps" "--format-version=1", kill_on_drop: false }`
[INFO] [stdout] 08a39986df7215752622414a452e0e68d7de6346c29437fd6c34edfaee4a83a5
[INFO] running `Command { std: "docker" "start" "-a" "08a39986df7215752622414a452e0e68d7de6346c29437fd6c34edfaee4a83a5", kill_on_drop: false }`
[INFO] running `Command { std: "docker" "inspect" "08a39986df7215752622414a452e0e68d7de6346c29437fd6c34edfaee4a83a5", kill_on_drop: false }`
[INFO] running `Command { std: "docker" "rm" "-f" "08a39986df7215752622414a452e0e68d7de6346c29437fd6c34edfaee4a83a5", kill_on_drop: false }`
[INFO] [stdout] 08a39986df7215752622414a452e0e68d7de6346c29437fd6c34edfaee4a83a5
[INFO] running `Command { std: "docker" "create" "-v" "/var/lib/crater-agent-workspace/builds/worker-1-tc1/target:/opt/rustwide/target:rw,Z" "-v" "/var/lib/crater-agent-workspace/builds/worker-1-tc1/source:/opt/rustwide/workdir:ro,Z" "-v" "/var/lib/crater-agent-workspace/cargo-home:/opt/rustwide/cargo-home:ro,Z" "-v" "/var/lib/crater-agent-workspace/rustup-home:/opt/rustwide/rustup-home:ro,Z" "-e" "SOURCE_DIR=/opt/rustwide/workdir" "-e" "CARGO_TARGET_DIR=/opt/rustwide/target" "-e" "CARGO_INCREMENTAL=0" "-e" "RUST_BACKTRACE=full" "-e" "RUSTFLAGS=--cap-lints=warn" "-e" "RUSTDOCFLAGS=--cap-lints=warn" "-e" "CARGO_HOME=/opt/rustwide/cargo-home" "-e" "RUSTUP_HOME=/opt/rustwide/rustup-home" "-w" "/opt/rustwide/workdir" "-m" "1610612736" "--user" "0:0" "--network" "none" "ghcr.io/rust-lang/crates-build-env/linux@sha256:2788e3201cd34a07e3172128adcd8b3090168a8e3bcc40d7c032b9dda1df7d1c" "/opt/rustwide/cargo-home/bin/cargo" "+1.75.0" "build" "--frozen" "--message-format=json", kill_on_drop: false }`
[INFO] [stdout] 5ba4a8f0fd0ab016456aeb8c5c57dbee1c8e0801e903e18b28d94e2c4499ed42
[INFO] running `Command { std: "docker" "start" "-a" "5ba4a8f0fd0ab016456aeb8c5c57dbee1c8e0801e903e18b28d94e2c4499ed42", kill_on_drop: false }`
[INFO] [stderr]    Compiling parking_lot_core v0.9.9
[INFO] [stderr]    Compiling bytes v1.5.0
[INFO] [stderr]    Compiling syn v2.0.48
[INFO] [stderr]    Compiling signal-hook-registry v1.4.1
[INFO] [stderr]    Compiling num_cpus v1.16.0
[INFO] [stderr]    Compiling openssl-sys v0.9.98
[INFO] [stderr]    Compiling tracing v0.1.40
[INFO] [stderr]    Compiling native-tls v0.2.11
[INFO] [stderr]    Compiling httparse v1.8.0
[INFO] [stderr]    Compiling futures-sink v0.3.30
[INFO] [stderr]    Compiling futures-util v0.3.30
[INFO] [stderr]    Compiling http v0.2.11
[INFO] [stderr]    Compiling parking_lot v0.12.1
[INFO] [stderr]    Compiling try-lock v0.2.5
[INFO] [stderr]    Compiling want v0.3.1
[INFO] [stderr]    Compiling futures-channel v0.3.30
[INFO] [stderr]    Compiling openssl v0.10.62
[INFO] [stderr]    Compiling httpdate v1.0.3
[INFO] [stderr]    Compiling tower-service v0.3.2
[INFO] [stderr]    Compiling encoding_rs v0.8.33
[INFO] [stderr]    Compiling mime v0.3.17
[INFO] [stderr]    Compiling ipnet v2.9.0
[INFO] [stderr]    Compiling dyn-clone v1.0.16
[INFO] [stderr]    Compiling wildfire v0.0.0
[INFO] [stderr]    Compiling dotenv v0.15.0
[INFO] [stderr]    Compiling http-body v0.4.6
[INFO] [stderr]    Compiling tokio-macros v2.2.0
[INFO] [stderr]    Compiling openssl-macros v0.1.1
[INFO] [stderr]    Compiling serde_derive v1.0.194
[INFO] [stderr]    Compiling async-trait v0.1.77
[INFO] [stderr]    Compiling tokio v1.35.1
[INFO] [stderr]    Compiling serde v1.0.194
[INFO] [stderr]    Compiling tokio-util v0.7.10
[INFO] [stderr]    Compiling tokio-native-tls v0.3.1
[INFO] [stderr]    Compiling h2 v0.3.22
[INFO] [stderr]    Compiling serde_urlencoded v0.7.1
[INFO] [stderr]    Compiling serde_json v1.0.111
[INFO] [stderr]    Compiling hyper v0.14.28
[INFO] [stderr]    Compiling hyper-tls v0.5.0
[INFO] [stderr]    Compiling reqwest v0.11.23
[INFO] [stderr]    Compiling ferrisgram v0.1.5
[INFO] [stderr]    Compiling wildfire-ferris v0.0.1 (/opt/rustwide/workdir)
[INFO] [stdout] error[E0061]: this function takes 2 arguments but 1 argument was supplied
[INFO] [stdout]   --> src/lib.rs:19:21
[INFO] [stdout]    |
[INFO] [stdout] 19 |     let bot = match Bot::new((*utils::TOKEN).as_str()).await {
[INFO] [stdout]    |                     ^^^^^^^^-------------------------- an argument of type `Option<&str>` is missing
[INFO] [stdout]    |
[INFO] [stdout] note: associated function defined here
[INFO] [stdout]   --> /opt/rustwide/cargo-home/registry/src/index.crates.io-6f17d22bba15001f/ferrisgram-0.1.5/src/bot.rs:27:18
[INFO] [stdout]    |
[INFO] [stdout] 27 |     pub async fn new(token: &str, api_url: Option<&str>) -> Result<Bot> {
[INFO] [stdout]    |                  ^^^
[INFO] [stdout] help: provide the argument
[INFO] [stdout]    |
[INFO] [stdout] 19 |     let bot = match Bot::new((*utils::TOKEN).as_str(), /* Option<&str> */).await {
[INFO] [stdout]    |                             ~~~~~~~~~~~~~~~~~~~~~~~~~~~~~~~~~~~~~~~~~~~~~~
[INFO] [stdout] 
[INFO] [stdout] 
[INFO] [stdout] error[E0063]: missing field `web_app` in initializer of `InlineKeyboardButton`
[INFO] [stdout]   --> src/constants.rs:64:18
[INFO] [stdout]    |
[INFO] [stdout] 64 |             vec![InlineKeyboardButton {
[INFO] [stdout]    |                  ^^^^^^^^^^^^^^^^^^^^ missing `web_app`
[INFO] [stdout] 
[INFO] [stdout] 
[INFO] [stdout] error[E0063]: missing field `web_app` in initializer of `InlineKeyboardButton`
[INFO] [stdout]   --> src/constants.rs:75:17
[INFO] [stdout]    |
[INFO] [stdout] 75 |                 InlineKeyboardButton {
[INFO] [stdout]    |                 ^^^^^^^^^^^^^^^^^^^^ missing `web_app`
[INFO] [stdout] 
[INFO] [stdout] 
[INFO] [stdout] error[E0063]: missing field `web_app` in initializer of `InlineKeyboardButton`
[INFO] [stdout]   --> src/constants.rs:85:17
[INFO] [stdout]    |
[INFO] [stdout] 85 |                 InlineKeyboardButton {
[INFO] [stdout]    |                 ^^^^^^^^^^^^^^^^^^^^ missing `web_app`
[INFO] [stdout] 
[INFO] [stdout] 
[INFO] [stdout] error[E0063]: missing field `web_app` in initializer of `InlineKeyboardButton`
[INFO] [stdout]   --> src/constants.rs:96:18
[INFO] [stdout]    |
[INFO] [stdout] 96 |             vec![InlineKeyboardButton {
[INFO] [stdout]    |                  ^^^^^^^^^^^^^^^^^^^^ missing `web_app`
[INFO] [stdout] 
[INFO] [stdout] 
[INFO] [stdout] error[E0063]: missing field `web_app` in initializer of `InlineKeyboardButton`
[INFO] [stdout]    --> src/constants.rs:112:36
[INFO] [stdout]     |
[INFO] [stdout] 112 |         inline_keyboard: vec![vec![InlineKeyboardButton {
[INFO] [stdout]     |                                    ^^^^^^^^^^^^^^^^^^^^ missing `web_app`
[INFO] [stdout] 
[INFO] [stdout] 
[INFO] [stdout] error: aborting due to 6 previous errors
[INFO] [stdout] 
[INFO] [stdout] 
[INFO] [stdout] Some errors have detailed explanations: E0061, E0063.
[INFO] [stdout] 
[INFO] [stdout] For more information about an error, try `rustc --explain E0061`.
[INFO] [stdout] 
[INFO] [stderr] error: could not compile `wildfire-ferris` (lib) due to 7 previous errors
[INFO] [stderr] warning: build failed, waiting for other jobs to finish...
[INFO] running `Command { std: "docker" "inspect" "5ba4a8f0fd0ab016456aeb8c5c57dbee1c8e0801e903e18b28d94e2c4499ed42", kill_on_drop: false }`
[INFO] running `Command { std: "docker" "rm" "-f" "5ba4a8f0fd0ab016456aeb8c5c57dbee1c8e0801e903e18b28d94e2c4499ed42", kill_on_drop: false }`
[INFO] [stdout] 5ba4a8f0fd0ab016456aeb8c5c57dbee1c8e0801e903e18b28d94e2c4499ed42
[INFO] testing wildfire-ferris-0.0.1 against beta-2023-12-22 for beta-1.76-1
[INFO] extracting crate wildfire-ferris 0.0.1 into /workspace/builds/worker-1-tc2/source
[INFO] validating manifest of crates.io crate wildfire-ferris 0.0.1 on toolchain beta-2023-12-22
[INFO] running `Command { std: CARGO_HOME="/workspace/cargo-home" RUSTUP_HOME="/workspace/rustup-home" "/workspace/cargo-home/bin/cargo" "+beta-2023-12-22" "metadata" "--manifest-path" "Cargo.toml" "--no-deps", kill_on_drop: false }`
[INFO] started tweaking crates.io crate wildfire-ferris 0.0.1
[INFO] finished tweaking crates.io crate wildfire-ferris 0.0.1
[INFO] tweaked toml for crates.io crate wildfire-ferris 0.0.1 written to /workspace/builds/worker-1-tc2/source/Cargo.toml
[INFO] running `Command { std: CARGO_HOME="/workspace/cargo-home" RUSTUP_HOME="/workspace/rustup-home" "/workspace/cargo-home/bin/cargo" "+beta-2023-12-22" "generate-lockfile" "--manifest-path" "Cargo.toml", kill_on_drop: false }`
[INFO] [stderr]     Updating crates.io index
[INFO] running `Command { std: CARGO_HOME="/workspace/cargo-home" RUSTUP_HOME="/workspace/rustup-home" "/workspace/cargo-home/bin/cargo" "+beta-2023-12-22" "fetch" "--manifest-path" "Cargo.toml", kill_on_drop: false }`
[INFO] running `Command { std: "docker" "create" "-v" "/var/lib/crater-agent-workspace/builds/worker-1-tc2/target:/opt/rustwide/target:rw,Z" "-v" "/var/lib/crater-agent-workspace/builds/worker-1-tc2/source:/opt/rustwide/workdir:ro,Z" "-v" "/var/lib/crater-agent-workspace/cargo-home:/opt/rustwide/cargo-home:ro,Z" "-v" "/var/lib/crater-agent-workspace/rustup-home:/opt/rustwide/rustup-home:ro,Z" "-e" "SOURCE_DIR=/opt/rustwide/workdir" "-e" "CARGO_TARGET_DIR=/opt/rustwide/target" "-e" "CARGO_HOME=/opt/rustwide/cargo-home" "-e" "RUSTUP_HOME=/opt/rustwide/rustup-home" "-w" "/opt/rustwide/workdir" "-m" "1610612736" "--user" "0:0" "--network" "none" "ghcr.io/rust-lang/crates-build-env/linux@sha256:2788e3201cd34a07e3172128adcd8b3090168a8e3bcc40d7c032b9dda1df7d1c" "/opt/rustwide/cargo-home/bin/cargo" "+beta-2023-12-22" "metadata" "--no-deps" "--format-version=1", kill_on_drop: false }`
[INFO] [stdout] 13e6519bc15f9868e6ec3522cd0b5827ec311d091388a9c4639501dd76afcbc9
[INFO] running `Command { std: "docker" "start" "-a" "13e6519bc15f9868e6ec3522cd0b5827ec311d091388a9c4639501dd76afcbc9", kill_on_drop: false }`
[INFO] running `Command { std: "docker" "inspect" "13e6519bc15f9868e6ec3522cd0b5827ec311d091388a9c4639501dd76afcbc9", kill_on_drop: false }`
[INFO] running `Command { std: "docker" "rm" "-f" "13e6519bc15f9868e6ec3522cd0b5827ec311d091388a9c4639501dd76afcbc9", kill_on_drop: false }`
[INFO] [stdout] 13e6519bc15f9868e6ec3522cd0b5827ec311d091388a9c4639501dd76afcbc9
[INFO] running `Command { std: "docker" "create" "-v" "/var/lib/crater-agent-workspace/builds/worker-1-tc2/target:/opt/rustwide/target:rw,Z" "-v" "/var/lib/crater-agent-workspace/builds/worker-1-tc2/source:/opt/rustwide/workdir:ro,Z" "-v" "/var/lib/crater-agent-workspace/cargo-home:/opt/rustwide/cargo-home:ro,Z" "-v" "/var/lib/crater-agent-workspace/rustup-home:/opt/rustwide/rustup-home:ro,Z" "-e" "SOURCE_DIR=/opt/rustwide/workdir" "-e" "CARGO_TARGET_DIR=/opt/rustwide/target" "-e" "CARGO_INCREMENTAL=0" "-e" "RUST_BACKTRACE=full" "-e" "RUSTFLAGS=--cap-lints=warn" "-e" "RUSTDOCFLAGS=--cap-lints=warn" "-e" "CARGO_HOME=/opt/rustwide/cargo-home" "-e" "RUSTUP_HOME=/opt/rustwide/rustup-home" "-w" "/opt/rustwide/workdir" "-m" "1610612736" "--user" "0:0" "--network" "none" "ghcr.io/rust-lang/crates-build-env/linux@sha256:2788e3201cd34a07e3172128adcd8b3090168a8e3bcc40d7c032b9dda1df7d1c" "/opt/rustwide/cargo-home/bin/cargo" "+beta-2023-12-22" "build" "--frozen" "--message-format=json", kill_on_drop: false }`
[INFO] [stdout] b259df15ad5b4dd688adb087a20db42bfb6e3fc4bba6304227b346d33cc068ac
[INFO] running `Command { std: "docker" "start" "-a" "b259df15ad5b4dd688adb087a20db42bfb6e3fc4bba6304227b346d33cc068ac", kill_on_drop: false }`
[INFO] [stderr]    Compiling parking_lot_core v0.9.9
[INFO] [stderr]    Compiling bytes v1.5.0
[INFO] [stderr]    Compiling syn v2.0.48
[INFO] [stderr]    Compiling signal-hook-registry v1.4.1
[INFO] [stderr]    Compiling openssl-sys v0.9.98
[INFO] [stderr]    Compiling num_cpus v1.16.0
[INFO] [stderr]    Compiling tracing v0.1.40
[INFO] [stderr]    Compiling futures-sink v0.3.30
[INFO] [stderr]    Compiling native-tls v0.2.11
[INFO] [stderr]    Compiling httparse v1.8.0
[INFO] [stderr]    Compiling http v0.2.11
[INFO] [stderr]    Compiling parking_lot v0.12.1
[INFO] [stderr]    Compiling futures-util v0.3.30
[INFO] [stderr]    Compiling try-lock v0.2.5
[INFO] [stderr]    Compiling want v0.3.1
[INFO] [stderr]    Compiling futures-channel v0.3.30
[INFO] [stderr]    Compiling httpdate v1.0.3
[INFO] [stderr]    Compiling tower-service v0.3.2
[INFO] [stderr]    Compiling openssl v0.10.62
[INFO] [stderr]    Compiling encoding_rs v0.8.33
[INFO] [stderr]    Compiling mime v0.3.17
[INFO] [stderr]    Compiling ipnet v2.9.0
[INFO] [stderr]    Compiling dyn-clone v1.0.16
[INFO] [stderr]    Compiling dotenv v0.15.0
[INFO] [stderr]    Compiling wildfire v0.0.0
[INFO] [stderr]    Compiling http-body v0.4.6
[INFO] [stderr]    Compiling tokio-macros v2.2.0
[INFO] [stderr]    Compiling openssl-macros v0.1.1
[INFO] [stderr]    Compiling serde_derive v1.0.194
[INFO] [stderr]    Compiling async-trait v0.1.77
[INFO] [stderr]    Compiling tokio v1.35.1
[INFO] [stderr]    Compiling serde v1.0.194
[INFO] [stderr]    Compiling tokio-util v0.7.10
[INFO] [stderr]    Compiling tokio-native-tls v0.3.1
[INFO] [stderr]    Compiling h2 v0.3.22
[INFO] [stderr]    Compiling serde_json v1.0.111
[INFO] [stderr]    Compiling serde_urlencoded v0.7.1
[INFO] [stderr]    Compiling hyper v0.14.28
[INFO] [stderr]    Compiling hyper-tls v0.5.0
[INFO] [stderr]    Compiling reqwest v0.11.23
[INFO] [stderr]    Compiling ferrisgram v0.1.5
[INFO] [stderr]    Compiling wildfire-ferris v0.0.1 (/opt/rustwide/workdir)
[INFO] [stdout] error[E0061]: this function takes 2 arguments but 1 argument was supplied
[INFO] [stdout]   --> src/lib.rs:19:21
[INFO] [stdout]    |
[INFO] [stdout] 19 |     let bot = match Bot::new((*utils::TOKEN).as_str()).await {
[INFO] [stdout]    |                     ^^^^^^^^-------------------------- an argument of type `Option<&str>` is missing
[INFO] [stdout]    |
[INFO] [stdout] note: associated function defined here
[INFO] [stdout]   --> /opt/rustwide/cargo-home/registry/src/index.crates.io-6f17d22bba15001f/ferrisgram-0.1.5/src/bot.rs:27:18
[INFO] [stdout]    |
[INFO] [stdout] 27 |     pub async fn new(token: &str, api_url: Option<&str>) -> Result<Bot> {
[INFO] [stdout]    |                  ^^^
[INFO] [stdout] help: provide the argument
[INFO] [stdout]    |
[INFO] [stdout] 19 |     let bot = match Bot::new((*utils::TOKEN).as_str(), /* Option<&str> */).await {
[INFO] [stdout]    |                             ~~~~~~~~~~~~~~~~~~~~~~~~~~~~~~~~~~~~~~~~~~~~~~
[INFO] [stdout] 
[INFO] [stdout] 
[INFO] [stdout] error[E0063]: missing field `web_app` in initializer of `InlineKeyboardButton`
[INFO] [stdout]   --> src/constants.rs:64:18
[INFO] [stdout]    |
[INFO] [stdout] 64 |             vec![InlineKeyboardButton {
[INFO] [stdout]    |                  ^^^^^^^^^^^^^^^^^^^^ missing `web_app`
[INFO] [stdout] 
[INFO] [stdout] 
[INFO] [stdout] error[E0063]: missing field `web_app` in initializer of `InlineKeyboardButton`
[INFO] [stdout]   --> src/constants.rs:75:17
[INFO] [stdout]    |
[INFO] [stdout] 75 |                 InlineKeyboardButton {
[INFO] [stdout]    |                 ^^^^^^^^^^^^^^^^^^^^ missing `web_app`
[INFO] [stdout] 
[INFO] [stdout] 
[INFO] [stdout] error[E0063]: missing field `web_app` in initializer of `InlineKeyboardButton`
[INFO] [stdout]   --> src/constants.rs:85:17
[INFO] [stdout]    |
[INFO] [stdout] 85 |                 InlineKeyboardButton {
[INFO] [stdout]    |                 ^^^^^^^^^^^^^^^^^^^^ missing `web_app`
[INFO] [stdout] 
[INFO] [stdout] 
[INFO] [stdout] error[E0063]: missing field `web_app` in initializer of `InlineKeyboardButton`
[INFO] [stdout]   --> src/constants.rs:96:18
[INFO] [stdout]    |
[INFO] [stdout] 96 |             vec![InlineKeyboardButton {
[INFO] [stdout]    |                  ^^^^^^^^^^^^^^^^^^^^ missing `web_app`
[INFO] [stdout] 
[INFO] [stdout] 
[INFO] [stdout] error[E0063]: missing field `web_app` in initializer of `InlineKeyboardButton`
[INFO] [stdout]    --> src/constants.rs:112:36
[INFO] [stdout]     |
[INFO] [stdout] 112 |         inline_keyboard: vec![vec![InlineKeyboardButton {
[INFO] [stdout]     |                                    ^^^^^^^^^^^^^^^^^^^^ missing `web_app`
[INFO] [stdout] 
[INFO] [stdout] 
[INFO] [stdout] error: aborting due to 6 previous errors
[INFO] [stdout] 
[INFO] [stdout] 
[INFO] [stderr] error: could not compile `wildfire-ferris` (lib) due to 7 previous errors
[INFO] [stdout] Some errors have detailed explanations: E0061, E0063.
[INFO] [stdout] 
[INFO] [stderr] warning: build failed, waiting for other jobs to finish...
[INFO] [stdout] For more information about an error, try `rustc --explain E0061`.
[INFO] [stdout] 
[INFO] running `Command { std: "docker" "inspect" "b259df15ad5b4dd688adb087a20db42bfb6e3fc4bba6304227b346d33cc068ac", kill_on_drop: false }`
[INFO] running `Command { std: "docker" "rm" "-f" "b259df15ad5b4dd688adb087a20db42bfb6e3fc4bba6304227b346d33cc068ac", kill_on_drop: false }`
[INFO] [stdout] b259df15ad5b4dd688adb087a20db42bfb6e3fc4bba6304227b346d33cc068ac
