[INFO] fetching crate wikimedia-download 0.1.1...
[INFO] testing wikimedia-download-0.1.1 against 1.75.0 for beta-1.76-1
[INFO] extracting crate wikimedia-download 0.1.1 into /workspace/builds/worker-1-tc1/source
[INFO] validating manifest of crates.io crate wikimedia-download 0.1.1 on toolchain 1.75.0
[INFO] running `Command { std: CARGO_HOME="/workspace/cargo-home" RUSTUP_HOME="/workspace/rustup-home" "/workspace/cargo-home/bin/cargo" "+1.75.0" "metadata" "--manifest-path" "Cargo.toml" "--no-deps", kill_on_drop: false }`
[INFO] started tweaking crates.io crate wikimedia-download 0.1.1
[INFO] finished tweaking crates.io crate wikimedia-download 0.1.1
[INFO] tweaked toml for crates.io crate wikimedia-download 0.1.1 written to /workspace/builds/worker-1-tc1/source/Cargo.toml
[INFO] crate crates.io crate wikimedia-download 0.1.1 already has a lockfile, it will not be regenerated
[INFO] running `Command { std: CARGO_HOME="/workspace/cargo-home" RUSTUP_HOME="/workspace/rustup-home" "/workspace/cargo-home/bin/cargo" "+1.75.0" "fetch" "--manifest-path" "Cargo.toml", kill_on_drop: false }`
[INFO] [stderr]     Updating crates.io index
[INFO] [stderr]  Downloading crates ...
[INFO] [stderr]   Downloaded open v4.0.1
[INFO] [stderr]   Downloaded wikimedia v0.1.1
[INFO] [stderr]   Downloaded miette-derive v5.7.0
[INFO] [stderr]   Downloaded http-cache v0.10.1
[INFO] [stderr]   Downloaded human_format v1.0.3
[INFO] [stderr]   Downloaded valuable-derive v0.1.0
[INFO] [stderr]   Downloaded http-serde v1.1.2
[INFO] [stderr]   Downloaded progress-streams v1.1.0
[INFO] [stderr]   Downloaded sea-query-attr v0.1.1
[INFO] [stderr]   Downloaded reflink v0.1.3
[INFO] [stderr]   Downloaded polling v2.6.0
[INFO] [stderr]   Downloaded http-cache-reqwest v0.8.0
[INFO] [stderr]   Downloaded valuable-serde v0.1.0
[INFO] [stderr]   Downloaded http-cache-semantics v1.0.1
[INFO] [stderr]   Downloaded axum-core v0.3.3
[INFO] [stderr]   Downloaded scraper v0.15.0
[INFO] [stderr]   Downloaded capnp v0.16.1
[INFO] [stderr]   Downloaded openssl v0.10.49
[INFO] [stderr]   Downloaded rustix v0.37.6
[INFO] [stderr]   Downloaded tower-http v0.4.0
[INFO] [stderr]   Downloaded axum v0.6.12
[INFO] [stderr]   Downloaded tracing-bunyan-formatter v0.3.7
[INFO] [stderr]   Downloaded openssl-sys v0.9.84
[INFO] [stderr]   Downloaded askama_derive v0.12.1
[INFO] [stderr]   Downloaded indicatif v0.17.3
[INFO] [stderr]   Downloaded axum-macros v0.3.7
[INFO] [stderr]   Downloaded clap_complete v4.2.0
[INFO] [stderr]   Downloaded portable-atomic v0.3.19
[INFO] [stderr]   Downloaded askama v0.12.0
[INFO] [stderr]   Downloaded iterator-ext v0.2.1
[INFO] [stderr]   Downloaded fd-lock v3.0.11
[INFO] [stderr]   Downloaded reqwest-middleware v0.2.1
[INFO] [stderr]   Downloaded wikimedia-store v0.1.1
[INFO] [stderr]   Downloaded sha1-asm v0.5.1
[INFO] [stderr]   Downloaded basic-toml v0.1.2
[INFO] [stderr]   Downloaded cacache v11.5.2
[INFO] [stderr]   Downloaded askama_axum v0.3.0
[INFO] [stderr]   Downloaded miette v5.7.0
[INFO] [stderr]   Downloaded sea-query v0.28.3
[INFO] [stderr]   Downloaded lz4_flex v0.10.0
[INFO] [stderr]   Downloaded sea-query-rusqlite v0.2.0
[INFO] [stderr]   Downloaded ssri v8.1.0
[INFO] running `Command { std: "docker" "create" "-v" "/var/lib/crater-agent-workspace/builds/worker-1-tc1/target:/opt/rustwide/target:rw,Z" "-v" "/var/lib/crater-agent-workspace/builds/worker-1-tc1/source:/opt/rustwide/workdir:ro,Z" "-v" "/var/lib/crater-agent-workspace/cargo-home:/opt/rustwide/cargo-home:ro,Z" "-v" "/var/lib/crater-agent-workspace/rustup-home:/opt/rustwide/rustup-home:ro,Z" "-e" "SOURCE_DIR=/opt/rustwide/workdir" "-e" "CARGO_TARGET_DIR=/opt/rustwide/target" "-e" "CARGO_HOME=/opt/rustwide/cargo-home" "-e" "RUSTUP_HOME=/opt/rustwide/rustup-home" "-w" "/opt/rustwide/workdir" "-m" "1610612736" "--user" "0:0" "--network" "none" "ghcr.io/rust-lang/crates-build-env/linux@sha256:2788e3201cd34a07e3172128adcd8b3090168a8e3bcc40d7c032b9dda1df7d1c" "/opt/rustwide/cargo-home/bin/cargo" "+1.75.0" "metadata" "--no-deps" "--format-version=1", kill_on_drop: false }`
[INFO] [stdout] 6e0cfc2d1401dc4333faf428a722e8daaf434e1c056fc721e9c6b15b91c549df
[INFO] running `Command { std: "docker" "start" "-a" "6e0cfc2d1401dc4333faf428a722e8daaf434e1c056fc721e9c6b15b91c549df", kill_on_drop: false }`
[INFO] running `Command { std: "docker" "inspect" "6e0cfc2d1401dc4333faf428a722e8daaf434e1c056fc721e9c6b15b91c549df", kill_on_drop: false }`
[INFO] running `Command { std: "docker" "rm" "-f" "6e0cfc2d1401dc4333faf428a722e8daaf434e1c056fc721e9c6b15b91c549df", kill_on_drop: false }`
[INFO] [stdout] 6e0cfc2d1401dc4333faf428a722e8daaf434e1c056fc721e9c6b15b91c549df
[INFO] running `Command { std: "docker" "create" "-v" "/var/lib/crater-agent-workspace/builds/worker-1-tc1/target:/opt/rustwide/target:rw,Z" "-v" "/var/lib/crater-agent-workspace/builds/worker-1-tc1/source:/opt/rustwide/workdir:ro,Z" "-v" "/var/lib/crater-agent-workspace/cargo-home:/opt/rustwide/cargo-home:ro,Z" "-v" "/var/lib/crater-agent-workspace/rustup-home:/opt/rustwide/rustup-home:ro,Z" "-e" "SOURCE_DIR=/opt/rustwide/workdir" "-e" "CARGO_TARGET_DIR=/opt/rustwide/target" "-e" "CARGO_INCREMENTAL=0" "-e" "RUST_BACKTRACE=full" "-e" "RUSTFLAGS=--cap-lints=warn" "-e" "RUSTDOCFLAGS=--cap-lints=warn" "-e" "CARGO_HOME=/opt/rustwide/cargo-home" "-e" "RUSTUP_HOME=/opt/rustwide/rustup-home" "-w" "/opt/rustwide/workdir" "-m" "1610612736" "--user" "0:0" "--network" "none" "ghcr.io/rust-lang/crates-build-env/linux@sha256:2788e3201cd34a07e3172128adcd8b3090168a8e3bcc40d7c032b9dda1df7d1c" "/opt/rustwide/cargo-home/bin/cargo" "+1.75.0" "build" "--frozen" "--message-format=json", kill_on_drop: false }`
[INFO] [stdout] 7c926b67decd959e8293dac2ee251cca280df0069953f5add5a1d37bbbd1fefb
[INFO] running `Command { std: "docker" "start" "-a" "7c926b67decd959e8293dac2ee251cca280df0069953f5add5a1d37bbbd1fefb", kill_on_drop: false }`
[INFO] [stderr]    Compiling proc-macro2 v1.0.54
[INFO] [stderr]    Compiling quote v1.0.26
[INFO] [stderr]    Compiling unicode-ident v1.0.8
[INFO] [stderr]    Compiling libc v0.2.140
[INFO] [stderr]    Compiling syn v1.0.109
[INFO] [stderr]    Compiling once_cell v1.17.1
[INFO] [stderr]    Compiling value-bag v1.0.0-alpha.9
[INFO] [stderr]    Compiling log v0.4.17
[INFO] [stderr]    Compiling memchr v2.5.0
[INFO] [stderr]    Compiling serde_derive v1.0.159
[INFO] [stderr]    Compiling pin-project-lite v0.2.9
[INFO] [stderr]    Compiling serde v1.0.159
[INFO] [stderr]    Compiling futures-core v0.3.28
[INFO] [stderr]    Compiling cc v1.0.79
[INFO] [stderr]    Compiling itoa v1.0.6
[INFO] [stderr]    Compiling slab v0.4.8
[INFO] [stderr]    Compiling futures-io v0.3.28
[INFO] [stderr]    Compiling bytes v1.4.0
[INFO] [stderr]    Compiling siphasher v0.3.10
[INFO] [stderr]    Compiling pkg-config v0.3.26
[INFO] [stderr]    Compiling syn v2.0.12
[INFO] [stderr]    Compiling futures-sink v0.3.28
[INFO] [stderr]    Compiling futures-channel v0.3.28
[INFO] [stderr]    Compiling futures-task v0.3.28
[INFO] [stderr]    Compiling crossbeam-utils v0.8.15
[INFO] [stderr]    Compiling futures-util v0.3.28
[INFO] [stderr]    Compiling io-lifetimes v1.0.9
[INFO] [stderr]    Compiling http v0.2.9
[INFO] [stderr]    Compiling rustix v0.37.6
[INFO] [stderr]    Compiling tracing-core v0.1.30
[INFO] [stderr]    Compiling getrandom v0.2.8
[INFO] [stderr]    Compiling socket2 v0.4.9
[INFO] [stderr]    Compiling signal-hook-registry v1.4.1
[INFO] [stderr]    Compiling rand_core v0.6.4
[INFO] [stderr]    Compiling num_cpus v1.15.0
[INFO] [stderr]    Compiling linux-raw-sys v0.3.1
[INFO] [stderr]    Compiling typenum v1.16.0
[INFO] [stderr]    Compiling rand_chacha v0.3.1
[INFO] [stderr]    Compiling phf_shared v0.10.0
[INFO] [stderr]    Compiling tokio v1.27.0
[INFO] [stderr]    Compiling ahash v0.7.6
[INFO] [stderr]    Compiling rand v0.8.5
[INFO] [stderr]    Compiling percent-encoding v2.2.0
[INFO] [stderr]    Compiling smallvec v1.10.0
[INFO] [stderr]    Compiling getrandom v0.1.16
[INFO] [stderr]    Compiling hashbrown v0.12.3
[INFO] [stderr]    Compiling openssl-sys v0.9.84
[INFO] [stderr]    Compiling unicase v2.6.0
[INFO] [stderr]    Compiling thiserror v1.0.40
[INFO] [stderr]    Compiling generic-array v0.14.7
[INFO] [stderr]    Compiling phf_generator v0.10.0
[INFO] [stderr]    Compiling event-listener v2.5.3
[INFO] [stderr]    Compiling fastrand v1.9.0
[INFO] [stderr]    Compiling form_urlencoded v1.1.0
[INFO] [stderr]    Compiling concurrent-queue v2.1.0
[INFO] [stderr]    Compiling ryu v1.0.13
[INFO] [stderr]    Compiling proc-macro-hack v0.5.20+deprecated
[INFO] [stderr]    Compiling waker-fn v1.1.0
[INFO] [stderr]    Compiling parking v2.0.0
[INFO] [stderr]    Compiling serde_json v1.0.95
[INFO] [stderr]    Compiling futures-lite v1.12.0
[INFO] [stderr]    Compiling rand_core v0.5.1
[INFO] [stderr]    Compiling crypto-common v0.1.6
[INFO] [stderr]    Compiling block-buffer v0.10.4
[INFO] [stderr]    Compiling digest v0.10.6
[INFO] [stderr]    Compiling async-lock v2.7.0
[INFO] [stderr]    Compiling http-body v0.4.5
[INFO] [stderr]    Compiling indexmap v1.9.3
[INFO] [stderr]    Compiling polling v2.6.0
[INFO] [stderr]    Compiling num-traits v0.2.15
[INFO] [stderr]    Compiling cpufeatures v0.2.6
[INFO] [stderr]    Compiling unicode-width v0.1.10
[INFO] [stderr]    Compiling darling_core v0.14.4
[INFO] [stderr]    Compiling idna v0.3.0
[INFO] [stderr]    Compiling mime_guess v2.0.4
[INFO] [stderr]    Compiling sha1-asm v0.5.1
[INFO] [stderr]    Compiling async-io v1.13.0
[INFO] [stderr]    Compiling lock_api v0.4.9
[INFO] [stderr]    Compiling async-trait v0.1.68
[INFO] [stderr]    Compiling foreign-types-shared v0.1.1
[INFO] [stderr]    Compiling openssl v0.10.49
[INFO] [stderr]    Compiling httpdate v1.0.2
[INFO] [stderr]    Compiling parking_lot_core v0.9.7
[INFO] [stderr]    Compiling foreign-types v0.3.2
[INFO] [stderr]    Compiling rand_pcg v0.2.1
[INFO] [stderr]    Compiling rand_chacha v0.2.2
[INFO] [stderr]    Compiling phf_shared v0.8.0
[INFO] [stderr]    Compiling new_debug_unreachable v1.0.4
[INFO] [stderr]    Compiling futures-macro v0.3.28
[INFO] [stderr]    Compiling tokio-macros v2.0.0
[INFO] [stderr]    Compiling thiserror-impl v1.0.40
[INFO] [stderr]    Compiling openssl-macros v0.1.1
[INFO] [stderr]    Compiling ctor v0.1.26
[INFO] [stderr]    Compiling tracing-attributes v0.1.23
[INFO] [stderr]    Compiling phf_macros v0.10.0
[INFO] [stderr]    Compiling darling_macro v0.14.4
[INFO] [stderr]    Compiling native-tls v0.2.11
[INFO] [stderr]    Compiling async-task v4.4.0
[INFO] [stderr]    Compiling signal-hook v0.3.15
[INFO] [stderr]    Compiling rustversion v1.0.12
[INFO] [stderr]    Compiling darling v0.14.4
[INFO] [stderr]    Compiling mio v0.8.6
[INFO] [stderr]    Compiling phf v0.10.1
[INFO] [stderr]    Compiling want v0.3.0
[INFO] [stderr]    Compiling rand v0.7.3
[INFO] [stderr]    Compiling tracing v0.1.37
[INFO] [stderr]    Compiling async-channel v1.8.0
[INFO] [stderr]    Compiling phf_codegen v0.10.0
[INFO] [stderr]    Compiling string_cache_codegen v0.5.2
[INFO] [stderr]    Compiling memoffset v0.8.0
[INFO] [stderr]    Compiling async-process v1.6.0
[INFO] [stderr]    Compiling num-integer v0.1.45
[INFO] [stderr]    Compiling openssl-probe v0.1.5
[INFO] [stderr]    Compiling precomputed-hash v0.1.1
[INFO] [stderr]    Compiling mac v0.1.1
[INFO] [stderr]    Compiling base64 v0.21.0
[INFO] [stderr]    Compiling atomic-waker v1.1.0
[INFO] [stderr]    Compiling time-core v0.1.0
[INFO] [stderr]    Compiling time v0.3.20
[INFO] [stderr]    Compiling blocking v1.3.0
[INFO] [stderr]    Compiling futf v0.1.5
[INFO] [stderr]    Compiling markup5ever v0.11.0
[INFO] [stderr]    Compiling miniz_oxide v0.6.2
[INFO] [stderr]    Compiling parking_lot v0.12.1
[INFO] [stderr]    Compiling phf_generator v0.8.0
[INFO] [stderr]    Compiling sha1 v0.10.5
[INFO] [stderr]    Compiling async-executor v1.5.0
[INFO] [stderr]    Compiling miette-derive v5.7.0
[INFO] [stderr]    Compiling crossbeam-epoch v0.9.14
[INFO] [stderr]    Compiling anyhow v1.0.70
[INFO] [stderr]    Compiling anstyle-parse v0.1.1
[INFO] [stderr]    Compiling tendril v0.4.3
[INFO] [stderr]    Compiling async-global-executor v2.3.1
[INFO] [stderr]    Compiling flate2 v1.0.25
[INFO] [stderr]    Compiling phf_codegen v0.8.0
[INFO] [stderr]    Compiling tokio-util v0.7.7
[INFO] [stderr]    Compiling tokio-native-tls v0.3.1
[INFO] [stderr]    Compiling futures-executor v0.3.28
[INFO] [stderr]    Compiling kv-log-macro v1.0.7
[INFO] [stderr]    Compiling cssparser v0.29.6
[INFO] [stderr]    Compiling h2 v0.3.16
[INFO] [stderr]    Compiling html5ever v0.26.0
[INFO] [stderr]    Compiling sha-1 v0.10.1
[INFO] [stderr]    Compiling sha2 v0.10.6
[INFO] [stderr]    Compiling miette v5.7.0
[INFO] [stderr]    Compiling is-terminal v0.4.6
[INFO] [stderr]    Compiling url v2.3.1
[INFO] [stderr]    Compiling serde_urlencoded v0.7.1
[INFO] [stderr]    Compiling string_cache v0.8.7
[INFO] [stderr]    Compiling time v0.1.45
[INFO] [stderr]    Compiling anstyle v0.3.5
[INFO] [stderr]    Compiling valuable v0.1.0
[INFO] [stderr]    Compiling either v1.8.1
[INFO] [stderr]    Compiling iana-time-zone v0.1.54
[INFO] [stderr]    Compiling concolor-query v0.3.3
[INFO] [stderr]    Compiling dtoa v0.4.8
[INFO] [stderr]    Compiling concolor-override v1.0.0
[INFO] [stderr]    Compiling anstream v0.2.6
[INFO] [stderr]    Compiling dtoa-short v0.3.3
[INFO] [stderr]    Compiling chrono v0.4.24
[INFO] [stderr]    Compiling libsqlite3-sys v0.25.2
[INFO] [stderr]    Compiling ssri v8.1.0
[INFO] [stderr]    Compiling walkdir v2.3.3
[INFO] [stderr]    Compiling http-serde v1.1.2
[INFO] [stderr]    Compiling futures v0.3.28
[INFO] [stderr]    Compiling async-std v1.12.0
[INFO] [stderr]    Compiling selectors v0.24.0
[INFO] [stderr]    Compiling async-compression v0.3.15
[INFO] [stderr]    Compiling valuable-derive v0.1.0
[INFO] [stderr]    Compiling cssparser-macros v0.6.0
[INFO] [stderr]    Compiling tempfile v3.5.0
[INFO] [stderr]    Compiling reflink v0.1.3
[INFO] [stderr]    Compiling memmap2 v0.5.10
[INFO] [stderr]    Compiling bzip2-sys v0.1.11+1.0.8
[INFO] [stderr]    Compiling aho-corasick v0.7.20
[INFO] [stderr]    Compiling encoding_rs v0.8.32
[INFO] [stderr]    Compiling clap_lex v0.4.1
[INFO] [stderr]    Compiling libm v0.2.6
[INFO] [stderr]    Compiling hyper v0.14.25
[INFO] [stderr]    Compiling ipnet v2.7.2
[INFO] [stderr]    Compiling convert_case v0.4.0
[INFO] [stderr]    Compiling byteorder v1.4.3
[INFO] [stderr]    Compiling stable_deref_trait v1.2.0
[INFO] [stderr]    Compiling rayon-core v1.11.0
[INFO] [stderr]    Compiling tower-layer v0.3.2
[INFO] [stderr]    Compiling nodrop v0.1.14
[INFO] [stderr]    Compiling servo_arc v0.2.0
[INFO] [stderr]    Compiling cacache v11.5.2
[INFO] [stderr]    Compiling derive_more v0.99.17
[INFO] [stderr]    Compiling regex v1.7.3
[INFO] [stderr]    Compiling fxhash v0.2.1
[INFO] [stderr]    Compiling clap_builder v4.2.1
[INFO] [stderr]    Compiling crossbeam-deque v0.8.3
[INFO] [stderr]    Compiling http-cache-semantics v1.0.1
[INFO] [stderr]    Compiling bincode v1.3.3
[INFO] [stderr]    Compiling axum-core v0.3.3
[INFO] [stderr]    Compiling derive_builder_core v0.12.0
[INFO] [stderr]    Compiling clap_derive v4.2.0
[INFO] [stderr]    Compiling phf v0.8.0
[INFO] [stderr]    Compiling hyper-tls v0.5.0
[INFO] [stderr]    Compiling reqwest v0.11.16
[INFO] [stderr]    Compiling crossbeam-channel v0.5.7
[INFO] [stderr]    Compiling task-local-extensions v0.1.4
[INFO] [stderr]    Compiling minimal-lexical v0.2.1
[INFO] [stderr]    Compiling reqwest-middleware v0.2.1
[INFO] [stderr]    Compiling twox-hash v1.6.3
[INFO] [stderr]    Compiling nom v7.1.3
[INFO] [stderr]    Compiling derive_builder_macro v0.12.0
[INFO] [stderr]    Compiling clap v4.2.1
[INFO] [stderr]    Compiling http-cache v0.10.1
[INFO] [stderr]    Compiling valuable-serde v0.1.0
[INFO] [stderr]    Compiling basic-toml v0.1.2
[INFO] [stderr]    Compiling sea-query-attr v0.1.1
[INFO] [stderr]    Compiling sea-query-derive v0.3.0
[INFO] [stderr]    Compiling pin-project-internal v1.0.12
[INFO] [stderr]    Compiling getopts v0.2.21
[INFO] [stderr]    Compiling hashlink v0.8.1
[INFO] [stderr]    Compiling ahash v0.8.3
[INFO] [stderr]    Compiling portable-atomic v0.3.19
[INFO] [stderr]    Compiling maplit v1.0.2
[INFO] [stderr]    Compiling ego-tree v0.6.2
[INFO] [stderr]    Compiling ammonia v3.3.0
[INFO] [stderr]    Compiling scraper v0.15.0
[INFO] [stderr]    Compiling sea-query v0.28.3
[INFO] [stderr]    Compiling askama_derive v0.12.1
[INFO] [stderr]    Compiling humansize v2.1.3
[INFO] [stderr]    Compiling pin-project v1.0.12
[INFO] [stderr]    Compiling http-cache-reqwest v0.8.0
[INFO] [stderr]    Compiling derive_builder v0.12.0
[INFO] [stderr]    Compiling bzip2 v0.4.4
[INFO] [stderr]    Compiling rayon v1.7.0
[INFO] [stderr]    Compiling lz4_flex v0.10.0
[INFO] [stderr]    Compiling sharded-slab v0.1.4
[INFO] [stderr]    Compiling tracing-log v0.1.3
[INFO] [stderr]    Compiling tracing-serde v0.1.3
[INFO] [stderr]    Compiling tokio-stream v0.1.12
[INFO] [stderr]    Compiling axum v0.6.12
[INFO] [stderr]    Compiling headers-core v0.2.0
[INFO] [stderr]    Compiling dirs-sys-next v0.1.2
[INFO] [stderr]    Compiling quick-xml v0.27.1
[INFO] [stderr]    Compiling thread_local v1.1.7
[INFO] [stderr]    Compiling natord v1.0.9
[INFO] [stderr]    Compiling base64 v0.13.1
[INFO] [stderr]    Compiling iterator-ext v0.2.1
[INFO] [stderr]    Compiling rusqlite v0.28.0
[INFO] [stderr]    Compiling human_format v1.0.3
[INFO] [stderr]    Compiling askama_escape v0.10.3
[INFO] [stderr]    Compiling progress-streams v1.1.0
[INFO] [stderr]    Compiling headers v0.3.8
[INFO] [stderr]    Compiling tracing-subscriber v0.3.16
[INFO] [stderr]    Compiling wikimedia v0.1.1
[INFO] [stderr]    Compiling dirs-next v1.0.2
[INFO] [stderr]    Compiling tower v0.4.13
[INFO] [stdout] error[E0554]: `#![feature]` may not be used on the stable release channel
[INFO] [stdout]  --> /opt/rustwide/cargo-home/registry/src/index.crates.io-6f17d22bba15001f/wikimedia-0.1.1/src/lib.rs:1:1
[INFO] [stdout]   |
[INFO] [stdout] 1 | / #![feature(
[INFO] [stdout] 2 | |     async_closure,
[INFO] [stdout] 3 | |     iterator_try_collect,
[INFO] [stdout] 4 | |     iterator_try_reduce,
[INFO] [stdout] 5 | | )]
[INFO] [stdout]   | |__^
[INFO] [stdout] 
[INFO] [stdout] 
[INFO] [stdout] error[E0554]: `#![feature]` may not be used on the stable release channel
[INFO] [stdout]  --> /opt/rustwide/cargo-home/registry/src/index.crates.io-6f17d22bba15001f/wikimedia-0.1.1/src/lib.rs:3:5
[INFO] [stdout]   |
[INFO] [stdout] 3 |     iterator_try_collect,
[INFO] [stdout]   |     ^^^^^^^^^^^^^^^^^^^^
[INFO] [stdout] 
[INFO] [stdout] 
[INFO] [stdout] error[E0554]: `#![feature]` may not be used on the stable release channel
[INFO] [stdout]  --> /opt/rustwide/cargo-home/registry/src/index.crates.io-6f17d22bba15001f/wikimedia-0.1.1/src/lib.rs:4:5
[INFO] [stdout]   |
[INFO] [stdout] 4 |     iterator_try_reduce,
[INFO] [stdout]   |     ^^^^^^^^^^^^^^^^^^^
[INFO] [stdout] 
[INFO] [stdout] 
[INFO] [stderr]    Compiling askama v0.12.0
[INFO] [stdout] error[E0277]: the trait bound `valuable::Value<'_>: tracing::Value` is not satisfied
[INFO] [stdout]    --> /opt/rustwide/cargo-home/registry/src/index.crates.io-6f17d22bba15001f/wikimedia-0.1.1/src/dump/download.rs:112:9
[INFO] [stdout]     |
[INFO] [stdout] 112 | /         tracing::trace!(dumps = dumps.as_value(),
[INFO] [stdout] 113 | |                        "dumps ret data");
[INFO] [stdout]     | |________________________________________^ the trait `tracing::Value` is not implemented for `valuable::Value<'_>`
[INFO] [stdout]     |
[INFO] [stdout]     = help: the following other types implement trait `tracing::Value`:
[INFO] [stdout]               bool
[INFO] [stdout]               isize
[INFO] [stdout]               i8
[INFO] [stdout]               i16
[INFO] [stdout]               i32
[INFO] [stdout]               i64
[INFO] [stdout]               i128
[INFO] [stdout]               usize
[INFO] [stdout]             and 34 others
[INFO] [stdout]     = note: required for the cast from `&valuable::Value<'_>` to `&dyn tracing::Value`
[INFO] [stdout]     = note: this error originates in the macro `$crate::valueset` which comes from the expansion of the macro `tracing::trace` (in Nightly builds, run with -Z macro-backtrace for more info)
[INFO] [stdout] 
[INFO] [stdout] 
[INFO] [stdout] error[E0277]: the trait bound `valuable::Value<'_>: tracing::Value` is not satisfied
[INFO] [stdout]    --> /opt/rustwide/cargo-home/registry/src/index.crates.io-6f17d22bba15001f/wikimedia-0.1.1/src/dump/download.rs:112:9
[INFO] [stdout]     |
[INFO] [stdout] 112 | /         tracing::trace!(dumps = dumps.as_value(),
[INFO] [stdout] 113 | |                        "dumps ret data");
[INFO] [stdout]     | |________________________________________^ the trait `tracing::Value` is not implemented for `valuable::Value<'_>`
[INFO] [stdout]     |
[INFO] [stdout]     = help: the following other types implement trait `tracing::Value`:
[INFO] [stdout]               bool
[INFO] [stdout]               isize
[INFO] [stdout]               i8
[INFO] [stdout]               i16
[INFO] [stdout]               i32
[INFO] [stdout]               i64
[INFO] [stdout]               i128
[INFO] [stdout]               usize
[INFO] [stdout]             and 34 others
[INFO] [stdout]     = note: required for the cast from `&valuable::Value<'_>` to `&dyn tracing::Value`
[INFO] [stdout]     = note: this error originates in the macro `$crate::valueset` which comes from the expansion of the macro `tracing::trace` (in Nightly builds, run with -Z macro-backtrace for more info)
[INFO] [stdout] 
[INFO] [stdout] 
[INFO] [stderr]    Compiling console v0.15.5
[INFO] [stderr]    Compiling serde_path_to_error v0.1.11
[INFO] [stderr]    Compiling axum-macros v0.3.7
[INFO] [stdout] error[E0277]: the trait bound `valuable::Value<'_>: tracing::Value` is not satisfied
[INFO] [stdout]    --> /opt/rustwide/cargo-home/registry/src/index.crates.io-6f17d22bba15001f/wikimedia-0.1.1/src/http.rs:329:9
[INFO] [stdout]     |
[INFO] [stdout] 329 | /         tracing::debug!(url = %url.clone(),
[INFO] [stdout] 330 | |                         method = %method.clone(),
[INFO] [stdout] 331 | |                         response_code = res_code.as_value(),
[INFO] [stdout] 332 | |                         "HTTP response headers");
[INFO] [stdout]     | |________________________________________________^ the trait `tracing::Value` is not implemented for `valuable::Value<'_>`
[INFO] [stdout]     |
[INFO] [stdout]     = help: the following other types implement trait `tracing::Value`:
[INFO] [stdout]               bool
[INFO] [stdout]               isize
[INFO] [stdout]               i8
[INFO] [stdout]               i16
[INFO] [stdout]               i32
[INFO] [stdout]               i64
[INFO] [stdout]               i128
[INFO] [stdout]               usize
[INFO] [stdout]             and 34 others
[INFO] [stdout]     = note: required for the cast from `&valuable::Value<'_>` to `&dyn tracing::Value`
[INFO] [stdout]     = note: this error originates in the macro `$crate::valueset` which comes from the expansion of the macro `tracing::debug` (in Nightly builds, run with -Z macro-backtrace for more info)
[INFO] [stdout] 
[INFO] [stdout] 
[INFO] [stdout] error[E0277]: the trait bound `valuable::Value<'_>: tracing::Value` is not satisfied
[INFO] [stdout]    --> /opt/rustwide/cargo-home/registry/src/index.crates.io-6f17d22bba15001f/wikimedia-0.1.1/src/http.rs:329:9
[INFO] [stdout]     |
[INFO] [stdout] 329 | /         tracing::debug!(url = %url.clone(),
[INFO] [stdout] 330 | |                         method = %method.clone(),
[INFO] [stdout] 331 | |                         response_code = res_code.as_value(),
[INFO] [stdout] 332 | |                         "HTTP response headers");
[INFO] [stdout]     | |________________________________________________^ the trait `tracing::Value` is not implemented for `valuable::Value<'_>`
[INFO] [stdout]     |
[INFO] [stdout]     = help: the following other types implement trait `tracing::Value`:
[INFO] [stdout]               bool
[INFO] [stdout]               isize
[INFO] [stdout]               i8
[INFO] [stdout]               i16
[INFO] [stdout]               i32
[INFO] [stdout]               i64
[INFO] [stdout]               i128
[INFO] [stdout]               usize
[INFO] [stdout]             and 34 others
[INFO] [stdout]     = note: required for the cast from `&valuable::Value<'_>` to `&dyn tracing::Value`
[INFO] [stdout]     = note: this error originates in the macro `$crate::valueset` which comes from the expansion of the macro `tracing::debug` (in Nightly builds, run with -Z macro-backtrace for more info)
[INFO] [stdout] 
[INFO] [stdout] 
[INFO] [stdout] error[E0277]: the trait bound `valuable::Value<'_>: tracing::Value` is not satisfied
[INFO] [stdout]    --> /opt/rustwide/cargo-home/registry/src/index.crates.io-6f17d22bba15001f/wikimedia-0.1.1/src/http.rs:383:9
[INFO] [stdout]     |
[INFO] [stdout] 383 | /         tracing::info!(%url,
[INFO] [stdout] 384 | |                        %method,
[INFO] [stdout] 385 | |                        res.code = res_code.as_value(),
[INFO] [stdout] 386 | |                        res.stats = res.stats.as_value(),
[INFO] [stdout] 387 | |                        "http::fetch_text() complete");
[INFO] [stdout]     | |_____________________________________________________^ the trait `tracing::Value` is not implemented for `valuable::Value<'_>`
[INFO] [stdout]     |
[INFO] [stdout]     = help: the following other types implement trait `tracing::Value`:
[INFO] [stdout]               bool
[INFO] [stdout]               isize
[INFO] [stdout]               i8
[INFO] [stdout]               i16
[INFO] [stdout]               i32
[INFO] [stdout]               i64
[INFO] [stdout]               i128
[INFO] [stdout]               usize
[INFO] [stdout]             and 34 others
[INFO] [stdout]     = note: required for the cast from `&valuable::Value<'_>` to `&dyn tracing::Value`
[INFO] [stdout]     = note: this error originates in the macro `$crate::valueset` which comes from the expansion of the macro `tracing::info` (in Nightly builds, run with -Z macro-backtrace for more info)
[INFO] [stdout] 
[INFO] [stdout] 
[INFO] [stdout] error[E0277]: the trait bound `valuable::Value<'_>: tracing::Value` is not satisfied
[INFO] [stdout]    --> /opt/rustwide/cargo-home/registry/src/index.crates.io-6f17d22bba15001f/wikimedia-0.1.1/src/http.rs:383:9
[INFO] [stdout]     |
[INFO] [stdout] 383 | /         tracing::info!(%url,
[INFO] [stdout] 384 | |                        %method,
[INFO] [stdout] 385 | |                        res.code = res_code.as_value(),
[INFO] [stdout] 386 | |                        res.stats = res.stats.as_value(),
[INFO] [stdout] 387 | |                        "http::fetch_text() complete");
[INFO] [stdout]     | |_____________________________________________________^ the trait `tracing::Value` is not implemented for `valuable::Value<'_>`
[INFO] [stdout]     |
[INFO] [stdout]     = help: the following other types implement trait `tracing::Value`:
[INFO] [stdout]               bool
[INFO] [stdout]               isize
[INFO] [stdout]               i8
[INFO] [stdout]               i16
[INFO] [stdout]               i32
[INFO] [stdout]               i64
[INFO] [stdout]               i128
[INFO] [stdout]               usize
[INFO] [stdout]             and 34 others
[INFO] [stdout]     = note: required for the cast from `&valuable::Value<'_>` to `&dyn tracing::Value`
[INFO] [stdout]     = note: this error originates in the macro `$crate::valueset` which comes from the expansion of the macro `tracing::info` (in Nightly builds, run with -Z macro-backtrace for more info)
[INFO] [stdout] 
[INFO] [stdout] 
[INFO] [stdout] error[E0277]: the trait bound `valuable::Value<'_>: tracing::Value` is not satisfied
[INFO] [stdout]    --> /opt/rustwide/cargo-home/registry/src/index.crates.io-6f17d22bba15001f/wikimedia-0.1.1/src/http.rs:383:9
[INFO] [stdout]     |
[INFO] [stdout] 383 | /         tracing::info!(%url,
[INFO] [stdout] 384 | |                        %method,
[INFO] [stdout] 385 | |                        res.code = res_code.as_value(),
[INFO] [stdout] 386 | |                        res.stats = res.stats.as_value(),
[INFO] [stdout] 387 | |                        "http::fetch_text() complete");
[INFO] [stdout]     | |_____________________________________________________^ the trait `tracing::Value` is not implemented for `valuable::Value<'_>`
[INFO] [stdout]     |
[INFO] [stdout]     = help: the following other types implement trait `tracing::Value`:
[INFO] [stdout]               bool
[INFO] [stdout]               isize
[INFO] [stdout]               i8
[INFO] [stdout]               i16
[INFO] [stdout]               i32
[INFO] [stdout]               i64
[INFO] [stdout]               i128
[INFO] [stdout]               usize
[INFO] [stdout]             and 34 others
[INFO] [stdout]     = note: required for the cast from `&valuable::Value<'_>` to `&dyn tracing::Value`
[INFO] [stdout]     = note: this error originates in the macro `$crate::valueset` which comes from the expansion of the macro `tracing::info` (in Nightly builds, run with -Z macro-backtrace for more info)
[INFO] [stdout] 
[INFO] [stdout] 
[INFO] [stdout] error[E0277]: the trait bound `valuable::Value<'_>: tracing::Value` is not satisfied
[INFO] [stdout]    --> /opt/rustwide/cargo-home/registry/src/index.crates.io-6f17d22bba15001f/wikimedia-0.1.1/src/http.rs:383:9
[INFO] [stdout]     |
[INFO] [stdout] 383 | /         tracing::info!(%url,
[INFO] [stdout] 384 | |                        %method,
[INFO] [stdout] 385 | |                        res.code = res_code.as_value(),
[INFO] [stdout] 386 | |                        res.stats = res.stats.as_value(),
[INFO] [stdout] 387 | |                        "http::fetch_text() complete");
[INFO] [stdout]     | |_____________________________________________________^ the trait `tracing::Value` is not implemented for `valuable::Value<'_>`
[INFO] [stdout]     |
[INFO] [stdout]     = help: the following other types implement trait `tracing::Value`:
[INFO] [stdout]               bool
[INFO] [stdout]               isize
[INFO] [stdout]               i8
[INFO] [stdout]               i16
[INFO] [stdout]               i32
[INFO] [stdout]               i64
[INFO] [stdout]               i128
[INFO] [stdout]               usize
[INFO] [stdout]             and 34 others
[INFO] [stdout]     = note: required for the cast from `&valuable::Value<'_>` to `&dyn tracing::Value`
[INFO] [stdout]     = note: this error originates in the macro `$crate::valueset` which comes from the expansion of the macro `tracing::info` (in Nightly builds, run with -Z macro-backtrace for more info)
[INFO] [stdout] 
[INFO] [stdout] 
[INFO] [stderr]    Compiling fd-lock v3.0.11
[INFO] [stdout] error[E0277]: the trait bound `valuable::Value<'_>: tracing::Value` is not satisfied
[INFO] [stdout]    --> /opt/rustwide/cargo-home/registry/src/index.crates.io-6f17d22bba15001f/wikimedia-0.1.1/src/dump/download.rs:285:5
[INFO] [stdout]     |
[INFO] [stdout] 285 | /     tracing::info!(dump = &*dump_name.0,
[INFO] [stdout] 286 | |                    version = &*version.0,
[INFO] [stdout] 287 | |                    job = &*job_name.0,
[INFO] [stdout] 288 | |
[INFO] [stdout] 289 | |                    download_dir = %job_path.display(),
[INFO] [stdout] 290 | |                    expected_bytes = Bytes(expected_bytes).as_value(),
[INFO] [stdout] 291 | |                    "Starting to download job files");
[INFO] [stdout]     | |____________________________________________________^ the trait `tracing::Value` is not implemented for `valuable::Value<'_>`
[INFO] [stdout]     |
[INFO] [stdout]     = help: the following other types implement trait `tracing::Value`:
[INFO] [stdout]               bool
[INFO] [stdout]               isize
[INFO] [stdout]               i8
[INFO] [stdout]               i16
[INFO] [stdout]               i32
[INFO] [stdout]               i64
[INFO] [stdout]               i128
[INFO] [stdout]               usize
[INFO] [stdout]             and 34 others
[INFO] [stdout]     = note: required for the cast from `&valuable::Value<'_>` to `&dyn tracing::Value`
[INFO] [stdout]     = note: this error originates in the macro `$crate::valueset` which comes from the expansion of the macro `tracing::info` (in Nightly builds, run with -Z macro-backtrace for more info)
[INFO] [stdout] 
[INFO] [stdout] 
[INFO] [stdout] error[E0277]: the trait bound `valuable::Value<'_>: tracing::Value` is not satisfied
[INFO] [stdout]    --> /opt/rustwide/cargo-home/registry/src/index.crates.io-6f17d22bba15001f/wikimedia-0.1.1/src/dump/download.rs:285:5
[INFO] [stdout]     |
[INFO] [stdout] 285 | /     tracing::info!(dump = &*dump_name.0,
[INFO] [stdout] 286 | |                    version = &*version.0,
[INFO] [stdout] 287 | |                    job = &*job_name.0,
[INFO] [stdout] 288 | |
[INFO] [stdout] 289 | |                    download_dir = %job_path.display(),
[INFO] [stdout] 290 | |                    expected_bytes = Bytes(expected_bytes).as_value(),
[INFO] [stdout] 291 | |                    "Starting to download job files");
[INFO] [stdout]     | |____________________________________________________^ the trait `tracing::Value` is not implemented for `valuable::Value<'_>`
[INFO] [stdout]     |
[INFO] [stdout]     = help: the following other types implement trait `tracing::Value`:
[INFO] [stdout]               bool
[INFO] [stdout]               isize
[INFO] [stdout]               i8
[INFO] [stdout]               i16
[INFO] [stdout]               i32
[INFO] [stdout]               i64
[INFO] [stdout]               i128
[INFO] [stdout]               usize
[INFO] [stdout]             and 34 others
[INFO] [stdout]     = note: required for the cast from `&valuable::Value<'_>` to `&dyn tracing::Value`
[INFO] [stdout]     = note: this error originates in the macro `$crate::valueset` which comes from the expansion of the macro `tracing::info` (in Nightly builds, run with -Z macro-backtrace for more info)
[INFO] [stdout] 
[INFO] [stdout] 
[INFO] [stdout] error[E0277]: the trait bound `valuable::Value<'_>: tracing::Value` is not satisfied
[INFO] [stdout]    --> /opt/rustwide/cargo-home/registry/src/index.crates.io-6f17d22bba15001f/wikimedia-0.1.1/src/dump/download.rs:345:5
[INFO] [stdout]     |
[INFO] [stdout] 345 | /     tracing::info!(download_ok,
[INFO] [stdout] 346 | |                    download_stats = job_res.download_stats.as_value(),
[INFO] [stdout] 347 | |
[INFO] [stdout] 348 | |                    existing_ok,
[INFO] [stdout] ...   |
[INFO] [stdout] 358 | |
[INFO] [stdout] 359 | |                    "Downloading job files complete");
[INFO] [stdout]     | |____________________________________________________^ the trait `tracing::Value` is not implemented for `valuable::Value<'_>`
[INFO] [stdout]     |
[INFO] [stdout]     = help: the following other types implement trait `tracing::Value`:
[INFO] [stdout]               bool
[INFO] [stdout]               isize
[INFO] [stdout]               i8
[INFO] [stdout]               i16
[INFO] [stdout]               i32
[INFO] [stdout]               i64
[INFO] [stdout]               i128
[INFO] [stdout]               usize
[INFO] [stdout]             and 34 others
[INFO] [stdout]     = note: required for the cast from `&valuable::Value<'_>` to `&dyn tracing::Value`
[INFO] [stdout]     = note: this error originates in the macro `$crate::valueset` which comes from the expansion of the macro `tracing::info` (in Nightly builds, run with -Z macro-backtrace for more info)
[INFO] [stdout] 
[INFO] [stdout] 
[INFO] [stdout] error[E0277]: the trait bound `valuable::Value<'_>: tracing::Value` is not satisfied
[INFO] [stdout]    --> /opt/rustwide/cargo-home/registry/src/index.crates.io-6f17d22bba15001f/wikimedia-0.1.1/src/dump/download.rs:345:5
[INFO] [stdout]     |
[INFO] [stdout] 345 | /     tracing::info!(download_ok,
[INFO] [stdout] 346 | |                    download_stats = job_res.download_stats.as_value(),
[INFO] [stdout] 347 | |
[INFO] [stdout] 348 | |                    existing_ok,
[INFO] [stdout] ...   |
[INFO] [stdout] 358 | |
[INFO] [stdout] 359 | |                    "Downloading job files complete");
[INFO] [stdout]     | |____________________________________________________^ the trait `tracing::Value` is not implemented for `valuable::Value<'_>`
[INFO] [stdout]     |
[INFO] [stdout]     = help: the following other types implement trait `tracing::Value`:
[INFO] [stdout]               bool
[INFO] [stdout]               isize
[INFO] [stdout]               i8
[INFO] [stdout]               i16
[INFO] [stdout]               i32
[INFO] [stdout]               i64
[INFO] [stdout]               i128
[INFO] [stdout]               usize
[INFO] [stdout]             and 34 others
[INFO] [stdout]     = note: required for the cast from `&valuable::Value<'_>` to `&dyn tracing::Value`
[INFO] [stdout]     = note: this error originates in the macro `$crate::valueset` which comes from the expansion of the macro `tracing::info` (in Nightly builds, run with -Z macro-backtrace for more info)
[INFO] [stdout] 
[INFO] [stdout] 
[INFO] [stdout] error[E0277]: the trait bound `valuable::Value<'_>: tracing::Value` is not satisfied
[INFO] [stdout]    --> /opt/rustwide/cargo-home/registry/src/index.crates.io-6f17d22bba15001f/wikimedia-0.1.1/src/dump/download.rs:345:5
[INFO] [stdout]     |
[INFO] [stdout] 345 | /     tracing::info!(download_ok,
[INFO] [stdout] 346 | |                    download_stats = job_res.download_stats.as_value(),
[INFO] [stdout] 347 | |
[INFO] [stdout] 348 | |                    existing_ok,
[INFO] [stdout] ...   |
[INFO] [stdout] 358 | |
[INFO] [stdout] 359 | |                    "Downloading job files complete");
[INFO] [stdout]     | |____________________________________________________^ the trait `tracing::Value` is not implemented for `valuable::Value<'_>`
[INFO] [stdout]     |
[INFO] [stdout]     = help: the following other types implement trait `tracing::Value`:
[INFO] [stdout]               bool
[INFO] [stdout]               isize
[INFO] [stdout]               i8
[INFO] [stdout]               i16
[INFO] [stdout]               i32
[INFO] [stdout]               i64
[INFO] [stdout]               i128
[INFO] [stdout]               usize
[INFO] [stdout]             and 34 others
[INFO] [stdout]     = note: required for the cast from `&valuable::Value<'_>` to `&dyn tracing::Value`
[INFO] [stdout]     = note: this error originates in the macro `$crate::valueset` which comes from the expansion of the macro `tracing::info` (in Nightly builds, run with -Z macro-backtrace for more info)
[INFO] [stdout] 
[INFO] [stdout] 
[INFO] [stdout] error[E0277]: the trait bound `valuable::Value<'_>: tracing::Value` is not satisfied
[INFO] [stdout]    --> /opt/rustwide/cargo-home/registry/src/index.crates.io-6f17d22bba15001f/wikimedia-0.1.1/src/dump/download.rs:345:5
[INFO] [stdout]     |
[INFO] [stdout] 345 | /     tracing::info!(download_ok,
[INFO] [stdout] 346 | |                    download_stats = job_res.download_stats.as_value(),
[INFO] [stdout] 347 | |
[INFO] [stdout] 348 | |                    existing_ok,
[INFO] [stdout] ...   |
[INFO] [stdout] 358 | |
[INFO] [stdout] 359 | |                    "Downloading job files complete");
[INFO] [stdout]     | |____________________________________________________^ the trait `tracing::Value` is not implemented for `valuable::Value<'_>`
[INFO] [stdout]     |
[INFO] [stdout]     = help: the following other types implement trait `tracing::Value`:
[INFO] [stdout]               bool
[INFO] [stdout]               isize
[INFO] [stdout]               i8
[INFO] [stdout]               i16
[INFO] [stdout]               i32
[INFO] [stdout]               i64
[INFO] [stdout]               i128
[INFO] [stdout]               usize
[INFO] [stdout]             and 34 others
[INFO] [stdout]     = note: required for the cast from `&valuable::Value<'_>` to `&dyn tracing::Value`
[INFO] [stdout]     = note: this error originates in the macro `$crate::valueset` which comes from the expansion of the macro `tracing::info` (in Nightly builds, run with -Z macro-backtrace for more info)
[INFO] [stdout] 
[INFO] [stdout] 
[INFO] [stdout] error[E0277]: the trait bound `valuable::Value<'_>: tracing::Value` is not satisfied
[INFO] [stdout]    --> /opt/rustwide/cargo-home/registry/src/index.crates.io-6f17d22bba15001f/wikimedia-0.1.1/src/dump/download.rs:345:5
[INFO] [stdout]     |
[INFO] [stdout] 345 | /     tracing::info!(download_ok,
[INFO] [stdout] 346 | |                    download_stats = job_res.download_stats.as_value(),
[INFO] [stdout] 347 | |
[INFO] [stdout] 348 | |                    existing_ok,
[INFO] [stdout] ...   |
[INFO] [stdout] 358 | |
[INFO] [stdout] 359 | |                    "Downloading job files complete");
[INFO] [stdout]     | |____________________________________________________^ the trait `tracing::Value` is not implemented for `valuable::Value<'_>`
[INFO] [stdout]     |
[INFO] [stdout]     = help: the following other types implement trait `tracing::Value`:
[INFO] [stdout]               bool
[INFO] [stdout]               isize
[INFO] [stdout]               i8
[INFO] [stdout]               i16
[INFO] [stdout]               i32
[INFO] [stdout]               i64
[INFO] [stdout]               i128
[INFO] [stdout]               usize
[INFO] [stdout]             and 34 others
[INFO] [stdout]     = note: required for the cast from `&valuable::Value<'_>` to `&dyn tracing::Value`
[INFO] [stdout]     = note: this error originates in the macro `$crate::valueset` which comes from the expansion of the macro `tracing::info` (in Nightly builds, run with -Z macro-backtrace for more info)
[INFO] [stdout] 
[INFO] [stdout] 
[INFO] [stdout] error[E0277]: the trait bound `valuable::Value<'_>: tracing::Value` is not satisfied
[INFO] [stdout]    --> /opt/rustwide/cargo-home/registry/src/index.crates.io-6f17d22bba15001f/wikimedia-0.1.1/src/dump/download.rs:345:5
[INFO] [stdout]     |
[INFO] [stdout] 345 | /     tracing::info!(download_ok,
[INFO] [stdout] 346 | |                    download_stats = job_res.download_stats.as_value(),
[INFO] [stdout] 347 | |
[INFO] [stdout] 348 | |                    existing_ok,
[INFO] [stdout] ...   |
[INFO] [stdout] 358 | |
[INFO] [stdout] 359 | |                    "Downloading job files complete");
[INFO] [stdout]     | |____________________________________________________^ the trait `tracing::Value` is not implemented for `valuable::Value<'_>`
[INFO] [stdout]     |
[INFO] [stdout]     = help: the following other types implement trait `tracing::Value`:
[INFO] [stdout]               bool
[INFO] [stdout]               isize
[INFO] [stdout]               i8
[INFO] [stdout]               i16
[INFO] [stdout]               i32
[INFO] [stdout]               i64
[INFO] [stdout]               i128
[INFO] [stdout]               usize
[INFO] [stdout]             and 34 others
[INFO] [stdout]     = note: required for the cast from `&valuable::Value<'_>` to `&dyn tracing::Value`
[INFO] [stdout]     = note: this error originates in the macro `$crate::valueset` which comes from the expansion of the macro `tracing::info` (in Nightly builds, run with -Z macro-backtrace for more info)
[INFO] [stdout] 
[INFO] [stdout] 
[INFO] [stderr]    Compiling sea-query-rusqlite v0.2.0
[INFO] [stdout] error[E0277]: the trait bound `valuable::Value<'_>: tracing::Value` is not satisfied
[INFO] [stdout]    --> /opt/rustwide/cargo-home/registry/src/index.crates.io-6f17d22bba15001f/wikimedia-0.1.1/src/dump/download.rs:415:5
[INFO] [stdout]     |
[INFO] [stdout] 415 | /     tracing::info!(
[INFO] [stdout] 416 | |         url,
[INFO] [stdout] 417 | |         out_path = %file_out_path.display(),
[INFO] [stdout] 418 | |         expected_len = expected_len.as_value(),
[INFO] [stdout] 419 | |         "download_job_file starting download");
[INFO] [stdout]     | |______________________________________________^ the trait `tracing::Value` is not implemented for `valuable::Value<'_>`
[INFO] [stdout]     |
[INFO] [stdout]     = help: the following other types implement trait `tracing::Value`:
[INFO] [stdout]               bool
[INFO] [stdout]               isize
[INFO] [stdout]               i8
[INFO] [stdout]               i16
[INFO] [stdout]               i32
[INFO] [stdout]               i64
[INFO] [stdout]               i128
[INFO] [stdout]               usize
[INFO] [stdout]             and 34 others
[INFO] [stdout]     = note: required for the cast from `&valuable::Value<'_>` to `&dyn tracing::Value`
[INFO] [stdout]     = note: this error originates in the macro `$crate::valueset` which comes from the expansion of the macro `tracing::info` (in Nightly builds, run with -Z macro-backtrace for more info)
[INFO] [stdout] 
[INFO] [stdout] 
[INFO] [stdout] error[E0277]: the trait bound `valuable::Value<'_>: tracing::Value` is not satisfied
[INFO] [stdout]    --> /opt/rustwide/cargo-home/registry/src/index.crates.io-6f17d22bba15001f/wikimedia-0.1.1/src/dump/download.rs:415:5
[INFO] [stdout]     |
[INFO] [stdout] 415 | /     tracing::info!(
[INFO] [stdout] 416 | |         url,
[INFO] [stdout] 417 | |         out_path = %file_out_path.display(),
[INFO] [stdout] 418 | |         expected_len = expected_len.as_value(),
[INFO] [stdout] 419 | |         "download_job_file starting download");
[INFO] [stdout]     | |______________________________________________^ the trait `tracing::Value` is not implemented for `valuable::Value<'_>`
[INFO] [stdout]     |
[INFO] [stdout]     = help: the following other types implement trait `tracing::Value`:
[INFO] [stdout]               bool
[INFO] [stdout]               isize
[INFO] [stdout]               i8
[INFO] [stdout]               i16
[INFO] [stdout]               i32
[INFO] [stdout]               i64
[INFO] [stdout]               i128
[INFO] [stdout]               usize
[INFO] [stdout]             and 34 others
[INFO] [stdout]     = note: required for the cast from `&valuable::Value<'_>` to `&dyn tracing::Value`
[INFO] [stdout]     = note: this error originates in the macro `$crate::valueset` which comes from the expansion of the macro `tracing::info` (in Nightly builds, run with -Z macro-backtrace for more info)
[INFO] [stdout] 
[INFO] [stdout] 
[INFO] [stdout] error[E0277]: the trait bound `valuable::Value<'_>: tracing::Value` is not satisfied
[INFO] [stdout]    --> /opt/rustwide/cargo-home/registry/src/index.crates.io-6f17d22bba15001f/wikimedia-0.1.1/src/dump/download.rs:462:5
[INFO] [stdout]     |
[INFO] [stdout] 462 | /     tracing::info!(url,
[INFO] [stdout] 463 | |                    out_path = %file_out_path.display(),
[INFO] [stdout] 464 | |                    stats = download_result.stats.as_value(),
[INFO] [stdout] 465 | |                    "download_job_file download complete, file OK");
[INFO] [stdout]     | |__________________________________________________________________^ the trait `tracing::Value` is not implemented for `valuable::Value<'_>`
[INFO] [stdout]     |
[INFO] [stdout]     = help: the following other types implement trait `tracing::Value`:
[INFO] [stdout]               bool
[INFO] [stdout]               isize
[INFO] [stdout]               i8
[INFO] [stdout]               i16
[INFO] [stdout]               i32
[INFO] [stdout]               i64
[INFO] [stdout]               i128
[INFO] [stdout]               usize
[INFO] [stdout]             and 34 others
[INFO] [stdout]     = note: required for the cast from `&valuable::Value<'_>` to `&dyn tracing::Value`
[INFO] [stdout]     = note: this error originates in the macro `$crate::valueset` which comes from the expansion of the macro `tracing::info` (in Nightly builds, run with -Z macro-backtrace for more info)
[INFO] [stdout] 
[INFO] [stdout] 
[INFO] [stdout] error[E0277]: the trait bound `valuable::Value<'_>: tracing::Value` is not satisfied
[INFO] [stdout]    --> /opt/rustwide/cargo-home/registry/src/index.crates.io-6f17d22bba15001f/wikimedia-0.1.1/src/dump/download.rs:462:5
[INFO] [stdout]     |
[INFO] [stdout] 462 | /     tracing::info!(url,
[INFO] [stdout] 463 | |                    out_path = %file_out_path.display(),
[INFO] [stdout] 464 | |                    stats = download_result.stats.as_value(),
[INFO] [stdout] 465 | |                    "download_job_file download complete, file OK");
[INFO] [stdout]     | |__________________________________________________________________^ the trait `tracing::Value` is not implemented for `valuable::Value<'_>`
[INFO] [stdout]     |
[INFO] [stdout]     = help: the following other types implement trait `tracing::Value`:
[INFO] [stdout]               bool
[INFO] [stdout]               isize
[INFO] [stdout]               i8
[INFO] [stdout]               i16
[INFO] [stdout]               i32
[INFO] [stdout]               i64
[INFO] [stdout]               i128
[INFO] [stdout]               usize
[INFO] [stdout]             and 34 others
[INFO] [stdout]     = note: required for the cast from `&valuable::Value<'_>` to `&dyn tracing::Value`
[INFO] [stdout]     = note: this error originates in the macro `$crate::valueset` which comes from the expansion of the macro `tracing::info` (in Nightly builds, run with -Z macro-backtrace for more info)
[INFO] [stdout] 
[INFO] [stdout] 
[INFO] [stdout] error[E0277]: the trait bound `valuable::Value<'_>: tracing::Value` is not satisfied
[INFO] [stdout]    --> /opt/rustwide/cargo-home/registry/src/index.crates.io-6f17d22bba15001f/wikimedia-0.1.1/src/dump/download.rs:549:13
[INFO] [stdout]     |
[INFO] [stdout] 549 | /             tracing::warn!(path = %path.display(),
[INFO] [stdout] 550 | |                            existing_len = existing_len.as_value(),
[INFO] [stdout] 551 | |                            expected_len = expected_len.as_value(),
[INFO] [stdout] 552 | |                            url,
[INFO] [stdout] 553 | |                            "Deleting existing file that was the wrong size");
[INFO] [stdout]     | |____________________________________________________________________________^ the trait `tracing::Value` is not implemented for `valuable::Value<'_>`
[INFO] [stdout]     |
[INFO] [stdout]     = help: the following other types implement trait `tracing::Value`:
[INFO] [stdout]               bool
[INFO] [stdout]               isize
[INFO] [stdout]               i8
[INFO] [stdout]               i16
[INFO] [stdout]               i32
[INFO] [stdout]               i64
[INFO] [stdout]               i128
[INFO] [stdout]               usize
[INFO] [stdout]             and 34 others
[INFO] [stdout]     = note: required for the cast from `&valuable::Value<'_>` to `&dyn tracing::Value`
[INFO] [stdout]     = note: this error originates in the macro `$crate::valueset` which comes from the expansion of the macro `tracing::warn` (in Nightly builds, run with -Z macro-backtrace for more info)
[INFO] [stdout] 
[INFO] [stdout] 
[INFO] [stdout] error[E0277]: the trait bound `valuable::Value<'_>: tracing::Value` is not satisfied
[INFO] [stdout]    --> /opt/rustwide/cargo-home/registry/src/index.crates.io-6f17d22bba15001f/wikimedia-0.1.1/src/dump/download.rs:549:13
[INFO] [stdout]     |
[INFO] [stdout] 549 | /             tracing::warn!(path = %path.display(),
[INFO] [stdout] 550 | |                            existing_len = existing_len.as_value(),
[INFO] [stdout] 551 | |                            expected_len = expected_len.as_value(),
[INFO] [stdout] 552 | |                            url,
[INFO] [stdout] 553 | |                            "Deleting existing file that was the wrong size");
[INFO] [stdout]     | |____________________________________________________________________________^ the trait `tracing::Value` is not implemented for `valuable::Value<'_>`
[INFO] [stdout]     |
[INFO] [stdout]     = help: the following other types implement trait `tracing::Value`:
[INFO] [stdout]               bool
[INFO] [stdout]               isize
[INFO] [stdout]               i8
[INFO] [stdout]               i16
[INFO] [stdout]               i32
[INFO] [stdout]               i64
[INFO] [stdout]               i128
[INFO] [stdout]               usize
[INFO] [stdout]             and 34 others
[INFO] [stdout]     = note: required for the cast from `&valuable::Value<'_>` to `&dyn tracing::Value`
[INFO] [stdout]     = note: this error originates in the macro `$crate::valueset` which comes from the expansion of the macro `tracing::warn` (in Nightly builds, run with -Z macro-backtrace for more info)
[INFO] [stdout] 
[INFO] [stdout] 
[INFO] [stdout] error[E0277]: the trait bound `valuable::Value<'_>: tracing::Value` is not satisfied
[INFO] [stdout]    --> /opt/rustwide/cargo-home/registry/src/index.crates.io-6f17d22bba15001f/wikimedia-0.1.1/src/dump/download.rs:549:13
[INFO] [stdout]     |
[INFO] [stdout] 549 | /             tracing::warn!(path = %path.display(),
[INFO] [stdout] 550 | |                            existing_len = existing_len.as_value(),
[INFO] [stdout] 551 | |                            expected_len = expected_len.as_value(),
[INFO] [stdout] 552 | |                            url,
[INFO] [stdout] 553 | |                            "Deleting existing file that was the wrong size");
[INFO] [stdout]     | |____________________________________________________________________________^ the trait `tracing::Value` is not implemented for `valuable::Value<'_>`
[INFO] [stdout]     |
[INFO] [stdout]     = help: the following other types implement trait `tracing::Value`:
[INFO] [stdout]               bool
[INFO] [stdout]               isize
[INFO] [stdout]               i8
[INFO] [stdout]               i16
[INFO] [stdout]               i32
[INFO] [stdout]               i64
[INFO] [stdout]               i128
[INFO] [stdout]               usize
[INFO] [stdout]             and 34 others
[INFO] [stdout]     = note: required for the cast from `&valuable::Value<'_>` to `&dyn tracing::Value`
[INFO] [stdout]     = note: this error originates in the macro `$crate::valueset` which comes from the expansion of the macro `tracing::warn` (in Nightly builds, run with -Z macro-backtrace for more info)
[INFO] [stdout] 
[INFO] [stdout] 
[INFO] [stdout] error[E0277]: the trait bound `valuable::Value<'_>: tracing::Value` is not satisfied
[INFO] [stdout]    --> /opt/rustwide/cargo-home/registry/src/index.crates.io-6f17d22bba15001f/wikimedia-0.1.1/src/dump/download.rs:549:13
[INFO] [stdout]     |
[INFO] [stdout] 549 | /             tracing::warn!(path = %path.display(),
[INFO] [stdout] 550 | |                            existing_len = existing_len.as_value(),
[INFO] [stdout] 551 | |                            expected_len = expected_len.as_value(),
[INFO] [stdout] 552 | |                            url,
[INFO] [stdout] 553 | |                            "Deleting existing file that was the wrong size");
[INFO] [stdout]     | |____________________________________________________________________________^ the trait `tracing::Value` is not implemented for `valuable::Value<'_>`
[INFO] [stdout]     |
[INFO] [stdout]     = help: the following other types implement trait `tracing::Value`:
[INFO] [stdout]               bool
[INFO] [stdout]               isize
[INFO] [stdout]               i8
[INFO] [stdout]               i16
[INFO] [stdout]               i32
[INFO] [stdout]               i64
[INFO] [stdout]               i128
[INFO] [stdout]               usize
[INFO] [stdout]             and 34 others
[INFO] [stdout]     = note: required for the cast from `&valuable::Value<'_>` to `&dyn tracing::Value`
[INFO] [stdout]     = note: this error originates in the macro `$crate::valueset` which comes from the expansion of the macro `tracing::warn` (in Nightly builds, run with -Z macro-backtrace for more info)
[INFO] [stdout] 
[INFO] [stdout] 
[INFO] [stdout] error[E0277]: the trait bound `valuable::Value<'_>: tracing::Value` is not satisfied
[INFO] [stdout]    --> /opt/rustwide/cargo-home/registry/src/index.crates.io-6f17d22bba15001f/wikimedia-0.1.1/src/dump/download.rs:594:13
[INFO] [stdout]     |
[INFO] [stdout] 594 | /             tracing::warn!(file_len = expected_len.as_value(),
[INFO] [stdout] 595 | |                            file_path = %path.display(),
[INFO] [stdout] 596 | |                            %existing_sha1,
[INFO] [stdout] 597 | |                            expected_sha1,
[INFO] [stdout] 598 | |                            url,
[INFO] [stdout] 599 | |                            "Existing file bad: file size correct but SHA1 hash \
[INFO] [stdout] 600 | |                             was wrong. Deleting existing file.");
[INFO] [stdout]     | |________________________________________________________________^ the trait `tracing::Value` is not implemented for `valuable::Value<'_>`
[INFO] [stdout]     |
[INFO] [stdout]     = help: the following other types implement trait `tracing::Value`:
[INFO] [stdout]               bool
[INFO] [stdout]               isize
[INFO] [stdout]               i8
[INFO] [stdout]               i16
[INFO] [stdout]               i32
[INFO] [stdout]               i64
[INFO] [stdout]               i128
[INFO] [stdout]               usize
[INFO] [stdout]             and 34 others
[INFO] [stdout]     = note: required for the cast from `&valuable::Value<'_>` to `&dyn tracing::Value`
[INFO] [stdout]     = note: this error originates in the macro `$crate::valueset` which comes from the expansion of the macro `tracing::warn` (in Nightly builds, run with -Z macro-backtrace for more info)
[INFO] [stdout] 
[INFO] [stdout] 
[INFO] [stdout] error[E0277]: the trait bound `valuable::Value<'_>: tracing::Value` is not satisfied
[INFO] [stdout]    --> /opt/rustwide/cargo-home/registry/src/index.crates.io-6f17d22bba15001f/wikimedia-0.1.1/src/dump/download.rs:594:13
[INFO] [stdout]     |
[INFO] [stdout] 594 | /             tracing::warn!(file_len = expected_len.as_value(),
[INFO] [stdout] 595 | |                            file_path = %path.display(),
[INFO] [stdout] 596 | |                            %existing_sha1,
[INFO] [stdout] 597 | |                            expected_sha1,
[INFO] [stdout] 598 | |                            url,
[INFO] [stdout] 599 | |                            "Existing file bad: file size correct but SHA1 hash \
[INFO] [stdout] 600 | |                             was wrong. Deleting existing file.");
[INFO] [stdout]     | |________________________________________________________________^ the trait `tracing::Value` is not implemented for `valuable::Value<'_>`
[INFO] [stdout]     |
[INFO] [stdout]     = help: the following other types implement trait `tracing::Value`:
[INFO] [stdout]               bool
[INFO] [stdout]               isize
[INFO] [stdout]               i8
[INFO] [stdout]               i16
[INFO] [stdout]               i32
[INFO] [stdout]               i64
[INFO] [stdout]               i128
[INFO] [stdout]               usize
[INFO] [stdout]             and 34 others
[INFO] [stdout]     = note: required for the cast from `&valuable::Value<'_>` to `&dyn tracing::Value`
[INFO] [stdout]     = note: this error originates in the macro `$crate::valueset` which comes from the expansion of the macro `tracing::warn` (in Nightly builds, run with -Z macro-backtrace for more info)
[INFO] [stdout] 
[INFO] [stdout] 
[INFO] [stderr]    Compiling gethostname v0.2.3
[INFO] [stdout] error[E0277]: the trait bound `valuable::Value<'_>: tracing::Value` is not satisfied
[INFO] [stdout]    --> /opt/rustwide/cargo-home/registry/src/index.crates.io-6f17d22bba15001f/wikimedia-0.1.1/src/http.rs:191:9
[INFO] [stdout]     |
[INFO] [stdout] 191 | /         tracing::debug!(url = %url.clone(),
[INFO] [stdout] 192 | |                         method = %method.clone(),
[INFO] [stdout] 193 | |                         response_code = download_res_code.as_value(),
[INFO] [stdout] 194 | |                         "http::download_file() response HTTP status");
[INFO] [stdout]     | |_____________________________________________________________________^ the trait `tracing::Value` is not implemented for `valuable::Value<'_>`
[INFO] [stdout]     |
[INFO] [stdout]     = help: the following other types implement trait `tracing::Value`:
[INFO] [stdout]               bool
[INFO] [stdout]               isize
[INFO] [stdout]               i8
[INFO] [stdout]               i16
[INFO] [stdout]               i32
[INFO] [stdout]               i64
[INFO] [stdout]               i128
[INFO] [stdout]               usize
[INFO] [stdout]             and 34 others
[INFO] [stdout]     = note: required for the cast from `&valuable::Value<'_>` to `&dyn tracing::Value`
[INFO] [stdout]     = note: this error originates in the macro `$crate::valueset` which comes from the expansion of the macro `tracing::debug` (in Nightly builds, run with -Z macro-backtrace for more info)
[INFO] [stdout] 
[INFO] [stdout] 
[INFO] [stderr]    Compiling http-range-header v0.3.0
[INFO] [stdout] error[E0277]: the trait bound `valuable::Value<'_>: tracing::Value` is not satisfied
[INFO] [stdout]    --> /opt/rustwide/cargo-home/registry/src/index.crates.io-6f17d22bba15001f/wikimedia-0.1.1/src/http.rs:191:9
[INFO] [stdout]     |
[INFO] [stdout] 191 | /         tracing::debug!(url = %url.clone(),
[INFO] [stdout] 192 | |                         method = %method.clone(),
[INFO] [stdout] 193 | |                         response_code = download_res_code.as_value(),
[INFO] [stdout] 194 | |                         "http::download_file() response HTTP status");
[INFO] [stdout]     | |_____________________________________________________________________^ the trait `tracing::Value` is not implemented for `valuable::Value<'_>`
[INFO] [stdout]     |
[INFO] [stdout]     = help: the following other types implement trait `tracing::Value`:
[INFO] [stdout]               bool
[INFO] [stdout]               isize
[INFO] [stdout]               i8
[INFO] [stdout]               i16
[INFO] [stdout]               i32
[INFO] [stdout]               i64
[INFO] [stdout]               i128
[INFO] [stdout]               usize
[INFO] [stdout]             and 34 others
[INFO] [stdout]     = note: required for the cast from `&valuable::Value<'_>` to `&dyn tracing::Value`
[INFO] [stdout]     = note: this error originates in the macro `$crate::valueset` which comes from the expansion of the macro `tracing::debug` (in Nightly builds, run with -Z macro-backtrace for more info)
[INFO] [stdout] 
[INFO] [stdout] 
[INFO] [stdout] error[E0277]: the trait bound `valuable::Value<'_>: tracing::Value` is not satisfied
[INFO] [stdout]    --> /opt/rustwide/cargo-home/registry/src/index.crates.io-6f17d22bba15001f/wikimedia-0.1.1/src/http.rs:243:9
[INFO] [stdout]     |
[INFO] [stdout] 243 | /         tracing::debug!(url = %url.clone(),
[INFO] [stdout] 244 | |                         method = %method.clone(),
[INFO] [stdout] 245 | |                         res = res.as_value(),
[INFO] [stdout] 246 | |                         "http::download_file() done");
[INFO] [stdout]     | |_____________________________________________________^ the trait `tracing::Value` is not implemented for `valuable::Value<'_>`
[INFO] [stdout]     |
[INFO] [stdout]     = help: the following other types implement trait `tracing::Value`:
[INFO] [stdout]               bool
[INFO] [stdout]               isize
[INFO] [stdout]               i8
[INFO] [stdout]               i16
[INFO] [stdout]               i32
[INFO] [stdout]               i64
[INFO] [stdout]               i128
[INFO] [stdout]               usize
[INFO] [stdout]             and 34 others
[INFO] [stdout]     = note: required for the cast from `&valuable::Value<'_>` to `&dyn tracing::Value`
[INFO] [stdout]     = note: this error originates in the macro `$crate::valueset` which comes from the expansion of the macro `tracing::debug` (in Nightly builds, run with -Z macro-backtrace for more info)
[INFO] [stdout] 
[INFO] [stdout] 
[INFO] [stdout] error[E0277]: the trait bound `valuable::Value<'_>: tracing::Value` is not satisfied
[INFO] [stdout]    --> /opt/rustwide/cargo-home/registry/src/index.crates.io-6f17d22bba15001f/wikimedia-0.1.1/src/http.rs:243:9
[INFO] [stdout]     |
[INFO] [stdout] 243 | /         tracing::debug!(url = %url.clone(),
[INFO] [stdout] 244 | |                         method = %method.clone(),
[INFO] [stdout] 245 | |                         res = res.as_value(),
[INFO] [stdout] 246 | |                         "http::download_file() done");
[INFO] [stdout]     | |_____________________________________________________^ the trait `tracing::Value` is not implemented for `valuable::Value<'_>`
[INFO] [stdout]     |
[INFO] [stdout]     = help: the following other types implement trait `tracing::Value`:
[INFO] [stdout]               bool
[INFO] [stdout]               isize
[INFO] [stdout]               i8
[INFO] [stdout]               i16
[INFO] [stdout]               i32
[INFO] [stdout]               i64
[INFO] [stdout]               i128
[INFO] [stdout]               usize
[INFO] [stdout]             and 34 others
[INFO] [stdout]     = note: required for the cast from `&valuable::Value<'_>` to `&dyn tracing::Value`
[INFO] [stdout]     = note: this error originates in the macro `$crate::valueset` which comes from the expansion of the macro `tracing::debug` (in Nightly builds, run with -Z macro-backtrace for more info)
[INFO] [stdout] 
[INFO] [stdout] 
[INFO] [stderr]    Compiling pathdiff v0.2.1
[INFO] [stderr]    Compiling matchit v0.7.0
[INFO] [stderr]    Compiling capnp v0.16.1
[INFO] [stdout] error[E0277]: the trait bound `valuable::Value<'_>: tracing::Value` is not satisfied
[INFO] [stdout]    --> /opt/rustwide/cargo-home/registry/src/index.crates.io-6f17d22bba15001f/wikimedia-0.1.1/src/dump/local.rs:190:9
[INFO] [stdout]     |
[INFO] [stdout] 190 | /         tracing::debug!(files_total_len = files_total_len.as_value(),
[INFO] [stdout] 191 | |                         file_count = file_specs.len(),
[INFO] [stdout] 192 | |                         "job dir files opened");
[INFO] [stdout]     | |_______________________________________________^ the trait `tracing::Value` is not implemented for `valuable::Value<'_>`
[INFO] [stdout]     |
[INFO] [stdout]     = help: the following other types implement trait `tracing::Value`:
[INFO] [stdout]               bool
[INFO] [stdout]               isize
[INFO] [stdout]               i8
[INFO] [stdout]               i16
[INFO] [stdout]               i32
[INFO] [stdout]               i64
[INFO] [stdout]               i128
[INFO] [stdout]               usize
[INFO] [stdout]             and 34 others
[INFO] [stdout]     = note: required for the cast from `&valuable::Value<'_>` to `&dyn tracing::Value`
[INFO] [stdout]     = note: this error originates in the macro `$crate::valueset` which comes from the expansion of the macro `tracing::debug` (in Nightly builds, run with -Z macro-backtrace for more info)
[INFO] [stdout] 
[INFO] [stdout] 
[INFO] [stdout] error[E0277]: the trait bound `valuable::Value<'_>: tracing::Value` is not satisfied
[INFO] [stdout]    --> /opt/rustwide/cargo-home/registry/src/index.crates.io-6f17d22bba15001f/wikimedia-0.1.1/src/dump/local.rs:190:9
[INFO] [stdout]     |
[INFO] [stdout] 190 | /         tracing::debug!(files_total_len = files_total_len.as_value(),
[INFO] [stdout] 191 | |                         file_count = file_specs.len(),
[INFO] [stdout] 192 | |                         "job dir files opened");
[INFO] [stdout]     | |_______________________________________________^ the trait `tracing::Value` is not implemented for `valuable::Value<'_>`
[INFO] [stdout]     |
[INFO] [stdout]     = help: the following other types implement trait `tracing::Value`:
[INFO] [stdout]               bool
[INFO] [stdout]               isize
[INFO] [stdout]               i8
[INFO] [stdout]               i16
[INFO] [stdout]               i32
[INFO] [stdout]               i64
[INFO] [stdout]               i128
[INFO] [stdout]               usize
[INFO] [stdout]             and 34 others
[INFO] [stdout]     = note: required for the cast from `&valuable::Value<'_>` to `&dyn tracing::Value`
[INFO] [stdout]     = note: this error originates in the macro `$crate::valueset` which comes from the expansion of the macro `tracing::debug` (in Nightly builds, run with -Z macro-backtrace for more info)
[INFO] [stdout] 
[INFO] [stdout] 
[INFO] [stderr]    Compiling sync_wrapper v0.1.2
[INFO] [stderr]    Compiling open v4.0.1
[INFO] [stdout] error: aborting due to 35 previous errors
[INFO] [stdout] 
[INFO] [stdout] 
[INFO] [stdout] Some errors have detailed explanations: E0277, E0554.
[INFO] [stdout] 
[INFO] [stdout] For more information about an error, try `rustc --explain E0277`.
[INFO] [stdout] 
[INFO] [stderr] error: could not compile `wikimedia` (lib) due to 36 previous errors
[INFO] [stderr] warning: build failed, waiting for other jobs to finish...
[INFO] running `Command { std: "docker" "inspect" "7c926b67decd959e8293dac2ee251cca280df0069953f5add5a1d37bbbd1fefb", kill_on_drop: false }`
[INFO] running `Command { std: "docker" "rm" "-f" "7c926b67decd959e8293dac2ee251cca280df0069953f5add5a1d37bbbd1fefb", kill_on_drop: false }`
[INFO] [stdout] 7c926b67decd959e8293dac2ee251cca280df0069953f5add5a1d37bbbd1fefb
