[INFO] fetching crate wiard 0.1.1...
[INFO] testing wiard-0.1.1 against 1.75.0 for beta-1.76-1
[INFO] extracting crate wiard 0.1.1 into /workspace/builds/worker-7-tc1/source
[INFO] validating manifest of crates.io crate wiard 0.1.1 on toolchain 1.75.0
[INFO] running `Command { std: CARGO_HOME="/workspace/cargo-home" RUSTUP_HOME="/workspace/rustup-home" "/workspace/cargo-home/bin/cargo" "+1.75.0" "metadata" "--manifest-path" "Cargo.toml" "--no-deps", kill_on_drop: false }`
[INFO] started tweaking crates.io crate wiard 0.1.1
[INFO] finished tweaking crates.io crate wiard 0.1.1
[INFO] tweaked toml for crates.io crate wiard 0.1.1 written to /workspace/builds/worker-7-tc1/source/Cargo.toml
[INFO] crate crates.io crate wiard 0.1.1 already has a lockfile, it will not be regenerated
[INFO] running `Command { std: CARGO_HOME="/workspace/cargo-home" RUSTUP_HOME="/workspace/rustup-home" "/workspace/cargo-home/bin/cargo" "+1.75.0" "fetch" "--manifest-path" "Cargo.toml", kill_on_drop: false }`
[INFO] running `Command { std: "docker" "create" "-v" "/var/lib/crater-agent-workspace/builds/worker-7-tc1/target:/opt/rustwide/target:rw,Z" "-v" "/var/lib/crater-agent-workspace/builds/worker-7-tc1/source:/opt/rustwide/workdir:ro,Z" "-v" "/var/lib/crater-agent-workspace/cargo-home:/opt/rustwide/cargo-home:ro,Z" "-v" "/var/lib/crater-agent-workspace/rustup-home:/opt/rustwide/rustup-home:ro,Z" "-e" "SOURCE_DIR=/opt/rustwide/workdir" "-e" "CARGO_TARGET_DIR=/opt/rustwide/target" "-e" "CARGO_HOME=/opt/rustwide/cargo-home" "-e" "RUSTUP_HOME=/opt/rustwide/rustup-home" "-w" "/opt/rustwide/workdir" "-m" "1610612736" "--user" "0:0" "--network" "none" "ghcr.io/rust-lang/crates-build-env/linux@sha256:2788e3201cd34a07e3172128adcd8b3090168a8e3bcc40d7c032b9dda1df7d1c" "/opt/rustwide/cargo-home/bin/cargo" "+1.75.0" "metadata" "--no-deps" "--format-version=1", kill_on_drop: false }`
[INFO] [stdout] 009f9492c52a52bc95a6287d99b49e6ef6467adb749dbab5594072a71a67813b
[INFO] running `Command { std: "docker" "start" "-a" "009f9492c52a52bc95a6287d99b49e6ef6467adb749dbab5594072a71a67813b", kill_on_drop: false }`
[INFO] running `Command { std: "docker" "inspect" "009f9492c52a52bc95a6287d99b49e6ef6467adb749dbab5594072a71a67813b", kill_on_drop: false }`
[INFO] running `Command { std: "docker" "rm" "-f" "009f9492c52a52bc95a6287d99b49e6ef6467adb749dbab5594072a71a67813b", kill_on_drop: false }`
[INFO] [stdout] 009f9492c52a52bc95a6287d99b49e6ef6467adb749dbab5594072a71a67813b
[INFO] running `Command { std: "docker" "create" "-v" "/var/lib/crater-agent-workspace/builds/worker-7-tc1/target:/opt/rustwide/target:rw,Z" "-v" "/var/lib/crater-agent-workspace/builds/worker-7-tc1/source:/opt/rustwide/workdir:ro,Z" "-v" "/var/lib/crater-agent-workspace/cargo-home:/opt/rustwide/cargo-home:ro,Z" "-v" "/var/lib/crater-agent-workspace/rustup-home:/opt/rustwide/rustup-home:ro,Z" "-e" "SOURCE_DIR=/opt/rustwide/workdir" "-e" "CARGO_TARGET_DIR=/opt/rustwide/target" "-e" "CARGO_INCREMENTAL=0" "-e" "RUST_BACKTRACE=full" "-e" "RUSTFLAGS=--cap-lints=warn" "-e" "RUSTDOCFLAGS=--cap-lints=warn" "-e" "CARGO_HOME=/opt/rustwide/cargo-home" "-e" "RUSTUP_HOME=/opt/rustwide/rustup-home" "-w" "/opt/rustwide/workdir" "-m" "1610612736" "--user" "0:0" "--network" "none" "ghcr.io/rust-lang/crates-build-env/linux@sha256:2788e3201cd34a07e3172128adcd8b3090168a8e3bcc40d7c032b9dda1df7d1c" "/opt/rustwide/cargo-home/bin/cargo" "+1.75.0" "build" "--frozen" "--message-format=json", kill_on_drop: false }`
[INFO] [stdout] 9d77785a60a0a0d005b3c033a48638b77f98bf4b82f61d2d5d97614565e8b545
[INFO] running `Command { std: "docker" "start" "-a" "9d77785a60a0a0d005b3c033a48638b77f98bf4b82f61d2d5d97614565e8b545", kill_on_drop: false }`
[INFO] [stderr]    Compiling proc-macro2 v1.0.69
[INFO] [stderr]    Compiling num-traits v0.2.17
[INFO] [stderr]    Compiling libc v0.2.150
[INFO] [stderr]    Compiling memchr v2.6.4
[INFO] [stderr]    Compiling serde v1.0.192
[INFO] [stderr]    Compiling windows_x86_64_gnu v0.52.0
[INFO] [stderr]    Compiling num-bigint v0.4.4
[INFO] [stderr]    Compiling rustix v0.38.24
[INFO] [stderr]    Compiling num-iter v0.1.43
[INFO] [stderr]    Compiling num-rational v0.4.1
[INFO] [stderr]    Compiling gimli v0.28.0
[INFO] [stderr]    Compiling linux-raw-sys v0.4.11
[INFO] [stderr]    Compiling aho-corasick v1.1.2
[INFO] [stderr]    Compiling quote v1.0.33
[INFO] [stderr]    Compiling syn v2.0.39
[INFO] [stderr]    Compiling cc v1.0.83
[INFO] [stderr]    Compiling object v0.32.1
[INFO] [stderr]    Compiling num-integer v0.1.45
[INFO] [stderr]    Compiling regex-automata v0.4.3
[INFO] [stderr]    Compiling miniz_oxide v0.7.1
[INFO] [stderr]    Compiling backtrace v0.3.69
[INFO] [stderr]    Compiling windows-targets v0.52.0
[INFO] [stderr]    Compiling anyhow v1.0.75
[INFO] [stderr]    Compiling addr2line v0.21.0
[INFO] [stderr]    Compiling thiserror v1.0.50
[INFO] [stderr]    Compiling windows-core v0.52.0
[INFO] [stderr]    Compiling num-complex v0.4.4
[INFO] [stderr]    Compiling is-terminal v0.4.9
[INFO] [stderr]    Compiling tokio v1.34.0
[INFO] [stderr]    Compiling raw-window-handle v0.6.0
[INFO] [stderr]    Compiling regex v1.10.2
[INFO] [stderr]    Compiling num v0.4.1
[INFO] [stderr]    Compiling env_logger v0.10.1
[INFO] [stderr]    Compiling windows-implement v0.52.0
[INFO] [stderr]    Compiling thiserror-impl v1.0.50
[INFO] [stderr]    Compiling windows-interface v0.52.0
[INFO] [stderr]    Compiling windows v0.52.0
[INFO] [stderr]    Compiling wiard v0.1.1 (/opt/rustwide/workdir)
[INFO] [stdout] error[E0433]: failed to resolve: could not find `windows` in `os`
[INFO] [stdout]  --> src/ui_thread.rs:3:14
[INFO] [stdout]   |
[INFO] [stdout] 3 | use std::os::windows::prelude::*;
[INFO] [stdout]   |              ^^^^^^^ could not find `windows` in `os`
[INFO] [stdout] 
[INFO] [stdout] 
[INFO] [stderr] error: could not compile `windows` (lib)
[INFO] [stderr] 
[INFO] [stderr] Caused by:
[INFO] [stderr]   process didn't exit successfully: `/opt/rustwide/rustup-home/toolchains/1.75.0-x86_64-unknown-linux-gnu/bin/rustc --crate-name windows --edition=2021 /opt/rustwide/cargo-home/registry/src/index.crates.io-6f17d22bba15001f/windows-0.52.0/src/lib.rs --error-format=json --json=diagnostic-rendered-ansi,artifacts,future-incompat --crate-type lib --emit=dep-info,metadata,link -C embed-bitcode=no -C debuginfo=2 --cfg 'feature="Win32"' --cfg 'feature="Win32_Foundation"' --cfg 'feature="Win32_Globalization"' --cfg 'feature="Win32_Graphics"' --cfg 'feature="Win32_Graphics_Dwm"' --cfg 'feature="Win32_Graphics_Gdi"' --cfg 'feature="Win32_Storage"' --cfg 'feature="Win32_Storage_FileSystem"' --cfg 'feature="Win32_System"' --cfg 'feature="Win32_System_Com"' --cfg 'feature="Win32_System_LibraryLoader"' --cfg 'feature="Win32_System_Registry"' --cfg 'feature="Win32_System_Threading"' --cfg 'feature="Win32_System_WindowsProgramming"' --cfg 'feature="Win32_UI"' --cfg 'feature="Win32_UI_Controls"' --cfg 'feature="Win32_UI_HiDpi"' --cfg 'feature="Win32_UI_Input"' --cfg 'feature="Win32_UI_Input_Ime"' --cfg 'feature="Win32_UI_Input_KeyboardAndMouse"' --cfg 'feature="Win32_UI_Shell"' --cfg 'feature="Win32_UI_Shell_Common"' --cfg 'feature="Win32_UI_TextServices"' --cfg 'feature="Win32_UI_WindowsAndMessaging"' --cfg 'feature="default"' --cfg 'feature="implement"' --cfg 'feature="windows-implement"' --cfg 'feature="windows-interface"' -C metadata=dacbef46c1a9f1a6 -C extra-filename=-dacbef46c1a9f1a6 --out-dir /opt/rustwide/target/debug/deps -L dependency=/opt/rustwide/target/debug/deps --extern windows_core=/opt/rustwide/target/debug/deps/libwindows_core-a814868d8da17f24.rmeta --extern windows_implement=/opt/rustwide/target/debug/deps/libwindows_implement-a72e42405e26ad91.so --extern windows_interface=/opt/rustwide/target/debug/deps/libwindows_interface-d4312024384900a9.so --extern windows_targets=/opt/rustwide/target/debug/deps/libwindows_targets-800eda22f44b5878.rmeta --cap-lints allow --cap-lints=warn` (signal: 9, SIGKILL: kill)
[INFO] [stderr] warning: build failed, waiting for other jobs to finish...
[INFO] [stdout] error[E0599]: no method named `as_raw_handle` found for reference `&JoinHandle<u32>` in the current scope
[INFO] [stdout]   --> src/ui_thread.rs:99:67
[INFO] [stdout]    |
[INFO] [stdout] 99 |             let th = GetThreadId(HANDLE(self.th.as_ref().unwrap().as_raw_handle() as isize));
[INFO] [stdout]    |                                                                   ^^^^^^^^^^^^^ method not found in `&JoinHandle<u32>`
[INFO] [stdout] 
[INFO] [stdout] 
[INFO] [stdout] error: aborting due to 2 previous errors
[INFO] [stdout] 
[INFO] [stdout] 
[INFO] [stdout] Some errors have detailed explanations: E0433, E0599.
[INFO] [stdout] 
[INFO] [stdout] For more information about an error, try `rustc --explain E0433`.
[INFO] [stdout] 
[INFO] [stderr] error: could not compile `wiard` (lib) due to 3 previous errors
[INFO] running `Command { std: "docker" "inspect" "9d77785a60a0a0d005b3c033a48638b77f98bf4b82f61d2d5d97614565e8b545", kill_on_drop: false }`
[INFO] running `Command { std: "docker" "rm" "-f" "9d77785a60a0a0d005b3c033a48638b77f98bf4b82f61d2d5d97614565e8b545", kill_on_drop: false }`
[INFO] [stdout] 9d77785a60a0a0d005b3c033a48638b77f98bf4b82f61d2d5d97614565e8b545
[INFO] testing wiard-0.1.1 against beta-2023-12-22 for beta-1.76-1
[INFO] extracting crate wiard 0.1.1 into /workspace/builds/worker-7-tc2/source
[INFO] validating manifest of crates.io crate wiard 0.1.1 on toolchain beta-2023-12-22
[INFO] running `Command { std: CARGO_HOME="/workspace/cargo-home" RUSTUP_HOME="/workspace/rustup-home" "/workspace/cargo-home/bin/cargo" "+beta-2023-12-22" "metadata" "--manifest-path" "Cargo.toml" "--no-deps", kill_on_drop: false }`
[INFO] started tweaking crates.io crate wiard 0.1.1
[INFO] finished tweaking crates.io crate wiard 0.1.1
[INFO] tweaked toml for crates.io crate wiard 0.1.1 written to /workspace/builds/worker-7-tc2/source/Cargo.toml
[INFO] crate crates.io crate wiard 0.1.1 already has a lockfile, it will not be regenerated
[INFO] running `Command { std: CARGO_HOME="/workspace/cargo-home" RUSTUP_HOME="/workspace/rustup-home" "/workspace/cargo-home/bin/cargo" "+beta-2023-12-22" "fetch" "--manifest-path" "Cargo.toml", kill_on_drop: false }`
[INFO] running `Command { std: "docker" "create" "-v" "/var/lib/crater-agent-workspace/builds/worker-7-tc2/target:/opt/rustwide/target:rw,Z" "-v" "/var/lib/crater-agent-workspace/builds/worker-7-tc2/source:/opt/rustwide/workdir:ro,Z" "-v" "/var/lib/crater-agent-workspace/cargo-home:/opt/rustwide/cargo-home:ro,Z" "-v" "/var/lib/crater-agent-workspace/rustup-home:/opt/rustwide/rustup-home:ro,Z" "-e" "SOURCE_DIR=/opt/rustwide/workdir" "-e" "CARGO_TARGET_DIR=/opt/rustwide/target" "-e" "CARGO_HOME=/opt/rustwide/cargo-home" "-e" "RUSTUP_HOME=/opt/rustwide/rustup-home" "-w" "/opt/rustwide/workdir" "-m" "1610612736" "--user" "0:0" "--network" "none" "ghcr.io/rust-lang/crates-build-env/linux@sha256:2788e3201cd34a07e3172128adcd8b3090168a8e3bcc40d7c032b9dda1df7d1c" "/opt/rustwide/cargo-home/bin/cargo" "+beta-2023-12-22" "metadata" "--no-deps" "--format-version=1", kill_on_drop: false }`
[INFO] [stdout] 1a18c318afc2d55201fa77651e2ae34e1bb929684b437f85b70642ec45aa3715
[INFO] running `Command { std: "docker" "start" "-a" "1a18c318afc2d55201fa77651e2ae34e1bb929684b437f85b70642ec45aa3715", kill_on_drop: false }`
[INFO] running `Command { std: "docker" "inspect" "1a18c318afc2d55201fa77651e2ae34e1bb929684b437f85b70642ec45aa3715", kill_on_drop: false }`
[INFO] running `Command { std: "docker" "rm" "-f" "1a18c318afc2d55201fa77651e2ae34e1bb929684b437f85b70642ec45aa3715", kill_on_drop: false }`
[INFO] [stdout] 1a18c318afc2d55201fa77651e2ae34e1bb929684b437f85b70642ec45aa3715
[INFO] running `Command { std: "docker" "create" "-v" "/var/lib/crater-agent-workspace/builds/worker-7-tc2/target:/opt/rustwide/target:rw,Z" "-v" "/var/lib/crater-agent-workspace/builds/worker-7-tc2/source:/opt/rustwide/workdir:ro,Z" "-v" "/var/lib/crater-agent-workspace/cargo-home:/opt/rustwide/cargo-home:ro,Z" "-v" "/var/lib/crater-agent-workspace/rustup-home:/opt/rustwide/rustup-home:ro,Z" "-e" "SOURCE_DIR=/opt/rustwide/workdir" "-e" "CARGO_TARGET_DIR=/opt/rustwide/target" "-e" "CARGO_INCREMENTAL=0" "-e" "RUST_BACKTRACE=full" "-e" "RUSTFLAGS=--cap-lints=warn" "-e" "RUSTDOCFLAGS=--cap-lints=warn" "-e" "CARGO_HOME=/opt/rustwide/cargo-home" "-e" "RUSTUP_HOME=/opt/rustwide/rustup-home" "-w" "/opt/rustwide/workdir" "-m" "1610612736" "--user" "0:0" "--network" "none" "ghcr.io/rust-lang/crates-build-env/linux@sha256:2788e3201cd34a07e3172128adcd8b3090168a8e3bcc40d7c032b9dda1df7d1c" "/opt/rustwide/cargo-home/bin/cargo" "+beta-2023-12-22" "build" "--frozen" "--message-format=json", kill_on_drop: false }`
[INFO] [stdout] ae44a9847122b9f6130dd38b540f9d4f479693ef461a65d47021b0fe55500e73
[INFO] running `Command { std: "docker" "start" "-a" "ae44a9847122b9f6130dd38b540f9d4f479693ef461a65d47021b0fe55500e73", kill_on_drop: false }`
[INFO] [stderr]    Compiling proc-macro2 v1.0.69
[INFO] [stderr]    Compiling num-traits v0.2.17
[INFO] [stderr]    Compiling libc v0.2.150
[INFO] [stderr]    Compiling memchr v2.6.4
[INFO] [stderr]    Compiling serde v1.0.192
[INFO] [stderr]    Compiling windows_x86_64_gnu v0.52.0
[INFO] [stderr]    Compiling num-bigint v0.4.4
[INFO] [stderr]    Compiling rustix v0.38.24
[INFO] [stderr]    Compiling num-rational v0.4.1
[INFO] [stderr]    Compiling num-iter v0.1.43
[INFO] [stderr]    Compiling aho-corasick v1.1.2
[INFO] [stderr]    Compiling gimli v0.28.0
[INFO] [stderr]    Compiling linux-raw-sys v0.4.11
[INFO] [stderr]    Compiling quote v1.0.33
[INFO] [stderr]    Compiling cc v1.0.83
[INFO] [stderr]    Compiling miniz_oxide v0.7.1
[INFO] [stderr]    Compiling syn v2.0.39
[INFO] [stderr]    Compiling num-integer v0.1.45
[INFO] [stderr]    Compiling regex-automata v0.4.3
[INFO] [stderr]    Compiling object v0.32.1
[INFO] [stderr]    Compiling windows-targets v0.52.0
[INFO] [stderr]    Compiling anyhow v1.0.75
[INFO] [stderr]    Compiling backtrace v0.3.69
[INFO] [stderr]    Compiling rustc-demangle v0.1.23
[INFO] [stderr]    Compiling thiserror v1.0.50
[INFO] [stderr]    Compiling addr2line v0.21.0
[INFO] [stderr]    Compiling num-complex v0.4.4
[INFO] [stderr]    Compiling windows-core v0.52.0
[INFO] [stderr]    Compiling is-terminal v0.4.9
[INFO] [stderr]    Compiling tokio v1.34.0
[INFO] [stderr]    Compiling regex v1.10.2
[INFO] [stderr]    Compiling env_logger v0.10.1
[INFO] [stderr]    Compiling num v0.4.1
[INFO] [stderr]    Compiling raw-window-handle v0.6.0
[INFO] [stderr]    Compiling windows-interface v0.52.0
[INFO] [stderr]    Compiling thiserror-impl v1.0.50
[INFO] [stderr]    Compiling windows-implement v0.52.0
[INFO] [stderr]    Compiling windows v0.52.0
[INFO] [stderr]    Compiling wiard v0.1.1 (/opt/rustwide/workdir)
[INFO] [stdout] error[E0433]: failed to resolve: could not find `windows` in `os`
[INFO] [stdout]  --> src/ui_thread.rs:3:14
[INFO] [stdout]   |
[INFO] [stdout] 3 | use std::os::windows::prelude::*;
[INFO] [stdout]   |              ^^^^^^^ could not find `windows` in `os`
[INFO] [stdout] 
[INFO] [stdout] 
[INFO] [stderr] error: could not compile `windows` (lib)
[INFO] [stderr] 
[INFO] [stderr] Caused by:
[INFO] [stderr]   process didn't exit successfully: `/opt/rustwide/rustup-home/toolchains/beta-2023-12-22-x86_64-unknown-linux-gnu/bin/rustc --crate-name windows --edition=2021 /opt/rustwide/cargo-home/registry/src/index.crates.io-6f17d22bba15001f/windows-0.52.0/src/lib.rs --error-format=json --json=diagnostic-rendered-ansi,artifacts,future-incompat --crate-type lib --emit=dep-info,metadata,link -C embed-bitcode=no -C debuginfo=2 --cfg 'feature="Win32"' --cfg 'feature="Win32_Foundation"' --cfg 'feature="Win32_Globalization"' --cfg 'feature="Win32_Graphics"' --cfg 'feature="Win32_Graphics_Dwm"' --cfg 'feature="Win32_Graphics_Gdi"' --cfg 'feature="Win32_Storage"' --cfg 'feature="Win32_Storage_FileSystem"' --cfg 'feature="Win32_System"' --cfg 'feature="Win32_System_Com"' --cfg 'feature="Win32_System_LibraryLoader"' --cfg 'feature="Win32_System_Registry"' --cfg 'feature="Win32_System_Threading"' --cfg 'feature="Win32_System_WindowsProgramming"' --cfg 'feature="Win32_UI"' --cfg 'feature="Win32_UI_Controls"' --cfg 'feature="Win32_UI_HiDpi"' --cfg 'feature="Win32_UI_Input"' --cfg 'feature="Win32_UI_Input_Ime"' --cfg 'feature="Win32_UI_Input_KeyboardAndMouse"' --cfg 'feature="Win32_UI_Shell"' --cfg 'feature="Win32_UI_Shell_Common"' --cfg 'feature="Win32_UI_TextServices"' --cfg 'feature="Win32_UI_WindowsAndMessaging"' --cfg 'feature="default"' --cfg 'feature="implement"' --cfg 'feature="windows-implement"' --cfg 'feature="windows-interface"' -C metadata=39c320b82d29fe3f -C extra-filename=-39c320b82d29fe3f --out-dir /opt/rustwide/target/debug/deps -L dependency=/opt/rustwide/target/debug/deps --extern windows_core=/opt/rustwide/target/debug/deps/libwindows_core-45f215a305d8e438.rmeta --extern windows_implement=/opt/rustwide/target/debug/deps/libwindows_implement-e6064ea5ee1da7c9.so --extern windows_interface=/opt/rustwide/target/debug/deps/libwindows_interface-830a0e46561f6c68.so --extern windows_targets=/opt/rustwide/target/debug/deps/libwindows_targets-c6d91999153513e0.rmeta --cap-lints allow --cap-lints=warn` (signal: 9, SIGKILL: kill)
[INFO] [stderr] warning: build failed, waiting for other jobs to finish...
[INFO] [stdout] error[E0599]: no method named `as_raw_handle` found for reference `&JoinHandle<u32>` in the current scope
[INFO] [stdout]   --> src/ui_thread.rs:99:67
[INFO] [stdout]    |
[INFO] [stdout] 99 |             let th = GetThreadId(HANDLE(self.th.as_ref().unwrap().as_raw_handle() as isize));
[INFO] [stdout]    |                                                                   ^^^^^^^^^^^^^ method not found in `&JoinHandle<u32>`
[INFO] [stdout] 
[INFO] [stdout] 
[INFO] [stdout] error: aborting due to 2 previous errors
[INFO] [stdout] 
[INFO] [stdout] 
[INFO] [stdout] Some errors have detailed explanations: E0433, E0599.
[INFO] [stdout] 
[INFO] [stdout] For more information about an error, try `rustc --explain E0433`.
[INFO] [stdout] 
[INFO] [stderr] error: could not compile `wiard` (lib) due to 3 previous errors
[INFO] running `Command { std: "docker" "inspect" "ae44a9847122b9f6130dd38b540f9d4f479693ef461a65d47021b0fe55500e73", kill_on_drop: false }`
[INFO] running `Command { std: "docker" "rm" "-f" "ae44a9847122b9f6130dd38b540f9d4f479693ef461a65d47021b0fe55500e73", kill_on_drop: false }`
[INFO] [stdout] ae44a9847122b9f6130dd38b540f9d4f479693ef461a65d47021b0fe55500e73
