[INFO] fetching crate whirlpools-oktogen 0.1.0...
[INFO] testing whirlpools-oktogen-0.1.0 against 1.75.0 for beta-1.76-1
[INFO] extracting crate whirlpools-oktogen 0.1.0 into /workspace/builds/worker-2-tc1/source
[INFO] validating manifest of crates.io crate whirlpools-oktogen 0.1.0 on toolchain 1.75.0
[INFO] running `Command { std: CARGO_HOME="/workspace/cargo-home" RUSTUP_HOME="/workspace/rustup-home" "/workspace/cargo-home/bin/cargo" "+1.75.0" "metadata" "--manifest-path" "Cargo.toml" "--no-deps", kill_on_drop: false }`
[INFO] started tweaking crates.io crate whirlpools-oktogen 0.1.0
[INFO] finished tweaking crates.io crate whirlpools-oktogen 0.1.0
[INFO] tweaked toml for crates.io crate whirlpools-oktogen 0.1.0 written to /workspace/builds/worker-2-tc1/source/Cargo.toml
[INFO] running `Command { std: CARGO_HOME="/workspace/cargo-home" RUSTUP_HOME="/workspace/rustup-home" "/workspace/cargo-home/bin/cargo" "+1.75.0" "generate-lockfile" "--manifest-path" "Cargo.toml", kill_on_drop: false }`
[INFO] [stderr]     Updating crates.io index
[INFO] running `Command { std: CARGO_HOME="/workspace/cargo-home" RUSTUP_HOME="/workspace/rustup-home" "/workspace/cargo-home/bin/cargo" "+1.75.0" "fetch" "--manifest-path" "Cargo.toml", kill_on_drop: false }`
[INFO] [stderr]  Downloading crates ...
[INFO] [stderr]   Downloaded anchor-gen v0.3.1
[INFO] [stderr]   Downloaded anchor-derive-accounts v0.29.0
[INFO] [stderr]   Downloaded anchor-generate-cpi-crate v0.3.1
[INFO] [stderr]   Downloaded anchor-lang v0.29.0
[INFO] [stderr]   Downloaded anchor-attribute-account v0.29.0
[INFO] [stderr]   Downloaded anchor-attribute-constant v0.29.0
[INFO] [stderr]   Downloaded anchor-derive-serde v0.29.0
[INFO] [stderr]   Downloaded anchor-attribute-event v0.29.0
[INFO] [stderr]   Downloaded anchor-attribute-program v0.29.0
[INFO] [stderr]   Downloaded anchor-idl v0.3.1
[INFO] [stderr]   Downloaded anchor-generate-cpi-interface v0.3.1
[INFO] [stderr]   Downloaded anchor-syn v0.29.0
[INFO] [stderr]   Downloaded anchor-attribute-error v0.29.0
[INFO] [stderr]   Downloaded anchor-derive-space v0.29.0
[INFO] [stderr]   Downloaded anchor-attribute-access-control v0.29.0
[INFO] running `Command { std: "docker" "create" "-v" "/var/lib/crater-agent-workspace/builds/worker-2-tc1/target:/opt/rustwide/target:rw,Z" "-v" "/var/lib/crater-agent-workspace/builds/worker-2-tc1/source:/opt/rustwide/workdir:ro,Z" "-v" "/var/lib/crater-agent-workspace/cargo-home:/opt/rustwide/cargo-home:ro,Z" "-v" "/var/lib/crater-agent-workspace/rustup-home:/opt/rustwide/rustup-home:ro,Z" "-e" "SOURCE_DIR=/opt/rustwide/workdir" "-e" "CARGO_TARGET_DIR=/opt/rustwide/target" "-e" "CARGO_HOME=/opt/rustwide/cargo-home" "-e" "RUSTUP_HOME=/opt/rustwide/rustup-home" "-w" "/opt/rustwide/workdir" "-m" "1610612736" "--user" "0:0" "--network" "none" "ghcr.io/rust-lang/crates-build-env/linux@sha256:2788e3201cd34a07e3172128adcd8b3090168a8e3bcc40d7c032b9dda1df7d1c" "/opt/rustwide/cargo-home/bin/cargo" "+1.75.0" "metadata" "--no-deps" "--format-version=1", kill_on_drop: false }`
[INFO] [stdout] 4d54a74a9acdac3323d86c05cbe9b6dc75c69306b00bebedcff54ab992a12476
[INFO] running `Command { std: "docker" "start" "-a" "4d54a74a9acdac3323d86c05cbe9b6dc75c69306b00bebedcff54ab992a12476", kill_on_drop: false }`
[INFO] running `Command { std: "docker" "inspect" "4d54a74a9acdac3323d86c05cbe9b6dc75c69306b00bebedcff54ab992a12476", kill_on_drop: false }`
[INFO] running `Command { std: "docker" "rm" "-f" "4d54a74a9acdac3323d86c05cbe9b6dc75c69306b00bebedcff54ab992a12476", kill_on_drop: false }`
[INFO] [stdout] 4d54a74a9acdac3323d86c05cbe9b6dc75c69306b00bebedcff54ab992a12476
[INFO] running `Command { std: "docker" "create" "-v" "/var/lib/crater-agent-workspace/builds/worker-2-tc1/target:/opt/rustwide/target:rw,Z" "-v" "/var/lib/crater-agent-workspace/builds/worker-2-tc1/source:/opt/rustwide/workdir:ro,Z" "-v" "/var/lib/crater-agent-workspace/cargo-home:/opt/rustwide/cargo-home:ro,Z" "-v" "/var/lib/crater-agent-workspace/rustup-home:/opt/rustwide/rustup-home:ro,Z" "-e" "SOURCE_DIR=/opt/rustwide/workdir" "-e" "CARGO_TARGET_DIR=/opt/rustwide/target" "-e" "CARGO_INCREMENTAL=0" "-e" "RUST_BACKTRACE=full" "-e" "RUSTFLAGS=--cap-lints=warn" "-e" "RUSTDOCFLAGS=--cap-lints=warn" "-e" "CARGO_HOME=/opt/rustwide/cargo-home" "-e" "RUSTUP_HOME=/opt/rustwide/rustup-home" "-w" "/opt/rustwide/workdir" "-m" "1610612736" "--user" "0:0" "--network" "none" "ghcr.io/rust-lang/crates-build-env/linux@sha256:2788e3201cd34a07e3172128adcd8b3090168a8e3bcc40d7c032b9dda1df7d1c" "/opt/rustwide/cargo-home/bin/cargo" "+1.75.0" "build" "--frozen" "--message-format=json", kill_on_drop: false }`
[INFO] [stdout] a8e6b156af129cb3ba21ddb3c1dd36be7072b724092d57432d4d836b90e41c96
[INFO] running `Command { std: "docker" "start" "-a" "a8e6b156af129cb3ba21ddb3c1dd36be7072b724092d57432d4d836b90e41c96", kill_on_drop: false }`
[INFO] [stderr]    Compiling proc-macro2 v1.0.75
[INFO] [stderr]    Compiling generic-array v0.14.7
[INFO] [stderr]    Compiling subtle v2.5.0
[INFO] [stderr]    Compiling anyhow v1.0.79
[INFO] [stderr]    Compiling getrandom v0.2.11
[INFO] [stderr]    Compiling unicode-segmentation v1.10.1
[INFO] [stderr]    Compiling num-traits v0.2.17
[INFO] [stderr]    Compiling semver v1.0.21
[INFO] [stderr]    Compiling num-integer v0.1.45
[INFO] [stderr]    Compiling rand_core v0.6.4
[INFO] [stderr]    Compiling num-bigint v0.4.4
[INFO] [stderr]    Compiling ahash v0.8.7
[INFO] [stderr]    Compiling heck v0.3.3
[INFO] [stderr]    Compiling either v1.9.0
[INFO] [stderr]    Compiling rustc_version v0.4.0
[INFO] [stderr]    Compiling rand_chacha v0.3.1
[INFO] [stderr]    Compiling opaque-debug v0.3.0
[INFO] [stderr]    Compiling bs58 v0.5.0
[INFO] [stderr]    Compiling getrandom v0.1.16
[INFO] [stderr]    Compiling crunchy v0.2.2
[INFO] [stderr]    Compiling quote v1.0.35
[INFO] [stderr]    Compiling rand v0.8.5
[INFO] [stderr]    Compiling syn v2.0.48
[INFO] [stderr]    Compiling syn v1.0.109
[INFO] [stderr]    Compiling jobserver v0.1.27
[INFO] [stderr]    Compiling paste v1.0.14
[INFO] [stderr]    Compiling cc v1.0.83
[INFO] [stderr]    Compiling wasm-bindgen-shared v0.2.89
[INFO] [stderr]    Compiling ark-std v0.4.0
[INFO] [stderr]    Compiling rand_core v0.5.1
[INFO] [stderr]    Compiling hashbrown v0.13.2
[INFO] [stderr]    Compiling itertools v0.10.5
[INFO] [stderr]    Compiling proc-macro2-diagnostics v0.9.1
[INFO] [stderr]    Compiling strsim v0.10.0
[INFO] [stderr]    Compiling ident_case v1.0.1
[INFO] [stderr]    Compiling fnv v1.0.7
[INFO] [stderr]    Compiling ahash v0.7.7
[INFO] [stderr]    Compiling yansi v0.5.1
[INFO] [stderr]    Compiling feature-probe v0.1.1
[INFO] [stderr]    Compiling bumpalo v3.14.0
[INFO] [stderr]    Compiling bv v0.11.1
[INFO] [stderr]    Compiling rand_chacha v0.2.2
[INFO] [stderr]    Compiling solana-frozen-abi-macro v1.17.14
[INFO] [stderr]    Compiling bitmaps v2.1.0
[INFO] [stderr]    Compiling im v15.1.0
[INFO] [stderr]    Compiling bs58 v0.3.1
[INFO] [stderr]    Compiling rustversion v1.0.14
[INFO] [stderr]    Compiling sized-chunks v0.6.5
[INFO] [stderr]    Compiling rand v0.7.3
[INFO] [stderr]    Compiling rayon v1.8.0
[INFO] [stderr]    Compiling solana-frozen-abi v1.17.14
[INFO] [stderr]    Compiling blake3 v1.5.0
[INFO] [stderr]    Compiling rand_xoshiro v0.6.0
[INFO] [stderr]    Compiling memoffset v0.9.0
[INFO] [stderr]    Compiling heck v0.4.1
[INFO] [stderr]    Compiling bs58 v0.4.0
[INFO] [stderr]    Compiling arrayvec v0.7.4
[INFO] [stderr]    Compiling byteorder v1.5.0
[INFO] [stderr]    Compiling constant_time_eq v0.3.0
[INFO] [stderr]    Compiling wasm-bindgen v0.2.89
[INFO] [stderr]    Compiling wasm-bindgen-backend v0.2.89
[INFO] [stderr]    Compiling hashbrown v0.11.2
[INFO] [stderr]    Compiling solana-program v1.17.14
[INFO] [stderr]    Compiling unicode-normalization v0.1.22
[INFO] [stderr]    Compiling base64 v0.12.3
[INFO] [stderr]    Compiling rustc-hash v1.1.0
[INFO] [stderr]    Compiling keccak v0.1.4
[INFO] [stderr]    Compiling darling_core v0.14.4
[INFO] [stderr]    Compiling borsh-derive-internal v0.10.3
[INFO] [stderr]    Compiling wasm-bindgen-macro-support v0.2.89
[INFO] [stderr]    Compiling borsh-schema-derive-internal v0.9.3
[INFO] [stderr]    Compiling borsh-derive-internal v0.9.3
[INFO] [stderr]    Compiling serde_derive v1.0.194
[INFO] [stderr]    Compiling thiserror-impl v1.0.56
[INFO] [stderr]    Compiling zeroize_derive v1.4.2
[INFO] [stderr]    Compiling borsh-schema-derive-internal v0.10.3
[INFO] [stderr]    Compiling bytemuck_derive v1.5.0
[INFO] [stderr]    Compiling solana-sdk-macro v1.17.14
[INFO] [stderr]    Compiling wasm-bindgen-macro v0.2.89
[INFO] [stderr]    Compiling zeroize v1.3.0
[INFO] [stderr]    Compiling bytemuck v1.14.0
[INFO] [stderr]    Compiling thiserror v1.0.56
[INFO] [stderr]    Compiling ark-serialize-derive v0.4.2
[INFO] [stderr]    Compiling ark-ff-macros v0.4.2
[INFO] [stderr]    Compiling derivative v2.2.0
[INFO] [stderr]    Compiling ark-ff-asm v0.4.2
[INFO] [stderr]    Compiling darling_macro v0.14.4
[INFO] [stderr]    Compiling num-derive v0.3.3
[INFO] [stderr]    Compiling anchor-derive-space v0.29.0
[INFO] [stderr]    Compiling darling v0.14.4
[INFO] [stderr]    Compiling serde v1.0.194
[INFO] [stderr]    Compiling serde_json v1.0.111
[INFO] [stderr]    Compiling toml v0.5.11
[INFO] [stderr]    Compiling serde_bytes v0.11.14
[INFO] [stderr]    Compiling bitflags v2.4.1
[INFO] [stderr]    Compiling bincode v1.3.3
[INFO] [stderr]    Compiling crypto-common v0.1.6
[INFO] [stderr]    Compiling block-buffer v0.10.4
[INFO] [stderr]    Compiling digest v0.9.0
[INFO] [stderr]    Compiling block-buffer v0.9.0
[INFO] [stderr]    Compiling libsecp256k1-core v0.2.2
[INFO] [stderr]    Compiling crypto-mac v0.8.0
[INFO] [stderr]    Compiling digest v0.10.7
[INFO] [stderr]    Compiling hmac v0.8.1
[INFO] [stderr]    Compiling sha2 v0.9.9
[INFO] [stderr]    Compiling sha2 v0.10.8
[INFO] [stderr]    Compiling ark-serialize v0.4.2
[INFO] [stderr]    Compiling hmac-drbg v0.3.0
[INFO] [stderr]    Compiling ark-ff v0.4.2
[INFO] [stderr]    Compiling anchor-syn v0.29.0
[INFO] [stderr]    Compiling proc-macro-crate v0.1.5
[INFO] [stderr]    Compiling libsecp256k1-gen-ecmult v0.2.1
[INFO] [stderr]    Compiling libsecp256k1-gen-genmult v0.2.1
[INFO] [stderr]    Compiling anchor-syn v0.24.2
[INFO] [stderr]    Compiling pbkdf2 v0.4.0
[INFO] [stderr]    Compiling tiny-bip39 v0.8.2
[INFO] [stderr]    Compiling sha3 v0.10.8
[INFO] [stderr]    Compiling borsh-derive v0.9.3
[INFO] [stderr]    Compiling borsh-derive v0.10.3
[INFO] [stderr]    Compiling libsecp256k1 v0.6.0
[INFO] [stderr]    Compiling curve25519-dalek v3.2.1
[INFO] [stderr]    Compiling borsh v0.9.3
[INFO] [stderr]    Compiling borsh v0.10.3
[INFO] [stderr]    Compiling anchor-attribute-program v0.29.0
[INFO] [stderr]    Compiling anchor-derive-accounts v0.29.0
[INFO] [stderr]    Compiling anchor-attribute-error v0.29.0
[INFO] [stderr]    Compiling anchor-attribute-constant v0.29.0
[INFO] [stderr]    Compiling anchor-attribute-event v0.29.0
[INFO] [stderr]    Compiling anchor-idl v0.3.1
[INFO] [stderr]    Compiling anchor-derive-serde v0.29.0
[INFO] [stderr]    Compiling anchor-attribute-account v0.29.0
[INFO] [stderr]    Compiling anchor-attribute-access-control v0.29.0
[INFO] [stderr]    Compiling anchor-generate-cpi-crate v0.3.1
[INFO] [stderr]    Compiling anchor-generate-cpi-interface v0.3.1
[INFO] [stderr]    Compiling anchor-gen v0.3.1
[INFO] [stderr]    Compiling ark-poly v0.4.2
[INFO] [stderr]    Compiling ark-ec v0.4.2
[INFO] [stderr]    Compiling ark-bn254 v0.4.0
[INFO] [stderr]    Compiling light-poseidon v0.2.0
[INFO] [stderr]    Compiling anchor-lang v0.29.0
[INFO] [stderr]    Compiling whirlpools-oktogen v0.1.0 (/opt/rustwide/workdir)
[INFO] [stdout] warning: `OpenPositionBumps` is ambiguous
[INFO] [stdout]  --> src/lib.rs:2:1
[INFO] [stdout]   |
[INFO] [stdout] 2 | anchor_gen::generate_cpi_crate!("idl.json");
[INFO] [stdout]   | ^^^^^^^^^^^^^^^^^^^^^^^^^^^^^^^^^^^^^^^^^^^ ambiguous name
[INFO] [stdout]   |
[INFO] [stdout]   = warning: this was previously accepted by the compiler but is being phased out; it will become a hard error in a future release!
[INFO] [stdout]   = note: for more information, see issue #114095 <https://github.com/rust-lang/rust/issues/114095>
[INFO] [stdout]   = note: ambiguous because of multiple glob imports of a name in the same module
[INFO] [stdout] note: `OpenPositionBumps` could refer to the struct imported here
[INFO] [stdout]  --> src/lib.rs:2:1
[INFO] [stdout]   |
[INFO] [stdout] 2 | anchor_gen::generate_cpi_crate!("idl.json");
[INFO] [stdout]   | ^^^^^^^^^^^^^^^^^^^^^^^^^^^^^^^^^^^^^^^^^^^
[INFO] [stdout]   = help: consider adding an explicit import of `OpenPositionBumps` to disambiguate
[INFO] [stdout] note: `OpenPositionBumps` could also refer to the struct imported here
[INFO] [stdout]  --> src/lib.rs:2:1
[INFO] [stdout]   |
[INFO] [stdout] 2 | anchor_gen::generate_cpi_crate!("idl.json");
[INFO] [stdout]   | ^^^^^^^^^^^^^^^^^^^^^^^^^^^^^^^^^^^^^^^^^^^
[INFO] [stdout]   = help: consider adding an explicit import of `OpenPositionBumps` to disambiguate
[INFO] [stdout]   = note: `#[warn(ambiguous_glob_imports)]` on by default
[INFO] [stdout]   = note: this warning originates in the macro `anchor_gen::generate_cpi_crate` (in Nightly builds, run with -Z macro-backtrace for more info)
[INFO] [stdout] 
[INFO] [stdout] 
[INFO] [stdout] warning: `OpenPositionWithMetadataBumps` is ambiguous
[INFO] [stdout]  --> src/lib.rs:2:1
[INFO] [stdout]   |
[INFO] [stdout] 2 | anchor_gen::generate_cpi_crate!("idl.json");
[INFO] [stdout]   | ^^^^^^^^^^^^^^^^^^^^^^^^^^^^^^^^^^^^^^^^^^^ ambiguous name
[INFO] [stdout]   |
[INFO] [stdout]   = warning: this was previously accepted by the compiler but is being phased out; it will become a hard error in a future release!
[INFO] [stdout]   = note: for more information, see issue #114095 <https://github.com/rust-lang/rust/issues/114095>
[INFO] [stdout]   = note: ambiguous because of multiple glob imports of a name in the same module
[INFO] [stdout] note: `OpenPositionWithMetadataBumps` could refer to the struct imported here
[INFO] [stdout]  --> src/lib.rs:2:1
[INFO] [stdout]   |
[INFO] [stdout] 2 | anchor_gen::generate_cpi_crate!("idl.json");
[INFO] [stdout]   | ^^^^^^^^^^^^^^^^^^^^^^^^^^^^^^^^^^^^^^^^^^^
[INFO] [stdout]   = help: consider adding an explicit import of `OpenPositionWithMetadataBumps` to disambiguate
[INFO] [stdout] note: `OpenPositionWithMetadataBumps` could also refer to the struct imported here
[INFO] [stdout]  --> src/lib.rs:2:1
[INFO] [stdout]   |
[INFO] [stdout] 2 | anchor_gen::generate_cpi_crate!("idl.json");
[INFO] [stdout]   | ^^^^^^^^^^^^^^^^^^^^^^^^^^^^^^^^^^^^^^^^^^^
[INFO] [stdout]   = help: consider adding an explicit import of `OpenPositionWithMetadataBumps` to disambiguate
[INFO] [stdout]   = note: this warning originates in the macro `anchor_gen::generate_cpi_crate` (in Nightly builds, run with -Z macro-backtrace for more info)
[INFO] [stdout] 
[INFO] [stdout] 
[INFO] [stdout] error[E0277]: the trait bound `ix_accounts::OpenPositionBumps: BorshSerialize` is not satisfied
[INFO] [stdout]  --> src/lib.rs:2:1
[INFO] [stdout]   |
[INFO] [stdout] 2 | anchor_gen::generate_cpi_crate!("idl.json");
[INFO] [stdout]   | ^^^^^^^^^^^^^^^^^^^^^^^^^^^^^^^^^^^^^^^^^^^ the trait `BorshSerialize` is not implemented for `ix_accounts::OpenPositionBumps`
[INFO] [stdout]   |
[INFO] [stdout]   = help: the following other types implement trait `BorshSerialize`:
[INFO] [stdout]             bool
[INFO] [stdout]             isize
[INFO] [stdout]             i8
[INFO] [stdout]             i16
[INFO] [stdout]             i32
[INFO] [stdout]             i64
[INFO] [stdout]             i128
[INFO] [stdout]             usize
[INFO] [stdout]           and 178 others
[INFO] [stdout]   = help: see issue #48214
[INFO] [stdout]   = note: this error originates in the attribute macro `program` (in Nightly builds, run with -Z macro-backtrace for more info)
[INFO] [stdout] 
[INFO] [stdout] 
[INFO] [stdout] error[E0277]: the trait bound `ix_accounts::OpenPositionBumps: BorshDeserialize` is not satisfied
[INFO] [stdout]  --> src/lib.rs:2:1
[INFO] [stdout]   |
[INFO] [stdout] 2 | anchor_gen::generate_cpi_crate!("idl.json");
[INFO] [stdout]   | ^^^^^^^^^^^^^^^^^^^^^^^^^^^^^^^^^^^^^^^^^^^ the trait `BorshDeserialize` is not implemented for `ix_accounts::OpenPositionBumps`
[INFO] [stdout]   |
[INFO] [stdout]   = help: the following other types implement trait `BorshDeserialize`:
[INFO] [stdout]             bool
[INFO] [stdout]             isize
[INFO] [stdout]             i8
[INFO] [stdout]             i16
[INFO] [stdout]             i32
[INFO] [stdout]             i64
[INFO] [stdout]             i128
[INFO] [stdout]             usize
[INFO] [stdout]           and 125 others
[INFO] [stdout]   = help: see issue #48214
[INFO] [stdout]   = note: this error originates in the attribute macro `program` (in Nightly builds, run with -Z macro-backtrace for more info)
[INFO] [stdout] 
[INFO] [stdout] 
[INFO] [stdout] error[E0277]: the trait bound `ix_accounts::OpenPositionBumps: BorshSerialize` is not satisfied
[INFO] [stdout]    --> src/lib.rs:2:1
[INFO] [stdout]     |
[INFO] [stdout] 2   | anchor_gen::generate_cpi_crate!("idl.json");
[INFO] [stdout]     | ^^^^^^^^^^^^^^^^^^^^^^^^^^^^^^^^^^^^^^^^^^^ the trait `BorshSerialize` is not implemented for `ix_accounts::OpenPositionBumps`
[INFO] [stdout]     |
[INFO] [stdout]     = help: the following other types implement trait `BorshSerialize`:
[INFO] [stdout]               bool
[INFO] [stdout]               isize
[INFO] [stdout]               i8
[INFO] [stdout]               i16
[INFO] [stdout]               i32
[INFO] [stdout]               i64
[INFO] [stdout]               i128
[INFO] [stdout]               usize
[INFO] [stdout]             and 178 others
[INFO] [stdout] note: required for `instruction::OpenPosition` to implement `BorshSerialize`
[INFO] [stdout]    --> src/lib.rs:2:1
[INFO] [stdout]     |
[INFO] [stdout] 2   | anchor_gen::generate_cpi_crate!("idl.json");
[INFO] [stdout]     | ^^^^^^^^^^^^^^^^^^^^^^^^^^^^^^^^^^^^^^^^^^^ unsatisfied trait bound introduced in this `derive` macro
[INFO] [stdout] note: required by a bound in `InstructionData`
[INFO] [stdout]    --> /opt/rustwide/cargo-home/registry/src/index.crates.io-6f17d22bba15001f/anchor-lang-0.29.0/src/lib.rs:267:44
[INFO] [stdout]     |
[INFO] [stdout] 267 | pub trait InstructionData: Discriminator + AnchorSerialize {
[INFO] [stdout]     |                                            ^^^^^^^^^^^^^^^ required by this bound in `InstructionData`
[INFO] [stdout]     = note: this error originates in the macro `anchor_gen::generate_cpi_crate` which comes from the expansion of the derive macro `AnchorSerialize` (in Nightly builds, run with -Z macro-backtrace for more info)
[INFO] [stdout] 
[INFO] [stdout] 
[INFO] [stdout] error[E0277]: the trait bound `ix_accounts::OpenPositionWithMetadataBumps: BorshSerialize` is not satisfied
[INFO] [stdout]  --> src/lib.rs:2:1
[INFO] [stdout]   |
[INFO] [stdout] 2 | anchor_gen::generate_cpi_crate!("idl.json");
[INFO] [stdout]   | ^^^^^^^^^^^^^^^^^^^^^^^^^^^^^^^^^^^^^^^^^^^ the trait `BorshSerialize` is not implemented for `ix_accounts::OpenPositionWithMetadataBumps`
[INFO] [stdout]   |
[INFO] [stdout]   = help: the following other types implement trait `BorshSerialize`:
[INFO] [stdout]             bool
[INFO] [stdout]             isize
[INFO] [stdout]             i8
[INFO] [stdout]             i16
[INFO] [stdout]             i32
[INFO] [stdout]             i64
[INFO] [stdout]             i128
[INFO] [stdout]             usize
[INFO] [stdout]           and 178 others
[INFO] [stdout]   = help: see issue #48214
[INFO] [stdout]   = note: this error originates in the attribute macro `program` (in Nightly builds, run with -Z macro-backtrace for more info)
[INFO] [stdout] 
[INFO] [stdout] 
[INFO] [stdout] error[E0277]: the trait bound `ix_accounts::OpenPositionWithMetadataBumps: BorshDeserialize` is not satisfied
[INFO] [stdout]  --> src/lib.rs:2:1
[INFO] [stdout]   |
[INFO] [stdout] 2 | anchor_gen::generate_cpi_crate!("idl.json");
[INFO] [stdout]   | ^^^^^^^^^^^^^^^^^^^^^^^^^^^^^^^^^^^^^^^^^^^ the trait `BorshDeserialize` is not implemented for `ix_accounts::OpenPositionWithMetadataBumps`
[INFO] [stdout]   |
[INFO] [stdout]   = help: the following other types implement trait `BorshDeserialize`:
[INFO] [stdout]             bool
[INFO] [stdout]             isize
[INFO] [stdout]             i8
[INFO] [stdout]             i16
[INFO] [stdout]             i32
[INFO] [stdout]             i64
[INFO] [stdout]             i128
[INFO] [stdout]             usize
[INFO] [stdout]           and 125 others
[INFO] [stdout]   = help: see issue #48214
[INFO] [stdout]   = note: this error originates in the attribute macro `program` (in Nightly builds, run with -Z macro-backtrace for more info)
[INFO] [stdout] 
[INFO] [stdout] 
[INFO] [stdout] error[E0277]: the trait bound `ix_accounts::OpenPositionWithMetadataBumps: BorshSerialize` is not satisfied
[INFO] [stdout]    --> src/lib.rs:2:1
[INFO] [stdout]     |
[INFO] [stdout] 2   | anchor_gen::generate_cpi_crate!("idl.json");
[INFO] [stdout]     | ^^^^^^^^^^^^^^^^^^^^^^^^^^^^^^^^^^^^^^^^^^^ the trait `BorshSerialize` is not implemented for `ix_accounts::OpenPositionWithMetadataBumps`
[INFO] [stdout]     |
[INFO] [stdout]     = help: the following other types implement trait `BorshSerialize`:
[INFO] [stdout]               bool
[INFO] [stdout]               isize
[INFO] [stdout]               i8
[INFO] [stdout]               i16
[INFO] [stdout]               i32
[INFO] [stdout]               i64
[INFO] [stdout]               i128
[INFO] [stdout]               usize
[INFO] [stdout]             and 178 others
[INFO] [stdout] note: required for `instruction::OpenPositionWithMetadata` to implement `BorshSerialize`
[INFO] [stdout]    --> src/lib.rs:2:1
[INFO] [stdout]     |
[INFO] [stdout] 2   | anchor_gen::generate_cpi_crate!("idl.json");
[INFO] [stdout]     | ^^^^^^^^^^^^^^^^^^^^^^^^^^^^^^^^^^^^^^^^^^^ unsatisfied trait bound introduced in this `derive` macro
[INFO] [stdout] note: required by a bound in `InstructionData`
[INFO] [stdout]    --> /opt/rustwide/cargo-home/registry/src/index.crates.io-6f17d22bba15001f/anchor-lang-0.29.0/src/lib.rs:267:44
[INFO] [stdout]     |
[INFO] [stdout] 267 | pub trait InstructionData: Discriminator + AnchorSerialize {
[INFO] [stdout]     |                                            ^^^^^^^^^^^^^^^ required by this bound in `InstructionData`
[INFO] [stdout]     = note: this error originates in the macro `anchor_gen::generate_cpi_crate` which comes from the expansion of the derive macro `AnchorSerialize` (in Nightly builds, run with -Z macro-backtrace for more info)
[INFO] [stdout] 
[INFO] [stdout] 
[INFO] [stdout] error: aborting due to 6 previous errors; 2 warnings emitted
[INFO] [stdout] 
[INFO] [stdout] 
[INFO] [stdout] For more information about this error, try `rustc --explain E0277`.
[INFO] [stdout] 
[INFO] [stderr] error: could not compile `whirlpools-oktogen` (lib) due to 7 previous errors; 2 warnings emitted
[INFO] running `Command { std: "docker" "inspect" "a8e6b156af129cb3ba21ddb3c1dd36be7072b724092d57432d4d836b90e41c96", kill_on_drop: false }`
[INFO] running `Command { std: "docker" "rm" "-f" "a8e6b156af129cb3ba21ddb3c1dd36be7072b724092d57432d4d836b90e41c96", kill_on_drop: false }`
[INFO] [stdout] a8e6b156af129cb3ba21ddb3c1dd36be7072b724092d57432d4d836b90e41c96
