[INFO] fetching crate wg-toolkit 0.2.0...
[INFO] testing wg-toolkit-0.2.0 against 1.75.0 for beta-1.76-1
[INFO] extracting crate wg-toolkit 0.2.0 into /workspace/builds/worker-3-tc1/source
[INFO] validating manifest of crates.io crate wg-toolkit 0.2.0 on toolchain 1.75.0
[INFO] running `Command { std: CARGO_HOME="/workspace/cargo-home" RUSTUP_HOME="/workspace/rustup-home" "/workspace/cargo-home/bin/cargo" "+1.75.0" "metadata" "--manifest-path" "Cargo.toml" "--no-deps", kill_on_drop: false }`
[INFO] started tweaking crates.io crate wg-toolkit 0.2.0
[INFO] finished tweaking crates.io crate wg-toolkit 0.2.0
[INFO] tweaked toml for crates.io crate wg-toolkit 0.2.0 written to /workspace/builds/worker-3-tc1/source/Cargo.toml
[INFO] crate crates.io crate wg-toolkit 0.2.0 already has a lockfile, it will not be regenerated
[INFO] running `Command { std: CARGO_HOME="/workspace/cargo-home" RUSTUP_HOME="/workspace/rustup-home" "/workspace/cargo-home/bin/cargo" "+1.75.0" "fetch" "--manifest-path" "Cargo.toml", kill_on_drop: false }`
[INFO] [stderr]  Downloading crates ...
[INFO] [stderr]   Downloaded libc v0.2.136
[INFO] running `Command { std: "docker" "create" "-v" "/var/lib/crater-agent-workspace/builds/worker-3-tc1/target:/opt/rustwide/target:rw,Z" "-v" "/var/lib/crater-agent-workspace/builds/worker-3-tc1/source:/opt/rustwide/workdir:ro,Z" "-v" "/var/lib/crater-agent-workspace/cargo-home:/opt/rustwide/cargo-home:ro,Z" "-v" "/var/lib/crater-agent-workspace/rustup-home:/opt/rustwide/rustup-home:ro,Z" "-e" "SOURCE_DIR=/opt/rustwide/workdir" "-e" "CARGO_TARGET_DIR=/opt/rustwide/target" "-e" "CARGO_HOME=/opt/rustwide/cargo-home" "-e" "RUSTUP_HOME=/opt/rustwide/rustup-home" "-w" "/opt/rustwide/workdir" "-m" "1610612736" "--user" "0:0" "--network" "none" "ghcr.io/rust-lang/crates-build-env/linux@sha256:2788e3201cd34a07e3172128adcd8b3090168a8e3bcc40d7c032b9dda1df7d1c" "/opt/rustwide/cargo-home/bin/cargo" "+1.75.0" "metadata" "--no-deps" "--format-version=1", kill_on_drop: false }`
[INFO] [stdout] 4102aaefd97f0ccb1af59167fb66b5c5a38d5ac18a2046c91085f7114c00f174
[INFO] running `Command { std: "docker" "start" "-a" "4102aaefd97f0ccb1af59167fb66b5c5a38d5ac18a2046c91085f7114c00f174", kill_on_drop: false }`
[INFO] running `Command { std: "docker" "inspect" "4102aaefd97f0ccb1af59167fb66b5c5a38d5ac18a2046c91085f7114c00f174", kill_on_drop: false }`
[INFO] running `Command { std: "docker" "rm" "-f" "4102aaefd97f0ccb1af59167fb66b5c5a38d5ac18a2046c91085f7114c00f174", kill_on_drop: false }`
[INFO] [stdout] 4102aaefd97f0ccb1af59167fb66b5c5a38d5ac18a2046c91085f7114c00f174
[INFO] running `Command { std: "docker" "create" "-v" "/var/lib/crater-agent-workspace/builds/worker-3-tc1/target:/opt/rustwide/target:rw,Z" "-v" "/var/lib/crater-agent-workspace/builds/worker-3-tc1/source:/opt/rustwide/workdir:ro,Z" "-v" "/var/lib/crater-agent-workspace/cargo-home:/opt/rustwide/cargo-home:ro,Z" "-v" "/var/lib/crater-agent-workspace/rustup-home:/opt/rustwide/rustup-home:ro,Z" "-e" "SOURCE_DIR=/opt/rustwide/workdir" "-e" "CARGO_TARGET_DIR=/opt/rustwide/target" "-e" "CARGO_INCREMENTAL=0" "-e" "RUST_BACKTRACE=full" "-e" "RUSTFLAGS=--cap-lints=warn" "-e" "RUSTDOCFLAGS=--cap-lints=warn" "-e" "CARGO_HOME=/opt/rustwide/cargo-home" "-e" "RUSTUP_HOME=/opt/rustwide/rustup-home" "-w" "/opt/rustwide/workdir" "-m" "1610612736" "--user" "0:0" "--network" "none" "ghcr.io/rust-lang/crates-build-env/linux@sha256:2788e3201cd34a07e3172128adcd8b3090168a8e3bcc40d7c032b9dda1df7d1c" "/opt/rustwide/cargo-home/bin/cargo" "+1.75.0" "build" "--frozen" "--message-format=json", kill_on_drop: false }`
[INFO] [stdout] 926867ed6ace54229cfd1cb90db7e1aed32ac5262fe81dbabfcd0f080410e045
[INFO] running `Command { std: "docker" "start" "-a" "926867ed6ace54229cfd1cb90db7e1aed32ac5262fe81dbabfcd0f080410e045", kill_on_drop: false }`
[INFO] [stderr]    Compiling proc-macro2 v1.0.47
[INFO] [stderr]    Compiling quote v1.0.21
[INFO] [stderr]    Compiling unicode-ident v1.0.5
[INFO] [stderr]    Compiling syn v1.0.103
[INFO] [stderr]    Compiling thiserror v1.0.37
[INFO] [stderr]    Compiling smallvec v1.10.0
[INFO] [stderr]    Compiling base64 v0.13.1
[INFO] [stderr]    Compiling glam v0.21.3
[INFO] [stderr]    Compiling byteorder v1.4.3
[INFO] [stderr]    Compiling thiserror-impl v1.0.37
[INFO] [stderr]    Compiling wg-toolkit v0.2.0 (/opt/rustwide/workdir)
[INFO] [stderr]     Finished dev [unoptimized + debuginfo] target(s) in 3.54s
[INFO] running `Command { std: "docker" "inspect" "926867ed6ace54229cfd1cb90db7e1aed32ac5262fe81dbabfcd0f080410e045", kill_on_drop: false }`
[INFO] running `Command { std: "docker" "rm" "-f" "926867ed6ace54229cfd1cb90db7e1aed32ac5262fe81dbabfcd0f080410e045", kill_on_drop: false }`
[INFO] [stdout] 926867ed6ace54229cfd1cb90db7e1aed32ac5262fe81dbabfcd0f080410e045
[INFO] running `Command { std: "docker" "create" "-v" "/var/lib/crater-agent-workspace/builds/worker-3-tc1/target:/opt/rustwide/target:rw,Z" "-v" "/var/lib/crater-agent-workspace/builds/worker-3-tc1/source:/opt/rustwide/workdir:ro,Z" "-v" "/var/lib/crater-agent-workspace/cargo-home:/opt/rustwide/cargo-home:ro,Z" "-v" "/var/lib/crater-agent-workspace/rustup-home:/opt/rustwide/rustup-home:ro,Z" "-e" "SOURCE_DIR=/opt/rustwide/workdir" "-e" "CARGO_TARGET_DIR=/opt/rustwide/target" "-e" "CARGO_INCREMENTAL=0" "-e" "RUST_BACKTRACE=full" "-e" "RUSTFLAGS=--cap-lints=warn" "-e" "RUSTDOCFLAGS=--cap-lints=warn" "-e" "CARGO_HOME=/opt/rustwide/cargo-home" "-e" "RUSTUP_HOME=/opt/rustwide/rustup-home" "-w" "/opt/rustwide/workdir" "-m" "1610612736" "--user" "0:0" "--network" "none" "ghcr.io/rust-lang/crates-build-env/linux@sha256:2788e3201cd34a07e3172128adcd8b3090168a8e3bcc40d7c032b9dda1df7d1c" "/opt/rustwide/cargo-home/bin/cargo" "+1.75.0" "test" "--frozen" "--no-run" "--message-format=json", kill_on_drop: false }`
[INFO] [stdout] 4972af4f2370567fd5293ad775cc4ca5f8b76687fc75d909438d5586c3a31aa7
[INFO] running `Command { std: "docker" "start" "-a" "4972af4f2370567fd5293ad775cc4ca5f8b76687fc75d909438d5586c3a31aa7", kill_on_drop: false }`
[INFO] [stderr]    Compiling wg-toolkit v0.2.0 (/opt/rustwide/workdir)
[INFO] [stdout] error[E0432]: unresolved import `xmltree`
[INFO] [stdout]  --> examples/xml.rs:3:5
[INFO] [stdout]   |
[INFO] [stdout] 3 | use xmltree::EmitterConfig;
[INFO] [stdout]   |     ^^^^^^^ use of undeclared crate or module `xmltree`
[INFO] [stdout] 
[INFO] [stdout] 
[INFO] [stdout] error[E0432]: unresolved import `wgtk::xml`
[INFO] [stdout]  --> examples/xml.rs:5:11
[INFO] [stdout]   |
[INFO] [stdout] 5 | use wgtk::xml::unpack_xml;
[INFO] [stdout]   |           ^^^ could not find `xml` in `wgtk`
[INFO] [stdout] 
[INFO] [stdout] 
[INFO] [stdout] error[E0433]: failed to resolve: use of undeclared crate or module `rsa`
[INFO] [stdout]  --> examples/network.rs:4:5
[INFO] [stdout]   |
[INFO] [stdout] 4 | use rsa::{RsaPrivateKey, RsaPublicKey, pkcs8::{FromPublicKey, FromPrivateKey}, PublicKeyParts};
[INFO] [stdout]   |     ^^^ use of undeclared crate or module `rsa`
[INFO] [stdout] 
[INFO] [stdout] 
[INFO] [stdout] error[E0433]: failed to resolve: could not find `net` in `wgtk`
[INFO] [stdout]  --> examples/network.rs:7:11
[INFO] [stdout]   |
[INFO] [stdout] 7 | use wgtk::net::bundle::BundleAssembler;
[INFO] [stdout]   |           ^^^ could not find `net` in `wgtk`
[INFO] [stdout] 
[INFO] [stdout] 
[INFO] [stdout] error[E0433]: failed to resolve: could not find `net` in `wgtk`
[INFO] [stdout]  --> examples/proxy.rs:8:11
[INFO] [stdout]   |
[INFO] [stdout] 8 | use wgtk::net::proxy::{Proxy, ProxyListener, ProxyDirectTransfer, ProxySideOutput};
[INFO] [stdout]   |           ^^^ could not find `net` in `wgtk`
[INFO] [stdout] 
[INFO] [stdout] 
[INFO] [stdout] error[E0433]: failed to resolve: could not find `net` in `wgtk`
[INFO] [stdout]  --> examples/network.rs:8:11
[INFO] [stdout]   |
[INFO] [stdout] 8 | use wgtk::net::packet::Packet;
[INFO] [stdout]   |           ^^^ could not find `net` in `wgtk`
[INFO] [stdout] 
[INFO] [stdout] 
[INFO] [stdout] error[E0433]: failed to resolve: could not find `net` in `wgtk`
[INFO] [stdout]  --> examples/proxy.rs:9:11
[INFO] [stdout]   |
[INFO] [stdout] 9 | use wgtk::net::bundle::{Bundle, BundleElement, BundleAssembler};
[INFO] [stdout]   |           ^^^ could not find `net` in `wgtk`
[INFO] [stdout] 
[INFO] [stdout] 
[INFO] [stdout] error[E0432]: unresolved import `rsa`
[INFO] [stdout]  --> examples/network.rs:4:5
[INFO] [stdout]   |
[INFO] [stdout] 4 | use rsa::{RsaPrivateKey, RsaPublicKey, pkcs8::{FromPublicKey, FromPrivateKey}, PublicKeyParts};
[INFO] [stdout]   |     ^^^ use of undeclared crate or module `rsa`
[INFO] [stdout] 
[INFO] [stdout] 
[INFO] [stdout] error[E0433]: failed to resolve: could not find `net` in `wgtk`
[INFO] [stdout]   --> examples/proxy.rs:10:11
[INFO] [stdout]    |
[INFO] [stdout] 10 | use wgtk::net::packet::Packet;
[INFO] [stdout]    |           ^^^ could not find `net` in `wgtk`
[INFO] [stdout] 
[INFO] [stdout] 
[INFO] [stdout] error[E0433]: failed to resolve: could not find `net` in `wgtk`
[INFO] [stdout]   --> examples/proxy.rs:12:11
[INFO] [stdout]    |
[INFO] [stdout] 12 | use wgtk::net::element::login::{LoginCodec, PingCodec, ChallengeCodec, ChallengeResponseCodec};
[INFO] [stdout]    |           ^^^ could not find `net` in `wgtk`
[INFO] [stdout] 
[INFO] [stdout] 
[INFO] [stdout] error[E0433]: failed to resolve: could not find `net` in `wgtk`
[INFO] [stdout]   --> examples/proxy.rs:13:11
[INFO] [stdout]    |
[INFO] [stdout] 13 | use wgtk::net::element::reply::{ReplyCodec};
[INFO] [stdout]    |           ^^^ could not find `net` in `wgtk`
[INFO] [stdout] 
[INFO] [stdout] 
[INFO] [stdout] error[E0433]: failed to resolve: could not find `net` in `wgtk`
[INFO] [stdout]   --> examples/proxy.rs:14:11
[INFO] [stdout]    |
[INFO] [stdout] 14 | use wgtk::net::element::{Var16ElementCodec, Var32ElementCodec};
[INFO] [stdout]    |           ^^^ could not find `net` in `wgtk`
[INFO] [stdout] 
[INFO] [stdout] 
[INFO] [stdout] error[E0433]: failed to resolve: use of undeclared crate or module `rsa`
[INFO] [stdout]  --> examples/proxy.rs:6:5
[INFO] [stdout]   |
[INFO] [stdout] 6 | use rsa::{RsaPrivateKey, RsaPublicKey, pkcs8::{FromPublicKey, FromPrivateKey}, PublicKeyParts};
[INFO] [stdout]   |     ^^^ use of undeclared crate or module `rsa`
[INFO] [stdout] 
[INFO] [stdout] 
[INFO] [stdout] error[E0432]: unresolved import `rsa`
[INFO] [stdout]  --> examples/proxy.rs:6:5
[INFO] [stdout]   |
[INFO] [stdout] 6 | use rsa::{RsaPrivateKey, RsaPublicKey, pkcs8::{FromPublicKey, FromPrivateKey}, PublicKeyParts};
[INFO] [stdout]   |     ^^^ use of undeclared crate or module `rsa`
[INFO] [stdout] 
[INFO] [stdout] 
[INFO] [stdout] warning: unused import: `std::rc::Rc`
[INFO] [stdout]  --> examples/proxy.rs:4:5
[INFO] [stdout]   |
[INFO] [stdout] 4 | use std::rc::Rc;
[INFO] [stdout]   |     ^^^^^^^^^^^
[INFO] [stdout]   |
[INFO] [stdout]   = note: `#[warn(unused_imports)]` on by default
[INFO] [stdout] 
[INFO] [stdout] 
[INFO] [stdout] error: aborting due to 2 previous errors
[INFO] [stdout] 
[INFO] [stdout] 
[INFO] [stdout] For more information about this error, try `rustc --explain E0432`.
[INFO] [stdout] 
[INFO] [stdout] warning: unused variable: `bwal`
[INFO] [stdout]   --> examples/space.rs:20:9
[INFO] [stdout]    |
[INFO] [stdout] 20 |     let bwal: BWAL = space.decode_section().unwrap();
[INFO] [stdout]    |         ^^^^ help: if this is intentional, prefix it with an underscore: `_bwal`
[INFO] [stdout]    |
[INFO] [stdout]    = note: `#[warn(unused_variables)]` on by default
[INFO] [stdout] 
[INFO] [stdout] 
[INFO] [stdout] warning: unused variable: `bwcs`
[INFO] [stdout]   --> examples/space.rs:21:9
[INFO] [stdout]    |
[INFO] [stdout] 21 |     let bwcs: BWCS = space.decode_section().unwrap();
[INFO] [stdout]    |         ^^^^ help: if this is intentional, prefix it with an underscore: `_bwcs`
[INFO] [stdout] 
[INFO] [stdout] 
[INFO] [stdout] error: aborting due to 8 previous errors; 1 warning emitted
[INFO] [stdout] 
[INFO] [stdout] 
[INFO] [stdout] Some errors have detailed explanations: E0432, E0433.
[INFO] [stdout] 
[INFO] [stdout] warning: unused variable: `bwsg`
[INFO] [stdout]   --> examples/space.rs:22:9
[INFO] [stdout]    |
[INFO] [stdout] 22 |     let bwsg: BWSG = space.decode_section().unwrap();
[INFO] [stdout]    |         ^^^^ help: if this is intentional, prefix it with an underscore: `_bwsg`
[INFO] [stdout] 
[INFO] [stdout] 
[INFO] [stdout] For more information about an error, try `rustc --explain E0432`.
[INFO] [stdout] 
[INFO] [stderr] error: could not compile `wg-toolkit` (example "xml") due to 3 previous errors
[INFO] [stderr] warning: build failed, waiting for other jobs to finish...
[INFO] [stdout] error: aborting due to 4 previous errors
[INFO] [stdout] 
[INFO] [stdout] 
[INFO] [stdout] Some errors have detailed explanations: E0432, E0433.
[INFO] [stdout] 
[INFO] [stdout] For more information about an error, try `rustc --explain E0432`.
[INFO] [stdout] 
[INFO] [stderr] error: could not compile `wg-toolkit` (example "proxy") due to 9 previous errors; 1 warning emitted
[INFO] [stderr] error: could not compile `wg-toolkit` (example "network") due to 5 previous errors
[INFO] [stdout] warning: variable does not need to be mutable
[INFO] [stdout]   --> examples/model.rs:12:9
[INFO] [stdout]    |
[INFO] [stdout] 12 |     let mut visual_file = File::open(path.with_extension("visual_processed")).unwrap();
[INFO] [stdout]    |         ----^^^^^^^^^^^
[INFO] [stdout]    |         |
[INFO] [stdout]    |         help: remove this `mut`
[INFO] [stdout]    |
[INFO] [stdout]    = note: `#[warn(unused_mut)]` on by default
[INFO] [stdout] 
[INFO] [stdout] 
[INFO] [stdout] warning: 3 warnings emitted
[INFO] [stdout] 
[INFO] [stdout] 
[INFO] [stdout] warning: 1 warning emitted
[INFO] [stdout] 
[INFO] [stdout] 
[INFO] running `Command { std: "docker" "inspect" "4972af4f2370567fd5293ad775cc4ca5f8b76687fc75d909438d5586c3a31aa7", kill_on_drop: false }`
[INFO] running `Command { std: "docker" "rm" "-f" "4972af4f2370567fd5293ad775cc4ca5f8b76687fc75d909438d5586c3a31aa7", kill_on_drop: false }`
[INFO] [stdout] 4972af4f2370567fd5293ad775cc4ca5f8b76687fc75d909438d5586c3a31aa7
[INFO] testing wg-toolkit-0.2.0 against beta-2023-12-22 for beta-1.76-1
[INFO] extracting crate wg-toolkit 0.2.0 into /workspace/builds/worker-3-tc2/source
[INFO] validating manifest of crates.io crate wg-toolkit 0.2.0 on toolchain beta-2023-12-22
[INFO] running `Command { std: CARGO_HOME="/workspace/cargo-home" RUSTUP_HOME="/workspace/rustup-home" "/workspace/cargo-home/bin/cargo" "+beta-2023-12-22" "metadata" "--manifest-path" "Cargo.toml" "--no-deps", kill_on_drop: false }`
[INFO] started tweaking crates.io crate wg-toolkit 0.2.0
[INFO] finished tweaking crates.io crate wg-toolkit 0.2.0
[INFO] tweaked toml for crates.io crate wg-toolkit 0.2.0 written to /workspace/builds/worker-3-tc2/source/Cargo.toml
[INFO] crate crates.io crate wg-toolkit 0.2.0 already has a lockfile, it will not be regenerated
[INFO] running `Command { std: CARGO_HOME="/workspace/cargo-home" RUSTUP_HOME="/workspace/rustup-home" "/workspace/cargo-home/bin/cargo" "+beta-2023-12-22" "fetch" "--manifest-path" "Cargo.toml", kill_on_drop: false }`
[INFO] running `Command { std: "docker" "create" "-v" "/var/lib/crater-agent-workspace/builds/worker-3-tc2/target:/opt/rustwide/target:rw,Z" "-v" "/var/lib/crater-agent-workspace/builds/worker-3-tc2/source:/opt/rustwide/workdir:ro,Z" "-v" "/var/lib/crater-agent-workspace/cargo-home:/opt/rustwide/cargo-home:ro,Z" "-v" "/var/lib/crater-agent-workspace/rustup-home:/opt/rustwide/rustup-home:ro,Z" "-e" "SOURCE_DIR=/opt/rustwide/workdir" "-e" "CARGO_TARGET_DIR=/opt/rustwide/target" "-e" "CARGO_HOME=/opt/rustwide/cargo-home" "-e" "RUSTUP_HOME=/opt/rustwide/rustup-home" "-w" "/opt/rustwide/workdir" "-m" "1610612736" "--user" "0:0" "--network" "none" "ghcr.io/rust-lang/crates-build-env/linux@sha256:2788e3201cd34a07e3172128adcd8b3090168a8e3bcc40d7c032b9dda1df7d1c" "/opt/rustwide/cargo-home/bin/cargo" "+beta-2023-12-22" "metadata" "--no-deps" "--format-version=1", kill_on_drop: false }`
[INFO] [stdout] 593a44277e60eac7d01b2ddba2c9ac5eecebe9b821bd4d838fa3dbb115c79729
[INFO] running `Command { std: "docker" "start" "-a" "593a44277e60eac7d01b2ddba2c9ac5eecebe9b821bd4d838fa3dbb115c79729", kill_on_drop: false }`
[INFO] running `Command { std: "docker" "inspect" "593a44277e60eac7d01b2ddba2c9ac5eecebe9b821bd4d838fa3dbb115c79729", kill_on_drop: false }`
[INFO] running `Command { std: "docker" "rm" "-f" "593a44277e60eac7d01b2ddba2c9ac5eecebe9b821bd4d838fa3dbb115c79729", kill_on_drop: false }`
[INFO] [stdout] 593a44277e60eac7d01b2ddba2c9ac5eecebe9b821bd4d838fa3dbb115c79729
[INFO] running `Command { std: "docker" "create" "-v" "/var/lib/crater-agent-workspace/builds/worker-3-tc2/target:/opt/rustwide/target:rw,Z" "-v" "/var/lib/crater-agent-workspace/builds/worker-3-tc2/source:/opt/rustwide/workdir:ro,Z" "-v" "/var/lib/crater-agent-workspace/cargo-home:/opt/rustwide/cargo-home:ro,Z" "-v" "/var/lib/crater-agent-workspace/rustup-home:/opt/rustwide/rustup-home:ro,Z" "-e" "SOURCE_DIR=/opt/rustwide/workdir" "-e" "CARGO_TARGET_DIR=/opt/rustwide/target" "-e" "CARGO_INCREMENTAL=0" "-e" "RUST_BACKTRACE=full" "-e" "RUSTFLAGS=--cap-lints=warn" "-e" "RUSTDOCFLAGS=--cap-lints=warn" "-e" "CARGO_HOME=/opt/rustwide/cargo-home" "-e" "RUSTUP_HOME=/opt/rustwide/rustup-home" "-w" "/opt/rustwide/workdir" "-m" "1610612736" "--user" "0:0" "--network" "none" "ghcr.io/rust-lang/crates-build-env/linux@sha256:2788e3201cd34a07e3172128adcd8b3090168a8e3bcc40d7c032b9dda1df7d1c" "/opt/rustwide/cargo-home/bin/cargo" "+beta-2023-12-22" "build" "--frozen" "--message-format=json", kill_on_drop: false }`
[INFO] [stdout] b15d410f0f8eb18582e0c851f09616aaea316aaa5e619da4f883441ea84ffc21
[INFO] running `Command { std: "docker" "start" "-a" "b15d410f0f8eb18582e0c851f09616aaea316aaa5e619da4f883441ea84ffc21", kill_on_drop: false }`
[INFO] [stderr]    Compiling proc-macro2 v1.0.47
[INFO] [stderr]    Compiling quote v1.0.21
[INFO] [stderr]    Compiling unicode-ident v1.0.5
[INFO] [stderr]    Compiling syn v1.0.103
[INFO] [stderr]    Compiling thiserror v1.0.37
[INFO] [stderr]    Compiling byteorder v1.4.3
[INFO] [stderr]    Compiling base64 v0.13.1
[INFO] [stderr]    Compiling smallvec v1.10.0
[INFO] [stderr]    Compiling glam v0.21.3
[INFO] [stderr]    Compiling thiserror-impl v1.0.37
[INFO] [stderr]    Compiling wg-toolkit v0.2.0 (/opt/rustwide/workdir)
[INFO] [stderr]     Finished dev [unoptimized + debuginfo] target(s) in 3.08s
[INFO] running `Command { std: "docker" "inspect" "b15d410f0f8eb18582e0c851f09616aaea316aaa5e619da4f883441ea84ffc21", kill_on_drop: false }`
[INFO] running `Command { std: "docker" "rm" "-f" "b15d410f0f8eb18582e0c851f09616aaea316aaa5e619da4f883441ea84ffc21", kill_on_drop: false }`
[INFO] [stdout] b15d410f0f8eb18582e0c851f09616aaea316aaa5e619da4f883441ea84ffc21
[INFO] running `Command { std: "docker" "create" "-v" "/var/lib/crater-agent-workspace/builds/worker-3-tc2/target:/opt/rustwide/target:rw,Z" "-v" "/var/lib/crater-agent-workspace/builds/worker-3-tc2/source:/opt/rustwide/workdir:ro,Z" "-v" "/var/lib/crater-agent-workspace/cargo-home:/opt/rustwide/cargo-home:ro,Z" "-v" "/var/lib/crater-agent-workspace/rustup-home:/opt/rustwide/rustup-home:ro,Z" "-e" "SOURCE_DIR=/opt/rustwide/workdir" "-e" "CARGO_TARGET_DIR=/opt/rustwide/target" "-e" "CARGO_INCREMENTAL=0" "-e" "RUST_BACKTRACE=full" "-e" "RUSTFLAGS=--cap-lints=warn" "-e" "RUSTDOCFLAGS=--cap-lints=warn" "-e" "CARGO_HOME=/opt/rustwide/cargo-home" "-e" "RUSTUP_HOME=/opt/rustwide/rustup-home" "-w" "/opt/rustwide/workdir" "-m" "1610612736" "--user" "0:0" "--network" "none" "ghcr.io/rust-lang/crates-build-env/linux@sha256:2788e3201cd34a07e3172128adcd8b3090168a8e3bcc40d7c032b9dda1df7d1c" "/opt/rustwide/cargo-home/bin/cargo" "+beta-2023-12-22" "test" "--frozen" "--no-run" "--message-format=json", kill_on_drop: false }`
[INFO] [stdout] 3e61cd9fa72009a342f46ff968884d5590216c8fde994038c5044c57f17fdf9f
[INFO] running `Command { std: "docker" "start" "-a" "3e61cd9fa72009a342f46ff968884d5590216c8fde994038c5044c57f17fdf9f", kill_on_drop: false }`
[INFO] [stderr]    Compiling wg-toolkit v0.2.0 (/opt/rustwide/workdir)
[INFO] [stdout] error[E0432]: unresolved import `xmltree`
[INFO] [stdout]  --> examples/xml.rs:3:5
[INFO] [stdout]   |
[INFO] [stdout] 3 | use xmltree::EmitterConfig;
[INFO] [stdout]   |     ^^^^^^^ use of undeclared crate or module `xmltree`
[INFO] [stdout] 
[INFO] [stdout] 
[INFO] [stdout] error[E0432]: unresolved import `wgtk::xml`
[INFO] [stdout]  --> examples/xml.rs:5:11
[INFO] [stdout]   |
[INFO] [stdout] 5 | use wgtk::xml::unpack_xml;
[INFO] [stdout]   |           ^^^ could not find `xml` in `wgtk`
[INFO] [stdout] 
[INFO] [stdout] 
[INFO] [stdout] error[E0433]: failed to resolve: use of undeclared crate or module `rsa`
[INFO] [stdout]  --> examples/network.rs:4:5
[INFO] [stdout]   |
[INFO] [stdout] 4 | use rsa::{RsaPrivateKey, RsaPublicKey, pkcs8::{FromPublicKey, FromPrivateKey}, PublicKeyParts};
[INFO] [stdout]   |     ^^^ use of undeclared crate or module `rsa`
[INFO] [stdout] 
[INFO] [stdout] 
[INFO] [stdout] error[E0433]: failed to resolve: could not find `net` in `wgtk`
[INFO] [stdout]  --> examples/proxy.rs:8:11
[INFO] [stdout]   |
[INFO] [stdout] 8 | use wgtk::net::proxy::{Proxy, ProxyListener, ProxyDirectTransfer, ProxySideOutput};
[INFO] [stdout]   |           ^^^ could not find `net` in `wgtk`
[INFO] [stdout] 
[INFO] [stdout] 
[INFO] [stdout] error[E0433]: failed to resolve: could not find `net` in `wgtk`
[INFO] [stdout]  --> examples/network.rs:7:11
[INFO] [stdout]   |
[INFO] [stdout] 7 | use wgtk::net::bundle::BundleAssembler;
[INFO] [stdout]   |           ^^^ could not find `net` in `wgtk`
[INFO] [stdout] 
[INFO] [stdout] 
[INFO] [stdout] error[E0433]: failed to resolve: could not find `net` in `wgtk`
[INFO] [stdout]  --> examples/proxy.rs:9:11
[INFO] [stdout]   |
[INFO] [stdout] 9 | use wgtk::net::bundle::{Bundle, BundleElement, BundleAssembler};
[INFO] [stdout]   |           ^^^ could not find `net` in `wgtk`
[INFO] [stdout] 
[INFO] [stdout] 
[INFO] [stdout] error[E0433]: failed to resolve: could not find `net` in `wgtk`
[INFO] [stdout]  --> examples/network.rs:8:11
[INFO] [stdout]   |
[INFO] [stdout] 8 | use wgtk::net::packet::Packet;
[INFO] [stdout]   |           ^^^ could not find `net` in `wgtk`
[INFO] [stdout] 
[INFO] [stdout] 
[INFO] [stdout] error[E0433]: failed to resolve: could not find `net` in `wgtk`
[INFO] [stdout]   --> examples/proxy.rs:10:11
[INFO] [stdout]    |
[INFO] [stdout] 10 | use wgtk::net::packet::Packet;
[INFO] [stdout]    |           ^^^ could not find `net` in `wgtk`
[INFO] [stdout] 
[INFO] [stdout] 
[INFO] [stdout] error[E0432]: unresolved import `rsa`
[INFO] [stdout]  --> examples/network.rs:4:5
[INFO] [stdout]   |
[INFO] [stdout] 4 | use rsa::{RsaPrivateKey, RsaPublicKey, pkcs8::{FromPublicKey, FromPrivateKey}, PublicKeyParts};
[INFO] [stdout]   |     ^^^ use of undeclared crate or module `rsa`
[INFO] [stdout] 
[INFO] [stdout] 
[INFO] [stdout] error[E0433]: failed to resolve: could not find `net` in `wgtk`
[INFO] [stdout]   --> examples/proxy.rs:12:11
[INFO] [stdout]    |
[INFO] [stdout] 12 | use wgtk::net::element::login::{LoginCodec, PingCodec, ChallengeCodec, ChallengeResponseCodec};
[INFO] [stdout]    |           ^^^ could not find `net` in `wgtk`
[INFO] [stdout] 
[INFO] [stdout] 
[INFO] [stdout] error[E0433]: failed to resolve: could not find `net` in `wgtk`
[INFO] [stdout]   --> examples/proxy.rs:13:11
[INFO] [stdout]    |
[INFO] [stdout] 13 | use wgtk::net::element::reply::{ReplyCodec};
[INFO] [stdout]    |           ^^^ could not find `net` in `wgtk`
[INFO] [stdout] 
[INFO] [stdout] 
[INFO] [stdout] error[E0433]: failed to resolve: could not find `net` in `wgtk`
[INFO] [stdout]   --> examples/proxy.rs:14:11
[INFO] [stdout]    |
[INFO] [stdout] 14 | use wgtk::net::element::{Var16ElementCodec, Var32ElementCodec};
[INFO] [stdout]    |           ^^^ could not find `net` in `wgtk`
[INFO] [stdout] 
[INFO] [stdout] 
[INFO] [stdout] error[E0433]: failed to resolve: use of undeclared crate or module `rsa`
[INFO] [stdout]  --> examples/proxy.rs:6:5
[INFO] [stdout]   |
[INFO] [stdout] 6 | use rsa::{RsaPrivateKey, RsaPublicKey, pkcs8::{FromPublicKey, FromPrivateKey}, PublicKeyParts};
[INFO] [stdout]   |     ^^^ use of undeclared crate or module `rsa`
[INFO] [stdout] 
[INFO] [stdout] 
[INFO] [stdout] error[E0432]: unresolved import `rsa`
[INFO] [stdout]  --> examples/proxy.rs:6:5
[INFO] [stdout]   |
[INFO] [stdout] 6 | use rsa::{RsaPrivateKey, RsaPublicKey, pkcs8::{FromPublicKey, FromPrivateKey}, PublicKeyParts};
[INFO] [stdout]   |     ^^^ use of undeclared crate or module `rsa`
[INFO] [stdout] 
[INFO] [stdout] 
[INFO] [stdout] error: aborting due to 2 previous errors
[INFO] [stdout] 
[INFO] [stdout] 
[INFO] [stdout] For more information about this error, try `rustc --explain E0432`.
[INFO] [stdout] 
[INFO] [stdout] warning: unused import: `std::rc::Rc`
[INFO] [stdout]  --> examples/proxy.rs:4:5
[INFO] [stdout]   |
[INFO] [stdout] 4 | use std::rc::Rc;
[INFO] [stdout]   |     ^^^^^^^^^^^
[INFO] [stdout]   |
[INFO] [stdout]   = note: `#[warn(unused_imports)]` on by default
[INFO] [stdout] 
[INFO] [stdout] 
[INFO] [stdout] warning: unused variable: `bwal`
[INFO] [stdout]   --> examples/space.rs:20:9
[INFO] [stdout]    |
[INFO] [stdout] 20 |     let bwal: BWAL = space.decode_section().unwrap();
[INFO] [stdout]    |         ^^^^ help: if this is intentional, prefix it with an underscore: `_bwal`
[INFO] [stdout]    |
[INFO] [stdout]    = note: `#[warn(unused_variables)]` on by default
[INFO] [stdout] 
[INFO] [stdout] 
[INFO] [stderr] error: could not compile `wg-toolkit` (example "xml") due to 3 previous errors
[INFO] [stderr] warning: build failed, waiting for other jobs to finish...
[INFO] [stdout] warning: unused variable: `bwcs`
[INFO] [stdout]   --> examples/space.rs:21:9
[INFO] [stdout]    |
[INFO] [stdout] 21 |     let bwcs: BWCS = space.decode_section().unwrap();
[INFO] [stdout]    |         ^^^^ help: if this is intentional, prefix it with an underscore: `_bwcs`
[INFO] [stdout] 
[INFO] [stdout] 
[INFO] [stdout] warning: unused variable: `bwsg`
[INFO] [stdout]   --> examples/space.rs:22:9
[INFO] [stdout]    |
[INFO] [stdout] 22 |     let bwsg: BWSG = space.decode_section().unwrap();
[INFO] [stdout]    |         ^^^^ help: if this is intentional, prefix it with an underscore: `_bwsg`
[INFO] [stdout] 
[INFO] [stdout] 
[INFO] [stdout] error: aborting due to 8 previous errors; 1 warning emitted
[INFO] [stdout] 
[INFO] [stdout] 
[INFO] [stdout] Some errors have detailed explanations: E0432, E0433.
[INFO] [stdout] 
[INFO] [stdout] For more information about an error, try `rustc --explain E0432`.
[INFO] [stdout] 
[INFO] [stdout] error: aborting due to 4 previous errors
[INFO] [stdout] 
[INFO] [stdout] 
[INFO] [stdout] Some errors have detailed explanations: E0432, E0433.
[INFO] [stdout] 
[INFO] [stdout] For more information about an error, try `rustc --explain E0432`.
[INFO] [stdout] 
[INFO] [stderr] error: could not compile `wg-toolkit` (example "proxy") due to 9 previous errors; 1 warning emitted
[INFO] [stderr] error: could not compile `wg-toolkit` (example "network") due to 5 previous errors
[INFO] [stdout] warning: variable does not need to be mutable
[INFO] [stdout]   --> examples/model.rs:12:9
[INFO] [stdout]    |
[INFO] [stdout] 12 |     let mut visual_file = File::open(path.with_extension("visual_processed")).unwrap();
[INFO] [stdout]    |         ----^^^^^^^^^^^
[INFO] [stdout]    |         |
[INFO] [stdout]    |         help: remove this `mut`
[INFO] [stdout]    |
[INFO] [stdout]    = note: `#[warn(unused_mut)]` on by default
[INFO] [stdout] 
[INFO] [stdout] 
[INFO] [stdout] warning: 3 warnings emitted
[INFO] [stdout] 
[INFO] [stdout] 
[INFO] [stdout] warning: 1 warning emitted
[INFO] [stdout] 
[INFO] [stdout] 
[INFO] running `Command { std: "docker" "inspect" "3e61cd9fa72009a342f46ff968884d5590216c8fde994038c5044c57f17fdf9f", kill_on_drop: false }`
[INFO] running `Command { std: "docker" "rm" "-f" "3e61cd9fa72009a342f46ff968884d5590216c8fde994038c5044c57f17fdf9f", kill_on_drop: false }`
[INFO] [stdout] 3e61cd9fa72009a342f46ff968884d5590216c8fde994038c5044c57f17fdf9f
