[INFO] fetching crate wepoll-sys 3.0.1...
[INFO] testing wepoll-sys-3.0.1 against 1.75.0 for beta-1.76-1
[INFO] extracting crate wepoll-sys 3.0.1 into /workspace/builds/worker-4-tc1/source
[INFO] validating manifest of crates.io crate wepoll-sys 3.0.1 on toolchain 1.75.0
[INFO] running `Command { std: CARGO_HOME="/workspace/cargo-home" RUSTUP_HOME="/workspace/rustup-home" "/workspace/cargo-home/bin/cargo" "+1.75.0" "metadata" "--manifest-path" "Cargo.toml" "--no-deps", kill_on_drop: false }`
[INFO] started tweaking crates.io crate wepoll-sys 3.0.1
[INFO] finished tweaking crates.io crate wepoll-sys 3.0.1
[INFO] tweaked toml for crates.io crate wepoll-sys 3.0.1 written to /workspace/builds/worker-4-tc1/source/Cargo.toml
[INFO] running `Command { std: CARGO_HOME="/workspace/cargo-home" RUSTUP_HOME="/workspace/rustup-home" "/workspace/cargo-home/bin/cargo" "+1.75.0" "generate-lockfile" "--manifest-path" "Cargo.toml", kill_on_drop: false }`
[INFO] [stderr]     Updating crates.io index
[INFO] running `Command { std: CARGO_HOME="/workspace/cargo-home" RUSTUP_HOME="/workspace/rustup-home" "/workspace/cargo-home/bin/cargo" "+1.75.0" "fetch" "--manifest-path" "Cargo.toml", kill_on_drop: false }`
[INFO] running `Command { std: "docker" "create" "-v" "/var/lib/crater-agent-workspace/builds/worker-4-tc1/target:/opt/rustwide/target:rw,Z" "-v" "/var/lib/crater-agent-workspace/builds/worker-4-tc1/source:/opt/rustwide/workdir:ro,Z" "-v" "/var/lib/crater-agent-workspace/cargo-home:/opt/rustwide/cargo-home:ro,Z" "-v" "/var/lib/crater-agent-workspace/rustup-home:/opt/rustwide/rustup-home:ro,Z" "-e" "SOURCE_DIR=/opt/rustwide/workdir" "-e" "CARGO_TARGET_DIR=/opt/rustwide/target" "-e" "CARGO_HOME=/opt/rustwide/cargo-home" "-e" "RUSTUP_HOME=/opt/rustwide/rustup-home" "-w" "/opt/rustwide/workdir" "-m" "1610612736" "--user" "0:0" "--network" "none" "ghcr.io/rust-lang/crates-build-env/linux@sha256:2788e3201cd34a07e3172128adcd8b3090168a8e3bcc40d7c032b9dda1df7d1c" "/opt/rustwide/cargo-home/bin/cargo" "+1.75.0" "metadata" "--no-deps" "--format-version=1", kill_on_drop: false }`
[INFO] [stdout] 3da10e3158f35d8b8fc4cf193e2bce10b87ef3bfe0ba89250452eac21dd64f6c
[INFO] running `Command { std: "docker" "start" "-a" "3da10e3158f35d8b8fc4cf193e2bce10b87ef3bfe0ba89250452eac21dd64f6c", kill_on_drop: false }`
[INFO] running `Command { std: "docker" "inspect" "3da10e3158f35d8b8fc4cf193e2bce10b87ef3bfe0ba89250452eac21dd64f6c", kill_on_drop: false }`
[INFO] running `Command { std: "docker" "rm" "-f" "3da10e3158f35d8b8fc4cf193e2bce10b87ef3bfe0ba89250452eac21dd64f6c", kill_on_drop: false }`
[INFO] [stdout] 3da10e3158f35d8b8fc4cf193e2bce10b87ef3bfe0ba89250452eac21dd64f6c
[INFO] running `Command { std: "docker" "create" "-v" "/var/lib/crater-agent-workspace/builds/worker-4-tc1/target:/opt/rustwide/target:rw,Z" "-v" "/var/lib/crater-agent-workspace/builds/worker-4-tc1/source:/opt/rustwide/workdir:ro,Z" "-v" "/var/lib/crater-agent-workspace/cargo-home:/opt/rustwide/cargo-home:ro,Z" "-v" "/var/lib/crater-agent-workspace/rustup-home:/opt/rustwide/rustup-home:ro,Z" "-e" "SOURCE_DIR=/opt/rustwide/workdir" "-e" "CARGO_TARGET_DIR=/opt/rustwide/target" "-e" "CARGO_INCREMENTAL=0" "-e" "RUST_BACKTRACE=full" "-e" "RUSTFLAGS=--cap-lints=warn" "-e" "RUSTDOCFLAGS=--cap-lints=warn" "-e" "CARGO_HOME=/opt/rustwide/cargo-home" "-e" "RUSTUP_HOME=/opt/rustwide/rustup-home" "-w" "/opt/rustwide/workdir" "-m" "1610612736" "--user" "0:0" "--network" "none" "ghcr.io/rust-lang/crates-build-env/linux@sha256:2788e3201cd34a07e3172128adcd8b3090168a8e3bcc40d7c032b9dda1df7d1c" "/opt/rustwide/cargo-home/bin/cargo" "+1.75.0" "build" "--frozen" "--message-format=json", kill_on_drop: false }`
[INFO] [stdout] a3ea68e3f711c4980ed82f76b05cc4a0c6ed4ba91fed21967b9ada104da6a593
[INFO] running `Command { std: "docker" "start" "-a" "a3ea68e3f711c4980ed82f76b05cc4a0c6ed4ba91fed21967b9ada104da6a593", kill_on_drop: false }`
[INFO] [stderr]    Compiling libc v0.2.151
[INFO] [stderr]    Compiling cc v1.0.83
[INFO] [stderr]    Compiling wepoll-sys v3.0.1 (/opt/rustwide/workdir)
[INFO] [stderr] The following warnings were emitted during compilation:
[INFO] [stderr] 
[INFO] [stderr] warning: wepoll-sys@3.0.1: /opt/rustwide/target/debug/build/wepoll-sys-3d9991a9fe4abd63/out/wepoll-build/wepoll.c:131:10: fatal error: winsock2.h: No such file or directory
[INFO] [stderr] warning: wepoll-sys@3.0.1:   131 | #include <winsock2.h>
[INFO] [stderr] warning: wepoll-sys@3.0.1:       |          ^~~~~~~~~~~~
[INFO] [stderr] warning: wepoll-sys@3.0.1: compilation terminated.
[INFO] [stderr] 
[INFO] [stderr] error: failed to run custom build command for `wepoll-sys v3.0.1 (/opt/rustwide/workdir)`
[INFO] [stderr] note: To improve backtraces for build dependencies, set the CARGO_PROFILE_DEV_BUILD_OVERRIDE_DEBUG=true environment variable to enable debug information generation.
[INFO] [stderr] 
[INFO] [stderr] Caused by:
[INFO] [stderr]   process didn't exit successfully: `/opt/rustwide/target/debug/build/wepoll-sys-3c0374ea9a3ef6de/build-script-build` (exit status: 1)
[INFO] [stderr]   --- stdout
[INFO] [stderr]   TARGET = Some("x86_64-unknown-linux-gnu")
[INFO] [stderr]   OPT_LEVEL = Some("0")
[INFO] [stderr]   HOST = Some("x86_64-unknown-linux-gnu")
[INFO] [stderr]   cargo:rerun-if-env-changed=CC_x86_64-unknown-linux-gnu
[INFO] [stderr]   CC_x86_64-unknown-linux-gnu = None
[INFO] [stderr]   cargo:rerun-if-env-changed=CC_x86_64_unknown_linux_gnu
[INFO] [stderr]   CC_x86_64_unknown_linux_gnu = None
[INFO] [stderr]   cargo:rerun-if-env-changed=HOST_CC
[INFO] [stderr]   HOST_CC = None
[INFO] [stderr]   cargo:rerun-if-env-changed=CC
[INFO] [stderr]   CC = None
[INFO] [stderr]   cargo:rerun-if-env-changed=CRATE_CC_NO_DEFAULTS
[INFO] [stderr]   CRATE_CC_NO_DEFAULTS = None
[INFO] [stderr]   DEBUG = Some("true")
[INFO] [stderr]   CARGO_CFG_TARGET_FEATURE = Some("fxsr,sse,sse2")
[INFO] [stderr]   cargo:rerun-if-env-changed=CFLAGS_x86_64-unknown-linux-gnu
[INFO] [stderr]   CFLAGS_x86_64-unknown-linux-gnu = None
[INFO] [stderr]   cargo:rerun-if-env-changed=CFLAGS_x86_64_unknown_linux_gnu
[INFO] [stderr]   CFLAGS_x86_64_unknown_linux_gnu = None
[INFO] [stderr]   cargo:rerun-if-env-changed=HOST_CFLAGS
[INFO] [stderr]   HOST_CFLAGS = None
[INFO] [stderr]   cargo:rerun-if-env-changed=CFLAGS
[INFO] [stderr]   CFLAGS = None
[INFO] [stderr]   running: "cc" "-O0" "-ffunction-sections" "-fdata-sections" "-fPIC" "-gdwarf-4" "-fno-omit-frame-pointer" "-m64" "-I" "/opt/rustwide/target/debug/build/wepoll-sys-3d9991a9fe4abd63/out/wepoll-build" "-Wall" "-Wextra" "-o" "/opt/rustwide/target/debug/build/wepoll-sys-3d9991a9fe4abd63/out/wepoll-build/fb5c7271fe40970c-wepoll.o" "-c" "/opt/rustwide/target/debug/build/wepoll-sys-3d9991a9fe4abd63/out/wepoll-build/wepoll.c"
[INFO] [stderr]   cargo:warning=/opt/rustwide/target/debug/build/wepoll-sys-3d9991a9fe4abd63/out/wepoll-build/wepoll.c:131:10: fatal error: winsock2.h: No such file or directory
[INFO] [stderr] 
[INFO] [stderr]   cargo:warning=  131 | #include <winsock2.h>
[INFO] [stderr] 
[INFO] [stderr]   cargo:warning=      |          ^~~~~~~~~~~~
[INFO] [stderr] 
[INFO] [stderr]   cargo:warning=compilation terminated.
[INFO] [stderr] 
[INFO] [stderr]   exit status: 1
[INFO] [stderr] 
[INFO] [stderr]   --- stderr
[INFO] [stderr] 
[INFO] [stderr] 
[INFO] [stderr]   error occurred: Command "cc" "-O0" "-ffunction-sections" "-fdata-sections" "-fPIC" "-gdwarf-4" "-fno-omit-frame-pointer" "-m64" "-I" "/opt/rustwide/target/debug/build/wepoll-sys-3d9991a9fe4abd63/out/wepoll-build" "-Wall" "-Wextra" "-o" "/opt/rustwide/target/debug/build/wepoll-sys-3d9991a9fe4abd63/out/wepoll-build/fb5c7271fe40970c-wepoll.o" "-c" "/opt/rustwide/target/debug/build/wepoll-sys-3d9991a9fe4abd63/out/wepoll-build/wepoll.c" with args "cc" did not execute successfully (status code exit status: 1).
[INFO] [stderr] 
[INFO] [stderr] 
[INFO] running `Command { std: "docker" "inspect" "a3ea68e3f711c4980ed82f76b05cc4a0c6ed4ba91fed21967b9ada104da6a593", kill_on_drop: false }`
[INFO] running `Command { std: "docker" "rm" "-f" "a3ea68e3f711c4980ed82f76b05cc4a0c6ed4ba91fed21967b9ada104da6a593", kill_on_drop: false }`
[INFO] [stdout] a3ea68e3f711c4980ed82f76b05cc4a0c6ed4ba91fed21967b9ada104da6a593
[INFO] testing wepoll-sys-3.0.1 against beta-2023-12-22 for beta-1.76-1
[INFO] extracting crate wepoll-sys 3.0.1 into /workspace/builds/worker-4-tc2/source
[INFO] validating manifest of crates.io crate wepoll-sys 3.0.1 on toolchain beta-2023-12-22
[INFO] running `Command { std: CARGO_HOME="/workspace/cargo-home" RUSTUP_HOME="/workspace/rustup-home" "/workspace/cargo-home/bin/cargo" "+beta-2023-12-22" "metadata" "--manifest-path" "Cargo.toml" "--no-deps", kill_on_drop: false }`
[INFO] started tweaking crates.io crate wepoll-sys 3.0.1
[INFO] finished tweaking crates.io crate wepoll-sys 3.0.1
[INFO] tweaked toml for crates.io crate wepoll-sys 3.0.1 written to /workspace/builds/worker-4-tc2/source/Cargo.toml
[INFO] running `Command { std: CARGO_HOME="/workspace/cargo-home" RUSTUP_HOME="/workspace/rustup-home" "/workspace/cargo-home/bin/cargo" "+beta-2023-12-22" "generate-lockfile" "--manifest-path" "Cargo.toml", kill_on_drop: false }`
[INFO] [stderr]     Updating crates.io index
[INFO] running `Command { std: CARGO_HOME="/workspace/cargo-home" RUSTUP_HOME="/workspace/rustup-home" "/workspace/cargo-home/bin/cargo" "+beta-2023-12-22" "fetch" "--manifest-path" "Cargo.toml", kill_on_drop: false }`
[INFO] running `Command { std: "docker" "create" "-v" "/var/lib/crater-agent-workspace/builds/worker-4-tc2/target:/opt/rustwide/target:rw,Z" "-v" "/var/lib/crater-agent-workspace/builds/worker-4-tc2/source:/opt/rustwide/workdir:ro,Z" "-v" "/var/lib/crater-agent-workspace/cargo-home:/opt/rustwide/cargo-home:ro,Z" "-v" "/var/lib/crater-agent-workspace/rustup-home:/opt/rustwide/rustup-home:ro,Z" "-e" "SOURCE_DIR=/opt/rustwide/workdir" "-e" "CARGO_TARGET_DIR=/opt/rustwide/target" "-e" "CARGO_HOME=/opt/rustwide/cargo-home" "-e" "RUSTUP_HOME=/opt/rustwide/rustup-home" "-w" "/opt/rustwide/workdir" "-m" "1610612736" "--user" "0:0" "--network" "none" "ghcr.io/rust-lang/crates-build-env/linux@sha256:2788e3201cd34a07e3172128adcd8b3090168a8e3bcc40d7c032b9dda1df7d1c" "/opt/rustwide/cargo-home/bin/cargo" "+beta-2023-12-22" "metadata" "--no-deps" "--format-version=1", kill_on_drop: false }`
[INFO] [stdout] a73c0c2d525056d621e94d10420a33eec13cca993c270cb2c81d0c2c80695910
[INFO] running `Command { std: "docker" "start" "-a" "a73c0c2d525056d621e94d10420a33eec13cca993c270cb2c81d0c2c80695910", kill_on_drop: false }`
[INFO] running `Command { std: "docker" "inspect" "a73c0c2d525056d621e94d10420a33eec13cca993c270cb2c81d0c2c80695910", kill_on_drop: false }`
[INFO] running `Command { std: "docker" "rm" "-f" "a73c0c2d525056d621e94d10420a33eec13cca993c270cb2c81d0c2c80695910", kill_on_drop: false }`
[INFO] [stdout] a73c0c2d525056d621e94d10420a33eec13cca993c270cb2c81d0c2c80695910
[INFO] running `Command { std: "docker" "create" "-v" "/var/lib/crater-agent-workspace/builds/worker-4-tc2/target:/opt/rustwide/target:rw,Z" "-v" "/var/lib/crater-agent-workspace/builds/worker-4-tc2/source:/opt/rustwide/workdir:ro,Z" "-v" "/var/lib/crater-agent-workspace/cargo-home:/opt/rustwide/cargo-home:ro,Z" "-v" "/var/lib/crater-agent-workspace/rustup-home:/opt/rustwide/rustup-home:ro,Z" "-e" "SOURCE_DIR=/opt/rustwide/workdir" "-e" "CARGO_TARGET_DIR=/opt/rustwide/target" "-e" "CARGO_INCREMENTAL=0" "-e" "RUST_BACKTRACE=full" "-e" "RUSTFLAGS=--cap-lints=warn" "-e" "RUSTDOCFLAGS=--cap-lints=warn" "-e" "CARGO_HOME=/opt/rustwide/cargo-home" "-e" "RUSTUP_HOME=/opt/rustwide/rustup-home" "-w" "/opt/rustwide/workdir" "-m" "1610612736" "--user" "0:0" "--network" "none" "ghcr.io/rust-lang/crates-build-env/linux@sha256:2788e3201cd34a07e3172128adcd8b3090168a8e3bcc40d7c032b9dda1df7d1c" "/opt/rustwide/cargo-home/bin/cargo" "+beta-2023-12-22" "build" "--frozen" "--message-format=json", kill_on_drop: false }`
[INFO] [stdout] 7f7a3d07946a9bfbaaea93222ef302107830e45ca6de04093e0f74aeaf1b9125
[INFO] running `Command { std: "docker" "start" "-a" "7f7a3d07946a9bfbaaea93222ef302107830e45ca6de04093e0f74aeaf1b9125", kill_on_drop: false }`
[INFO] [stderr]    Compiling libc v0.2.151
[INFO] [stderr]    Compiling cc v1.0.83
[INFO] [stderr]    Compiling wepoll-sys v3.0.1 (/opt/rustwide/workdir)
[INFO] [stderr] The following warnings were emitted during compilation:
[INFO] [stderr] 
[INFO] [stderr] warning: wepoll-sys@3.0.1: /opt/rustwide/target/debug/build/wepoll-sys-7214be4104a1ac5b/out/wepoll-build/wepoll.c:131:10: fatal error: winsock2.h: No such file or directory
[INFO] [stderr] warning: wepoll-sys@3.0.1:   131 | #include <winsock2.h>
[INFO] [stderr] warning: wepoll-sys@3.0.1:       |          ^~~~~~~~~~~~
[INFO] [stderr] warning: wepoll-sys@3.0.1: compilation terminated.
[INFO] [stderr] 
[INFO] [stderr] error: failed to run custom build command for `wepoll-sys v3.0.1 (/opt/rustwide/workdir)`
[INFO] [stderr] note: To improve backtraces for build dependencies, set the CARGO_PROFILE_DEV_BUILD_OVERRIDE_DEBUG=true environment variable to enable debug information generation.
[INFO] [stderr] 
[INFO] [stderr] Caused by:
[INFO] [stderr]   process didn't exit successfully: `/opt/rustwide/target/debug/build/wepoll-sys-6ff6bdd075423589/build-script-build` (exit status: 1)
[INFO] [stderr]   --- stdout
[INFO] [stderr]   TARGET = Some("x86_64-unknown-linux-gnu")
[INFO] [stderr]   OPT_LEVEL = Some("0")
[INFO] [stderr]   HOST = Some("x86_64-unknown-linux-gnu")
[INFO] [stderr]   cargo:rerun-if-env-changed=CC_x86_64-unknown-linux-gnu
[INFO] [stderr]   CC_x86_64-unknown-linux-gnu = None
[INFO] [stderr]   cargo:rerun-if-env-changed=CC_x86_64_unknown_linux_gnu
[INFO] [stderr]   CC_x86_64_unknown_linux_gnu = None
[INFO] [stderr]   cargo:rerun-if-env-changed=HOST_CC
[INFO] [stderr]   HOST_CC = None
[INFO] [stderr]   cargo:rerun-if-env-changed=CC
[INFO] [stderr]   CC = None
[INFO] [stderr]   cargo:rerun-if-env-changed=CRATE_CC_NO_DEFAULTS
[INFO] [stderr]   CRATE_CC_NO_DEFAULTS = None
[INFO] [stderr]   DEBUG = Some("true")
[INFO] [stderr]   CARGO_CFG_TARGET_FEATURE = Some("fxsr,sse,sse2")
[INFO] [stderr]   cargo:rerun-if-env-changed=CFLAGS_x86_64-unknown-linux-gnu
[INFO] [stderr]   CFLAGS_x86_64-unknown-linux-gnu = None
[INFO] [stderr]   cargo:rerun-if-env-changed=CFLAGS_x86_64_unknown_linux_gnu
[INFO] [stderr]   CFLAGS_x86_64_unknown_linux_gnu = None
[INFO] [stderr]   cargo:rerun-if-env-changed=HOST_CFLAGS
[INFO] [stderr]   HOST_CFLAGS = None
[INFO] [stderr]   cargo:rerun-if-env-changed=CFLAGS
[INFO] [stderr]   CFLAGS = None
[INFO] [stderr]   running: "cc" "-O0" "-ffunction-sections" "-fdata-sections" "-fPIC" "-gdwarf-4" "-fno-omit-frame-pointer" "-m64" "-I" "/opt/rustwide/target/debug/build/wepoll-sys-7214be4104a1ac5b/out/wepoll-build" "-Wall" "-Wextra" "-o" "/opt/rustwide/target/debug/build/wepoll-sys-7214be4104a1ac5b/out/wepoll-build/f51f170797b37bee-wepoll.o" "-c" "/opt/rustwide/target/debug/build/wepoll-sys-7214be4104a1ac5b/out/wepoll-build/wepoll.c"
[INFO] [stderr]   cargo:warning=/opt/rustwide/target/debug/build/wepoll-sys-7214be4104a1ac5b/out/wepoll-build/wepoll.c:131:10: fatal error: winsock2.h: No such file or directory
[INFO] [stderr] 
[INFO] [stderr]   cargo:warning=  131 | #include <winsock2.h>
[INFO] [stderr] 
[INFO] [stderr]   cargo:warning=      |          ^~~~~~~~~~~~
[INFO] [stderr] 
[INFO] [stderr]   cargo:warning=compilation terminated.
[INFO] [stderr] 
[INFO] [stderr]   exit status: 1
[INFO] [stderr] 
[INFO] [stderr]   --- stderr
[INFO] [stderr] 
[INFO] [stderr] 
[INFO] [stderr]   error occurred: Command "cc" "-O0" "-ffunction-sections" "-fdata-sections" "-fPIC" "-gdwarf-4" "-fno-omit-frame-pointer" "-m64" "-I" "/opt/rustwide/target/debug/build/wepoll-sys-7214be4104a1ac5b/out/wepoll-build" "-Wall" "-Wextra" "-o" "/opt/rustwide/target/debug/build/wepoll-sys-7214be4104a1ac5b/out/wepoll-build/f51f170797b37bee-wepoll.o" "-c" "/opt/rustwide/target/debug/build/wepoll-sys-7214be4104a1ac5b/out/wepoll-build/wepoll.c" with args "cc" did not execute successfully (status code exit status: 1).
[INFO] [stderr] 
[INFO] [stderr] 
[INFO] running `Command { std: "docker" "inspect" "7f7a3d07946a9bfbaaea93222ef302107830e45ca6de04093e0f74aeaf1b9125", kill_on_drop: false }`
[INFO] running `Command { std: "docker" "rm" "-f" "7f7a3d07946a9bfbaaea93222ef302107830e45ca6de04093e0f74aeaf1b9125", kill_on_drop: false }`
[INFO] [stdout] 7f7a3d07946a9bfbaaea93222ef302107830e45ca6de04093e0f74aeaf1b9125
