[INFO] fetching crate wei 0.2.4...
[INFO] testing wei-0.2.4 against 1.75.0 for beta-1.76-1
[INFO] extracting crate wei 0.2.4 into /workspace/builds/worker-4-tc1/source
[INFO] validating manifest of crates.io crate wei 0.2.4 on toolchain 1.75.0
[INFO] running `Command { std: CARGO_HOME="/workspace/cargo-home" RUSTUP_HOME="/workspace/rustup-home" "/workspace/cargo-home/bin/cargo" "+1.75.0" "metadata" "--manifest-path" "Cargo.toml" "--no-deps", kill_on_drop: false }`
[INFO] started tweaking crates.io crate wei 0.2.4
[INFO] finished tweaking crates.io crate wei 0.2.4
[INFO] tweaked toml for crates.io crate wei 0.2.4 written to /workspace/builds/worker-4-tc1/source/Cargo.toml
[INFO] crate crates.io crate wei 0.2.4 already has a lockfile, it will not be regenerated
[INFO] running `Command { std: CARGO_HOME="/workspace/cargo-home" RUSTUP_HOME="/workspace/rustup-home" "/workspace/cargo-home/bin/cargo" "+1.75.0" "fetch" "--manifest-path" "Cargo.toml", kill_on_drop: false }`
[INFO] [stderr]     Updating crates.io index
[INFO] [stderr]  Downloading crates ...
[INFO] [stderr]   Downloaded wei-run v0.1.23
[INFO] [stderr]   Downloaded wei-env v0.2.10
[INFO] [stderr]   Downloaded wei-log v0.2.5
[INFO] [stderr]   Downloaded wei-daemon v0.2.20
[INFO] running `Command { std: "docker" "create" "-v" "/var/lib/crater-agent-workspace/builds/worker-4-tc1/target:/opt/rustwide/target:rw,Z" "-v" "/var/lib/crater-agent-workspace/builds/worker-4-tc1/source:/opt/rustwide/workdir:ro,Z" "-v" "/var/lib/crater-agent-workspace/cargo-home:/opt/rustwide/cargo-home:ro,Z" "-v" "/var/lib/crater-agent-workspace/rustup-home:/opt/rustwide/rustup-home:ro,Z" "-e" "SOURCE_DIR=/opt/rustwide/workdir" "-e" "CARGO_TARGET_DIR=/opt/rustwide/target" "-e" "CARGO_HOME=/opt/rustwide/cargo-home" "-e" "RUSTUP_HOME=/opt/rustwide/rustup-home" "-w" "/opt/rustwide/workdir" "-m" "1610612736" "--user" "0:0" "--network" "none" "ghcr.io/rust-lang/crates-build-env/linux@sha256:2788e3201cd34a07e3172128adcd8b3090168a8e3bcc40d7c032b9dda1df7d1c" "/opt/rustwide/cargo-home/bin/cargo" "+1.75.0" "metadata" "--no-deps" "--format-version=1", kill_on_drop: false }`
[INFO] [stdout] 1ee202c5d3623dc7fd0d7f005809b45d701a520213c452aabefd1c0285377c3b
[INFO] running `Command { std: "docker" "start" "-a" "1ee202c5d3623dc7fd0d7f005809b45d701a520213c452aabefd1c0285377c3b", kill_on_drop: false }`
[INFO] running `Command { std: "docker" "inspect" "1ee202c5d3623dc7fd0d7f005809b45d701a520213c452aabefd1c0285377c3b", kill_on_drop: false }`
[INFO] running `Command { std: "docker" "rm" "-f" "1ee202c5d3623dc7fd0d7f005809b45d701a520213c452aabefd1c0285377c3b", kill_on_drop: false }`
[INFO] [stdout] 1ee202c5d3623dc7fd0d7f005809b45d701a520213c452aabefd1c0285377c3b
[INFO] running `Command { std: "docker" "create" "-v" "/var/lib/crater-agent-workspace/builds/worker-4-tc1/target:/opt/rustwide/target:rw,Z" "-v" "/var/lib/crater-agent-workspace/builds/worker-4-tc1/source:/opt/rustwide/workdir:ro,Z" "-v" "/var/lib/crater-agent-workspace/cargo-home:/opt/rustwide/cargo-home:ro,Z" "-v" "/var/lib/crater-agent-workspace/rustup-home:/opt/rustwide/rustup-home:ro,Z" "-e" "SOURCE_DIR=/opt/rustwide/workdir" "-e" "CARGO_TARGET_DIR=/opt/rustwide/target" "-e" "CARGO_INCREMENTAL=0" "-e" "RUST_BACKTRACE=full" "-e" "RUSTFLAGS=--cap-lints=warn" "-e" "RUSTDOCFLAGS=--cap-lints=warn" "-e" "CARGO_HOME=/opt/rustwide/cargo-home" "-e" "RUSTUP_HOME=/opt/rustwide/rustup-home" "-w" "/opt/rustwide/workdir" "-m" "1610612736" "--user" "0:0" "--network" "none" "ghcr.io/rust-lang/crates-build-env/linux@sha256:2788e3201cd34a07e3172128adcd8b3090168a8e3bcc40d7c032b9dda1df7d1c" "/opt/rustwide/cargo-home/bin/cargo" "+1.75.0" "build" "--frozen" "--message-format=json", kill_on_drop: false }`
[INFO] [stdout] 618c9270f6e6cb1096debbe817dd25d4d591ff94fdfc6c1c5e613cb8c1e92b32
[INFO] running `Command { std: "docker" "start" "-a" "618c9270f6e6cb1096debbe817dd25d4d591ff94fdfc6c1c5e613cb8c1e92b32", kill_on_drop: false }`
[INFO] [stderr]    Compiling libc v0.2.147
[INFO] [stderr]    Compiling autocfg v1.1.0
[INFO] [stderr]    Compiling proc-macro2 v1.0.66
[INFO] [stderr]    Compiling unicode-ident v1.0.11
[INFO] [stderr]    Compiling cfg-if v1.0.0
[INFO] [stderr]    Compiling itoa v1.0.9
[INFO] [stderr]    Compiling pin-project-lite v0.2.13
[INFO] [stderr]    Compiling parking_lot_core v0.9.8
[INFO] [stderr]    Compiling once_cell v1.18.0
[INFO] [stderr]    Compiling scopeguard v1.2.0
[INFO] [stderr]    Compiling bytes v1.4.0
[INFO] [stderr]    Compiling smallvec v1.11.0
[INFO] [stderr]    Compiling vcpkg v0.2.15
[INFO] [stderr]    Compiling pkg-config v0.3.27
[INFO] [stderr]    Compiling futures-core v0.3.28
[INFO] [stderr]    Compiling serde v1.0.188
[INFO] [stderr]    Compiling version_check v0.9.4
[INFO] [stderr]    Compiling ryu v1.0.15
[INFO] [stderr]    Compiling futures-task v0.3.28
[INFO] [stderr]    Compiling typenum v1.16.0
[INFO] [stderr]    Compiling tracing-core v0.1.31
[INFO] [stderr]    Compiling fnv v1.0.7
[INFO] [stderr]    Compiling io-lifetimes v1.0.11
[INFO] [stderr]    Compiling foreign-types-shared v0.1.1
[INFO] [stderr]    Compiling bitflags v1.3.2
[INFO] [stderr]    Compiling lock_api v0.4.10
[INFO] [stderr]    Compiling num-traits v0.2.16
[INFO] [stderr]    Compiling generic-array v0.14.7
[INFO] [stderr]    Compiling slab v0.4.9
[INFO] [stderr]    Compiling indexmap v1.9.3
[INFO] [stderr]    Compiling openssl v0.10.57
[INFO] [stderr]    Compiling futures-util v0.3.28
[INFO] [stderr]    Compiling crc32fast v1.3.2
[INFO] [stderr]    Compiling tracing v0.1.37
[INFO] [stderr]    Compiling http v0.2.9
[INFO] [stderr]    Compiling memoffset v0.6.5
[INFO] [stderr]    Compiling quote v1.0.33
[INFO] [stderr]    Compiling foreign-types v0.3.2
[INFO] [stderr]    Compiling iana-time-zone v0.1.57
[INFO] [stderr]    Compiling pin-utils v0.1.0
[INFO] [stderr]    Compiling httparse v1.8.0
[INFO] [stderr]    Compiling adler v1.0.2
[INFO] [stderr]    Compiling equivalent v1.0.1
[INFO] [stderr]    Compiling futures-channel v0.3.28
[INFO] [stderr]    Compiling rustix v0.36.15
[INFO] [stderr]    Compiling futures-sink v0.3.28
[INFO] [stderr]    Compiling syn v2.0.31
[INFO] [stderr]    Compiling native-tls v0.2.11
[INFO] [stderr]    Compiling bitflags v2.4.0
[INFO] [stderr]    Compiling tinyvec_macros v0.1.1
[INFO] [stderr]    Compiling hashbrown v0.12.3
[INFO] [stderr]    Compiling option-ext v0.2.0
[INFO] [stderr]    Compiling hashbrown v0.14.0
[INFO] [stderr]    Compiling tinyvec v1.6.0
[INFO] [stderr]    Compiling miniz_oxide v0.7.1
[INFO] [stderr]    Compiling cc v1.0.83
[INFO] [stderr]    Compiling thiserror v1.0.48
[INFO] [stderr]    Compiling openssl-probe v0.1.5
[INFO] [stderr]    Compiling unsafe-libyaml v0.2.9
[INFO] [stderr]    Compiling procfs v0.15.1
[INFO] [stderr]    Compiling linux-raw-sys v0.1.4
[INFO] [stderr]    Compiling winapi v0.3.9
[INFO] [stderr]    Compiling signal-hook-registry v1.4.1
[INFO] [stderr]    Compiling num_cpus v1.16.0
[INFO] [stderr]    Compiling mio v0.8.8
[INFO] [stderr]    Compiling socket2 v0.5.3
[INFO] [stderr]    Compiling parking_lot v0.12.1
[INFO] [stderr]    Compiling time v0.1.45
[INFO] [stderr]    Compiling indexmap v2.0.0
[INFO] [stderr]    Compiling dirs-sys v0.4.1
[INFO] [stderr]    Compiling try-lock v0.2.4
[INFO] [stderr]    Compiling percent-encoding v2.3.0
[INFO] [stderr]    Compiling chrono v0.4.29
[INFO] [stderr]    Compiling form_urlencoded v1.2.0
[INFO] [stderr]    Compiling dirs v5.0.1
[INFO] [stderr]    Compiling want v0.3.1
[INFO] [stderr]    Compiling unicode-normalization v0.1.22
[INFO] [stderr]    Compiling flate2 v1.0.27
[INFO] [stderr]    Compiling socket2 v0.4.9
[INFO] [stderr]    Compiling http-body v0.4.5
[INFO] [stderr]    Compiling unicode-bidi v0.3.13
[INFO] [stderr]    Compiling hex v0.4.3
[INFO] [stderr]    Compiling httpdate v1.0.3
[INFO] [stderr]    Compiling tower-service v0.3.2
[INFO] [stderr]    Compiling lazy_static v1.4.0
[INFO] [stderr]    Compiling byteorder v1.4.3
[INFO] [stderr]    Compiling serde_json v1.0.105
[INFO] [stderr]    Compiling openssl-sys v0.9.93
[INFO] [stderr]    Compiling nix v0.23.2
[INFO] [stderr]    Compiling block-buffer v0.10.4
[INFO] [stderr]    Compiling crypto-common v0.1.6
[INFO] [stderr]    Compiling idna v0.4.0
[INFO] [stderr]    Compiling widestring v0.4.3
[INFO] [stderr]    Compiling encoding_rs v0.8.33
[INFO] [stderr]    Compiling digest v0.10.7
[INFO] [stderr]    Compiling mime v0.3.17
[INFO] [stderr]    Compiling base64 v0.21.3
[INFO] [stderr]    Compiling ipnet v2.8.0
[INFO] [stderr]    Compiling cpufeatures v0.2.9
[INFO] [stderr]    Compiling sha2 v0.10.7
[INFO] [stderr]    Compiling url v2.4.1
[INFO] [stderr]    Compiling wei-log v0.2.5
[INFO] [stderr]    Compiling toml v0.5.11
[INFO] [stderr]    Compiling serde_derive v1.0.188
[INFO] [stderr]    Compiling tokio-macros v2.1.0
[INFO] [stderr]    Compiling openssl-macros v0.1.1
[INFO] [stderr]    Compiling thiserror-impl v1.0.48
[INFO] [stderr]    Compiling winres v0.1.12
[INFO] [stderr]    Compiling tokio v1.32.0
[INFO] [stderr]    Compiling wei v0.2.4 (/opt/rustwide/workdir)
[INFO] [stderr]    Compiling single-instance v0.3.3
[INFO] [stderr]    Compiling serde_yaml v0.9.25
[INFO] [stderr]    Compiling serde_urlencoded v0.7.1
[INFO] [stderr]    Compiling tokio-util v0.7.8
[INFO] [stderr]    Compiling tokio-native-tls v0.3.1
[INFO] [stderr]    Compiling h2 v0.3.21
[INFO] [stderr]    Compiling wei-env v0.2.10
[INFO] [stderr]    Compiling wei-run v0.1.23
[INFO] [stdout] error[E0433]: failed to resolve: could not find `windows` in `os`
[INFO] [stdout]    --> /opt/rustwide/cargo-home/registry/src/index.crates.io-6f17d22bba15001f/wei-run-0.1.23/src/lib.rs:105:14
[INFO] [stdout]     |
[INFO] [stdout] 105 | use std::os::windows::ffi::OsStringExt;
[INFO] [stdout]     |              ^^^^^^^ could not find `windows` in `os`
[INFO] [stdout] 
[INFO] [stdout] 
[INFO] [stdout] error[E0609]: no field `comm` on type `Process`
[INFO] [stdout]    --> /opt/rustwide/cargo-home/registry/src/index.crates.io-6f17d22bba15001f/wei-run-0.1.23/src/lib.rs:181:29
[INFO] [stdout]     |
[INFO] [stdout] 181 |                     if proc.comm == target_process_name {
[INFO] [stdout]     |                             ^^^^ unknown field
[INFO] [stdout]     |
[INFO] [stdout]     = note: available fields are: `pid`
[INFO] [stdout] 
[INFO] [stdout] 
[INFO] [stdout] error: aborting due to 2 previous errors
[INFO] [stdout] 
[INFO] [stdout] 
[INFO] [stdout] Some errors have detailed explanations: E0433, E0609.
[INFO] [stdout] 
[INFO] [stdout] For more information about an error, try `rustc --explain E0433`.
[INFO] [stdout] 
[INFO] [stderr] error: could not compile `wei-run` (lib) due to 3 previous errors
[INFO] [stderr] warning: build failed, waiting for other jobs to finish...
[INFO] running `Command { std: "docker" "inspect" "618c9270f6e6cb1096debbe817dd25d4d591ff94fdfc6c1c5e613cb8c1e92b32", kill_on_drop: false }`
[INFO] running `Command { std: "docker" "rm" "-f" "618c9270f6e6cb1096debbe817dd25d4d591ff94fdfc6c1c5e613cb8c1e92b32", kill_on_drop: false }`
[INFO] [stdout] 618c9270f6e6cb1096debbe817dd25d4d591ff94fdfc6c1c5e613cb8c1e92b32
[INFO] testing wei-0.2.4 against beta-2023-12-22 for beta-1.76-1
[INFO] extracting crate wei 0.2.4 into /workspace/builds/worker-4-tc2/source
[INFO] validating manifest of crates.io crate wei 0.2.4 on toolchain beta-2023-12-22
[INFO] running `Command { std: CARGO_HOME="/workspace/cargo-home" RUSTUP_HOME="/workspace/rustup-home" "/workspace/cargo-home/bin/cargo" "+beta-2023-12-22" "metadata" "--manifest-path" "Cargo.toml" "--no-deps", kill_on_drop: false }`
[INFO] started tweaking crates.io crate wei 0.2.4
[INFO] finished tweaking crates.io crate wei 0.2.4
[INFO] tweaked toml for crates.io crate wei 0.2.4 written to /workspace/builds/worker-4-tc2/source/Cargo.toml
[INFO] crate crates.io crate wei 0.2.4 already has a lockfile, it will not be regenerated
[INFO] running `Command { std: CARGO_HOME="/workspace/cargo-home" RUSTUP_HOME="/workspace/rustup-home" "/workspace/cargo-home/bin/cargo" "+beta-2023-12-22" "fetch" "--manifest-path" "Cargo.toml", kill_on_drop: false }`
[INFO] running `Command { std: "docker" "create" "-v" "/var/lib/crater-agent-workspace/builds/worker-4-tc2/target:/opt/rustwide/target:rw,Z" "-v" "/var/lib/crater-agent-workspace/builds/worker-4-tc2/source:/opt/rustwide/workdir:ro,Z" "-v" "/var/lib/crater-agent-workspace/cargo-home:/opt/rustwide/cargo-home:ro,Z" "-v" "/var/lib/crater-agent-workspace/rustup-home:/opt/rustwide/rustup-home:ro,Z" "-e" "SOURCE_DIR=/opt/rustwide/workdir" "-e" "CARGO_TARGET_DIR=/opt/rustwide/target" "-e" "CARGO_HOME=/opt/rustwide/cargo-home" "-e" "RUSTUP_HOME=/opt/rustwide/rustup-home" "-w" "/opt/rustwide/workdir" "-m" "1610612736" "--user" "0:0" "--network" "none" "ghcr.io/rust-lang/crates-build-env/linux@sha256:2788e3201cd34a07e3172128adcd8b3090168a8e3bcc40d7c032b9dda1df7d1c" "/opt/rustwide/cargo-home/bin/cargo" "+beta-2023-12-22" "metadata" "--no-deps" "--format-version=1", kill_on_drop: false }`
[INFO] [stdout] 3bee40e683db4b9fcbad5c64e98f29dc2c49916418ef5e0d9ddb0668a923143e
[INFO] running `Command { std: "docker" "start" "-a" "3bee40e683db4b9fcbad5c64e98f29dc2c49916418ef5e0d9ddb0668a923143e", kill_on_drop: false }`
[INFO] running `Command { std: "docker" "inspect" "3bee40e683db4b9fcbad5c64e98f29dc2c49916418ef5e0d9ddb0668a923143e", kill_on_drop: false }`
[INFO] running `Command { std: "docker" "rm" "-f" "3bee40e683db4b9fcbad5c64e98f29dc2c49916418ef5e0d9ddb0668a923143e", kill_on_drop: false }`
[INFO] [stdout] 3bee40e683db4b9fcbad5c64e98f29dc2c49916418ef5e0d9ddb0668a923143e
[INFO] running `Command { std: "docker" "create" "-v" "/var/lib/crater-agent-workspace/builds/worker-4-tc2/target:/opt/rustwide/target:rw,Z" "-v" "/var/lib/crater-agent-workspace/builds/worker-4-tc2/source:/opt/rustwide/workdir:ro,Z" "-v" "/var/lib/crater-agent-workspace/cargo-home:/opt/rustwide/cargo-home:ro,Z" "-v" "/var/lib/crater-agent-workspace/rustup-home:/opt/rustwide/rustup-home:ro,Z" "-e" "SOURCE_DIR=/opt/rustwide/workdir" "-e" "CARGO_TARGET_DIR=/opt/rustwide/target" "-e" "CARGO_INCREMENTAL=0" "-e" "RUST_BACKTRACE=full" "-e" "RUSTFLAGS=--cap-lints=warn" "-e" "RUSTDOCFLAGS=--cap-lints=warn" "-e" "CARGO_HOME=/opt/rustwide/cargo-home" "-e" "RUSTUP_HOME=/opt/rustwide/rustup-home" "-w" "/opt/rustwide/workdir" "-m" "1610612736" "--user" "0:0" "--network" "none" "ghcr.io/rust-lang/crates-build-env/linux@sha256:2788e3201cd34a07e3172128adcd8b3090168a8e3bcc40d7c032b9dda1df7d1c" "/opt/rustwide/cargo-home/bin/cargo" "+beta-2023-12-22" "build" "--frozen" "--message-format=json", kill_on_drop: false }`
[INFO] [stdout] da50f42674ce30e0c433b591bd3605bb7a150d58fb6675077ad2ec535314024a
[INFO] running `Command { std: "docker" "start" "-a" "da50f42674ce30e0c433b591bd3605bb7a150d58fb6675077ad2ec535314024a", kill_on_drop: false }`
[INFO] [stderr]    Compiling libc v0.2.147
[INFO] [stderr]    Compiling autocfg v1.1.0
[INFO] [stderr]    Compiling proc-macro2 v1.0.66
[INFO] [stderr]    Compiling unicode-ident v1.0.11
[INFO] [stderr]    Compiling cfg-if v1.0.0
[INFO] [stderr]    Compiling itoa v1.0.9
[INFO] [stderr]    Compiling pin-project-lite v0.2.13
[INFO] [stderr]    Compiling parking_lot_core v0.9.8
[INFO] [stderr]    Compiling smallvec v1.11.0
[INFO] [stderr]    Compiling vcpkg v0.2.15
[INFO] [stderr]    Compiling scopeguard v1.2.0
[INFO] [stderr]    Compiling once_cell v1.18.0
[INFO] [stderr]    Compiling pkg-config v0.3.27
[INFO] [stderr]    Compiling bytes v1.4.0
[INFO] [stderr]    Compiling serde v1.0.188
[INFO] [stderr]    Compiling futures-core v0.3.28
[INFO] [stderr]    Compiling ryu v1.0.15
[INFO] [stderr]    Compiling futures-task v0.3.28
[INFO] [stderr]    Compiling typenum v1.16.0
[INFO] [stderr]    Compiling version_check v0.9.4
[INFO] [stderr]    Compiling tracing-core v0.1.31
[INFO] [stderr]    Compiling futures-util v0.3.28
[INFO] [stderr]    Compiling openssl v0.10.57
[INFO] [stderr]    Compiling bitflags v1.3.2
[INFO] [stderr]    Compiling crc32fast v1.3.2
[INFO] [stderr]    Compiling lock_api v0.4.10
[INFO] [stderr]    Compiling num-traits v0.2.16
[INFO] [stderr]    Compiling slab v0.4.9
[INFO] [stderr]    Compiling generic-array v0.14.7
[INFO] [stderr]    Compiling indexmap v1.9.3
[INFO] [stderr]    Compiling io-lifetimes v1.0.11
[INFO] [stderr]    Compiling fnv v1.0.7
[INFO] [stderr]    Compiling foreign-types-shared v0.1.1
[INFO] [stderr]    Compiling http v0.2.9
[INFO] [stderr]    Compiling foreign-types v0.3.2
[INFO] [stderr]    Compiling tracing v0.1.37
[INFO] [stderr]    Compiling memoffset v0.6.5
[INFO] [stderr]    Compiling native-tls v0.2.11
[INFO] [stderr]    Compiling quote v1.0.33
[INFO] [stderr]    Compiling futures-sink v0.3.28
[INFO] [stderr]    Compiling futures-channel v0.3.28
[INFO] [stderr]    Compiling syn v2.0.31
[INFO] [stderr]    Compiling option-ext v0.2.0
[INFO] [stderr]    Compiling iana-time-zone v0.1.57
[INFO] [stderr]    Compiling tinyvec_macros v0.1.1
[INFO] [stderr]    Compiling equivalent v1.0.1
[INFO] [stderr]    Compiling cc v1.0.83
[INFO] [stderr]    Compiling hashbrown v0.14.0
[INFO] [stderr]    Compiling rustix v0.36.15
[INFO] [stderr]    Compiling pin-utils v0.1.0
[INFO] [stderr]    Compiling hashbrown v0.12.3
[INFO] [stderr]    Compiling bitflags v2.4.0
[INFO] [stderr]    Compiling httparse v1.8.0
[INFO] [stderr]    Compiling adler v1.0.2
[INFO] [stderr]    Compiling miniz_oxide v0.7.1
[INFO] [stderr]    Compiling tinyvec v1.6.0
[INFO] [stderr]    Compiling thiserror v1.0.48
[INFO] [stderr]    Compiling percent-encoding v2.3.0
[INFO] [stderr]    Compiling indexmap v2.0.0
[INFO] [stderr]    Compiling winapi v0.3.9
[INFO] [stderr]    Compiling linux-raw-sys v0.1.4
[INFO] [stderr]    Compiling openssl-probe v0.1.5
[INFO] [stderr]    Compiling num_cpus v1.16.0
[INFO] [stderr]    Compiling parking_lot v0.12.1
[INFO] [stderr]    Compiling mio v0.8.8
[INFO] [stderr]    Compiling signal-hook-registry v1.4.1
[INFO] [stderr]    Compiling socket2 v0.5.3
[INFO] [stderr]    Compiling time v0.1.45
[INFO] [stderr]    Compiling dirs-sys v0.4.1
[INFO] [stderr]    Compiling try-lock v0.2.4
[INFO] [stderr]    Compiling unsafe-libyaml v0.2.9
[INFO] [stderr]    Compiling procfs v0.15.1
[INFO] [stderr]    Compiling want v0.3.1
[INFO] [stderr]    Compiling dirs v5.0.1
[INFO] [stderr]    Compiling chrono v0.4.29
[INFO] [stderr]    Compiling unicode-normalization v0.1.22
[INFO] [stderr]    Compiling socket2 v0.4.9
[INFO] [stderr]    Compiling flate2 v1.0.27
[INFO] [stderr]    Compiling form_urlencoded v1.2.0
[INFO] [stderr]    Compiling openssl-sys v0.9.93
[INFO] [stderr]    Compiling http-body v0.4.5
[INFO] [stderr]    Compiling byteorder v1.4.3
[INFO] [stderr]    Compiling hex v0.4.3
[INFO] [stderr]    Compiling unicode-bidi v0.3.13
[INFO] [stderr]    Compiling serde_json v1.0.105
[INFO] [stderr]    Compiling httpdate v1.0.3
[INFO] [stderr]    Compiling lazy_static v1.4.0
[INFO] [stderr]    Compiling tower-service v0.3.2
[INFO] [stderr]    Compiling nix v0.23.2
[INFO] [stderr]    Compiling block-buffer v0.10.4
[INFO] [stderr]    Compiling crypto-common v0.1.6
[INFO] [stderr]    Compiling widestring v0.4.3
[INFO] [stderr]    Compiling encoding_rs v0.8.33
[INFO] [stderr]    Compiling cpufeatures v0.2.9
[INFO] [stderr]    Compiling idna v0.4.0
[INFO] [stderr]    Compiling mime v0.3.17
[INFO] [stderr]    Compiling digest v0.10.7
[INFO] [stderr]    Compiling ipnet v2.8.0
[INFO] [stderr]    Compiling base64 v0.21.3
[INFO] [stderr]    Compiling sha2 v0.10.7
[INFO] [stderr]    Compiling url v2.4.1
[INFO] [stderr]    Compiling wei-log v0.2.5
[INFO] [stderr]    Compiling toml v0.5.11
[INFO] [stderr]    Compiling serde_derive v1.0.188
[INFO] [stderr]    Compiling tokio-macros v2.1.0
[INFO] [stderr]    Compiling openssl-macros v0.1.1
[INFO] [stderr]    Compiling thiserror-impl v1.0.48
[INFO] [stderr]    Compiling winres v0.1.12
[INFO] [stderr]    Compiling tokio v1.32.0
[INFO] [stderr]    Compiling wei v0.2.4 (/opt/rustwide/workdir)
[INFO] [stderr]    Compiling single-instance v0.3.3
[INFO] [stderr]    Compiling tokio-util v0.7.8
[INFO] [stderr]    Compiling tokio-native-tls v0.3.1
[INFO] [stderr]    Compiling h2 v0.3.21
[INFO] [stderr]    Compiling serde_yaml v0.9.25
[INFO] [stderr]    Compiling serde_urlencoded v0.7.1
[INFO] [stderr]    Compiling wei-env v0.2.10
[INFO] [stderr]    Compiling wei-run v0.1.23
[INFO] [stdout] error[E0433]: failed to resolve: could not find `windows` in `os`
[INFO] [stdout]    --> /opt/rustwide/cargo-home/registry/src/index.crates.io-6f17d22bba15001f/wei-run-0.1.23/src/lib.rs:105:14
[INFO] [stdout]     |
[INFO] [stdout] 105 | use std::os::windows::ffi::OsStringExt;
[INFO] [stdout]     |              ^^^^^^^ could not find `windows` in `os`
[INFO] [stdout] 
[INFO] [stdout] 
[INFO] [stdout] error[E0609]: no field `comm` on type `Process`
[INFO] [stdout]    --> /opt/rustwide/cargo-home/registry/src/index.crates.io-6f17d22bba15001f/wei-run-0.1.23/src/lib.rs:181:29
[INFO] [stdout]     |
[INFO] [stdout] 181 |                     if proc.comm == target_process_name {
[INFO] [stdout]     |                             ^^^^ unknown field
[INFO] [stdout]     |
[INFO] [stdout]     = note: available field is: `pid`
[INFO] [stdout] 
[INFO] [stdout] 
[INFO] [stdout] error: aborting due to 2 previous errors
[INFO] [stdout] 
[INFO] [stdout] 
[INFO] [stdout] Some errors have detailed explanations: E0433, E0609.
[INFO] [stdout] 
[INFO] [stdout] For more information about an error, try `rustc --explain E0433`.
[INFO] [stdout] 
[INFO] [stderr] error: could not compile `wei-run` (lib) due to 3 previous errors
[INFO] [stderr] warning: build failed, waiting for other jobs to finish...
[INFO] running `Command { std: "docker" "inspect" "da50f42674ce30e0c433b591bd3605bb7a150d58fb6675077ad2ec535314024a", kill_on_drop: false }`
[INFO] running `Command { std: "docker" "rm" "-f" "da50f42674ce30e0c433b591bd3605bb7a150d58fb6675077ad2ec535314024a", kill_on_drop: false }`
[INFO] [stdout] da50f42674ce30e0c433b591bd3605bb7a150d58fb6675077ad2ec535314024a
