[INFO] fetching crate wei-run 0.2.6...
[INFO] testing wei-run-0.2.6 against 1.75.0 for beta-1.76-1
[INFO] extracting crate wei-run 0.2.6 into /workspace/builds/worker-4-tc1/source
[INFO] validating manifest of crates.io crate wei-run 0.2.6 on toolchain 1.75.0
[INFO] running `Command { std: CARGO_HOME="/workspace/cargo-home" RUSTUP_HOME="/workspace/rustup-home" "/workspace/cargo-home/bin/cargo" "+1.75.0" "metadata" "--manifest-path" "Cargo.toml" "--no-deps", kill_on_drop: false }`
[INFO] started tweaking crates.io crate wei-run 0.2.6
[INFO] finished tweaking crates.io crate wei-run 0.2.6
[INFO] tweaked toml for crates.io crate wei-run 0.2.6 written to /workspace/builds/worker-4-tc1/source/Cargo.toml
[INFO] running `Command { std: CARGO_HOME="/workspace/cargo-home" RUSTUP_HOME="/workspace/rustup-home" "/workspace/cargo-home/bin/cargo" "+1.75.0" "generate-lockfile" "--manifest-path" "Cargo.toml", kill_on_drop: false }`
[INFO] [stderr]     Updating crates.io index
[INFO] running `Command { std: CARGO_HOME="/workspace/cargo-home" RUSTUP_HOME="/workspace/rustup-home" "/workspace/cargo-home/bin/cargo" "+1.75.0" "fetch" "--manifest-path" "Cargo.toml", kill_on_drop: false }`
[INFO] [stderr]  Downloading crates ...
[INFO] [stderr]   Downloaded wei-log v0.2.11
[INFO] [stderr]   Downloaded wei-env v0.2.13
[INFO] running `Command { std: "docker" "create" "-v" "/var/lib/crater-agent-workspace/builds/worker-4-tc1/target:/opt/rustwide/target:rw,Z" "-v" "/var/lib/crater-agent-workspace/builds/worker-4-tc1/source:/opt/rustwide/workdir:ro,Z" "-v" "/var/lib/crater-agent-workspace/cargo-home:/opt/rustwide/cargo-home:ro,Z" "-v" "/var/lib/crater-agent-workspace/rustup-home:/opt/rustwide/rustup-home:ro,Z" "-e" "SOURCE_DIR=/opt/rustwide/workdir" "-e" "CARGO_TARGET_DIR=/opt/rustwide/target" "-e" "CARGO_HOME=/opt/rustwide/cargo-home" "-e" "RUSTUP_HOME=/opt/rustwide/rustup-home" "-w" "/opt/rustwide/workdir" "-m" "1610612736" "--user" "0:0" "--network" "none" "ghcr.io/rust-lang/crates-build-env/linux@sha256:2788e3201cd34a07e3172128adcd8b3090168a8e3bcc40d7c032b9dda1df7d1c" "/opt/rustwide/cargo-home/bin/cargo" "+1.75.0" "metadata" "--no-deps" "--format-version=1", kill_on_drop: false }`
[INFO] [stdout] a49896ae246644c468c8d642da7062bc352fda09309ff885eeae06b9973f0e57
[INFO] running `Command { std: "docker" "start" "-a" "a49896ae246644c468c8d642da7062bc352fda09309ff885eeae06b9973f0e57", kill_on_drop: false }`
[INFO] running `Command { std: "docker" "inspect" "a49896ae246644c468c8d642da7062bc352fda09309ff885eeae06b9973f0e57", kill_on_drop: false }`
[INFO] running `Command { std: "docker" "rm" "-f" "a49896ae246644c468c8d642da7062bc352fda09309ff885eeae06b9973f0e57", kill_on_drop: false }`
[INFO] [stdout] a49896ae246644c468c8d642da7062bc352fda09309ff885eeae06b9973f0e57
[INFO] running `Command { std: "docker" "create" "-v" "/var/lib/crater-agent-workspace/builds/worker-4-tc1/target:/opt/rustwide/target:rw,Z" "-v" "/var/lib/crater-agent-workspace/builds/worker-4-tc1/source:/opt/rustwide/workdir:ro,Z" "-v" "/var/lib/crater-agent-workspace/cargo-home:/opt/rustwide/cargo-home:ro,Z" "-v" "/var/lib/crater-agent-workspace/rustup-home:/opt/rustwide/rustup-home:ro,Z" "-e" "SOURCE_DIR=/opt/rustwide/workdir" "-e" "CARGO_TARGET_DIR=/opt/rustwide/target" "-e" "CARGO_INCREMENTAL=0" "-e" "RUST_BACKTRACE=full" "-e" "RUSTFLAGS=--cap-lints=warn" "-e" "RUSTDOCFLAGS=--cap-lints=warn" "-e" "CARGO_HOME=/opt/rustwide/cargo-home" "-e" "RUSTUP_HOME=/opt/rustwide/rustup-home" "-w" "/opt/rustwide/workdir" "-m" "1610612736" "--user" "0:0" "--network" "none" "ghcr.io/rust-lang/crates-build-env/linux@sha256:2788e3201cd34a07e3172128adcd8b3090168a8e3bcc40d7c032b9dda1df7d1c" "/opt/rustwide/cargo-home/bin/cargo" "+1.75.0" "build" "--frozen" "--message-format=json", kill_on_drop: false }`
[INFO] [stdout] ba5cfa1edb3822418081b6ac1fb6b0112b716da347dbb08a77b9c8f2e2cb5af0
[INFO] running `Command { std: "docker" "start" "-a" "ba5cfa1edb3822418081b6ac1fb6b0112b716da347dbb08a77b9c8f2e2cb5af0", kill_on_drop: false }`
[INFO] [stderr]    Compiling serde v1.0.194
[INFO] [stderr]    Compiling equivalent v1.0.1
[INFO] [stderr]    Compiling option-ext v0.2.0
[INFO] [stderr]    Compiling hashbrown v0.14.3
[INFO] [stderr]    Compiling iana-time-zone v0.1.59
[INFO] [stderr]    Compiling unsafe-libyaml v0.2.10
[INFO] [stderr]    Compiling winapi v0.3.9
[INFO] [stderr]    Compiling num-traits v0.2.17
[INFO] [stderr]    Compiling fs2 v0.4.3
[INFO] [stderr]    Compiling syn v2.0.48
[INFO] [stderr]    Compiling dirs-sys v0.4.1
[INFO] [stderr]    Compiling dirs v5.0.1
[INFO] [stderr]    Compiling indexmap v2.1.0
[INFO] [stderr]    Compiling chrono v0.4.31
[INFO] [stderr]    Compiling serde_derive v1.0.194
[INFO] [stderr]    Compiling wei-log v0.2.11
[INFO] [stderr]    Compiling serde_yaml v0.9.30
[INFO] [stderr]    Compiling wei-env v0.2.13
[INFO] [stderr]    Compiling wei-run v0.2.6 (/opt/rustwide/workdir)
[INFO] [stdout] error[E0433]: failed to resolve: could not find `um` in `winapi`
[INFO] [stdout]    --> src/lib.rs:103:29
[INFO] [stdout]     |
[INFO] [stdout] 103 |     .creation_flags(winapi::um::winbase::CREATE_NO_WINDOW).output()?;
[INFO] [stdout]     |                             ^^ could not find `um` in `winapi`
[INFO] [stdout] 
[INFO] [stdout] 
[INFO] [stdout] error[E0433]: failed to resolve: use of undeclared type `Command`
[INFO] [stdout]   --> src/lib.rs:92:23
[INFO] [stdout]    |
[INFO] [stdout] 92 |         let mut cmd = Command::new("bash");
[INFO] [stdout]    |                       ^^^^^^^ use of undeclared type `Command`
[INFO] [stdout]    |
[INFO] [stdout] help: consider importing this struct
[INFO] [stdout]    |
[INFO] [stdout] 1  + use std::process::Command;
[INFO] [stdout]    |
[INFO] [stdout] 
[INFO] [stdout] 
[INFO] [stdout] error[E0599]: no method named `creation_flags` found for mutable reference `&mut Command` in the current scope
[INFO] [stdout]    --> src/lib.rs:103:6
[INFO] [stdout]     |
[INFO] [stdout] 100 | /     std::process::Command::new("powershell")
[INFO] [stdout] 101 | |     .arg("-ExecutionPolicy").arg("Bypass")
[INFO] [stdout] 102 | |     .arg("-File").arg(name).arg(param)
[INFO] [stdout] 103 | |     .creation_flags(winapi::um::winbase::CREATE_NO_WINDOW).output()?;
[INFO] [stdout]     | |     -^^^^^^^^^^^^^^ method not found in `&mut Command`
[INFO] [stdout]     | |_____|
[INFO] [stdout]     | 
[INFO] [stdout] 
[INFO] [stdout] 
[INFO] [stdout] error: aborting due to 3 previous errors
[INFO] [stdout] 
[INFO] [stdout] 
[INFO] [stdout] Some errors have detailed explanations: E0433, E0599.
[INFO] [stdout] 
[INFO] [stdout] For more information about an error, try `rustc --explain E0433`.
[INFO] [stdout] 
[INFO] [stderr] error: could not compile `wei-run` (lib) due to 4 previous errors
[INFO] [stderr] warning: build failed, waiting for other jobs to finish...
[INFO] running `Command { std: "docker" "inspect" "ba5cfa1edb3822418081b6ac1fb6b0112b716da347dbb08a77b9c8f2e2cb5af0", kill_on_drop: false }`
[INFO] running `Command { std: "docker" "rm" "-f" "ba5cfa1edb3822418081b6ac1fb6b0112b716da347dbb08a77b9c8f2e2cb5af0", kill_on_drop: false }`
[INFO] [stdout] ba5cfa1edb3822418081b6ac1fb6b0112b716da347dbb08a77b9c8f2e2cb5af0
[INFO] testing wei-run-0.2.6 against beta-2023-12-22 for beta-1.76-1
[INFO] extracting crate wei-run 0.2.6 into /workspace/builds/worker-4-tc2/source
[INFO] validating manifest of crates.io crate wei-run 0.2.6 on toolchain beta-2023-12-22
[INFO] running `Command { std: CARGO_HOME="/workspace/cargo-home" RUSTUP_HOME="/workspace/rustup-home" "/workspace/cargo-home/bin/cargo" "+beta-2023-12-22" "metadata" "--manifest-path" "Cargo.toml" "--no-deps", kill_on_drop: false }`
[INFO] started tweaking crates.io crate wei-run 0.2.6
[INFO] finished tweaking crates.io crate wei-run 0.2.6
[INFO] tweaked toml for crates.io crate wei-run 0.2.6 written to /workspace/builds/worker-4-tc2/source/Cargo.toml
[INFO] running `Command { std: CARGO_HOME="/workspace/cargo-home" RUSTUP_HOME="/workspace/rustup-home" "/workspace/cargo-home/bin/cargo" "+beta-2023-12-22" "generate-lockfile" "--manifest-path" "Cargo.toml", kill_on_drop: false }`
[INFO] [stderr]     Updating crates.io index
[INFO] running `Command { std: CARGO_HOME="/workspace/cargo-home" RUSTUP_HOME="/workspace/rustup-home" "/workspace/cargo-home/bin/cargo" "+beta-2023-12-22" "fetch" "--manifest-path" "Cargo.toml", kill_on_drop: false }`
[INFO] running `Command { std: "docker" "create" "-v" "/var/lib/crater-agent-workspace/builds/worker-4-tc2/target:/opt/rustwide/target:rw,Z" "-v" "/var/lib/crater-agent-workspace/builds/worker-4-tc2/source:/opt/rustwide/workdir:ro,Z" "-v" "/var/lib/crater-agent-workspace/cargo-home:/opt/rustwide/cargo-home:ro,Z" "-v" "/var/lib/crater-agent-workspace/rustup-home:/opt/rustwide/rustup-home:ro,Z" "-e" "SOURCE_DIR=/opt/rustwide/workdir" "-e" "CARGO_TARGET_DIR=/opt/rustwide/target" "-e" "CARGO_HOME=/opt/rustwide/cargo-home" "-e" "RUSTUP_HOME=/opt/rustwide/rustup-home" "-w" "/opt/rustwide/workdir" "-m" "1610612736" "--user" "0:0" "--network" "none" "ghcr.io/rust-lang/crates-build-env/linux@sha256:2788e3201cd34a07e3172128adcd8b3090168a8e3bcc40d7c032b9dda1df7d1c" "/opt/rustwide/cargo-home/bin/cargo" "+beta-2023-12-22" "metadata" "--no-deps" "--format-version=1", kill_on_drop: false }`
[INFO] [stdout] 174f74ad6092e9cefd3a3b8956725e7d473f7ae7438be356f66fe88aae1d879c
[INFO] running `Command { std: "docker" "start" "-a" "174f74ad6092e9cefd3a3b8956725e7d473f7ae7438be356f66fe88aae1d879c", kill_on_drop: false }`
[INFO] running `Command { std: "docker" "inspect" "174f74ad6092e9cefd3a3b8956725e7d473f7ae7438be356f66fe88aae1d879c", kill_on_drop: false }`
[INFO] running `Command { std: "docker" "rm" "-f" "174f74ad6092e9cefd3a3b8956725e7d473f7ae7438be356f66fe88aae1d879c", kill_on_drop: false }`
[INFO] [stdout] 174f74ad6092e9cefd3a3b8956725e7d473f7ae7438be356f66fe88aae1d879c
[INFO] running `Command { std: "docker" "create" "-v" "/var/lib/crater-agent-workspace/builds/worker-4-tc2/target:/opt/rustwide/target:rw,Z" "-v" "/var/lib/crater-agent-workspace/builds/worker-4-tc2/source:/opt/rustwide/workdir:ro,Z" "-v" "/var/lib/crater-agent-workspace/cargo-home:/opt/rustwide/cargo-home:ro,Z" "-v" "/var/lib/crater-agent-workspace/rustup-home:/opt/rustwide/rustup-home:ro,Z" "-e" "SOURCE_DIR=/opt/rustwide/workdir" "-e" "CARGO_TARGET_DIR=/opt/rustwide/target" "-e" "CARGO_INCREMENTAL=0" "-e" "RUST_BACKTRACE=full" "-e" "RUSTFLAGS=--cap-lints=warn" "-e" "RUSTDOCFLAGS=--cap-lints=warn" "-e" "CARGO_HOME=/opt/rustwide/cargo-home" "-e" "RUSTUP_HOME=/opt/rustwide/rustup-home" "-w" "/opt/rustwide/workdir" "-m" "1610612736" "--user" "0:0" "--network" "none" "ghcr.io/rust-lang/crates-build-env/linux@sha256:2788e3201cd34a07e3172128adcd8b3090168a8e3bcc40d7c032b9dda1df7d1c" "/opt/rustwide/cargo-home/bin/cargo" "+beta-2023-12-22" "build" "--frozen" "--message-format=json", kill_on_drop: false }`
[INFO] [stdout] bcf5c1c3c9469bc4847ef000682c446549c4801c0cedded12cdb2486c5b50057
[INFO] running `Command { std: "docker" "start" "-a" "bcf5c1c3c9469bc4847ef000682c446549c4801c0cedded12cdb2486c5b50057", kill_on_drop: false }`
[INFO] [stderr]    Compiling serde v1.0.194
[INFO] [stderr]    Compiling hashbrown v0.14.3
[INFO] [stderr]    Compiling option-ext v0.2.0
[INFO] [stderr]    Compiling equivalent v1.0.1
[INFO] [stderr]    Compiling unsafe-libyaml v0.2.10
[INFO] [stderr]    Compiling iana-time-zone v0.1.59
[INFO] [stderr]    Compiling winapi v0.3.9
[INFO] [stderr]    Compiling num-traits v0.2.17
[INFO] [stderr]    Compiling syn v2.0.48
[INFO] [stderr]    Compiling fs2 v0.4.3
[INFO] [stderr]    Compiling dirs-sys v0.4.1
[INFO] [stderr]    Compiling dirs v5.0.1
[INFO] [stderr]    Compiling indexmap v2.1.0
[INFO] [stderr]    Compiling chrono v0.4.31
[INFO] [stderr]    Compiling serde_derive v1.0.194
[INFO] [stderr]    Compiling wei-log v0.2.11
[INFO] [stderr]    Compiling serde_yaml v0.9.30
[INFO] [stderr]    Compiling wei-env v0.2.13
[INFO] [stderr]    Compiling wei-run v0.2.6 (/opt/rustwide/workdir)
[INFO] [stdout] error[E0433]: failed to resolve: could not find `um` in `winapi`
[INFO] [stdout]    --> src/lib.rs:103:29
[INFO] [stdout]     |
[INFO] [stdout] 103 |     .creation_flags(winapi::um::winbase::CREATE_NO_WINDOW).output()?;
[INFO] [stdout]     |                             ^^ could not find `um` in `winapi`
[INFO] [stdout] 
[INFO] [stdout] 
[INFO] [stdout] error[E0433]: failed to resolve: use of undeclared type `Command`
[INFO] [stdout]   --> src/lib.rs:92:23
[INFO] [stdout]    |
[INFO] [stdout] 92 |         let mut cmd = Command::new("bash");
[INFO] [stdout]    |                       ^^^^^^^ use of undeclared type `Command`
[INFO] [stdout]    |
[INFO] [stdout] help: consider importing this struct
[INFO] [stdout]    |
[INFO] [stdout] 1  + use std::process::Command;
[INFO] [stdout]    |
[INFO] [stdout] 
[INFO] [stdout] 
[INFO] [stdout] error[E0599]: no method named `creation_flags` found for mutable reference `&mut Command` in the current scope
[INFO] [stdout]    --> src/lib.rs:103:6
[INFO] [stdout]     |
[INFO] [stdout] 100 | /     std::process::Command::new("powershell")
[INFO] [stdout] 101 | |     .arg("-ExecutionPolicy").arg("Bypass")
[INFO] [stdout] 102 | |     .arg("-File").arg(name).arg(param)
[INFO] [stdout] 103 | |     .creation_flags(winapi::um::winbase::CREATE_NO_WINDOW).output()?;
[INFO] [stdout]     | |     -^^^^^^^^^^^^^^ method not found in `&mut Command`
[INFO] [stdout]     | |_____|
[INFO] [stdout]     | 
[INFO] [stdout] 
[INFO] [stdout] 
[INFO] [stdout] error: aborting due to 3 previous errors
[INFO] [stdout] 
[INFO] [stdout] 
[INFO] [stdout] Some errors have detailed explanations: E0433, E0599.
[INFO] [stdout] 
[INFO] [stdout] For more information about an error, try `rustc --explain E0433`.
[INFO] [stdout] 
[INFO] [stderr] error: could not compile `wei-run` (lib) due to 4 previous errors
[INFO] [stderr] warning: build failed, waiting for other jobs to finish...
[INFO] running `Command { std: "docker" "inspect" "bcf5c1c3c9469bc4847ef000682c446549c4801c0cedded12cdb2486c5b50057", kill_on_drop: false }`
[INFO] running `Command { std: "docker" "rm" "-f" "bcf5c1c3c9469bc4847ef000682c446549c4801c0cedded12cdb2486c5b50057", kill_on_drop: false }`
[INFO] [stdout] bcf5c1c3c9469bc4847ef000682c446549c4801c0cedded12cdb2486c5b50057
