[INFO] fetching crate wei-process 0.1.1...
[INFO] testing wei-process-0.1.1 against 1.75.0 for beta-1.76-1
[INFO] extracting crate wei-process 0.1.1 into /workspace/builds/worker-6-tc1/source
[INFO] validating manifest of crates.io crate wei-process 0.1.1 on toolchain 1.75.0
[INFO] running `Command { std: CARGO_HOME="/workspace/cargo-home" RUSTUP_HOME="/workspace/rustup-home" "/workspace/cargo-home/bin/cargo" "+1.75.0" "metadata" "--manifest-path" "Cargo.toml" "--no-deps", kill_on_drop: false }`
[INFO] started tweaking crates.io crate wei-process 0.1.1
[INFO] finished tweaking crates.io crate wei-process 0.1.1
[INFO] tweaked toml for crates.io crate wei-process 0.1.1 written to /workspace/builds/worker-6-tc1/source/Cargo.toml
[INFO] running `Command { std: CARGO_HOME="/workspace/cargo-home" RUSTUP_HOME="/workspace/rustup-home" "/workspace/cargo-home/bin/cargo" "+1.75.0" "generate-lockfile" "--manifest-path" "Cargo.toml", kill_on_drop: false }`
[INFO] [stderr]     Updating crates.io index
[INFO] running `Command { std: CARGO_HOME="/workspace/cargo-home" RUSTUP_HOME="/workspace/rustup-home" "/workspace/cargo-home/bin/cargo" "+1.75.0" "fetch" "--manifest-path" "Cargo.toml", kill_on_drop: false }`
[INFO] running `Command { std: "docker" "create" "-v" "/var/lib/crater-agent-workspace/builds/worker-6-tc1/target:/opt/rustwide/target:rw,Z" "-v" "/var/lib/crater-agent-workspace/builds/worker-6-tc1/source:/opt/rustwide/workdir:ro,Z" "-v" "/var/lib/crater-agent-workspace/cargo-home:/opt/rustwide/cargo-home:ro,Z" "-v" "/var/lib/crater-agent-workspace/rustup-home:/opt/rustwide/rustup-home:ro,Z" "-e" "SOURCE_DIR=/opt/rustwide/workdir" "-e" "CARGO_TARGET_DIR=/opt/rustwide/target" "-e" "CARGO_HOME=/opt/rustwide/cargo-home" "-e" "RUSTUP_HOME=/opt/rustwide/rustup-home" "-w" "/opt/rustwide/workdir" "-m" "1610612736" "--user" "0:0" "--network" "none" "ghcr.io/rust-lang/crates-build-env/linux@sha256:2788e3201cd34a07e3172128adcd8b3090168a8e3bcc40d7c032b9dda1df7d1c" "/opt/rustwide/cargo-home/bin/cargo" "+1.75.0" "metadata" "--no-deps" "--format-version=1", kill_on_drop: false }`
[INFO] [stdout] 74c597d3796107410dc4ae3c9a29437d4520bfd336af8498b2af9264890d1ce7
[INFO] running `Command { std: "docker" "start" "-a" "74c597d3796107410dc4ae3c9a29437d4520bfd336af8498b2af9264890d1ce7", kill_on_drop: false }`
[INFO] running `Command { std: "docker" "inspect" "74c597d3796107410dc4ae3c9a29437d4520bfd336af8498b2af9264890d1ce7", kill_on_drop: false }`
[INFO] running `Command { std: "docker" "rm" "-f" "74c597d3796107410dc4ae3c9a29437d4520bfd336af8498b2af9264890d1ce7", kill_on_drop: false }`
[INFO] [stdout] 74c597d3796107410dc4ae3c9a29437d4520bfd336af8498b2af9264890d1ce7
[INFO] running `Command { std: "docker" "create" "-v" "/var/lib/crater-agent-workspace/builds/worker-6-tc1/target:/opt/rustwide/target:rw,Z" "-v" "/var/lib/crater-agent-workspace/builds/worker-6-tc1/source:/opt/rustwide/workdir:ro,Z" "-v" "/var/lib/crater-agent-workspace/cargo-home:/opt/rustwide/cargo-home:ro,Z" "-v" "/var/lib/crater-agent-workspace/rustup-home:/opt/rustwide/rustup-home:ro,Z" "-e" "SOURCE_DIR=/opt/rustwide/workdir" "-e" "CARGO_TARGET_DIR=/opt/rustwide/target" "-e" "CARGO_INCREMENTAL=0" "-e" "RUST_BACKTRACE=full" "-e" "RUSTFLAGS=--cap-lints=warn" "-e" "RUSTDOCFLAGS=--cap-lints=warn" "-e" "CARGO_HOME=/opt/rustwide/cargo-home" "-e" "RUSTUP_HOME=/opt/rustwide/rustup-home" "-w" "/opt/rustwide/workdir" "-m" "1610612736" "--user" "0:0" "--network" "none" "ghcr.io/rust-lang/crates-build-env/linux@sha256:2788e3201cd34a07e3172128adcd8b3090168a8e3bcc40d7c032b9dda1df7d1c" "/opt/rustwide/cargo-home/bin/cargo" "+1.75.0" "build" "--frozen" "--message-format=json", kill_on_drop: false }`
[INFO] [stdout] a8d8db4fed144bb20433ed116610f7060ac1796dd44ee597e47dcf6d948976bf
[INFO] running `Command { std: "docker" "start" "-a" "a8d8db4fed144bb20433ed116610f7060ac1796dd44ee597e47dcf6d948976bf", kill_on_drop: false }`
[INFO] [stderr]    Compiling num-traits v0.2.17
[INFO] [stderr]    Compiling crc32fast v1.3.2
[INFO] [stderr]    Compiling rustix v0.36.17
[INFO] [stderr]    Compiling procfs v0.15.1
[INFO] [stderr]    Compiling winapi v0.3.9
[INFO] [stderr]    Compiling miniz_oxide v0.7.1
[INFO] [stderr]    Compiling flate2 v1.0.28
[INFO] [stderr]    Compiling chrono v0.4.31
[INFO] [stderr]    Compiling wei-process v0.1.1 (/opt/rustwide/workdir)
[INFO] [stdout] error[E0433]: failed to resolve: could not find `windows` in `os`
[INFO] [stdout]  --> src/lib.rs:2:14
[INFO] [stdout]   |
[INFO] [stdout] 2 | use std::os::windows::ffi::OsStringExt;
[INFO] [stdout]   |              ^^^^^^^ could not find `windows` in `os`
[INFO] [stdout] 
[INFO] [stdout] 
[INFO] [stdout] warning: unused import: `std::ffi::OsString`
[INFO] [stdout]  --> src/lib.rs:1:5
[INFO] [stdout]   |
[INFO] [stdout] 1 | use std::ffi::OsString;
[INFO] [stdout]   |     ^^^^^^^^^^^^^^^^^^
[INFO] [stdout]   |
[INFO] [stdout]   = note: `#[warn(unused_imports)]` on by default
[INFO] [stdout] 
[INFO] [stdout] 
[INFO] [stdout] warning: unused import: `std::path::Path`
[INFO] [stdout]  --> src/lib.rs:3:5
[INFO] [stdout]   |
[INFO] [stdout] 3 | use std::path::Path;
[INFO] [stdout]   |     ^^^^^^^^^^^^^^^
[INFO] [stdout] 
[INFO] [stdout] 
[INFO] [stdout] warning: unused import: `std::ptr::null_mut`
[INFO] [stdout]  --> src/lib.rs:4:5
[INFO] [stdout]   |
[INFO] [stdout] 4 | use std::ptr::null_mut;
[INFO] [stdout]   |     ^^^^^^^^^^^^^^^^^^
[INFO] [stdout] 
[INFO] [stdout] 
[INFO] [stdout] error[E0609]: no field `comm` on type `Process`
[INFO] [stdout]   --> src/lib.rs:78:29
[INFO] [stdout]    |
[INFO] [stdout] 78 |                     if proc.comm == target_process_name {
[INFO] [stdout]    |                             ^^^^ unknown field
[INFO] [stdout]    |
[INFO] [stdout]    = note: available fields are: `pid`
[INFO] [stdout] 
[INFO] [stdout] 
[INFO] [stdout] error: aborting due to 2 previous errors; 3 warnings emitted
[INFO] [stdout] 
[INFO] [stdout] 
[INFO] [stdout] Some errors have detailed explanations: E0433, E0609.
[INFO] [stdout] 
[INFO] [stdout] For more information about an error, try `rustc --explain E0433`.
[INFO] [stdout] 
[INFO] [stderr] error: could not compile `wei-process` (lib) due to 3 previous errors; 3 warnings emitted
[INFO] [stderr] warning: build failed, waiting for other jobs to finish...
[INFO] running `Command { std: "docker" "inspect" "a8d8db4fed144bb20433ed116610f7060ac1796dd44ee597e47dcf6d948976bf", kill_on_drop: false }`
[INFO] running `Command { std: "docker" "rm" "-f" "a8d8db4fed144bb20433ed116610f7060ac1796dd44ee597e47dcf6d948976bf", kill_on_drop: false }`
[INFO] [stdout] a8d8db4fed144bb20433ed116610f7060ac1796dd44ee597e47dcf6d948976bf
[INFO] testing wei-process-0.1.1 against beta-2023-12-22 for beta-1.76-1
[INFO] extracting crate wei-process 0.1.1 into /workspace/builds/worker-6-tc2/source
[INFO] validating manifest of crates.io crate wei-process 0.1.1 on toolchain beta-2023-12-22
[INFO] running `Command { std: CARGO_HOME="/workspace/cargo-home" RUSTUP_HOME="/workspace/rustup-home" "/workspace/cargo-home/bin/cargo" "+beta-2023-12-22" "metadata" "--manifest-path" "Cargo.toml" "--no-deps", kill_on_drop: false }`
[INFO] started tweaking crates.io crate wei-process 0.1.1
[INFO] finished tweaking crates.io crate wei-process 0.1.1
[INFO] tweaked toml for crates.io crate wei-process 0.1.1 written to /workspace/builds/worker-6-tc2/source/Cargo.toml
[INFO] running `Command { std: CARGO_HOME="/workspace/cargo-home" RUSTUP_HOME="/workspace/rustup-home" "/workspace/cargo-home/bin/cargo" "+beta-2023-12-22" "generate-lockfile" "--manifest-path" "Cargo.toml", kill_on_drop: false }`
[INFO] [stderr]     Updating crates.io index
[INFO] running `Command { std: CARGO_HOME="/workspace/cargo-home" RUSTUP_HOME="/workspace/rustup-home" "/workspace/cargo-home/bin/cargo" "+beta-2023-12-22" "fetch" "--manifest-path" "Cargo.toml", kill_on_drop: false }`
[INFO] running `Command { std: "docker" "create" "-v" "/var/lib/crater-agent-workspace/builds/worker-6-tc2/target:/opt/rustwide/target:rw,Z" "-v" "/var/lib/crater-agent-workspace/builds/worker-6-tc2/source:/opt/rustwide/workdir:ro,Z" "-v" "/var/lib/crater-agent-workspace/cargo-home:/opt/rustwide/cargo-home:ro,Z" "-v" "/var/lib/crater-agent-workspace/rustup-home:/opt/rustwide/rustup-home:ro,Z" "-e" "SOURCE_DIR=/opt/rustwide/workdir" "-e" "CARGO_TARGET_DIR=/opt/rustwide/target" "-e" "CARGO_HOME=/opt/rustwide/cargo-home" "-e" "RUSTUP_HOME=/opt/rustwide/rustup-home" "-w" "/opt/rustwide/workdir" "-m" "1610612736" "--user" "0:0" "--network" "none" "ghcr.io/rust-lang/crates-build-env/linux@sha256:2788e3201cd34a07e3172128adcd8b3090168a8e3bcc40d7c032b9dda1df7d1c" "/opt/rustwide/cargo-home/bin/cargo" "+beta-2023-12-22" "metadata" "--no-deps" "--format-version=1", kill_on_drop: false }`
[INFO] [stdout] 4dc876c18b0fcbeb54a1083175a00bbcaa13dd20445e1e8c3fd9a010b61ae423
[INFO] running `Command { std: "docker" "start" "-a" "4dc876c18b0fcbeb54a1083175a00bbcaa13dd20445e1e8c3fd9a010b61ae423", kill_on_drop: false }`
[INFO] running `Command { std: "docker" "inspect" "4dc876c18b0fcbeb54a1083175a00bbcaa13dd20445e1e8c3fd9a010b61ae423", kill_on_drop: false }`
[INFO] running `Command { std: "docker" "rm" "-f" "4dc876c18b0fcbeb54a1083175a00bbcaa13dd20445e1e8c3fd9a010b61ae423", kill_on_drop: false }`
[INFO] [stdout] 4dc876c18b0fcbeb54a1083175a00bbcaa13dd20445e1e8c3fd9a010b61ae423
[INFO] running `Command { std: "docker" "create" "-v" "/var/lib/crater-agent-workspace/builds/worker-6-tc2/target:/opt/rustwide/target:rw,Z" "-v" "/var/lib/crater-agent-workspace/builds/worker-6-tc2/source:/opt/rustwide/workdir:ro,Z" "-v" "/var/lib/crater-agent-workspace/cargo-home:/opt/rustwide/cargo-home:ro,Z" "-v" "/var/lib/crater-agent-workspace/rustup-home:/opt/rustwide/rustup-home:ro,Z" "-e" "SOURCE_DIR=/opt/rustwide/workdir" "-e" "CARGO_TARGET_DIR=/opt/rustwide/target" "-e" "CARGO_INCREMENTAL=0" "-e" "RUST_BACKTRACE=full" "-e" "RUSTFLAGS=--cap-lints=warn" "-e" "RUSTDOCFLAGS=--cap-lints=warn" "-e" "CARGO_HOME=/opt/rustwide/cargo-home" "-e" "RUSTUP_HOME=/opt/rustwide/rustup-home" "-w" "/opt/rustwide/workdir" "-m" "1610612736" "--user" "0:0" "--network" "none" "ghcr.io/rust-lang/crates-build-env/linux@sha256:2788e3201cd34a07e3172128adcd8b3090168a8e3bcc40d7c032b9dda1df7d1c" "/opt/rustwide/cargo-home/bin/cargo" "+beta-2023-12-22" "build" "--frozen" "--message-format=json", kill_on_drop: false }`
[INFO] [stdout] 4e4ea090b3353c6027d244725709cfd99763df331764ce81335c8c83e2724a2e
[INFO] running `Command { std: "docker" "start" "-a" "4e4ea090b3353c6027d244725709cfd99763df331764ce81335c8c83e2724a2e", kill_on_drop: false }`
[INFO] [stderr]    Compiling crc32fast v1.3.2
[INFO] [stderr]    Compiling rustix v0.36.17
[INFO] [stderr]    Compiling winapi v0.3.9
[INFO] [stderr]    Compiling linux-raw-sys v0.1.4
[INFO] [stderr]    Compiling procfs v0.15.1
[INFO] [stderr]    Compiling num-traits v0.2.17
[INFO] [stderr]    Compiling miniz_oxide v0.7.1
[INFO] [stderr]    Compiling flate2 v1.0.28
[INFO] [stderr]    Compiling chrono v0.4.31
[INFO] [stderr]    Compiling wei-process v0.1.1 (/opt/rustwide/workdir)
[INFO] [stdout] error[E0433]: failed to resolve: could not find `windows` in `os`
[INFO] [stdout]  --> src/lib.rs:2:14
[INFO] [stdout]   |
[INFO] [stdout] 2 | use std::os::windows::ffi::OsStringExt;
[INFO] [stdout]   |              ^^^^^^^ could not find `windows` in `os`
[INFO] [stdout] 
[INFO] [stdout] 
[INFO] [stdout] warning: unused import: `std::ffi::OsString`
[INFO] [stdout]  --> src/lib.rs:1:5
[INFO] [stdout]   |
[INFO] [stdout] 1 | use std::ffi::OsString;
[INFO] [stdout]   |     ^^^^^^^^^^^^^^^^^^
[INFO] [stdout]   |
[INFO] [stdout]   = note: `#[warn(unused_imports)]` on by default
[INFO] [stdout] 
[INFO] [stdout] 
[INFO] [stdout] warning: unused import: `std::path::Path`
[INFO] [stdout]  --> src/lib.rs:3:5
[INFO] [stdout]   |
[INFO] [stdout] 3 | use std::path::Path;
[INFO] [stdout]   |     ^^^^^^^^^^^^^^^
[INFO] [stdout] 
[INFO] [stdout] 
[INFO] [stdout] warning: unused import: `std::ptr::null_mut`
[INFO] [stdout]  --> src/lib.rs:4:5
[INFO] [stdout]   |
[INFO] [stdout] 4 | use std::ptr::null_mut;
[INFO] [stdout]   |     ^^^^^^^^^^^^^^^^^^
[INFO] [stdout] 
[INFO] [stdout] 
[INFO] [stdout] error[E0609]: no field `comm` on type `Process`
[INFO] [stdout]   --> src/lib.rs:78:29
[INFO] [stdout]    |
[INFO] [stdout] 78 |                     if proc.comm == target_process_name {
[INFO] [stdout]    |                             ^^^^ unknown field
[INFO] [stdout]    |
[INFO] [stdout]    = note: available field is: `pid`
[INFO] [stdout] 
[INFO] [stdout] 
[INFO] [stdout] error: aborting due to 2 previous errors; 3 warnings emitted
[INFO] [stdout] 
[INFO] [stdout] 
[INFO] [stdout] Some errors have detailed explanations: E0433, E0609.
[INFO] [stdout] 
[INFO] [stdout] For more information about an error, try `rustc --explain E0433`.
[INFO] [stdout] 
[INFO] [stderr] error: could not compile `wei-process` (lib) due to 3 previous errors; 3 warnings emitted
[INFO] [stderr] warning: build failed, waiting for other jobs to finish...
[INFO] running `Command { std: "docker" "inspect" "4e4ea090b3353c6027d244725709cfd99763df331764ce81335c8c83e2724a2e", kill_on_drop: false }`
[INFO] running `Command { std: "docker" "rm" "-f" "4e4ea090b3353c6027d244725709cfd99763df331764ce81335c8c83e2724a2e", kill_on_drop: false }`
[INFO] [stdout] 4e4ea090b3353c6027d244725709cfd99763df331764ce81335c8c83e2724a2e
