[INFO] fetching crate wei-download 0.1.1...
[INFO] testing wei-download-0.1.1 against 1.75.0 for beta-1.76-1
[INFO] extracting crate wei-download 0.1.1 into /workspace/builds/worker-2-tc1/source
[INFO] validating manifest of crates.io crate wei-download 0.1.1 on toolchain 1.75.0
[INFO] running `Command { std: CARGO_HOME="/workspace/cargo-home" RUSTUP_HOME="/workspace/rustup-home" "/workspace/cargo-home/bin/cargo" "+1.75.0" "metadata" "--manifest-path" "Cargo.toml" "--no-deps", kill_on_drop: false }`
[INFO] started tweaking crates.io crate wei-download 0.1.1
[INFO] finished tweaking crates.io crate wei-download 0.1.1
[INFO] tweaked toml for crates.io crate wei-download 0.1.1 written to /workspace/builds/worker-2-tc1/source/Cargo.toml
[INFO] running `Command { std: CARGO_HOME="/workspace/cargo-home" RUSTUP_HOME="/workspace/rustup-home" "/workspace/cargo-home/bin/cargo" "+1.75.0" "generate-lockfile" "--manifest-path" "Cargo.toml", kill_on_drop: false }`
[INFO] [stderr]     Updating crates.io index
[INFO] running `Command { std: CARGO_HOME="/workspace/cargo-home" RUSTUP_HOME="/workspace/rustup-home" "/workspace/cargo-home/bin/cargo" "+1.75.0" "fetch" "--manifest-path" "Cargo.toml", kill_on_drop: false }`
[INFO] [stderr]  Downloading crates ...
[INFO] [stderr]   Downloaded wei-env v0.2.13
[INFO] [stderr]   Downloaded procfs v0.15.1
[INFO] [stderr]   Downloaded wei-run v0.1.23
[INFO] [stderr]   Downloaded wei-log v0.2.11
[INFO] running `Command { std: "docker" "create" "-v" "/var/lib/crater-agent-workspace/builds/worker-2-tc1/target:/opt/rustwide/target:rw,Z" "-v" "/var/lib/crater-agent-workspace/builds/worker-2-tc1/source:/opt/rustwide/workdir:ro,Z" "-v" "/var/lib/crater-agent-workspace/cargo-home:/opt/rustwide/cargo-home:ro,Z" "-v" "/var/lib/crater-agent-workspace/rustup-home:/opt/rustwide/rustup-home:ro,Z" "-e" "SOURCE_DIR=/opt/rustwide/workdir" "-e" "CARGO_TARGET_DIR=/opt/rustwide/target" "-e" "CARGO_HOME=/opt/rustwide/cargo-home" "-e" "RUSTUP_HOME=/opt/rustwide/rustup-home" "-w" "/opt/rustwide/workdir" "-m" "1610612736" "--user" "0:0" "--network" "none" "ghcr.io/rust-lang/crates-build-env/linux@sha256:2788e3201cd34a07e3172128adcd8b3090168a8e3bcc40d7c032b9dda1df7d1c" "/opt/rustwide/cargo-home/bin/cargo" "+1.75.0" "metadata" "--no-deps" "--format-version=1", kill_on_drop: false }`
[INFO] [stdout] 4ea3e997862284bde5777b28c81dde5453a796f2c0fe9b56d90b69e9d692bb87
[INFO] running `Command { std: "docker" "start" "-a" "4ea3e997862284bde5777b28c81dde5453a796f2c0fe9b56d90b69e9d692bb87", kill_on_drop: false }`
[INFO] running `Command { std: "docker" "inspect" "4ea3e997862284bde5777b28c81dde5453a796f2c0fe9b56d90b69e9d692bb87", kill_on_drop: false }`
[INFO] running `Command { std: "docker" "rm" "-f" "4ea3e997862284bde5777b28c81dde5453a796f2c0fe9b56d90b69e9d692bb87", kill_on_drop: false }`
[INFO] [stdout] 4ea3e997862284bde5777b28c81dde5453a796f2c0fe9b56d90b69e9d692bb87
[INFO] running `Command { std: "docker" "create" "-v" "/var/lib/crater-agent-workspace/builds/worker-2-tc1/target:/opt/rustwide/target:rw,Z" "-v" "/var/lib/crater-agent-workspace/builds/worker-2-tc1/source:/opt/rustwide/workdir:ro,Z" "-v" "/var/lib/crater-agent-workspace/cargo-home:/opt/rustwide/cargo-home:ro,Z" "-v" "/var/lib/crater-agent-workspace/rustup-home:/opt/rustwide/rustup-home:ro,Z" "-e" "SOURCE_DIR=/opt/rustwide/workdir" "-e" "CARGO_TARGET_DIR=/opt/rustwide/target" "-e" "CARGO_INCREMENTAL=0" "-e" "RUST_BACKTRACE=full" "-e" "RUSTFLAGS=--cap-lints=warn" "-e" "RUSTDOCFLAGS=--cap-lints=warn" "-e" "CARGO_HOME=/opt/rustwide/cargo-home" "-e" "RUSTUP_HOME=/opt/rustwide/rustup-home" "-w" "/opt/rustwide/workdir" "-m" "1610612736" "--user" "0:0" "--network" "none" "ghcr.io/rust-lang/crates-build-env/linux@sha256:2788e3201cd34a07e3172128adcd8b3090168a8e3bcc40d7c032b9dda1df7d1c" "/opt/rustwide/cargo-home/bin/cargo" "+1.75.0" "build" "--frozen" "--message-format=json", kill_on_drop: false }`
[INFO] [stdout] 8c559ea3be1701821d3cd9940c83f133dd89cf27c8c389b4fee5b656c43eabc6
[INFO] running `Command { std: "docker" "start" "-a" "8c559ea3be1701821d3cd9940c83f133dd89cf27c8c389b4fee5b656c43eabc6", kill_on_drop: false }`
[INFO] [stderr]    Compiling libc v0.2.151
[INFO] [stderr]    Compiling serde v1.0.194
[INFO] [stderr]    Compiling io-lifetimes v1.0.11
[INFO] [stderr]    Compiling crc32fast v1.3.2
[INFO] [stderr]    Compiling ryu v1.0.16
[INFO] [stderr]    Compiling num-traits v0.2.17
[INFO] [stderr]    Compiling hashbrown v0.14.3
[INFO] [stderr]    Compiling syn v2.0.48
[INFO] [stderr]    Compiling itoa v1.0.10
[INFO] [stderr]    Compiling rustix v0.36.17
[INFO] [stderr]    Compiling iana-time-zone v0.1.59
[INFO] [stderr]    Compiling equivalent v1.0.1
[INFO] [stderr]    Compiling option-ext v0.2.0
[INFO] [stderr]    Compiling miniz_oxide v0.7.1
[INFO] [stderr]    Compiling linux-raw-sys v0.1.4
[INFO] [stderr]    Compiling unsafe-libyaml v0.2.10
[INFO] [stderr]    Compiling indexmap v2.1.0
[INFO] [stderr]    Compiling procfs v0.15.1
[INFO] [stderr]    Compiling winapi v0.3.9
[INFO] [stderr]    Compiling flate2 v1.0.28
[INFO] [stderr]    Compiling byteorder v1.5.0
[INFO] [stderr]    Compiling chrono v0.4.31
[INFO] [stderr]    Compiling hex v0.4.3
[INFO] [stderr]    Compiling serde_json v1.0.111
[INFO] [stderr]    Compiling dirs-sys v0.4.1
[INFO] [stderr]    Compiling fs2 v0.4.3
[INFO] [stderr]    Compiling dirs v5.0.1
[INFO] [stderr]    Compiling serde_derive v1.0.194
[INFO] [stderr]    Compiling wei-log v0.2.11
[INFO] [stderr]    Compiling serde_yaml v0.9.30
[INFO] [stderr]    Compiling wei-env v0.2.13
[INFO] [stderr]    Compiling wei-run v0.1.23
[INFO] [stdout] error[E0433]: failed to resolve: could not find `windows` in `os`
[INFO] [stdout]    --> /opt/rustwide/cargo-home/registry/src/index.crates.io-6f17d22bba15001f/wei-run-0.1.23/src/lib.rs:105:14
[INFO] [stdout]     |
[INFO] [stdout] 105 | use std::os::windows::ffi::OsStringExt;
[INFO] [stdout]     |              ^^^^^^^ could not find `windows` in `os`
[INFO] [stdout] 
[INFO] [stdout] 
[INFO] [stdout] error[E0609]: no field `comm` on type `Process`
[INFO] [stdout]    --> /opt/rustwide/cargo-home/registry/src/index.crates.io-6f17d22bba15001f/wei-run-0.1.23/src/lib.rs:181:29
[INFO] [stdout]     |
[INFO] [stdout] 181 |                     if proc.comm == target_process_name {
[INFO] [stdout]     |                             ^^^^ unknown field
[INFO] [stdout]     |
[INFO] [stdout]     = note: available fields are: `pid`
[INFO] [stdout] 
[INFO] [stdout] 
[INFO] [stdout] error: aborting due to 2 previous errors
[INFO] [stdout] 
[INFO] [stdout] 
[INFO] [stdout] Some errors have detailed explanations: E0433, E0609.
[INFO] [stdout] 
[INFO] [stdout] For more information about an error, try `rustc --explain E0433`.
[INFO] [stdout] 
[INFO] [stderr] error: could not compile `wei-run` (lib) due to 3 previous errors
[INFO] [stderr] warning: build failed, waiting for other jobs to finish...
[INFO] running `Command { std: "docker" "inspect" "8c559ea3be1701821d3cd9940c83f133dd89cf27c8c389b4fee5b656c43eabc6", kill_on_drop: false }`
[INFO] running `Command { std: "docker" "rm" "-f" "8c559ea3be1701821d3cd9940c83f133dd89cf27c8c389b4fee5b656c43eabc6", kill_on_drop: false }`
[INFO] [stdout] 8c559ea3be1701821d3cd9940c83f133dd89cf27c8c389b4fee5b656c43eabc6
[INFO] testing wei-download-0.1.1 against beta-2023-12-22 for beta-1.76-1
[INFO] extracting crate wei-download 0.1.1 into /workspace/builds/worker-2-tc2/source
[INFO] validating manifest of crates.io crate wei-download 0.1.1 on toolchain beta-2023-12-22
[INFO] running `Command { std: CARGO_HOME="/workspace/cargo-home" RUSTUP_HOME="/workspace/rustup-home" "/workspace/cargo-home/bin/cargo" "+beta-2023-12-22" "metadata" "--manifest-path" "Cargo.toml" "--no-deps", kill_on_drop: false }`
[INFO] started tweaking crates.io crate wei-download 0.1.1
[INFO] finished tweaking crates.io crate wei-download 0.1.1
[INFO] tweaked toml for crates.io crate wei-download 0.1.1 written to /workspace/builds/worker-2-tc2/source/Cargo.toml
[INFO] running `Command { std: CARGO_HOME="/workspace/cargo-home" RUSTUP_HOME="/workspace/rustup-home" "/workspace/cargo-home/bin/cargo" "+beta-2023-12-22" "generate-lockfile" "--manifest-path" "Cargo.toml", kill_on_drop: false }`
[INFO] [stderr]     Updating crates.io index
[INFO] running `Command { std: CARGO_HOME="/workspace/cargo-home" RUSTUP_HOME="/workspace/rustup-home" "/workspace/cargo-home/bin/cargo" "+beta-2023-12-22" "fetch" "--manifest-path" "Cargo.toml", kill_on_drop: false }`
[INFO] running `Command { std: "docker" "create" "-v" "/var/lib/crater-agent-workspace/builds/worker-2-tc2/target:/opt/rustwide/target:rw,Z" "-v" "/var/lib/crater-agent-workspace/builds/worker-2-tc2/source:/opt/rustwide/workdir:ro,Z" "-v" "/var/lib/crater-agent-workspace/cargo-home:/opt/rustwide/cargo-home:ro,Z" "-v" "/var/lib/crater-agent-workspace/rustup-home:/opt/rustwide/rustup-home:ro,Z" "-e" "SOURCE_DIR=/opt/rustwide/workdir" "-e" "CARGO_TARGET_DIR=/opt/rustwide/target" "-e" "CARGO_HOME=/opt/rustwide/cargo-home" "-e" "RUSTUP_HOME=/opt/rustwide/rustup-home" "-w" "/opt/rustwide/workdir" "-m" "1610612736" "--user" "0:0" "--network" "none" "ghcr.io/rust-lang/crates-build-env/linux@sha256:2788e3201cd34a07e3172128adcd8b3090168a8e3bcc40d7c032b9dda1df7d1c" "/opt/rustwide/cargo-home/bin/cargo" "+beta-2023-12-22" "metadata" "--no-deps" "--format-version=1", kill_on_drop: false }`
[INFO] [stdout] 70166cea2690fa1c4677b6634d18e0202e3939d32f7bd5895a0c44bdff691cce
[INFO] running `Command { std: "docker" "start" "-a" "70166cea2690fa1c4677b6634d18e0202e3939d32f7bd5895a0c44bdff691cce", kill_on_drop: false }`
[INFO] running `Command { std: "docker" "inspect" "70166cea2690fa1c4677b6634d18e0202e3939d32f7bd5895a0c44bdff691cce", kill_on_drop: false }`
[INFO] running `Command { std: "docker" "rm" "-f" "70166cea2690fa1c4677b6634d18e0202e3939d32f7bd5895a0c44bdff691cce", kill_on_drop: false }`
[INFO] [stdout] 70166cea2690fa1c4677b6634d18e0202e3939d32f7bd5895a0c44bdff691cce
[INFO] running `Command { std: "docker" "create" "-v" "/var/lib/crater-agent-workspace/builds/worker-2-tc2/target:/opt/rustwide/target:rw,Z" "-v" "/var/lib/crater-agent-workspace/builds/worker-2-tc2/source:/opt/rustwide/workdir:ro,Z" "-v" "/var/lib/crater-agent-workspace/cargo-home:/opt/rustwide/cargo-home:ro,Z" "-v" "/var/lib/crater-agent-workspace/rustup-home:/opt/rustwide/rustup-home:ro,Z" "-e" "SOURCE_DIR=/opt/rustwide/workdir" "-e" "CARGO_TARGET_DIR=/opt/rustwide/target" "-e" "CARGO_INCREMENTAL=0" "-e" "RUST_BACKTRACE=full" "-e" "RUSTFLAGS=--cap-lints=warn" "-e" "RUSTDOCFLAGS=--cap-lints=warn" "-e" "CARGO_HOME=/opt/rustwide/cargo-home" "-e" "RUSTUP_HOME=/opt/rustwide/rustup-home" "-w" "/opt/rustwide/workdir" "-m" "1610612736" "--user" "0:0" "--network" "none" "ghcr.io/rust-lang/crates-build-env/linux@sha256:2788e3201cd34a07e3172128adcd8b3090168a8e3bcc40d7c032b9dda1df7d1c" "/opt/rustwide/cargo-home/bin/cargo" "+beta-2023-12-22" "build" "--frozen" "--message-format=json", kill_on_drop: false }`
[INFO] [stdout] 0f76b04ac77260fd1a0d6945a86b4c9f5add825e8a0f550f068c43ca7ef2bfe9
[INFO] running `Command { std: "docker" "start" "-a" "0f76b04ac77260fd1a0d6945a86b4c9f5add825e8a0f550f068c43ca7ef2bfe9", kill_on_drop: false }`
[INFO] [stderr]    Compiling libc v0.2.151
[INFO] [stderr]    Compiling serde v1.0.194
[INFO] [stderr]    Compiling crc32fast v1.3.2
[INFO] [stderr]    Compiling io-lifetimes v1.0.11
[INFO] [stderr]    Compiling iana-time-zone v0.1.59
[INFO] [stderr]    Compiling num-traits v0.2.17
[INFO] [stderr]    Compiling equivalent v1.0.1
[INFO] [stderr]    Compiling syn v2.0.48
[INFO] [stderr]    Compiling option-ext v0.2.0
[INFO] [stderr]    Compiling ryu v1.0.16
[INFO] [stderr]    Compiling hashbrown v0.14.3
[INFO] [stderr]    Compiling rustix v0.36.17
[INFO] [stderr]    Compiling itoa v1.0.10
[INFO] [stderr]    Compiling miniz_oxide v0.7.1
[INFO] [stderr]    Compiling unsafe-libyaml v0.2.10
[INFO] [stderr]    Compiling procfs v0.15.1
[INFO] [stderr]    Compiling linux-raw-sys v0.1.4
[INFO] [stderr]    Compiling winapi v0.3.9
[INFO] [stderr]    Compiling indexmap v2.1.0
[INFO] [stderr]    Compiling flate2 v1.0.28
[INFO] [stderr]    Compiling chrono v0.4.31
[INFO] [stderr]    Compiling serde_json v1.0.111
[INFO] [stderr]    Compiling byteorder v1.5.0
[INFO] [stderr]    Compiling hex v0.4.3
[INFO] [stderr]    Compiling dirs-sys v0.4.1
[INFO] [stderr]    Compiling dirs v5.0.1
[INFO] [stderr]    Compiling fs2 v0.4.3
[INFO] [stderr]    Compiling serde_derive v1.0.194
[INFO] [stderr]    Compiling wei-log v0.2.11
[INFO] [stderr]    Compiling serde_yaml v0.9.30
[INFO] [stderr]    Compiling wei-env v0.2.13
[INFO] [stderr]    Compiling wei-run v0.1.23
[INFO] [stdout] error[E0433]: failed to resolve: could not find `windows` in `os`
[INFO] [stdout]    --> /opt/rustwide/cargo-home/registry/src/index.crates.io-6f17d22bba15001f/wei-run-0.1.23/src/lib.rs:105:14
[INFO] [stdout]     |
[INFO] [stdout] 105 | use std::os::windows::ffi::OsStringExt;
[INFO] [stdout]     |              ^^^^^^^ could not find `windows` in `os`
[INFO] [stdout] 
[INFO] [stdout] 
[INFO] [stdout] error[E0609]: no field `comm` on type `Process`
[INFO] [stdout]    --> /opt/rustwide/cargo-home/registry/src/index.crates.io-6f17d22bba15001f/wei-run-0.1.23/src/lib.rs:181:29
[INFO] [stdout]     |
[INFO] [stdout] 181 |                     if proc.comm == target_process_name {
[INFO] [stdout]     |                             ^^^^ unknown field
[INFO] [stdout]     |
[INFO] [stdout]     = note: available field is: `pid`
[INFO] [stdout] 
[INFO] [stdout] 
[INFO] [stdout] error: aborting due to 2 previous errors
[INFO] [stdout] 
[INFO] [stdout] 
[INFO] [stdout] Some errors have detailed explanations: E0433, E0609.
[INFO] [stdout] 
[INFO] [stdout] For more information about an error, try `rustc --explain E0433`.
[INFO] [stdout] 
[INFO] [stderr] error: could not compile `wei-run` (lib) due to 3 previous errors
[INFO] [stderr] warning: build failed, waiting for other jobs to finish...
[INFO] running `Command { std: "docker" "inspect" "0f76b04ac77260fd1a0d6945a86b4c9f5add825e8a0f550f068c43ca7ef2bfe9", kill_on_drop: false }`
[INFO] running `Command { std: "docker" "rm" "-f" "0f76b04ac77260fd1a0d6945a86b4c9f5add825e8a0f550f068c43ca7ef2bfe9", kill_on_drop: false }`
[INFO] [stdout] 0f76b04ac77260fd1a0d6945a86b4c9f5add825e8a0f550f068c43ca7ef2bfe9
