[INFO] fetching crate weft-erased 0.1.2...
[INFO] testing weft-erased-0.1.2 against 1.75.0 for beta-1.76-1
[INFO] extracting crate weft-erased 0.1.2 into /workspace/builds/worker-3-tc1/source
[INFO] validating manifest of crates.io crate weft-erased 0.1.2 on toolchain 1.75.0
[INFO] running `Command { std: CARGO_HOME="/workspace/cargo-home" RUSTUP_HOME="/workspace/rustup-home" "/workspace/cargo-home/bin/cargo" "+1.75.0" "metadata" "--manifest-path" "Cargo.toml" "--no-deps", kill_on_drop: false }`
[INFO] started tweaking crates.io crate weft-erased 0.1.2
[INFO] finished tweaking crates.io crate weft-erased 0.1.2
[INFO] tweaked toml for crates.io crate weft-erased 0.1.2 written to /workspace/builds/worker-3-tc1/source/Cargo.toml
[INFO] running `Command { std: CARGO_HOME="/workspace/cargo-home" RUSTUP_HOME="/workspace/rustup-home" "/workspace/cargo-home/bin/cargo" "+1.75.0" "generate-lockfile" "--manifest-path" "Cargo.toml", kill_on_drop: false }`
[INFO] [stderr]     Updating crates.io index
[INFO] running `Command { std: CARGO_HOME="/workspace/cargo-home" RUSTUP_HOME="/workspace/rustup-home" "/workspace/cargo-home/bin/cargo" "+1.75.0" "fetch" "--manifest-path" "Cargo.toml", kill_on_drop: false }`
[INFO] [stderr]  Downloading crates ...
[INFO] [stderr]   Downloaded weft_derive v0.1.2
[INFO] [stderr]   Downloaded weft v0.1.2
[INFO] [stderr]   Downloaded v_htmlescape v0.15.8
[INFO] running `Command { std: "docker" "create" "-v" "/var/lib/crater-agent-workspace/builds/worker-3-tc1/target:/opt/rustwide/target:rw,Z" "-v" "/var/lib/crater-agent-workspace/builds/worker-3-tc1/source:/opt/rustwide/workdir:ro,Z" "-v" "/var/lib/crater-agent-workspace/cargo-home:/opt/rustwide/cargo-home:ro,Z" "-v" "/var/lib/crater-agent-workspace/rustup-home:/opt/rustwide/rustup-home:ro,Z" "-e" "SOURCE_DIR=/opt/rustwide/workdir" "-e" "CARGO_TARGET_DIR=/opt/rustwide/target" "-e" "CARGO_HOME=/opt/rustwide/cargo-home" "-e" "RUSTUP_HOME=/opt/rustwide/rustup-home" "-w" "/opt/rustwide/workdir" "-m" "1610612736" "--user" "0:0" "--network" "none" "ghcr.io/rust-lang/crates-build-env/linux@sha256:2788e3201cd34a07e3172128adcd8b3090168a8e3bcc40d7c032b9dda1df7d1c" "/opt/rustwide/cargo-home/bin/cargo" "+1.75.0" "metadata" "--no-deps" "--format-version=1", kill_on_drop: false }`
[INFO] [stdout] d0f9670606f1d2622c33767fae8ece5c7be3842c80b890a4ea8a0e5c520c2716
[INFO] running `Command { std: "docker" "start" "-a" "d0f9670606f1d2622c33767fae8ece5c7be3842c80b890a4ea8a0e5c520c2716", kill_on_drop: false }`
[INFO] running `Command { std: "docker" "inspect" "d0f9670606f1d2622c33767fae8ece5c7be3842c80b890a4ea8a0e5c520c2716", kill_on_drop: false }`
[INFO] running `Command { std: "docker" "rm" "-f" "d0f9670606f1d2622c33767fae8ece5c7be3842c80b890a4ea8a0e5c520c2716", kill_on_drop: false }`
[INFO] [stdout] d0f9670606f1d2622c33767fae8ece5c7be3842c80b890a4ea8a0e5c520c2716
[INFO] running `Command { std: "docker" "create" "-v" "/var/lib/crater-agent-workspace/builds/worker-3-tc1/target:/opt/rustwide/target:rw,Z" "-v" "/var/lib/crater-agent-workspace/builds/worker-3-tc1/source:/opt/rustwide/workdir:ro,Z" "-v" "/var/lib/crater-agent-workspace/cargo-home:/opt/rustwide/cargo-home:ro,Z" "-v" "/var/lib/crater-agent-workspace/rustup-home:/opt/rustwide/rustup-home:ro,Z" "-e" "SOURCE_DIR=/opt/rustwide/workdir" "-e" "CARGO_TARGET_DIR=/opt/rustwide/target" "-e" "CARGO_INCREMENTAL=0" "-e" "RUST_BACKTRACE=full" "-e" "RUSTFLAGS=--cap-lints=warn" "-e" "RUSTDOCFLAGS=--cap-lints=warn" "-e" "CARGO_HOME=/opt/rustwide/cargo-home" "-e" "RUSTUP_HOME=/opt/rustwide/rustup-home" "-w" "/opt/rustwide/workdir" "-m" "1610612736" "--user" "0:0" "--network" "none" "ghcr.io/rust-lang/crates-build-env/linux@sha256:2788e3201cd34a07e3172128adcd8b3090168a8e3bcc40d7c032b9dda1df7d1c" "/opt/rustwide/cargo-home/bin/cargo" "+1.75.0" "build" "--frozen" "--message-format=json", kill_on_drop: false }`
[INFO] [stdout] 058154cfef243035fb16ea9fe06ba8a4f073083d8e214a7473a370772e83cf22
[INFO] running `Command { std: "docker" "start" "-a" "058154cfef243035fb16ea9fe06ba8a4f073083d8e214a7473a370772e83cf22", kill_on_drop: false }`
[INFO] [stderr]    Compiling libc v0.2.151
[INFO] [stderr]    Compiling ppv-lite86 v0.2.17
[INFO] [stderr]    Compiling siphasher v0.3.11
[INFO] [stderr]    Compiling getrandom v0.1.16
[INFO] [stderr]    Compiling syn v1.0.109
[INFO] [stderr]    Compiling smallvec v1.11.2
[INFO] [stderr]    Compiling proc-macro-hack v0.5.20+deprecated
[INFO] [stderr]    Compiling scopeguard v1.2.0
[INFO] [stderr]    Compiling new_debug_unreachable v1.0.4
[INFO] [stderr]    Compiling serde v1.0.194
[INFO] [stderr]    Compiling mac v0.1.1
[INFO] [stderr]    Compiling parking_lot_core v0.9.9
[INFO] [stderr]    Compiling log v0.4.20
[INFO] [stderr]    Compiling precomputed-hash v0.1.1
[INFO] [stderr]    Compiling lock_api v0.4.11
[INFO] [stderr]    Compiling utf-8 v0.7.6
[INFO] [stderr]    Compiling once_cell v1.19.0
[INFO] [stderr]    Compiling phf_shared v0.10.0
[INFO] [stderr]    Compiling phf_shared v0.8.0
[INFO] [stderr]    Compiling futf v0.1.5
[INFO] [stderr]    Compiling syn v2.0.48
[INFO] [stderr]    Compiling rustix v0.38.28
[INFO] [stderr]    Compiling dtoa v1.0.9
[INFO] [stderr]    Compiling tendril v0.4.3
[INFO] [stderr]    Compiling memchr v2.7.1
[INFO] [stderr]    Compiling stable_deref_trait v1.2.0
[INFO] [stderr]    Compiling itoa v0.4.8
[INFO] [stderr]    Compiling dtoa-short v0.3.4
[INFO] [stderr]    Compiling nodrop v0.1.14
[INFO] [stderr]    Compiling byteorder v1.5.0
[INFO] [stderr]    Compiling convert_case v0.4.0
[INFO] [stderr]    Compiling regex-syntax v0.8.2
[INFO] [stderr]    Compiling linux-raw-sys v0.4.12
[INFO] [stderr]    Compiling matches v0.1.10
[INFO] [stderr]    Compiling servo_arc v0.1.1
[INFO] [stderr]    Compiling phf v0.10.1
[INFO] [stderr]    Compiling bitflags v1.3.2
[INFO] [stderr]    Compiling anyhow v1.0.79
[INFO] [stderr]    Compiling thin-slice v0.1.1
[INFO] [stderr]    Compiling termcolor v1.4.0
[INFO] [stderr]    Compiling v_htmlescape v0.15.8
[INFO] [stderr]    Compiling humantime v2.1.0
[INFO] [stderr]    Compiling fxhash v0.2.1
[INFO] [stderr]    Compiling aho-corasick v1.1.2
[INFO] [stderr]    Compiling is-terminal v0.4.10
[INFO] [stderr]    Compiling getrandom v0.2.11
[INFO] [stderr]    Compiling rand_core v0.6.4
[INFO] [stderr]    Compiling rand_core v0.5.1
[INFO] [stderr]    Compiling rand_chacha v0.3.1
[INFO] [stderr]    Compiling rand_pcg v0.2.1
[INFO] [stderr]    Compiling rand_chacha v0.2.2
[INFO] [stderr]    Compiling parking_lot v0.12.1
[INFO] [stderr]    Compiling regex-automata v0.4.3
[INFO] [stderr]    Compiling rand v0.8.5
[INFO] [stderr]    Compiling rand v0.7.3
[INFO] [stderr]    Compiling phf_generator v0.8.0
[INFO] [stderr]    Compiling phf_generator v0.10.0
[INFO] [stderr]    Compiling phf_codegen v0.8.0
[INFO] [stderr]    Compiling string_cache_codegen v0.5.2
[INFO] [stderr]    Compiling phf_codegen v0.10.0
[INFO] [stderr]    Compiling selectors v0.22.0
[INFO] [stderr]    Compiling string_cache v0.8.7
[INFO] [stderr]    Compiling markup5ever v0.10.1
[INFO] [stderr]    Compiling markup5ever v0.11.0
[INFO] [stderr]    Compiling cssparser-macros v0.6.1
[INFO] [stderr]    Compiling regex v1.10.2
[INFO] [stderr]    Compiling env_logger v0.10.1
[INFO] [stderr]    Compiling phf_macros v0.8.0
[INFO] [stderr]    Compiling cssparser v0.27.2
[INFO] [stderr]    Compiling html5ever v0.25.2
[INFO] [stderr]    Compiling html5ever v0.26.0
[INFO] [stderr]    Compiling derive_more v0.99.17
[INFO] [stderr]    Compiling phf v0.8.0
[INFO] [stderr]    Compiling kuchiki v0.8.1
[INFO] [stderr]    Compiling weft_derive v0.1.2
[INFO] [stderr]    Compiling weft v0.1.2
[INFO] [stderr]    Compiling weft-erased v0.1.2 (/opt/rustwide/workdir)
[INFO] [stderr]     Finished dev [unoptimized + debuginfo] target(s) in 12.97s
[INFO] running `Command { std: "docker" "inspect" "058154cfef243035fb16ea9fe06ba8a4f073083d8e214a7473a370772e83cf22", kill_on_drop: false }`
[INFO] running `Command { std: "docker" "rm" "-f" "058154cfef243035fb16ea9fe06ba8a4f073083d8e214a7473a370772e83cf22", kill_on_drop: false }`
[INFO] [stdout] 058154cfef243035fb16ea9fe06ba8a4f073083d8e214a7473a370772e83cf22
[INFO] running `Command { std: "docker" "create" "-v" "/var/lib/crater-agent-workspace/builds/worker-3-tc1/target:/opt/rustwide/target:rw,Z" "-v" "/var/lib/crater-agent-workspace/builds/worker-3-tc1/source:/opt/rustwide/workdir:ro,Z" "-v" "/var/lib/crater-agent-workspace/cargo-home:/opt/rustwide/cargo-home:ro,Z" "-v" "/var/lib/crater-agent-workspace/rustup-home:/opt/rustwide/rustup-home:ro,Z" "-e" "SOURCE_DIR=/opt/rustwide/workdir" "-e" "CARGO_TARGET_DIR=/opt/rustwide/target" "-e" "CARGO_INCREMENTAL=0" "-e" "RUST_BACKTRACE=full" "-e" "RUSTFLAGS=--cap-lints=warn" "-e" "RUSTDOCFLAGS=--cap-lints=warn" "-e" "CARGO_HOME=/opt/rustwide/cargo-home" "-e" "RUSTUP_HOME=/opt/rustwide/rustup-home" "-w" "/opt/rustwide/workdir" "-m" "1610612736" "--user" "0:0" "--network" "none" "ghcr.io/rust-lang/crates-build-env/linux@sha256:2788e3201cd34a07e3172128adcd8b3090168a8e3bcc40d7c032b9dda1df7d1c" "/opt/rustwide/cargo-home/bin/cargo" "+1.75.0" "test" "--frozen" "--no-run" "--message-format=json", kill_on_drop: false }`
[INFO] [stdout] 95dfae4c0eced991a45466edb0fd8fb6702d1bf5ef1d753ce7ee813cf8ea34e3
[INFO] running `Command { std: "docker" "start" "-a" "95dfae4c0eced991a45466edb0fd8fb6702d1bf5ef1d753ce7ee813cf8ea34e3", kill_on_drop: false }`
[INFO] [stderr]    Compiling weft-erased v0.1.2 (/opt/rustwide/workdir)
[INFO] [stdout] error: proc-macro derive panicked
[INFO] [stdout]  --> tests/erased.rs:3:10
[INFO] [stdout]   |
[INFO] [stdout] 3 | #[derive(WeftRenderable)]
[INFO] [stdout]   |          ^^^^^^^^^^^^^^
[INFO] [stdout]   |
[INFO] [stdout]   = help: message: Error: Parsing template from path "/opt/rustwide/workdir/../weft/tests/content.html"
[INFO] [stdout]           
[INFO] [stdout]           Caused by:
[INFO] [stdout]               No such file or directory (os error 2)
[INFO] [stdout]           
[INFO] [stdout]           Stack backtrace:
[INFO] [stdout]              0: <E as anyhow::context::ext::StdError>::ext_context
[INFO] [stdout]              1: anyhow::context::<impl anyhow::Context<T,E> for core::result::Result<T,E>>::with_context
[INFO] [stdout]              2: weft_derive::parse_path
[INFO] [stdout]              3: weft_derive::TemplateDerivation::load
[INFO] [stdout]              4: weft_derive::make_template
[INFO] [stdout]              5: weft_derive::derive_template
[INFO] [stdout]              6: core::ops::function::Fn::call
[INFO] [stdout]              7: proc_macro::bridge::client::Client<proc_macro::TokenStream,proc_macro::TokenStream>::expand1::{{closure}}::{{closure}}
[INFO] [stdout]              8: proc_macro::bridge::client::run_client::{{closure}}::{{closure}}::{{closure}}
[INFO] [stdout]              9: proc_macro::bridge::scoped_cell::ScopedCell<T>::set::{{closure}}
[INFO] [stdout]             10: proc_macro::bridge::scoped_cell::ScopedCell<T>::replace
[INFO] [stdout]             11: proc_macro::bridge::client::run_client::{{closure}}::{{closure}}
[INFO] [stdout]             12: std::thread::local::LocalKey<T>::try_with
[INFO] [stdout]             13: proc_macro::bridge::client::run_client::{{closure}}
[INFO] [stdout]             14: <core::panic::unwind_safe::AssertUnwindSafe<F> as core::ops::function::FnOnce<()>>::call_once
[INFO] [stdout]             15: std::panicking::try::do_call
[INFO] [stdout]             16: __rust_try
[INFO] [stdout]             17: std::panicking::try
[INFO] [stdout]             18: proc_macro::bridge::client::run_client
[INFO] [stdout]             19: proc_macro::bridge::client::Client<proc_macro::TokenStream,proc_macro::TokenStream>::expand1::{{closure}}
[INFO] [stdout]             20: proc_macro::bridge::selfless_reify::reify_to_extern_c_fn_hrt_bridge::wrapper
[INFO] [stdout]             21: <proc_macro::bridge::server::MaybeCrossThread<rustc_expand::proc_macro::CrossbeamMessagePipe<proc_macro::bridge::buffer::Buffer>> as proc_macro::bridge::server::ExecutionStrategy>::run_bridge_and_client::<proc_macro::bridge::server::Dispatcher<proc_macro::bridge::server::MarkedTypes<rustc_expand::proc_macro_server::Rustc>>>
[INFO] [stdout]             22: <proc_macro::bridge::client::Client<proc_macro::TokenStream, proc_macro::TokenStream>>::run::<rustc_expand::proc_macro_server::Rustc, proc_macro::bridge::server::MaybeCrossThread<rustc_expand::proc_macro::CrossbeamMessagePipe<proc_macro::bridge::buffer::Buffer>>>
[INFO] [stdout]             23: <rustc_expand::proc_macro::DeriveProcMacro as rustc_expand::base::MultiItemModifier>::expand
[INFO] [stdout]             24: <rustc_expand::expand::MacroExpander>::fully_expand_fragment
[INFO] [stdout]             25: <rustc_expand::expand::MacroExpander>::expand_crate
[INFO] [stdout]             26: rustc_interface::passes::resolver_for_lowering
[INFO] [stdout]             27: rustc_query_impl::plumbing::__rust_begin_short_backtrace::<rustc_query_impl::query_impl::resolver_for_lowering::dynamic_query::{closure#2}::{closure#0}, rustc_middle::query::erase::Erased<[u8; 8]>>
[INFO] [stdout]             28: rustc_query_system::query::plumbing::try_execute_query::<rustc_query_impl::DynamicConfig<rustc_query_system::query::caches::SingleCache<rustc_middle::query::erase::Erased<[u8; 8]>>, false, false, false>, rustc_query_impl::plumbing::QueryCtxt, false>
[INFO] [stdout]             29: rustc_query_impl::query_impl::resolver_for_lowering::get_query_non_incr::__rust_end_short_backtrace
[INFO] [stdout]             30: rustc_interface::interface::run_compiler::<core::result::Result<(), rustc_span::ErrorGuaranteed>, rustc_driver_impl::run_compiler::{closure#1}>::{closure#0}
[INFO] [stdout]             31: std::sys_common::backtrace::__rust_begin_short_backtrace::<rustc_interface::util::run_in_thread_with_globals<rustc_interface::interface::run_compiler<core::result::Result<(), rustc_span::ErrorGuaranteed>, rustc_driver_impl::run_compiler::{closure#1}>::{closure#0}, core::result::Result<(), rustc_span::ErrorGuaranteed>>::{closure#0}::{closure#0}, core::result::Result<(), rustc_span::ErrorGuaranteed>>
[INFO] [stdout]             32: <<std::thread::Builder>::spawn_unchecked_<rustc_interface::util::run_in_thread_with_globals<rustc_interface::interface::run_compiler<core::result::Result<(), rustc_span::ErrorGuaranteed>, rustc_driver_impl::run_compiler::{closure#1}>::{closure#0}, core::result::Result<(), rustc_span::ErrorGuaranteed>>::{closure#0}::{closure#0}, core::result::Result<(), rustc_span::ErrorGuaranteed>>::{closure#1} as core::ops::function::FnOnce<()>>::call_once::{shim:vtable#0}
[INFO] [stdout]             33: <alloc::boxed::Box<F,A> as core::ops::function::FnOnce<Args>>::call_once
[INFO] [stdout]                        at /rustc/82e1608dfa6e0b5569232559e3d385fea5a93112/library/alloc/src/boxed.rs:2007:9
[INFO] [stdout]             34: <alloc::boxed::Box<F,A> as core::ops::function::FnOnce<Args>>::call_once
[INFO] [stdout]                        at /rustc/82e1608dfa6e0b5569232559e3d385fea5a93112/library/alloc/src/boxed.rs:2007:9
[INFO] [stdout]             35: std::sys::unix::thread::Thread::new::thread_start
[INFO] [stdout]                        at /rustc/82e1608dfa6e0b5569232559e3d385fea5a93112/library/std/src/sys/unix/thread.rs:108:17
[INFO] [stdout]             36: <unknown>
[INFO] [stdout]             37: __clone
[INFO] [stdout] 
[INFO] [stdout] 
[INFO] [stdout] error: proc-macro derive panicked
[INFO] [stdout]   --> tests/erased.rs:27:10
[INFO] [stdout]    |
[INFO] [stdout] 27 | #[derive(WeftRenderable)]
[INFO] [stdout]    |          ^^^^^^^^^^^^^^
[INFO] [stdout]    |
[INFO] [stdout]    = help: message: Error: Parsing template from path "/opt/rustwide/workdir/../weft/tests/content.html"
[INFO] [stdout]            
[INFO] [stdout]            Caused by:
[INFO] [stdout]                No such file or directory (os error 2)
[INFO] [stdout]            
[INFO] [stdout]            Stack backtrace:
[INFO] [stdout]               0: <E as anyhow::context::ext::StdError>::ext_context
[INFO] [stdout]               1: anyhow::context::<impl anyhow::Context<T,E> for core::result::Result<T,E>>::with_context
[INFO] [stdout]               2: weft_derive::parse_path
[INFO] [stdout]               3: weft_derive::TemplateDerivation::load
[INFO] [stdout]               4: weft_derive::make_template
[INFO] [stdout]               5: weft_derive::derive_template
[INFO] [stdout]               6: core::ops::function::Fn::call
[INFO] [stdout]               7: proc_macro::bridge::client::Client<proc_macro::TokenStream,proc_macro::TokenStream>::expand1::{{closure}}::{{closure}}
[INFO] [stdout]               8: proc_macro::bridge::client::run_client::{{closure}}::{{closure}}::{{closure}}
[INFO] [stdout]               9: proc_macro::bridge::scoped_cell::ScopedCell<T>::set::{{closure}}
[INFO] [stdout]              10: proc_macro::bridge::scoped_cell::ScopedCell<T>::replace
[INFO] [stdout]              11: proc_macro::bridge::client::run_client::{{closure}}::{{closure}}
[INFO] [stdout]              12: std::thread::local::LocalKey<T>::try_with
[INFO] [stdout]              13: proc_macro::bridge::client::run_client::{{closure}}
[INFO] [stdout]              14: <core::panic::unwind_safe::AssertUnwindSafe<F> as core::ops::function::FnOnce<()>>::call_once
[INFO] [stdout]              15: std::panicking::try::do_call
[INFO] [stdout]              16: __rust_try
[INFO] [stdout]              17: std::panicking::try
[INFO] [stdout]              18: proc_macro::bridge::client::run_client
[INFO] [stdout]              19: proc_macro::bridge::client::Client<proc_macro::TokenStream,proc_macro::TokenStream>::expand1::{{closure}}
[INFO] [stdout]              20: proc_macro::bridge::selfless_reify::reify_to_extern_c_fn_hrt_bridge::wrapper
[INFO] [stdout]              21: <proc_macro::bridge::server::MaybeCrossThread<rustc_expand::proc_macro::CrossbeamMessagePipe<proc_macro::bridge::buffer::Buffer>> as proc_macro::bridge::server::ExecutionStrategy>::run_bridge_and_client::<proc_macro::bridge::server::Dispatcher<proc_macro::bridge::server::MarkedTypes<rustc_expand::proc_macro_server::Rustc>>>
[INFO] [stdout]              22: <proc_macro::bridge::client::Client<proc_macro::TokenStream, proc_macro::TokenStream>>::run::<rustc_expand::proc_macro_server::Rustc, proc_macro::bridge::server::MaybeCrossThread<rustc_expand::proc_macro::CrossbeamMessagePipe<proc_macro::bridge::buffer::Buffer>>>
[INFO] [stdout]              23: <rustc_expand::proc_macro::DeriveProcMacro as rustc_expand::base::MultiItemModifier>::expand
[INFO] [stdout]              24: <rustc_expand::expand::MacroExpander>::fully_expand_fragment
[INFO] [stdout]              25: <rustc_expand::expand::MacroExpander>::expand_crate
[INFO] [stdout]              26: rustc_interface::passes::resolver_for_lowering
[INFO] [stdout]              27: rustc_query_impl::plumbing::__rust_begin_short_backtrace::<rustc_query_impl::query_impl::resolver_for_lowering::dynamic_query::{closure#2}::{closure#0}, rustc_middle::query::erase::Erased<[u8; 8]>>
[INFO] [stdout]              28: rustc_query_system::query::plumbing::try_execute_query::<rustc_query_impl::DynamicConfig<rustc_query_system::query::caches::SingleCache<rustc_middle::query::erase::Erased<[u8; 8]>>, false, false, false>, rustc_query_impl::plumbing::QueryCtxt, false>
[INFO] [stdout]              29: rustc_query_impl::query_impl::resolver_for_lowering::get_query_non_incr::__rust_end_short_backtrace
[INFO] [stdout]              30: rustc_interface::interface::run_compiler::<core::result::Result<(), rustc_span::ErrorGuaranteed>, rustc_driver_impl::run_compiler::{closure#1}>::{closure#0}
[INFO] [stdout]              31: std::sys_common::backtrace::__rust_begin_short_backtrace::<rustc_interface::util::run_in_thread_with_globals<rustc_interface::interface::run_compiler<core::result::Result<(), rustc_span::ErrorGuaranteed>, rustc_driver_impl::run_compiler::{closure#1}>::{closure#0}, core::result::Result<(), rustc_span::ErrorGuaranteed>>::{closure#0}::{closure#0}, core::result::Result<(), rustc_span::ErrorGuaranteed>>
[INFO] [stdout]              32: <<std::thread::Builder>::spawn_unchecked_<rustc_interface::util::run_in_thread_with_globals<rustc_interface::interface::run_compiler<core::result::Result<(), rustc_span::ErrorGuaranteed>, rustc_driver_impl::run_compiler::{closure#1}>::{closure#0}, core::result::Result<(), rustc_span::ErrorGuaranteed>>::{closure#0}::{closure#0}, core::result::Result<(), rustc_span::ErrorGuaranteed>>::{closure#1} as core::ops::function::FnOnce<()>>::call_once::{shim:vtable#0}
[INFO] [stdout]              33: <alloc::boxed::Box<F,A> as core::ops::function::FnOnce<Args>>::call_once
[INFO] [stdout]                         at /rustc/82e1608dfa6e0b5569232559e3d385fea5a93112/library/alloc/src/boxed.rs:2007:9
[INFO] [stdout]              34: <alloc::boxed::Box<F,A> as core::ops::function::FnOnce<Args>>::call_once
[INFO] [stdout]                         at /rustc/82e1608dfa6e0b5569232559e3d385fea5a93112/library/alloc/src/boxed.rs:2007:9
[INFO] [stdout]              35: std::sys::unix::thread::Thread::new::thread_start
[INFO] [stdout]                         at /rustc/82e1608dfa6e0b5569232559e3d385fea5a93112/library/std/src/sys/unix/thread.rs:108:17
[INFO] [stdout]              36: <unknown>
[INFO] [stdout]              37: __clone
[INFO] [stdout] 
[INFO] [stdout] 
[INFO] [stdout] error[E0277]: the trait bound `WithBoxedContent: WeftRenderable` is not satisfied
[INFO] [stdout]    --> tests/erased.rs:15:36
[INFO] [stdout]     |
[INFO] [stdout] 15  |     let s = weft::render_to_string(view).expect("render_to_string");
[INFO] [stdout]     |             ---------------------- ^^^^ the trait `WeftRenderable` is not implemented for `WithBoxedContent`
[INFO] [stdout]     |             |
[INFO] [stdout]     |             required by a bound introduced by this call
[INFO] [stdout]     |
[INFO] [stdout]     = help: the following other types implement trait `WeftRenderable`:
[INFO] [stdout]               Displayer<'a, D>
[INFO] [stdout]               weft_erased::template::FnRenderer<F>
[INFO] [stdout]               String
[INFO] [stdout]               &'a str
[INFO] [stdout]               &'a R
[INFO] [stdout]               (dyn ErasedRenderable + 'static)
[INFO] [stdout] note: required by a bound in `render_to_string`
[INFO] [stdout]    --> /opt/rustwide/cargo-home/registry/src/index.crates.io-6f17d22bba15001f/weft-0.1.2/src/template.rs:115:28
[INFO] [stdout]     |
[INFO] [stdout] 115 | pub fn render_to_string<R: WeftRenderable>(widget: R) -> Result<String, io::Error> {
[INFO] [stdout]     |                            ^^^^^^^^^^^^^^ required by this bound in `render_to_string`
[INFO] [stdout] 
[INFO] [stdout] 
[INFO] [stdout] error[E0277]: the trait bound `WithPolyContent<weft_erased::template::FnRenderer<{closure@tests/erased.rs:37:40: 37:48}>>: WeftRenderable` is not satisfied
[INFO] [stdout]    --> tests/erased.rs:40:36
[INFO] [stdout]     |
[INFO] [stdout] 40  |     let s = weft::render_to_string(view).expect("render_to_string");
[INFO] [stdout]     |             ---------------------- ^^^^ the trait `WeftRenderable` is not implemented for `WithPolyContent<weft_erased::template::FnRenderer<{closure@tests/erased.rs:37:40: 37:48}>>`
[INFO] [stdout]     |             |
[INFO] [stdout]     |             required by a bound introduced by this call
[INFO] [stdout]     |
[INFO] [stdout]     = help: the following other types implement trait `WeftRenderable`:
[INFO] [stdout]               Displayer<'a, D>
[INFO] [stdout]               weft_erased::template::FnRenderer<F>
[INFO] [stdout]               String
[INFO] [stdout]               &'a str
[INFO] [stdout]               &'a R
[INFO] [stdout]               (dyn ErasedRenderable + 'static)
[INFO] [stdout] note: required by a bound in `render_to_string`
[INFO] [stdout]    --> /opt/rustwide/cargo-home/registry/src/index.crates.io-6f17d22bba15001f/weft-0.1.2/src/template.rs:115:28
[INFO] [stdout]     |
[INFO] [stdout] 115 | pub fn render_to_string<R: WeftRenderable>(widget: R) -> Result<String, io::Error> {
[INFO] [stdout]     |                            ^^^^^^^^^^^^^^ required by this bound in `render_to_string`
[INFO] [stdout] 
[INFO] [stdout] 
[INFO] [stdout] error: aborting due to 4 previous errors
[INFO] [stdout] 
[INFO] [stdout] 
[INFO] [stdout] For more information about this error, try `rustc --explain E0277`.
[INFO] [stdout] 
[INFO] [stderr] error: could not compile `weft-erased` (test "erased") due to 5 previous errors
[INFO] [stderr] warning: build failed, waiting for other jobs to finish...
[INFO] running `Command { std: "docker" "inspect" "95dfae4c0eced991a45466edb0fd8fb6702d1bf5ef1d753ce7ee813cf8ea34e3", kill_on_drop: false }`
[INFO] running `Command { std: "docker" "rm" "-f" "95dfae4c0eced991a45466edb0fd8fb6702d1bf5ef1d753ce7ee813cf8ea34e3", kill_on_drop: false }`
[INFO] [stdout] 95dfae4c0eced991a45466edb0fd8fb6702d1bf5ef1d753ce7ee813cf8ea34e3
[INFO] testing weft-erased-0.1.2 against beta-2023-12-22 for beta-1.76-1
[INFO] extracting crate weft-erased 0.1.2 into /workspace/builds/worker-3-tc2/source
[INFO] validating manifest of crates.io crate weft-erased 0.1.2 on toolchain beta-2023-12-22
[INFO] running `Command { std: CARGO_HOME="/workspace/cargo-home" RUSTUP_HOME="/workspace/rustup-home" "/workspace/cargo-home/bin/cargo" "+beta-2023-12-22" "metadata" "--manifest-path" "Cargo.toml" "--no-deps", kill_on_drop: false }`
[INFO] started tweaking crates.io crate weft-erased 0.1.2
[INFO] finished tweaking crates.io crate weft-erased 0.1.2
[INFO] tweaked toml for crates.io crate weft-erased 0.1.2 written to /workspace/builds/worker-3-tc2/source/Cargo.toml
[INFO] running `Command { std: CARGO_HOME="/workspace/cargo-home" RUSTUP_HOME="/workspace/rustup-home" "/workspace/cargo-home/bin/cargo" "+beta-2023-12-22" "generate-lockfile" "--manifest-path" "Cargo.toml", kill_on_drop: false }`
[INFO] [stderr]     Updating crates.io index
[INFO] running `Command { std: CARGO_HOME="/workspace/cargo-home" RUSTUP_HOME="/workspace/rustup-home" "/workspace/cargo-home/bin/cargo" "+beta-2023-12-22" "fetch" "--manifest-path" "Cargo.toml", kill_on_drop: false }`
[INFO] running `Command { std: "docker" "create" "-v" "/var/lib/crater-agent-workspace/builds/worker-3-tc2/target:/opt/rustwide/target:rw,Z" "-v" "/var/lib/crater-agent-workspace/builds/worker-3-tc2/source:/opt/rustwide/workdir:ro,Z" "-v" "/var/lib/crater-agent-workspace/cargo-home:/opt/rustwide/cargo-home:ro,Z" "-v" "/var/lib/crater-agent-workspace/rustup-home:/opt/rustwide/rustup-home:ro,Z" "-e" "SOURCE_DIR=/opt/rustwide/workdir" "-e" "CARGO_TARGET_DIR=/opt/rustwide/target" "-e" "CARGO_HOME=/opt/rustwide/cargo-home" "-e" "RUSTUP_HOME=/opt/rustwide/rustup-home" "-w" "/opt/rustwide/workdir" "-m" "1610612736" "--user" "0:0" "--network" "none" "ghcr.io/rust-lang/crates-build-env/linux@sha256:2788e3201cd34a07e3172128adcd8b3090168a8e3bcc40d7c032b9dda1df7d1c" "/opt/rustwide/cargo-home/bin/cargo" "+beta-2023-12-22" "metadata" "--no-deps" "--format-version=1", kill_on_drop: false }`
[INFO] [stdout] 67a4ab0c7b0673eac11803c131adf7ff1509d34725ac8dd0ffc11132916870aa
[INFO] running `Command { std: "docker" "start" "-a" "67a4ab0c7b0673eac11803c131adf7ff1509d34725ac8dd0ffc11132916870aa", kill_on_drop: false }`
[INFO] running `Command { std: "docker" "inspect" "67a4ab0c7b0673eac11803c131adf7ff1509d34725ac8dd0ffc11132916870aa", kill_on_drop: false }`
[INFO] running `Command { std: "docker" "rm" "-f" "67a4ab0c7b0673eac11803c131adf7ff1509d34725ac8dd0ffc11132916870aa", kill_on_drop: false }`
[INFO] [stdout] 67a4ab0c7b0673eac11803c131adf7ff1509d34725ac8dd0ffc11132916870aa
[INFO] running `Command { std: "docker" "create" "-v" "/var/lib/crater-agent-workspace/builds/worker-3-tc2/target:/opt/rustwide/target:rw,Z" "-v" "/var/lib/crater-agent-workspace/builds/worker-3-tc2/source:/opt/rustwide/workdir:ro,Z" "-v" "/var/lib/crater-agent-workspace/cargo-home:/opt/rustwide/cargo-home:ro,Z" "-v" "/var/lib/crater-agent-workspace/rustup-home:/opt/rustwide/rustup-home:ro,Z" "-e" "SOURCE_DIR=/opt/rustwide/workdir" "-e" "CARGO_TARGET_DIR=/opt/rustwide/target" "-e" "CARGO_INCREMENTAL=0" "-e" "RUST_BACKTRACE=full" "-e" "RUSTFLAGS=--cap-lints=warn" "-e" "RUSTDOCFLAGS=--cap-lints=warn" "-e" "CARGO_HOME=/opt/rustwide/cargo-home" "-e" "RUSTUP_HOME=/opt/rustwide/rustup-home" "-w" "/opt/rustwide/workdir" "-m" "1610612736" "--user" "0:0" "--network" "none" "ghcr.io/rust-lang/crates-build-env/linux@sha256:2788e3201cd34a07e3172128adcd8b3090168a8e3bcc40d7c032b9dda1df7d1c" "/opt/rustwide/cargo-home/bin/cargo" "+beta-2023-12-22" "build" "--frozen" "--message-format=json", kill_on_drop: false }`
[INFO] [stdout] 7150bec722ac241726c681d4051baab98a67f3f6b26f4662be9d32dc259a0db3
[INFO] running `Command { std: "docker" "start" "-a" "7150bec722ac241726c681d4051baab98a67f3f6b26f4662be9d32dc259a0db3", kill_on_drop: false }`
[INFO] [stderr]    Compiling libc v0.2.151
[INFO] [stderr]    Compiling ppv-lite86 v0.2.17
[INFO] [stderr]    Compiling siphasher v0.3.11
[INFO] [stderr]    Compiling getrandom v0.1.16
[INFO] [stderr]    Compiling syn v1.0.109
[INFO] [stderr]    Compiling smallvec v1.11.2
[INFO] [stderr]    Compiling proc-macro-hack v0.5.20+deprecated
[INFO] [stderr]    Compiling serde v1.0.194
[INFO] [stderr]    Compiling new_debug_unreachable v1.0.4
[INFO] [stderr]    Compiling scopeguard v1.2.0
[INFO] [stderr]    Compiling mac v0.1.1
[INFO] [stderr]    Compiling parking_lot_core v0.9.9
[INFO] [stderr]    Compiling log v0.4.20
[INFO] [stderr]    Compiling precomputed-hash v0.1.1
[INFO] [stderr]    Compiling lock_api v0.4.11
[INFO] [stderr]    Compiling once_cell v1.19.0
[INFO] [stderr]    Compiling futf v0.1.5
[INFO] [stderr]    Compiling utf-8 v0.7.6
[INFO] [stderr]    Compiling syn v2.0.48
[INFO] [stderr]    Compiling dtoa v1.0.9
[INFO] [stderr]    Compiling memchr v2.7.1
[INFO] [stderr]    Compiling rustix v0.38.28
[INFO] [stderr]    Compiling phf_shared v0.10.0
[INFO] [stderr]    Compiling phf_shared v0.8.0
[INFO] [stderr]    Compiling tendril v0.4.3
[INFO] [stderr]    Compiling dtoa-short v0.3.4
[INFO] [stderr]    Compiling stable_deref_trait v1.2.0
[INFO] [stderr]    Compiling nodrop v0.1.14
[INFO] [stderr]    Compiling convert_case v0.4.0
[INFO] [stderr]    Compiling matches v0.1.10
[INFO] [stderr]    Compiling byteorder v1.5.0
[INFO] [stderr]    Compiling itoa v0.4.8
[INFO] [stderr]    Compiling linux-raw-sys v0.4.12
[INFO] [stderr]    Compiling regex-syntax v0.8.2
[INFO] [stderr]    Compiling servo_arc v0.1.1
[INFO] [stderr]    Compiling phf v0.10.1
[INFO] [stderr]    Compiling thin-slice v0.1.1
[INFO] [stderr]    Compiling anyhow v1.0.79
[INFO] [stderr]    Compiling bitflags v1.3.2
[INFO] [stderr]    Compiling termcolor v1.4.0
[INFO] [stderr]    Compiling v_htmlescape v0.15.8
[INFO] [stderr]    Compiling humantime v2.1.0
[INFO] [stderr]    Compiling fxhash v0.2.1
[INFO] [stderr]    Compiling aho-corasick v1.1.2
[INFO] [stderr]    Compiling getrandom v0.2.11
[INFO] [stderr]    Compiling is-terminal v0.4.10
[INFO] [stderr]    Compiling rand_core v0.5.1
[INFO] [stderr]    Compiling rand_core v0.6.4
[INFO] [stderr]    Compiling parking_lot v0.12.1
[INFO] [stderr]    Compiling rand_pcg v0.2.1
[INFO] [stderr]    Compiling rand_chacha v0.2.2
[INFO] [stderr]    Compiling rand_chacha v0.3.1
[INFO] [stderr]    Compiling rand v0.7.3
[INFO] [stderr]    Compiling rand v0.8.5
[INFO] [stderr]    Compiling regex-automata v0.4.3
[INFO] [stderr]    Compiling phf_generator v0.8.0
[INFO] [stderr]    Compiling phf_codegen v0.8.0
[INFO] [stderr]    Compiling selectors v0.22.0
[INFO] [stderr]    Compiling phf_generator v0.10.0
[INFO] [stderr]    Compiling string_cache_codegen v0.5.2
[INFO] [stderr]    Compiling phf_codegen v0.10.0
[INFO] [stderr]    Compiling markup5ever v0.10.1
[INFO] [stderr]    Compiling markup5ever v0.11.0
[INFO] [stderr]    Compiling string_cache v0.8.7
[INFO] [stderr]    Compiling cssparser-macros v0.6.1
[INFO] [stderr]    Compiling regex v1.10.2
[INFO] [stderr]    Compiling env_logger v0.10.1
[INFO] [stderr]    Compiling phf_macros v0.8.0
[INFO] [stderr]    Compiling cssparser v0.27.2
[INFO] [stderr]    Compiling html5ever v0.25.2
[INFO] [stderr]    Compiling html5ever v0.26.0
[INFO] [stderr]    Compiling derive_more v0.99.17
[INFO] [stderr]    Compiling phf v0.8.0
[INFO] [stderr]    Compiling kuchiki v0.8.1
[INFO] [stderr]    Compiling weft_derive v0.1.2
[INFO] [stderr]    Compiling weft v0.1.2
[INFO] [stderr]    Compiling weft-erased v0.1.2 (/opt/rustwide/workdir)
[INFO] [stderr]     Finished dev [unoptimized + debuginfo] target(s) in 15.36s
[INFO] running `Command { std: "docker" "inspect" "7150bec722ac241726c681d4051baab98a67f3f6b26f4662be9d32dc259a0db3", kill_on_drop: false }`
[INFO] running `Command { std: "docker" "rm" "-f" "7150bec722ac241726c681d4051baab98a67f3f6b26f4662be9d32dc259a0db3", kill_on_drop: false }`
[INFO] [stdout] 7150bec722ac241726c681d4051baab98a67f3f6b26f4662be9d32dc259a0db3
[INFO] running `Command { std: "docker" "create" "-v" "/var/lib/crater-agent-workspace/builds/worker-3-tc2/target:/opt/rustwide/target:rw,Z" "-v" "/var/lib/crater-agent-workspace/builds/worker-3-tc2/source:/opt/rustwide/workdir:ro,Z" "-v" "/var/lib/crater-agent-workspace/cargo-home:/opt/rustwide/cargo-home:ro,Z" "-v" "/var/lib/crater-agent-workspace/rustup-home:/opt/rustwide/rustup-home:ro,Z" "-e" "SOURCE_DIR=/opt/rustwide/workdir" "-e" "CARGO_TARGET_DIR=/opt/rustwide/target" "-e" "CARGO_INCREMENTAL=0" "-e" "RUST_BACKTRACE=full" "-e" "RUSTFLAGS=--cap-lints=warn" "-e" "RUSTDOCFLAGS=--cap-lints=warn" "-e" "CARGO_HOME=/opt/rustwide/cargo-home" "-e" "RUSTUP_HOME=/opt/rustwide/rustup-home" "-w" "/opt/rustwide/workdir" "-m" "1610612736" "--user" "0:0" "--network" "none" "ghcr.io/rust-lang/crates-build-env/linux@sha256:2788e3201cd34a07e3172128adcd8b3090168a8e3bcc40d7c032b9dda1df7d1c" "/opt/rustwide/cargo-home/bin/cargo" "+beta-2023-12-22" "test" "--frozen" "--no-run" "--message-format=json", kill_on_drop: false }`
[INFO] [stdout] 3896c49f535b9c8a513097aac85f7637e9b42523516be37e2ee35ea99933a785
[INFO] running `Command { std: "docker" "start" "-a" "3896c49f535b9c8a513097aac85f7637e9b42523516be37e2ee35ea99933a785", kill_on_drop: false }`
[INFO] [stderr]    Compiling weft-erased v0.1.2 (/opt/rustwide/workdir)
[INFO] [stdout] error: proc-macro derive panicked
[INFO] [stdout]  --> tests/erased.rs:3:10
[INFO] [stdout]   |
[INFO] [stdout] 3 | #[derive(WeftRenderable)]
[INFO] [stdout]   |          ^^^^^^^^^^^^^^
[INFO] [stdout]   |
[INFO] [stdout]   = help: message: Error: Parsing template from path "/opt/rustwide/workdir/../weft/tests/content.html"
[INFO] [stdout]           
[INFO] [stdout]           Caused by:
[INFO] [stdout]               No such file or directory (os error 2)
[INFO] [stdout]           
[INFO] [stdout]           Stack backtrace:
[INFO] [stdout]              0: <E as anyhow::context::ext::StdError>::ext_context
[INFO] [stdout]              1: anyhow::context::<impl anyhow::Context<T,E> for core::result::Result<T,E>>::with_context
[INFO] [stdout]              2: weft_derive::parse_path
[INFO] [stdout]              3: weft_derive::TemplateDerivation::load
[INFO] [stdout]              4: weft_derive::make_template
[INFO] [stdout]              5: weft_derive::derive_template
[INFO] [stdout]              6: core::ops::function::Fn::call
[INFO] [stdout]              7: proc_macro::bridge::client::Client<proc_macro::TokenStream,proc_macro::TokenStream>::expand1::{{closure}}::{{closure}}
[INFO] [stdout]              8: proc_macro::bridge::client::run_client::{{closure}}::{{closure}}::{{closure}}
[INFO] [stdout]              9: proc_macro::bridge::scoped_cell::ScopedCell<T>::set::{{closure}}
[INFO] [stdout]             10: proc_macro::bridge::scoped_cell::ScopedCell<T>::replace
[INFO] [stdout]             11: proc_macro::bridge::client::run_client::{{closure}}::{{closure}}
[INFO] [stdout]             12: std::thread::local::LocalKey<T>::try_with
[INFO] [stdout]             13: proc_macro::bridge::client::run_client::{{closure}}
[INFO] [stdout]             14: <core::panic::unwind_safe::AssertUnwindSafe<F> as core::ops::function::FnOnce<()>>::call_once
[INFO] [stdout]             15: std::panicking::try::do_call
[INFO] [stdout]             16: __rust_try
[INFO] [stdout]             17: std::panicking::try
[INFO] [stdout]             18: proc_macro::bridge::client::run_client
[INFO] [stdout]             19: proc_macro::bridge::client::Client<proc_macro::TokenStream,proc_macro::TokenStream>::expand1::{{closure}}
[INFO] [stdout]             20: proc_macro::bridge::selfless_reify::reify_to_extern_c_fn_hrt_bridge::wrapper
[INFO] [stdout]             21: <proc_macro::bridge::server::MaybeCrossThread<rustc_expand::proc_macro::CrossbeamMessagePipe<proc_macro::bridge::buffer::Buffer>> as proc_macro::bridge::server::ExecutionStrategy>::run_bridge_and_client::<proc_macro::bridge::server::Dispatcher<proc_macro::bridge::server::MarkedTypes<rustc_expand::proc_macro_server::Rustc>>>
[INFO] [stdout]             22: <proc_macro::bridge::client::Client<proc_macro::TokenStream, proc_macro::TokenStream>>::run::<rustc_expand::proc_macro_server::Rustc, proc_macro::bridge::server::MaybeCrossThread<rustc_expand::proc_macro::CrossbeamMessagePipe<proc_macro::bridge::buffer::Buffer>>>
[INFO] [stdout]             23: <rustc_expand::proc_macro::DeriveProcMacro as rustc_expand::base::MultiItemModifier>::expand
[INFO] [stdout]             24: <rustc_expand::expand::MacroExpander>::fully_expand_fragment
[INFO] [stdout]             25: <rustc_expand::expand::MacroExpander>::expand_crate
[INFO] [stdout]             26: rustc_interface::passes::resolver_for_lowering
[INFO] [stdout]             27: rustc_query_impl::plumbing::__rust_begin_short_backtrace::<rustc_query_impl::query_impl::resolver_for_lowering::dynamic_query::{closure#2}::{closure#0}, rustc_middle::query::erase::Erased<[u8; 8]>>
[INFO] [stdout]             28: rustc_query_system::query::plumbing::try_execute_query::<rustc_query_impl::DynamicConfig<rustc_query_system::query::caches::SingleCache<rustc_middle::query::erase::Erased<[u8; 8]>>, false, false, false>, rustc_query_impl::plumbing::QueryCtxt, false>
[INFO] [stdout]             29: rustc_query_impl::query_impl::resolver_for_lowering::get_query_non_incr::__rust_end_short_backtrace
[INFO] [stdout]             30: rustc_interface::interface::run_compiler::<core::result::Result<(), rustc_span::ErrorGuaranteed>, rustc_driver_impl::run_compiler::{closure#0}>::{closure#0}
[INFO] [stdout]             31: std::sys_common::backtrace::__rust_begin_short_backtrace::<rustc_interface::util::run_in_thread_with_globals<rustc_interface::interface::run_compiler<core::result::Result<(), rustc_span::ErrorGuaranteed>, rustc_driver_impl::run_compiler::{closure#0}>::{closure#0}, core::result::Result<(), rustc_span::ErrorGuaranteed>>::{closure#0}::{closure#0}, core::result::Result<(), rustc_span::ErrorGuaranteed>>
[INFO] [stdout]             32: <<std::thread::Builder>::spawn_unchecked_<rustc_interface::util::run_in_thread_with_globals<rustc_interface::interface::run_compiler<core::result::Result<(), rustc_span::ErrorGuaranteed>, rustc_driver_impl::run_compiler::{closure#0}>::{closure#0}, core::result::Result<(), rustc_span::ErrorGuaranteed>>::{closure#0}::{closure#0}, core::result::Result<(), rustc_span::ErrorGuaranteed>>::{closure#1} as core::ops::function::FnOnce<()>>::call_once::{shim:vtable#0}
[INFO] [stdout]             33: <alloc::boxed::Box<F,A> as core::ops::function::FnOnce<Args>>::call_once
[INFO] [stdout]                        at /rustc/0e09125c6c3c2fd70d7de961bcf0e51575235fad/library/alloc/src/boxed.rs:2015:9
[INFO] [stdout]             34: <alloc::boxed::Box<F,A> as core::ops::function::FnOnce<Args>>::call_once
[INFO] [stdout]                        at /rustc/0e09125c6c3c2fd70d7de961bcf0e51575235fad/library/alloc/src/boxed.rs:2015:9
[INFO] [stdout]             35: std::sys::unix::thread::Thread::new::thread_start
[INFO] [stdout]                        at /rustc/0e09125c6c3c2fd70d7de961bcf0e51575235fad/library/std/src/sys/unix/thread.rs:108:17
[INFO] [stdout]             36: <unknown>
[INFO] [stdout]             37: __clone
[INFO] [stdout] 
[INFO] [stdout] 
[INFO] [stdout] error: proc-macro derive panicked
[INFO] [stdout]   --> tests/erased.rs:27:10
[INFO] [stdout]    |
[INFO] [stdout] 27 | #[derive(WeftRenderable)]
[INFO] [stdout]    |          ^^^^^^^^^^^^^^
[INFO] [stdout]    |
[INFO] [stdout]    = help: message: Error: Parsing template from path "/opt/rustwide/workdir/../weft/tests/content.html"
[INFO] [stdout]            
[INFO] [stdout]            Caused by:
[INFO] [stdout]                No such file or directory (os error 2)
[INFO] [stdout]            
[INFO] [stdout]            Stack backtrace:
[INFO] [stdout]               0: <E as anyhow::context::ext::StdError>::ext_context
[INFO] [stdout]               1: anyhow::context::<impl anyhow::Context<T,E> for core::result::Result<T,E>>::with_context
[INFO] [stdout]               2: weft_derive::parse_path
[INFO] [stdout]               3: weft_derive::TemplateDerivation::load
[INFO] [stdout]               4: weft_derive::make_template
[INFO] [stdout]               5: weft_derive::derive_template
[INFO] [stdout]               6: core::ops::function::Fn::call
[INFO] [stdout]               7: proc_macro::bridge::client::Client<proc_macro::TokenStream,proc_macro::TokenStream>::expand1::{{closure}}::{{closure}}
[INFO] [stdout]               8: proc_macro::bridge::client::run_client::{{closure}}::{{closure}}::{{closure}}
[INFO] [stdout]               9: proc_macro::bridge::scoped_cell::ScopedCell<T>::set::{{closure}}
[INFO] [stdout]              10: proc_macro::bridge::scoped_cell::ScopedCell<T>::replace
[INFO] [stdout]              11: proc_macro::bridge::client::run_client::{{closure}}::{{closure}}
[INFO] [stdout]              12: std::thread::local::LocalKey<T>::try_with
[INFO] [stdout]              13: proc_macro::bridge::client::run_client::{{closure}}
[INFO] [stdout]              14: <core::panic::unwind_safe::AssertUnwindSafe<F> as core::ops::function::FnOnce<()>>::call_once
[INFO] [stdout]              15: std::panicking::try::do_call
[INFO] [stdout]              16: __rust_try
[INFO] [stdout]              17: std::panicking::try
[INFO] [stdout]              18: proc_macro::bridge::client::run_client
[INFO] [stdout]              19: proc_macro::bridge::client::Client<proc_macro::TokenStream,proc_macro::TokenStream>::expand1::{{closure}}
[INFO] [stdout]              20: proc_macro::bridge::selfless_reify::reify_to_extern_c_fn_hrt_bridge::wrapper
[INFO] [stdout]              21: <proc_macro::bridge::server::MaybeCrossThread<rustc_expand::proc_macro::CrossbeamMessagePipe<proc_macro::bridge::buffer::Buffer>> as proc_macro::bridge::server::ExecutionStrategy>::run_bridge_and_client::<proc_macro::bridge::server::Dispatcher<proc_macro::bridge::server::MarkedTypes<rustc_expand::proc_macro_server::Rustc>>>
[INFO] [stdout]              22: <proc_macro::bridge::client::Client<proc_macro::TokenStream, proc_macro::TokenStream>>::run::<rustc_expand::proc_macro_server::Rustc, proc_macro::bridge::server::MaybeCrossThread<rustc_expand::proc_macro::CrossbeamMessagePipe<proc_macro::bridge::buffer::Buffer>>>
[INFO] [stdout]              23: <rustc_expand::proc_macro::DeriveProcMacro as rustc_expand::base::MultiItemModifier>::expand
[INFO] [stdout]              24: <rustc_expand::expand::MacroExpander>::fully_expand_fragment
[INFO] [stdout]              25: <rustc_expand::expand::MacroExpander>::expand_crate
[INFO] [stdout]              26: rustc_interface::passes::resolver_for_lowering
[INFO] [stdout]              27: rustc_query_impl::plumbing::__rust_begin_short_backtrace::<rustc_query_impl::query_impl::resolver_for_lowering::dynamic_query::{closure#2}::{closure#0}, rustc_middle::query::erase::Erased<[u8; 8]>>
[INFO] [stdout]              28: rustc_query_system::query::plumbing::try_execute_query::<rustc_query_impl::DynamicConfig<rustc_query_system::query::caches::SingleCache<rustc_middle::query::erase::Erased<[u8; 8]>>, false, false, false>, rustc_query_impl::plumbing::QueryCtxt, false>
[INFO] [stdout]              29: rustc_query_impl::query_impl::resolver_for_lowering::get_query_non_incr::__rust_end_short_backtrace
[INFO] [stdout]              30: rustc_interface::interface::run_compiler::<core::result::Result<(), rustc_span::ErrorGuaranteed>, rustc_driver_impl::run_compiler::{closure#0}>::{closure#0}
[INFO] [stdout]              31: std::sys_common::backtrace::__rust_begin_short_backtrace::<rustc_interface::util::run_in_thread_with_globals<rustc_interface::interface::run_compiler<core::result::Result<(), rustc_span::ErrorGuaranteed>, rustc_driver_impl::run_compiler::{closure#0}>::{closure#0}, core::result::Result<(), rustc_span::ErrorGuaranteed>>::{closure#0}::{closure#0}, core::result::Result<(), rustc_span::ErrorGuaranteed>>
[INFO] [stdout]              32: <<std::thread::Builder>::spawn_unchecked_<rustc_interface::util::run_in_thread_with_globals<rustc_interface::interface::run_compiler<core::result::Result<(), rustc_span::ErrorGuaranteed>, rustc_driver_impl::run_compiler::{closure#0}>::{closure#0}, core::result::Result<(), rustc_span::ErrorGuaranteed>>::{closure#0}::{closure#0}, core::result::Result<(), rustc_span::ErrorGuaranteed>>::{closure#1} as core::ops::function::FnOnce<()>>::call_once::{shim:vtable#0}
[INFO] [stdout]              33: <alloc::boxed::Box<F,A> as core::ops::function::FnOnce<Args>>::call_once
[INFO] [stdout]                         at /rustc/0e09125c6c3c2fd70d7de961bcf0e51575235fad/library/alloc/src/boxed.rs:2015:9
[INFO] [stdout]              34: <alloc::boxed::Box<F,A> as core::ops::function::FnOnce<Args>>::call_once
[INFO] [stdout]                         at /rustc/0e09125c6c3c2fd70d7de961bcf0e51575235fad/library/alloc/src/boxed.rs:2015:9
[INFO] [stdout]              35: std::sys::unix::thread::Thread::new::thread_start
[INFO] [stdout]                         at /rustc/0e09125c6c3c2fd70d7de961bcf0e51575235fad/library/std/src/sys/unix/thread.rs:108:17
[INFO] [stdout]              36: <unknown>
[INFO] [stdout]              37: __clone
[INFO] [stdout] 
[INFO] [stdout] 
[INFO] [stdout] error[E0277]: the trait bound `WithBoxedContent: WeftRenderable` is not satisfied
[INFO] [stdout]    --> tests/erased.rs:15:36
[INFO] [stdout]     |
[INFO] [stdout] 15  |     let s = weft::render_to_string(view).expect("render_to_string");
[INFO] [stdout]     |             ---------------------- ^^^^ the trait `WeftRenderable` is not implemented for `WithBoxedContent`
[INFO] [stdout]     |             |
[INFO] [stdout]     |             required by a bound introduced by this call
[INFO] [stdout]     |
[INFO] [stdout]     = help: the following other types implement trait `WeftRenderable`:
[INFO] [stdout]               Displayer<'a, D>
[INFO] [stdout]               weft_erased::template::FnRenderer<F>
[INFO] [stdout]               String
[INFO] [stdout]               &'a str
[INFO] [stdout]               &'a R
[INFO] [stdout]               (dyn ErasedRenderable + 'static)
[INFO] [stdout] note: required by a bound in `render_to_string`
[INFO] [stdout]    --> /opt/rustwide/cargo-home/registry/src/index.crates.io-6f17d22bba15001f/weft-0.1.2/src/template.rs:115:28
[INFO] [stdout]     |
[INFO] [stdout] 115 | pub fn render_to_string<R: WeftRenderable>(widget: R) -> Result<String, io::Error> {
[INFO] [stdout]     |                            ^^^^^^^^^^^^^^ required by this bound in `render_to_string`
[INFO] [stdout] 
[INFO] [stdout] 
[INFO] [stdout] error[E0277]: the trait bound `WithPolyContent<weft_erased::template::FnRenderer<{closure@tests/erased.rs:37:40: 37:48}>>: WeftRenderable` is not satisfied
[INFO] [stdout]    --> tests/erased.rs:40:36
[INFO] [stdout]     |
[INFO] [stdout] 40  |     let s = weft::render_to_string(view).expect("render_to_string");
[INFO] [stdout]     |             ---------------------- ^^^^ the trait `WeftRenderable` is not implemented for `WithPolyContent<weft_erased::template::FnRenderer<{closure@tests/erased.rs:37:40: 37:48}>>`
[INFO] [stdout]     |             |
[INFO] [stdout]     |             required by a bound introduced by this call
[INFO] [stdout]     |
[INFO] [stdout]     = help: the following other types implement trait `WeftRenderable`:
[INFO] [stdout]               Displayer<'a, D>
[INFO] [stdout]               weft_erased::template::FnRenderer<F>
[INFO] [stdout]               String
[INFO] [stdout]               &'a str
[INFO] [stdout]               &'a R
[INFO] [stdout]               (dyn ErasedRenderable + 'static)
[INFO] [stdout] note: required by a bound in `render_to_string`
[INFO] [stdout]    --> /opt/rustwide/cargo-home/registry/src/index.crates.io-6f17d22bba15001f/weft-0.1.2/src/template.rs:115:28
[INFO] [stdout]     |
[INFO] [stdout] 115 | pub fn render_to_string<R: WeftRenderable>(widget: R) -> Result<String, io::Error> {
[INFO] [stdout]     |                            ^^^^^^^^^^^^^^ required by this bound in `render_to_string`
[INFO] [stdout] 
[INFO] [stdout] 
[INFO] [stdout] error: aborting due to 4 previous errors
[INFO] [stdout] 
[INFO] [stdout] 
[INFO] [stdout] For more information about this error, try `rustc --explain E0277`.
[INFO] [stdout] 
[INFO] [stderr] error: could not compile `weft-erased` (test "erased") due to 5 previous errors
[INFO] [stderr] warning: build failed, waiting for other jobs to finish...
[INFO] running `Command { std: "docker" "inspect" "3896c49f535b9c8a513097aac85f7637e9b42523516be37e2ee35ea99933a785", kill_on_drop: false }`
[INFO] running `Command { std: "docker" "rm" "-f" "3896c49f535b9c8a513097aac85f7637e9b42523516be37e2ee35ea99933a785", kill_on_drop: false }`
[INFO] [stdout] 3896c49f535b9c8a513097aac85f7637e9b42523516be37e2ee35ea99933a785
