[INFO] fetching crate wechaty_puppet 0.1.0-beta.1...
[INFO] testing wechaty_puppet-0.1.0-beta.1 against 1.75.0 for beta-1.76-1
[INFO] extracting crate wechaty_puppet 0.1.0-beta.1 into /workspace/builds/worker-6-tc1/source
[INFO] validating manifest of crates.io crate wechaty_puppet 0.1.0-beta.1 on toolchain 1.75.0
[INFO] running `Command { std: CARGO_HOME="/workspace/cargo-home" RUSTUP_HOME="/workspace/rustup-home" "/workspace/cargo-home/bin/cargo" "+1.75.0" "metadata" "--manifest-path" "Cargo.toml" "--no-deps", kill_on_drop: false }`
[INFO] started tweaking crates.io crate wechaty_puppet 0.1.0-beta.1
[INFO] finished tweaking crates.io crate wechaty_puppet 0.1.0-beta.1
[INFO] tweaked toml for crates.io crate wechaty_puppet 0.1.0-beta.1 written to /workspace/builds/worker-6-tc1/source/Cargo.toml
[INFO] running `Command { std: CARGO_HOME="/workspace/cargo-home" RUSTUP_HOME="/workspace/rustup-home" "/workspace/cargo-home/bin/cargo" "+1.75.0" "generate-lockfile" "--manifest-path" "Cargo.toml", kill_on_drop: false }`
[INFO] [stderr]     Updating crates.io index
[INFO] running `Command { std: CARGO_HOME="/workspace/cargo-home" RUSTUP_HOME="/workspace/rustup-home" "/workspace/cargo-home/bin/cargo" "+1.75.0" "fetch" "--manifest-path" "Cargo.toml", kill_on_drop: false }`
[INFO] [stderr]  Downloading crates ...
[INFO] [stderr]   Downloaded file-box v0.1.0-beta.0
[INFO] [stderr]   Downloaded lru v0.6.6
[INFO] [stderr]   Downloaded actix_derive v0.6.1
[INFO] [stderr]   Downloaded actix v0.11.1
[INFO] running `Command { std: "docker" "create" "-v" "/var/lib/crater-agent-workspace/builds/worker-6-tc1/target:/opt/rustwide/target:rw,Z" "-v" "/var/lib/crater-agent-workspace/builds/worker-6-tc1/source:/opt/rustwide/workdir:ro,Z" "-v" "/var/lib/crater-agent-workspace/cargo-home:/opt/rustwide/cargo-home:ro,Z" "-v" "/var/lib/crater-agent-workspace/rustup-home:/opt/rustwide/rustup-home:ro,Z" "-e" "SOURCE_DIR=/opt/rustwide/workdir" "-e" "CARGO_TARGET_DIR=/opt/rustwide/target" "-e" "CARGO_HOME=/opt/rustwide/cargo-home" "-e" "RUSTUP_HOME=/opt/rustwide/rustup-home" "-w" "/opt/rustwide/workdir" "-m" "1610612736" "--user" "0:0" "--network" "none" "ghcr.io/rust-lang/crates-build-env/linux@sha256:2788e3201cd34a07e3172128adcd8b3090168a8e3bcc40d7c032b9dda1df7d1c" "/opt/rustwide/cargo-home/bin/cargo" "+1.75.0" "metadata" "--no-deps" "--format-version=1", kill_on_drop: false }`
[INFO] [stdout] 64e499bd239089e629325a8fca3863dfeb9ae11e8bc4bccd6ad0ae2b61ba374a
[INFO] running `Command { std: "docker" "start" "-a" "64e499bd239089e629325a8fca3863dfeb9ae11e8bc4bccd6ad0ae2b61ba374a", kill_on_drop: false }`
[INFO] running `Command { std: "docker" "inspect" "64e499bd239089e629325a8fca3863dfeb9ae11e8bc4bccd6ad0ae2b61ba374a", kill_on_drop: false }`
[INFO] running `Command { std: "docker" "rm" "-f" "64e499bd239089e629325a8fca3863dfeb9ae11e8bc4bccd6ad0ae2b61ba374a", kill_on_drop: false }`
[INFO] [stdout] 64e499bd239089e629325a8fca3863dfeb9ae11e8bc4bccd6ad0ae2b61ba374a
[INFO] running `Command { std: "docker" "create" "-v" "/var/lib/crater-agent-workspace/builds/worker-6-tc1/target:/opt/rustwide/target:rw,Z" "-v" "/var/lib/crater-agent-workspace/builds/worker-6-tc1/source:/opt/rustwide/workdir:ro,Z" "-v" "/var/lib/crater-agent-workspace/cargo-home:/opt/rustwide/cargo-home:ro,Z" "-v" "/var/lib/crater-agent-workspace/rustup-home:/opt/rustwide/rustup-home:ro,Z" "-e" "SOURCE_DIR=/opt/rustwide/workdir" "-e" "CARGO_TARGET_DIR=/opt/rustwide/target" "-e" "CARGO_INCREMENTAL=0" "-e" "RUST_BACKTRACE=full" "-e" "RUSTFLAGS=--cap-lints=warn" "-e" "RUSTDOCFLAGS=--cap-lints=warn" "-e" "CARGO_HOME=/opt/rustwide/cargo-home" "-e" "RUSTUP_HOME=/opt/rustwide/rustup-home" "-w" "/opt/rustwide/workdir" "-m" "1610612736" "--user" "0:0" "--network" "none" "ghcr.io/rust-lang/crates-build-env/linux@sha256:2788e3201cd34a07e3172128adcd8b3090168a8e3bcc40d7c032b9dda1df7d1c" "/opt/rustwide/cargo-home/bin/cargo" "+1.75.0" "build" "--frozen" "--message-format=json", kill_on_drop: false }`
[INFO] [stdout] 9f00825e7d4f67ec86251d8751fc343402f1a579435a49e8ed5bb09237fef176
[INFO] running `Command { std: "docker" "start" "-a" "9f00825e7d4f67ec86251d8751fc343402f1a579435a49e8ed5bb09237fef176", kill_on_drop: false }`
[INFO] [stderr]    Compiling lock_api v0.4.11
[INFO] [stderr]    Compiling smallvec v1.11.2
[INFO] [stderr]    Compiling futures-core v0.3.30
[INFO] [stderr]    Compiling parking_lot_core v0.9.9
[INFO] [stderr]    Compiling pin-project-lite v0.2.13
[INFO] [stderr]    Compiling scopeguard v1.2.0
[INFO] [stderr]    Compiling slab v0.4.9
[INFO] [stderr]    Compiling futures-sink v0.3.30
[INFO] [stderr]    Compiling bytes v1.5.0
[INFO] [stderr]    Compiling ahash v0.7.7
[INFO] [stderr]    Compiling futures-io v0.3.30
[INFO] [stderr]    Compiling pin-utils v0.1.0
[INFO] [stderr]    Compiling futures-task v0.3.30
[INFO] [stderr]    Compiling parking_lot_core v0.8.6
[INFO] [stderr]    Compiling signal-hook-registry v1.4.1
[INFO] [stderr]    Compiling syn v2.0.48
[INFO] [stderr]    Compiling socket2 v0.5.5
[INFO] [stderr]    Compiling mio v0.8.10
[INFO] [stderr]    Compiling futures-channel v0.3.30
[INFO] [stderr]    Compiling crossbeam-utils v0.8.18
[INFO] [stderr]    Compiling getrandom v0.2.11
[INFO] [stderr]    Compiling instant v0.1.12
[INFO] [stderr]    Compiling syn v1.0.109
[INFO] [stderr]    Compiling num-traits v0.2.17
[INFO] [stderr]    Compiling log v0.4.20
[INFO] [stderr]    Compiling async-trait v0.1.77
[INFO] [stderr]    Compiling serde v1.0.194
[INFO] [stderr]    Compiling file-box v0.1.0-beta.0
[INFO] [stderr]    Compiling hashbrown v0.11.2
[INFO] [stderr]    Compiling parking_lot v0.12.1
[INFO] [stderr]    Compiling parking_lot v0.11.2
[INFO] [stderr]    Compiling tokio v1.35.1
[INFO] [stderr]    Compiling crossbeam-channel v0.5.10
[INFO] [stderr]    Compiling lru v0.6.6
[INFO] [stderr]    Compiling num-derive v0.3.3
[INFO] [stderr]    Compiling futures-macro v0.3.30
[INFO] [stderr]    Compiling serde_derive v1.0.194
[INFO] [stderr]    Compiling actix_derive v0.6.1
[INFO] [stderr]    Compiling serde_repr v0.1.18
[INFO] [stderr]    Compiling futures-util v0.3.30
[INFO] [stderr]    Compiling actix-rt v2.9.0
[INFO] [stderr]    Compiling tokio-util v0.6.10
[INFO] [stderr]    Compiling tokio-stream v0.1.14
[INFO] [stderr]    Compiling futures-executor v0.3.30
[INFO] [stderr]    Compiling actix v0.11.1
[INFO] [stderr]    Compiling futures v0.3.30
[INFO] [stderr]    Compiling wechaty_puppet v0.1.0-beta.1 (/opt/rustwide/workdir)
[INFO] [stdout] error: Expect an attribute `rtype`
[INFO] [stdout]   --> src/events.rs:22:24
[INFO] [stdout]    |
[INFO] [stdout] 22 | #[derive(Debug, Clone, Message)]
[INFO] [stdout]    |                        ^^^^^^^
[INFO] [stdout]    |
[INFO] [stdout]    = note: this error originates in the derive macro `Message` (in Nightly builds, run with -Z macro-backtrace for more info)
[INFO] [stdout] 
[INFO] [stdout] 
[INFO] [stdout] error: Expect an attribute `rtype`
[INFO] [stdout]   --> src/puppet.rs:43:10
[INFO] [stdout]    |
[INFO] [stdout] 43 | #[derive(Message)]
[INFO] [stdout]    |          ^^^^^^^
[INFO] [stdout]    |
[INFO] [stdout]    = note: this error originates in the derive macro `Message` (in Nightly builds, run with -Z macro-backtrace for more info)
[INFO] [stdout] 
[INFO] [stdout] 
[INFO] [stdout] error: Expect an attribute `rtype`
[INFO] [stdout]   --> src/puppet.rs:51:10
[INFO] [stdout]    |
[INFO] [stdout] 51 | #[derive(Message)]
[INFO] [stdout]    |          ^^^^^^^
[INFO] [stdout]    |
[INFO] [stdout]    = note: this error originates in the derive macro `Message` (in Nightly builds, run with -Z macro-backtrace for more info)
[INFO] [stdout] 
[INFO] [stdout] 
[INFO] [stdout] error[E0277]: the trait bound `PuppetEvent: Message` is not satisfied
[INFO] [stdout]    --> src/puppet.rs:46:15
[INFO] [stdout]     |
[INFO] [stdout] 46  |     pub addr: Recipient<PuppetEvent>,
[INFO] [stdout]     |               ^^^^^^^^^^^^^^^^^^^^^^ the trait `Message` is not implemented for `PuppetEvent`
[INFO] [stdout]     |
[INFO] [stdout]     = help: the following other types implement trait `Message`:
[INFO] [stdout]               Box<M>
[INFO] [stdout]               Arc<M>
[INFO] [stdout] note: required by a bound in `Recipient`
[INFO] [stdout]    --> /opt/rustwide/cargo-home/registry/src/index.crates.io-6f17d22bba15001f/actix-0.11.1/src/address/mod.rs:231:25
[INFO] [stdout]     |
[INFO] [stdout] 231 | pub struct Recipient<M: Message>
[INFO] [stdout]     |                         ^^^^^^^ required by this bound in `Recipient`
[INFO] [stdout] 
[INFO] [stdout] 
[INFO] [stdout] error[E0277]: the trait bound `PuppetEvent: Message` is not satisfied
[INFO] [stdout]    --> src/puppet.rs:60:23
[INFO] [stdout]     |
[INFO] [stdout] 60  |     dong_subscribers: SubscribersPtr,
[INFO] [stdout]     |                       ^^^^^^^^^^^^^^ the trait `Message` is not implemented for `PuppetEvent`
[INFO] [stdout]     |
[INFO] [stdout]     = help: the following other types implement trait `Message`:
[INFO] [stdout]               Box<M>
[INFO] [stdout]               Arc<M>
[INFO] [stdout] note: required by a bound in `Recipient`
[INFO] [stdout]    --> /opt/rustwide/cargo-home/registry/src/index.crates.io-6f17d22bba15001f/actix-0.11.1/src/address/mod.rs:231:25
[INFO] [stdout]     |
[INFO] [stdout] 231 | pub struct Recipient<M: Message>
[INFO] [stdout]     |                         ^^^^^^^ required by this bound in `Recipient`
[INFO] [stdout] 
[INFO] [stdout] 
[INFO] [stdout] error[E0277]: the trait bound `Subscribe: Message` is not satisfied
[INFO] [stdout]    --> src/puppet.rs:117:6
[INFO] [stdout]     |
[INFO] [stdout] 117 | impl Handler<Subscribe> for PuppetInner {
[INFO] [stdout]     |      ^^^^^^^^^^^^^^^^^^ the trait `Message` is not implemented for `Subscribe`
[INFO] [stdout]     |
[INFO] [stdout]     = help: the following other types implement trait `Message`:
[INFO] [stdout]               Box<M>
[INFO] [stdout]               Arc<M>
[INFO] [stdout] note: required by a bound in `Handler`
[INFO] [stdout]    --> /opt/rustwide/cargo-home/registry/src/index.crates.io-6f17d22bba15001f/actix-0.11.1/src/handler.rs:19:8
[INFO] [stdout]     |
[INFO] [stdout] 16  | pub trait Handler<M>
[INFO] [stdout]     |           ------- required by a bound in this trait
[INFO] [stdout] ...
[INFO] [stdout] 19  |     M: Message,
[INFO] [stdout]     |        ^^^^^^^ required by this bound in `Handler`
[INFO] [stdout] 
[INFO] [stdout] 
[INFO] [stdout] error[E0277]: the trait bound `UnSubscribe: Message` is not satisfied
[INFO] [stdout]    --> src/puppet.rs:172:6
[INFO] [stdout]     |
[INFO] [stdout] 172 | impl Handler<UnSubscribe> for PuppetInner {
[INFO] [stdout]     |      ^^^^^^^^^^^^^^^^^^^^ the trait `Message` is not implemented for `UnSubscribe`
[INFO] [stdout]     |
[INFO] [stdout]     = help: the following other types implement trait `Message`:
[INFO] [stdout]               Box<M>
[INFO] [stdout]               Arc<M>
[INFO] [stdout] note: required by a bound in `Handler`
[INFO] [stdout]    --> /opt/rustwide/cargo-home/registry/src/index.crates.io-6f17d22bba15001f/actix-0.11.1/src/handler.rs:19:8
[INFO] [stdout]     |
[INFO] [stdout] 16  | pub trait Handler<M>
[INFO] [stdout]     |           ------- required by a bound in this trait
[INFO] [stdout] ...
[INFO] [stdout] 19  |     M: Message,
[INFO] [stdout]     |        ^^^^^^^ required by this bound in `Handler`
[INFO] [stdout] 
[INFO] [stdout] 
[INFO] [stdout] error[E0277]: the trait bound `PuppetEvent: Message` is not satisfied
[INFO] [stdout]    --> src/puppet.rs:227:6
[INFO] [stdout]     |
[INFO] [stdout] 227 | impl Handler<PuppetEvent> for PuppetInner {
[INFO] [stdout]     |      ^^^^^^^^^^^^^^^^^^^^ the trait `Message` is not implemented for `PuppetEvent`
[INFO] [stdout]     |
[INFO] [stdout]     = help: the following other types implement trait `Message`:
[INFO] [stdout]               Box<M>
[INFO] [stdout]               Arc<M>
[INFO] [stdout] note: required by a bound in `Handler`
[INFO] [stdout]    --> /opt/rustwide/cargo-home/registry/src/index.crates.io-6f17d22bba15001f/actix-0.11.1/src/handler.rs:19:8
[INFO] [stdout]     |
[INFO] [stdout] 16  | pub trait Handler<M>
[INFO] [stdout]     |           ------- required by a bound in this trait
[INFO] [stdout] ...
[INFO] [stdout] 19  |     M: Message,
[INFO] [stdout]     |        ^^^^^^^ required by this bound in `Handler`
[INFO] [stdout] 
[INFO] [stdout] 
[INFO] [stdout] error[E0277]: the trait bound `PuppetEvent: Message` is not satisfied
[INFO] [stdout]    --> src/puppet.rs:96:53
[INFO] [stdout]     |
[INFO] [stdout] 96  |     fn notify(&self, msg: PuppetEvent, subscribers: SubscribersPtr) {
[INFO] [stdout]     |                                                     ^^^^^^^^^^^^^^ the trait `Message` is not implemented for `PuppetEvent`
[INFO] [stdout]     |
[INFO] [stdout]     = help: the following other types implement trait `Message`:
[INFO] [stdout]               Box<M>
[INFO] [stdout]               Arc<M>
[INFO] [stdout] note: required by a bound in `Recipient`
[INFO] [stdout]    --> /opt/rustwide/cargo-home/registry/src/index.crates.io-6f17d22bba15001f/actix-0.11.1/src/address/mod.rs:231:25
[INFO] [stdout]     |
[INFO] [stdout] 231 | pub struct Recipient<M: Message>
[INFO] [stdout]     |                         ^^^^^^^ required by this bound in `Recipient`
[INFO] [stdout] 
[INFO] [stdout] 
[INFO] [stdout] error[E0277]: the trait bound `PuppetEvent: Message` is not satisfied
[INFO] [stdout]    --> src/puppet.rs:271:32
[INFO] [stdout]     |
[INFO] [stdout] 271 |     pub fn self_addr(&self) -> Recipient<PuppetEvent> {
[INFO] [stdout]     |                                ^^^^^^^^^^^^^^^^^^^^^^ the trait `Message` is not implemented for `PuppetEvent`
[INFO] [stdout]     |
[INFO] [stdout]     = help: the following other types implement trait `Message`:
[INFO] [stdout]               Box<M>
[INFO] [stdout]               Arc<M>
[INFO] [stdout] note: required by a bound in `Recipient`
[INFO] [stdout]    --> /opt/rustwide/cargo-home/registry/src/index.crates.io-6f17d22bba15001f/actix-0.11.1/src/address/mod.rs:231:25
[INFO] [stdout]     |
[INFO] [stdout] 231 | pub struct Recipient<M: Message>
[INFO] [stdout]     |                         ^^^^^^^ required by this bound in `Recipient`
[INFO] [stdout] 
[INFO] [stdout] 
[INFO] [stdout] error[E0277]: the trait bound `Subscribe: Message` is not satisfied
[INFO] [stdout]    --> src/puppet.rs:276:41
[INFO] [stdout]     |
[INFO] [stdout] 276 |     pub fn get_subscribe_addr(&self) -> Recipient<Subscribe> {
[INFO] [stdout]     |                                         ^^^^^^^^^^^^^^^^^^^^ the trait `Message` is not implemented for `Subscribe`
[INFO] [stdout]     |
[INFO] [stdout]     = help: the following other types implement trait `Message`:
[INFO] [stdout]               Box<M>
[INFO] [stdout]               Arc<M>
[INFO] [stdout] note: required by a bound in `Recipient`
[INFO] [stdout]    --> /opt/rustwide/cargo-home/registry/src/index.crates.io-6f17d22bba15001f/actix-0.11.1/src/address/mod.rs:231:25
[INFO] [stdout]     |
[INFO] [stdout] 231 | pub struct Recipient<M: Message>
[INFO] [stdout]     |                         ^^^^^^^ required by this bound in `Recipient`
[INFO] [stdout] 
[INFO] [stdout] 
[INFO] [stdout] error[E0277]: the trait bound `UnSubscribe: Message` is not satisfied
[INFO] [stdout]    --> src/puppet.rs:281:43
[INFO] [stdout]     |
[INFO] [stdout] 281 |     pub fn get_unsubscribe_addr(&self) -> Recipient<UnSubscribe> {
[INFO] [stdout]     |                                           ^^^^^^^^^^^^^^^^^^^^^^ the trait `Message` is not implemented for `UnSubscribe`
[INFO] [stdout]     |
[INFO] [stdout]     = help: the following other types implement trait `Message`:
[INFO] [stdout]               Box<M>
[INFO] [stdout]               Arc<M>
[INFO] [stdout] note: required by a bound in `Recipient`
[INFO] [stdout]    --> /opt/rustwide/cargo-home/registry/src/index.crates.io-6f17d22bba15001f/actix-0.11.1/src/address/mod.rs:231:25
[INFO] [stdout]     |
[INFO] [stdout] 231 | pub struct Recipient<M: Message>
[INFO] [stdout]     |                         ^^^^^^^ required by this bound in `Recipient`
[INFO] [stdout] 
[INFO] [stdout] 
[INFO] [stdout] error[E0277]: the trait bound `Subscribe: Message` is not satisfied
[INFO] [stdout]    --> src/puppet.rs:118:19
[INFO] [stdout]     |
[INFO] [stdout] 118 |     type Result = ();
[INFO] [stdout]     |                   ^^ the trait `Message` is not implemented for `Subscribe`
[INFO] [stdout]     |
[INFO] [stdout]     = help: the following other types implement trait `Message`:
[INFO] [stdout]               Box<M>
[INFO] [stdout]               Arc<M>
[INFO] [stdout]     = note: required for `()` to implement `MessageResponse<PuppetInner, Subscribe>`
[INFO] [stdout] note: required by a bound in `actix::Handler::Result`
[INFO] [stdout]    --> /opt/rustwide/cargo-home/registry/src/index.crates.io-6f17d22bba15001f/actix-0.11.1/src/handler.rs:25:18
[INFO] [stdout]     |
[INFO] [stdout] 25  |     type Result: MessageResponse<Self, M>;
[INFO] [stdout]     |                  ^^^^^^^^^^^^^^^^^^^^^^^^ required by this bound in `Handler::Result`
[INFO] [stdout] 
[INFO] [stdout] 
[INFO] [stdout] error[E0277]: the trait bound `UnSubscribe: Message` is not satisfied
[INFO] [stdout]    --> src/puppet.rs:173:19
[INFO] [stdout]     |
[INFO] [stdout] 173 |     type Result = ();
[INFO] [stdout]     |                   ^^ the trait `Message` is not implemented for `UnSubscribe`
[INFO] [stdout]     |
[INFO] [stdout]     = help: the following other types implement trait `Message`:
[INFO] [stdout]               Box<M>
[INFO] [stdout]               Arc<M>
[INFO] [stdout]     = note: required for `()` to implement `MessageResponse<PuppetInner, UnSubscribe>`
[INFO] [stdout] note: required by a bound in `actix::Handler::Result`
[INFO] [stdout]    --> /opt/rustwide/cargo-home/registry/src/index.crates.io-6f17d22bba15001f/actix-0.11.1/src/handler.rs:25:18
[INFO] [stdout]     |
[INFO] [stdout] 25  |     type Result: MessageResponse<Self, M>;
[INFO] [stdout]     |                  ^^^^^^^^^^^^^^^^^^^^^^^^ required by this bound in `Handler::Result`
[INFO] [stdout] 
[INFO] [stdout] 
[INFO] [stdout] error[E0277]: the trait bound `PuppetEvent: Message` is not satisfied
[INFO] [stdout]    --> src/puppet.rs:228:19
[INFO] [stdout]     |
[INFO] [stdout] 228 |     type Result = ();
[INFO] [stdout]     |                   ^^ the trait `Message` is not implemented for `PuppetEvent`
[INFO] [stdout]     |
[INFO] [stdout]     = help: the following other types implement trait `Message`:
[INFO] [stdout]               Box<M>
[INFO] [stdout]               Arc<M>
[INFO] [stdout]     = note: required for `()` to implement `MessageResponse<PuppetInner, PuppetEvent>`
[INFO] [stdout] note: required by a bound in `actix::Handler::Result`
[INFO] [stdout]    --> /opt/rustwide/cargo-home/registry/src/index.crates.io-6f17d22bba15001f/actix-0.11.1/src/handler.rs:25:18
[INFO] [stdout]     |
[INFO] [stdout] 25  |     type Result: MessageResponse<Self, M>;
[INFO] [stdout]     |                  ^^^^^^^^^^^^^^^^^^^^^^^^ required by this bound in `Handler::Result`
[INFO] [stdout] 
[INFO] [stdout] 
[INFO] [stdout] error: aborting due to 15 previous errors
[INFO] [stdout] 
[INFO] [stdout] 
[INFO] [stdout] For more information about this error, try `rustc --explain E0277`.
[INFO] [stdout] 
[INFO] [stderr] error: could not compile `wechaty_puppet` (lib) due to 16 previous errors
[INFO] running `Command { std: "docker" "inspect" "9f00825e7d4f67ec86251d8751fc343402f1a579435a49e8ed5bb09237fef176", kill_on_drop: false }`
[INFO] running `Command { std: "docker" "rm" "-f" "9f00825e7d4f67ec86251d8751fc343402f1a579435a49e8ed5bb09237fef176", kill_on_drop: false }`
[INFO] [stdout] 9f00825e7d4f67ec86251d8751fc343402f1a579435a49e8ed5bb09237fef176
[INFO] testing wechaty_puppet-0.1.0-beta.1 against beta-2023-12-22 for beta-1.76-1
[INFO] extracting crate wechaty_puppet 0.1.0-beta.1 into /workspace/builds/worker-6-tc2/source
[INFO] validating manifest of crates.io crate wechaty_puppet 0.1.0-beta.1 on toolchain beta-2023-12-22
[INFO] running `Command { std: CARGO_HOME="/workspace/cargo-home" RUSTUP_HOME="/workspace/rustup-home" "/workspace/cargo-home/bin/cargo" "+beta-2023-12-22" "metadata" "--manifest-path" "Cargo.toml" "--no-deps", kill_on_drop: false }`
[INFO] started tweaking crates.io crate wechaty_puppet 0.1.0-beta.1
[INFO] finished tweaking crates.io crate wechaty_puppet 0.1.0-beta.1
[INFO] tweaked toml for crates.io crate wechaty_puppet 0.1.0-beta.1 written to /workspace/builds/worker-6-tc2/source/Cargo.toml
[INFO] running `Command { std: CARGO_HOME="/workspace/cargo-home" RUSTUP_HOME="/workspace/rustup-home" "/workspace/cargo-home/bin/cargo" "+beta-2023-12-22" "generate-lockfile" "--manifest-path" "Cargo.toml", kill_on_drop: false }`
[INFO] [stderr]     Updating crates.io index
[INFO] running `Command { std: CARGO_HOME="/workspace/cargo-home" RUSTUP_HOME="/workspace/rustup-home" "/workspace/cargo-home/bin/cargo" "+beta-2023-12-22" "fetch" "--manifest-path" "Cargo.toml", kill_on_drop: false }`
[INFO] running `Command { std: "docker" "create" "-v" "/var/lib/crater-agent-workspace/builds/worker-6-tc2/target:/opt/rustwide/target:rw,Z" "-v" "/var/lib/crater-agent-workspace/builds/worker-6-tc2/source:/opt/rustwide/workdir:ro,Z" "-v" "/var/lib/crater-agent-workspace/cargo-home:/opt/rustwide/cargo-home:ro,Z" "-v" "/var/lib/crater-agent-workspace/rustup-home:/opt/rustwide/rustup-home:ro,Z" "-e" "SOURCE_DIR=/opt/rustwide/workdir" "-e" "CARGO_TARGET_DIR=/opt/rustwide/target" "-e" "CARGO_HOME=/opt/rustwide/cargo-home" "-e" "RUSTUP_HOME=/opt/rustwide/rustup-home" "-w" "/opt/rustwide/workdir" "-m" "1610612736" "--user" "0:0" "--network" "none" "ghcr.io/rust-lang/crates-build-env/linux@sha256:2788e3201cd34a07e3172128adcd8b3090168a8e3bcc40d7c032b9dda1df7d1c" "/opt/rustwide/cargo-home/bin/cargo" "+beta-2023-12-22" "metadata" "--no-deps" "--format-version=1", kill_on_drop: false }`
[INFO] [stdout] 6ca089ff602a840cca9947df46d26e71c05c5ee4ae35ed3932369c77463cac00
[INFO] running `Command { std: "docker" "start" "-a" "6ca089ff602a840cca9947df46d26e71c05c5ee4ae35ed3932369c77463cac00", kill_on_drop: false }`
[INFO] running `Command { std: "docker" "inspect" "6ca089ff602a840cca9947df46d26e71c05c5ee4ae35ed3932369c77463cac00", kill_on_drop: false }`
[INFO] running `Command { std: "docker" "rm" "-f" "6ca089ff602a840cca9947df46d26e71c05c5ee4ae35ed3932369c77463cac00", kill_on_drop: false }`
[INFO] [stdout] 6ca089ff602a840cca9947df46d26e71c05c5ee4ae35ed3932369c77463cac00
[INFO] running `Command { std: "docker" "create" "-v" "/var/lib/crater-agent-workspace/builds/worker-6-tc2/target:/opt/rustwide/target:rw,Z" "-v" "/var/lib/crater-agent-workspace/builds/worker-6-tc2/source:/opt/rustwide/workdir:ro,Z" "-v" "/var/lib/crater-agent-workspace/cargo-home:/opt/rustwide/cargo-home:ro,Z" "-v" "/var/lib/crater-agent-workspace/rustup-home:/opt/rustwide/rustup-home:ro,Z" "-e" "SOURCE_DIR=/opt/rustwide/workdir" "-e" "CARGO_TARGET_DIR=/opt/rustwide/target" "-e" "CARGO_INCREMENTAL=0" "-e" "RUST_BACKTRACE=full" "-e" "RUSTFLAGS=--cap-lints=warn" "-e" "RUSTDOCFLAGS=--cap-lints=warn" "-e" "CARGO_HOME=/opt/rustwide/cargo-home" "-e" "RUSTUP_HOME=/opt/rustwide/rustup-home" "-w" "/opt/rustwide/workdir" "-m" "1610612736" "--user" "0:0" "--network" "none" "ghcr.io/rust-lang/crates-build-env/linux@sha256:2788e3201cd34a07e3172128adcd8b3090168a8e3bcc40d7c032b9dda1df7d1c" "/opt/rustwide/cargo-home/bin/cargo" "+beta-2023-12-22" "build" "--frozen" "--message-format=json", kill_on_drop: false }`
[INFO] [stdout] d51df1103a743c29e9a467884718c9ed79cfaa61111e46e45f5ccd6bc76fae3a
[INFO] running `Command { std: "docker" "start" "-a" "d51df1103a743c29e9a467884718c9ed79cfaa61111e46e45f5ccd6bc76fae3a", kill_on_drop: false }`
[INFO] [stderr]    Compiling lock_api v0.4.11
[INFO] [stderr]    Compiling smallvec v1.11.2
[INFO] [stderr]    Compiling pin-project-lite v0.2.13
[INFO] [stderr]    Compiling parking_lot_core v0.9.9
[INFO] [stderr]    Compiling scopeguard v1.2.0
[INFO] [stderr]    Compiling futures-core v0.3.30
[INFO] [stderr]    Compiling slab v0.4.9
[INFO] [stderr]    Compiling futures-sink v0.3.30
[INFO] [stderr]    Compiling bytes v1.5.0
[INFO] [stderr]    Compiling ahash v0.7.7
[INFO] [stderr]    Compiling futures-io v0.3.30
[INFO] [stderr]    Compiling futures-task v0.3.30
[INFO] [stderr]    Compiling pin-utils v0.1.0
[INFO] [stderr]    Compiling signal-hook-registry v1.4.1
[INFO] [stderr]    Compiling socket2 v0.5.5
[INFO] [stderr]    Compiling syn v2.0.48
[INFO] [stderr]    Compiling mio v0.8.10
[INFO] [stderr]    Compiling parking_lot_core v0.8.6
[INFO] [stderr]    Compiling crossbeam-utils v0.8.18
[INFO] [stderr]    Compiling futures-channel v0.3.30
[INFO] [stderr]    Compiling getrandom v0.2.11
[INFO] [stderr]    Compiling instant v0.1.12
[INFO] [stderr]    Compiling syn v1.0.109
[INFO] [stderr]    Compiling num-traits v0.2.17
[INFO] [stderr]    Compiling log v0.4.20
[INFO] [stderr]    Compiling async-trait v0.1.77
[INFO] [stderr]    Compiling file-box v0.1.0-beta.0
[INFO] [stderr]    Compiling hashbrown v0.11.2
[INFO] [stderr]    Compiling parking_lot v0.12.1
[INFO] [stderr]    Compiling parking_lot v0.11.2
[INFO] [stderr]    Compiling tokio v1.35.1
[INFO] [stderr]    Compiling crossbeam-channel v0.5.10
[INFO] [stderr]    Compiling lru v0.6.6
[INFO] [stderr]    Compiling num-derive v0.3.3
[INFO] [stderr]    Compiling futures-macro v0.3.30
[INFO] [stderr]    Compiling serde_derive v1.0.194
[INFO] [stderr]    Compiling actix_derive v0.6.1
[INFO] [stderr]    Compiling serde_repr v0.1.18
[INFO] [stderr]    Compiling actix-rt v2.9.0
[INFO] [stderr]    Compiling tokio-util v0.6.10
[INFO] [stderr]    Compiling tokio-stream v0.1.14
[INFO] [stderr]    Compiling futures-util v0.3.30
[INFO] [stderr]    Compiling serde v1.0.194
[INFO] [stderr]    Compiling futures-executor v0.3.30
[INFO] [stderr]    Compiling actix v0.11.1
[INFO] [stderr]    Compiling futures v0.3.30
[INFO] [stderr]    Compiling wechaty_puppet v0.1.0-beta.1 (/opt/rustwide/workdir)
[INFO] [stdout] error: Expect an attribute `rtype`
[INFO] [stdout]   --> src/events.rs:22:24
[INFO] [stdout]    |
[INFO] [stdout] 22 | #[derive(Debug, Clone, Message)]
[INFO] [stdout]    |                        ^^^^^^^
[INFO] [stdout]    |
[INFO] [stdout]    = note: this error originates in the derive macro `Message` (in Nightly builds, run with -Z macro-backtrace for more info)
[INFO] [stdout] 
[INFO] [stdout] 
[INFO] [stdout] error: Expect an attribute `rtype`
[INFO] [stdout]   --> src/puppet.rs:43:10
[INFO] [stdout]    |
[INFO] [stdout] 43 | #[derive(Message)]
[INFO] [stdout]    |          ^^^^^^^
[INFO] [stdout]    |
[INFO] [stdout]    = note: this error originates in the derive macro `Message` (in Nightly builds, run with -Z macro-backtrace for more info)
[INFO] [stdout] 
[INFO] [stdout] 
[INFO] [stdout] error: Expect an attribute `rtype`
[INFO] [stdout]   --> src/puppet.rs:51:10
[INFO] [stdout]    |
[INFO] [stdout] 51 | #[derive(Message)]
[INFO] [stdout]    |          ^^^^^^^
[INFO] [stdout]    |
[INFO] [stdout]    = note: this error originates in the derive macro `Message` (in Nightly builds, run with -Z macro-backtrace for more info)
[INFO] [stdout] 
[INFO] [stdout] 
[INFO] [stdout] error[E0277]: the trait bound `PuppetEvent: Message` is not satisfied
[INFO] [stdout]    --> src/puppet.rs:46:15
[INFO] [stdout]     |
[INFO] [stdout] 46  |     pub addr: Recipient<PuppetEvent>,
[INFO] [stdout]     |               ^^^^^^^^^^^^^^^^^^^^^^ the trait `Message` is not implemented for `PuppetEvent`
[INFO] [stdout]     |
[INFO] [stdout]     = help: the following other types implement trait `Message`:
[INFO] [stdout]               Box<M>
[INFO] [stdout]               Arc<M>
[INFO] [stdout] note: required by a bound in `Recipient`
[INFO] [stdout]    --> /opt/rustwide/cargo-home/registry/src/index.crates.io-6f17d22bba15001f/actix-0.11.1/src/address/mod.rs:231:25
[INFO] [stdout]     |
[INFO] [stdout] 231 | pub struct Recipient<M: Message>
[INFO] [stdout]     |                         ^^^^^^^ required by this bound in `Recipient`
[INFO] [stdout] 
[INFO] [stdout] 
[INFO] [stdout] error[E0277]: the trait bound `PuppetEvent: Message` is not satisfied
[INFO] [stdout]    --> src/puppet.rs:60:23
[INFO] [stdout]     |
[INFO] [stdout] 60  |     dong_subscribers: SubscribersPtr,
[INFO] [stdout]     |                       ^^^^^^^^^^^^^^ the trait `Message` is not implemented for `PuppetEvent`
[INFO] [stdout]     |
[INFO] [stdout]     = help: the following other types implement trait `Message`:
[INFO] [stdout]               Box<M>
[INFO] [stdout]               Arc<M>
[INFO] [stdout] note: required by a bound in `Recipient`
[INFO] [stdout]    --> /opt/rustwide/cargo-home/registry/src/index.crates.io-6f17d22bba15001f/actix-0.11.1/src/address/mod.rs:231:25
[INFO] [stdout]     |
[INFO] [stdout] 231 | pub struct Recipient<M: Message>
[INFO] [stdout]     |                         ^^^^^^^ required by this bound in `Recipient`
[INFO] [stdout] 
[INFO] [stdout] 
[INFO] [stdout] error[E0277]: the trait bound `Subscribe: Message` is not satisfied
[INFO] [stdout]    --> src/puppet.rs:117:6
[INFO] [stdout]     |
[INFO] [stdout] 117 | impl Handler<Subscribe> for PuppetInner {
[INFO] [stdout]     |      ^^^^^^^^^^^^^^^^^^ the trait `Message` is not implemented for `Subscribe`
[INFO] [stdout]     |
[INFO] [stdout]     = help: the following other types implement trait `Message`:
[INFO] [stdout]               Box<M>
[INFO] [stdout]               Arc<M>
[INFO] [stdout] note: required by a bound in `Handler`
[INFO] [stdout]    --> /opt/rustwide/cargo-home/registry/src/index.crates.io-6f17d22bba15001f/actix-0.11.1/src/handler.rs:19:8
[INFO] [stdout]     |
[INFO] [stdout] 16  | pub trait Handler<M>
[INFO] [stdout]     |           ------- required by a bound in this trait
[INFO] [stdout] ...
[INFO] [stdout] 19  |     M: Message,
[INFO] [stdout]     |        ^^^^^^^ required by this bound in `Handler`
[INFO] [stdout] 
[INFO] [stdout] 
[INFO] [stdout] error[E0277]: the trait bound `UnSubscribe: Message` is not satisfied
[INFO] [stdout]    --> src/puppet.rs:172:6
[INFO] [stdout]     |
[INFO] [stdout] 172 | impl Handler<UnSubscribe> for PuppetInner {
[INFO] [stdout]     |      ^^^^^^^^^^^^^^^^^^^^ the trait `Message` is not implemented for `UnSubscribe`
[INFO] [stdout]     |
[INFO] [stdout]     = help: the following other types implement trait `Message`:
[INFO] [stdout]               Box<M>
[INFO] [stdout]               Arc<M>
[INFO] [stdout] note: required by a bound in `Handler`
[INFO] [stdout]    --> /opt/rustwide/cargo-home/registry/src/index.crates.io-6f17d22bba15001f/actix-0.11.1/src/handler.rs:19:8
[INFO] [stdout]     |
[INFO] [stdout] 16  | pub trait Handler<M>
[INFO] [stdout]     |           ------- required by a bound in this trait
[INFO] [stdout] ...
[INFO] [stdout] 19  |     M: Message,
[INFO] [stdout]     |        ^^^^^^^ required by this bound in `Handler`
[INFO] [stdout] 
[INFO] [stdout] 
[INFO] [stdout] error[E0277]: the trait bound `PuppetEvent: Message` is not satisfied
[INFO] [stdout]    --> src/puppet.rs:227:6
[INFO] [stdout]     |
[INFO] [stdout] 227 | impl Handler<PuppetEvent> for PuppetInner {
[INFO] [stdout]     |      ^^^^^^^^^^^^^^^^^^^^ the trait `Message` is not implemented for `PuppetEvent`
[INFO] [stdout]     |
[INFO] [stdout]     = help: the following other types implement trait `Message`:
[INFO] [stdout]               Box<M>
[INFO] [stdout]               Arc<M>
[INFO] [stdout] note: required by a bound in `Handler`
[INFO] [stdout]    --> /opt/rustwide/cargo-home/registry/src/index.crates.io-6f17d22bba15001f/actix-0.11.1/src/handler.rs:19:8
[INFO] [stdout]     |
[INFO] [stdout] 16  | pub trait Handler<M>
[INFO] [stdout]     |           ------- required by a bound in this trait
[INFO] [stdout] ...
[INFO] [stdout] 19  |     M: Message,
[INFO] [stdout]     |        ^^^^^^^ required by this bound in `Handler`
[INFO] [stdout] 
[INFO] [stdout] 
[INFO] [stdout] error[E0277]: the trait bound `PuppetEvent: Message` is not satisfied
[INFO] [stdout]    --> src/puppet.rs:96:53
[INFO] [stdout]     |
[INFO] [stdout] 96  |     fn notify(&self, msg: PuppetEvent, subscribers: SubscribersPtr) {
[INFO] [stdout]     |                                                     ^^^^^^^^^^^^^^ the trait `Message` is not implemented for `PuppetEvent`
[INFO] [stdout]     |
[INFO] [stdout]     = help: the following other types implement trait `Message`:
[INFO] [stdout]               Box<M>
[INFO] [stdout]               Arc<M>
[INFO] [stdout] note: required by a bound in `Recipient`
[INFO] [stdout]    --> /opt/rustwide/cargo-home/registry/src/index.crates.io-6f17d22bba15001f/actix-0.11.1/src/address/mod.rs:231:25
[INFO] [stdout]     |
[INFO] [stdout] 231 | pub struct Recipient<M: Message>
[INFO] [stdout]     |                         ^^^^^^^ required by this bound in `Recipient`
[INFO] [stdout] 
[INFO] [stdout] 
[INFO] [stdout] error[E0277]: the trait bound `PuppetEvent: Message` is not satisfied
[INFO] [stdout]    --> src/puppet.rs:271:32
[INFO] [stdout]     |
[INFO] [stdout] 271 |     pub fn self_addr(&self) -> Recipient<PuppetEvent> {
[INFO] [stdout]     |                                ^^^^^^^^^^^^^^^^^^^^^^ the trait `Message` is not implemented for `PuppetEvent`
[INFO] [stdout]     |
[INFO] [stdout]     = help: the following other types implement trait `Message`:
[INFO] [stdout]               Box<M>
[INFO] [stdout]               Arc<M>
[INFO] [stdout] note: required by a bound in `Recipient`
[INFO] [stdout]    --> /opt/rustwide/cargo-home/registry/src/index.crates.io-6f17d22bba15001f/actix-0.11.1/src/address/mod.rs:231:25
[INFO] [stdout]     |
[INFO] [stdout] 231 | pub struct Recipient<M: Message>
[INFO] [stdout]     |                         ^^^^^^^ required by this bound in `Recipient`
[INFO] [stdout] 
[INFO] [stdout] 
[INFO] [stdout] error[E0277]: the trait bound `Subscribe: Message` is not satisfied
[INFO] [stdout]    --> src/puppet.rs:276:41
[INFO] [stdout]     |
[INFO] [stdout] 276 |     pub fn get_subscribe_addr(&self) -> Recipient<Subscribe> {
[INFO] [stdout]     |                                         ^^^^^^^^^^^^^^^^^^^^ the trait `Message` is not implemented for `Subscribe`
[INFO] [stdout]     |
[INFO] [stdout]     = help: the following other types implement trait `Message`:
[INFO] [stdout]               Box<M>
[INFO] [stdout]               Arc<M>
[INFO] [stdout] note: required by a bound in `Recipient`
[INFO] [stdout]    --> /opt/rustwide/cargo-home/registry/src/index.crates.io-6f17d22bba15001f/actix-0.11.1/src/address/mod.rs:231:25
[INFO] [stdout]     |
[INFO] [stdout] 231 | pub struct Recipient<M: Message>
[INFO] [stdout]     |                         ^^^^^^^ required by this bound in `Recipient`
[INFO] [stdout] 
[INFO] [stdout] 
[INFO] [stdout] error[E0277]: the trait bound `UnSubscribe: Message` is not satisfied
[INFO] [stdout]    --> src/puppet.rs:281:43
[INFO] [stdout]     |
[INFO] [stdout] 281 |     pub fn get_unsubscribe_addr(&self) -> Recipient<UnSubscribe> {
[INFO] [stdout]     |                                           ^^^^^^^^^^^^^^^^^^^^^^ the trait `Message` is not implemented for `UnSubscribe`
[INFO] [stdout]     |
[INFO] [stdout]     = help: the following other types implement trait `Message`:
[INFO] [stdout]               Box<M>
[INFO] [stdout]               Arc<M>
[INFO] [stdout] note: required by a bound in `Recipient`
[INFO] [stdout]    --> /opt/rustwide/cargo-home/registry/src/index.crates.io-6f17d22bba15001f/actix-0.11.1/src/address/mod.rs:231:25
[INFO] [stdout]     |
[INFO] [stdout] 231 | pub struct Recipient<M: Message>
[INFO] [stdout]     |                         ^^^^^^^ required by this bound in `Recipient`
[INFO] [stdout] 
[INFO] [stdout] 
[INFO] [stdout] error[E0277]: the trait bound `Subscribe: Message` is not satisfied
[INFO] [stdout]    --> src/puppet.rs:118:19
[INFO] [stdout]     |
[INFO] [stdout] 118 |     type Result = ();
[INFO] [stdout]     |                   ^^ the trait `Message` is not implemented for `Subscribe`
[INFO] [stdout]     |
[INFO] [stdout]     = help: the following other types implement trait `Message`:
[INFO] [stdout]               Box<M>
[INFO] [stdout]               Arc<M>
[INFO] [stdout]     = note: required for `()` to implement `MessageResponse<PuppetInner, Subscribe>`
[INFO] [stdout] note: required by a bound in `actix::Handler::Result`
[INFO] [stdout]    --> /opt/rustwide/cargo-home/registry/src/index.crates.io-6f17d22bba15001f/actix-0.11.1/src/handler.rs:25:18
[INFO] [stdout]     |
[INFO] [stdout] 25  |     type Result: MessageResponse<Self, M>;
[INFO] [stdout]     |                  ^^^^^^^^^^^^^^^^^^^^^^^^ required by this bound in `Handler::Result`
[INFO] [stdout] 
[INFO] [stdout] 
[INFO] [stdout] error[E0277]: the trait bound `UnSubscribe: Message` is not satisfied
[INFO] [stdout]    --> src/puppet.rs:173:19
[INFO] [stdout]     |
[INFO] [stdout] 173 |     type Result = ();
[INFO] [stdout]     |                   ^^ the trait `Message` is not implemented for `UnSubscribe`
[INFO] [stdout]     |
[INFO] [stdout]     = help: the following other types implement trait `Message`:
[INFO] [stdout]               Box<M>
[INFO] [stdout]               Arc<M>
[INFO] [stdout]     = note: required for `()` to implement `MessageResponse<PuppetInner, UnSubscribe>`
[INFO] [stdout] note: required by a bound in `actix::Handler::Result`
[INFO] [stdout]    --> /opt/rustwide/cargo-home/registry/src/index.crates.io-6f17d22bba15001f/actix-0.11.1/src/handler.rs:25:18
[INFO] [stdout]     |
[INFO] [stdout] 25  |     type Result: MessageResponse<Self, M>;
[INFO] [stdout]     |                  ^^^^^^^^^^^^^^^^^^^^^^^^ required by this bound in `Handler::Result`
[INFO] [stdout] 
[INFO] [stdout] 
[INFO] [stdout] error[E0277]: the trait bound `PuppetEvent: Message` is not satisfied
[INFO] [stdout]    --> src/puppet.rs:228:19
[INFO] [stdout]     |
[INFO] [stdout] 228 |     type Result = ();
[INFO] [stdout]     |                   ^^ the trait `Message` is not implemented for `PuppetEvent`
[INFO] [stdout]     |
[INFO] [stdout]     = help: the following other types implement trait `Message`:
[INFO] [stdout]               Box<M>
[INFO] [stdout]               Arc<M>
[INFO] [stdout]     = note: required for `()` to implement `MessageResponse<PuppetInner, PuppetEvent>`
[INFO] [stdout] note: required by a bound in `actix::Handler::Result`
[INFO] [stdout]    --> /opt/rustwide/cargo-home/registry/src/index.crates.io-6f17d22bba15001f/actix-0.11.1/src/handler.rs:25:18
[INFO] [stdout]     |
[INFO] [stdout] 25  |     type Result: MessageResponse<Self, M>;
[INFO] [stdout]     |                  ^^^^^^^^^^^^^^^^^^^^^^^^ required by this bound in `Handler::Result`
[INFO] [stdout] 
[INFO] [stdout] 
[INFO] [stdout] error: aborting due to 15 previous errors
[INFO] [stdout] 
[INFO] [stdout] 
[INFO] [stdout] For more information about this error, try `rustc --explain E0277`.
[INFO] [stdout] 
[INFO] [stderr] error: could not compile `wechaty_puppet` (lib) due to 16 previous errors
[INFO] running `Command { std: "docker" "inspect" "d51df1103a743c29e9a467884718c9ed79cfaa61111e46e45f5ccd6bc76fae3a", kill_on_drop: false }`
[INFO] running `Command { std: "docker" "rm" "-f" "d51df1103a743c29e9a467884718c9ed79cfaa61111e46e45f5ccd6bc76fae3a", kill_on_drop: false }`
[INFO] [stdout] d51df1103a743c29e9a467884718c9ed79cfaa61111e46e45f5ccd6bc76fae3a
