[INFO] fetching crate webview2-com 0.28.0...
[INFO] testing webview2-com-0.28.0 against 1.75.0 for beta-1.76-1
[INFO] extracting crate webview2-com 0.28.0 into /workspace/builds/worker-5-tc1/source
[INFO] validating manifest of crates.io crate webview2-com 0.28.0 on toolchain 1.75.0
[INFO] running `Command { std: CARGO_HOME="/workspace/cargo-home" RUSTUP_HOME="/workspace/rustup-home" "/workspace/cargo-home/bin/cargo" "+1.75.0" "metadata" "--manifest-path" "Cargo.toml" "--no-deps", kill_on_drop: false }`
[INFO] started tweaking crates.io crate webview2-com 0.28.0
[INFO] finished tweaking crates.io crate webview2-com 0.28.0
[INFO] tweaked toml for crates.io crate webview2-com 0.28.0 written to /workspace/builds/worker-5-tc1/source/Cargo.toml
[INFO] crate crates.io crate webview2-com 0.28.0 already has a lockfile, it will not be regenerated
[INFO] running `Command { std: CARGO_HOME="/workspace/cargo-home" RUSTUP_HOME="/workspace/rustup-home" "/workspace/cargo-home/bin/cargo" "+1.75.0" "fetch" "--manifest-path" "Cargo.toml", kill_on_drop: false }`
[INFO] [stderr]  Downloading crates ...
[INFO] [stderr]   Downloaded windows-interface v0.52.0
[INFO] [stderr]   Downloaded webview2-com-macros v0.7.0
[INFO] [stderr]   Downloaded windows-implement v0.52.0
[INFO] [stderr]   Downloaded webview2-com-sys v0.28.0
[INFO] running `Command { std: "docker" "create" "-v" "/var/lib/crater-agent-workspace/builds/worker-5-tc1/target:/opt/rustwide/target:rw,Z" "-v" "/var/lib/crater-agent-workspace/builds/worker-5-tc1/source:/opt/rustwide/workdir:ro,Z" "-v" "/var/lib/crater-agent-workspace/cargo-home:/opt/rustwide/cargo-home:ro,Z" "-v" "/var/lib/crater-agent-workspace/rustup-home:/opt/rustwide/rustup-home:ro,Z" "-e" "SOURCE_DIR=/opt/rustwide/workdir" "-e" "CARGO_TARGET_DIR=/opt/rustwide/target" "-e" "CARGO_HOME=/opt/rustwide/cargo-home" "-e" "RUSTUP_HOME=/opt/rustwide/rustup-home" "-w" "/opt/rustwide/workdir" "-m" "1610612736" "--user" "0:0" "--network" "none" "ghcr.io/rust-lang/crates-build-env/linux@sha256:2788e3201cd34a07e3172128adcd8b3090168a8e3bcc40d7c032b9dda1df7d1c" "/opt/rustwide/cargo-home/bin/cargo" "+1.75.0" "metadata" "--no-deps" "--format-version=1", kill_on_drop: false }`
[INFO] [stdout] a8f81618301c9aa33383f60940f8a54a689485023d989f1b99f5ac19e757c7ab
[INFO] running `Command { std: "docker" "start" "-a" "a8f81618301c9aa33383f60940f8a54a689485023d989f1b99f5ac19e757c7ab", kill_on_drop: false }`
[INFO] running `Command { std: "docker" "inspect" "a8f81618301c9aa33383f60940f8a54a689485023d989f1b99f5ac19e757c7ab", kill_on_drop: false }`
[INFO] running `Command { std: "docker" "rm" "-f" "a8f81618301c9aa33383f60940f8a54a689485023d989f1b99f5ac19e757c7ab", kill_on_drop: false }`
[INFO] [stdout] a8f81618301c9aa33383f60940f8a54a689485023d989f1b99f5ac19e757c7ab
[INFO] running `Command { std: "docker" "create" "-v" "/var/lib/crater-agent-workspace/builds/worker-5-tc1/target:/opt/rustwide/target:rw,Z" "-v" "/var/lib/crater-agent-workspace/builds/worker-5-tc1/source:/opt/rustwide/workdir:ro,Z" "-v" "/var/lib/crater-agent-workspace/cargo-home:/opt/rustwide/cargo-home:ro,Z" "-v" "/var/lib/crater-agent-workspace/rustup-home:/opt/rustwide/rustup-home:ro,Z" "-e" "SOURCE_DIR=/opt/rustwide/workdir" "-e" "CARGO_TARGET_DIR=/opt/rustwide/target" "-e" "CARGO_INCREMENTAL=0" "-e" "RUST_BACKTRACE=full" "-e" "RUSTFLAGS=--cap-lints=warn" "-e" "RUSTDOCFLAGS=--cap-lints=warn" "-e" "CARGO_HOME=/opt/rustwide/cargo-home" "-e" "RUSTUP_HOME=/opt/rustwide/rustup-home" "-w" "/opt/rustwide/workdir" "-m" "1610612736" "--user" "0:0" "--network" "none" "ghcr.io/rust-lang/crates-build-env/linux@sha256:2788e3201cd34a07e3172128adcd8b3090168a8e3bcc40d7c032b9dda1df7d1c" "/opt/rustwide/cargo-home/bin/cargo" "+1.75.0" "build" "--frozen" "--message-format=json", kill_on_drop: false }`
[INFO] [stdout] 8d21d0a166efb64b5352ae02a15ff44d2cc8037989f6b5ea6cc660acbd2d1a1f
[INFO] running `Command { std: "docker" "start" "-a" "8d21d0a166efb64b5352ae02a15ff44d2cc8037989f6b5ea6cc660acbd2d1a1f", kill_on_drop: false }`
[INFO] [stderr]    Compiling proc-macro2 v1.0.69
[INFO] [stderr]    Compiling windows_x86_64_gnu v0.52.0
[INFO] [stderr]    Compiling thiserror v1.0.50
[INFO] [stderr]    Compiling windows-targets v0.52.0
[INFO] [stderr]    Compiling windows-core v0.52.0
[INFO] [stderr]    Compiling quote v1.0.33
[INFO] [stderr]    Compiling syn v2.0.39
[INFO] [stderr]    Compiling thiserror-impl v1.0.50
[INFO] [stderr]    Compiling windows-implement v0.52.0
[INFO] [stderr]    Compiling windows-interface v0.52.0
[INFO] [stderr]    Compiling webview2-com-macros v0.7.0
[INFO] [stderr]    Compiling windows v0.52.0
[INFO] [stderr]    Compiling webview2-com-sys v0.28.0
[INFO] [stderr]    Compiling webview2-com v0.28.0 (/opt/rustwide/workdir)
[INFO] [stderr]     Finished dev [unoptimized + debuginfo] target(s) in 16.17s
[INFO] running `Command { std: "docker" "inspect" "8d21d0a166efb64b5352ae02a15ff44d2cc8037989f6b5ea6cc660acbd2d1a1f", kill_on_drop: false }`
[INFO] running `Command { std: "docker" "rm" "-f" "8d21d0a166efb64b5352ae02a15ff44d2cc8037989f6b5ea6cc660acbd2d1a1f", kill_on_drop: false }`
[INFO] [stdout] 8d21d0a166efb64b5352ae02a15ff44d2cc8037989f6b5ea6cc660acbd2d1a1f
[INFO] running `Command { std: "docker" "create" "-v" "/var/lib/crater-agent-workspace/builds/worker-5-tc1/target:/opt/rustwide/target:rw,Z" "-v" "/var/lib/crater-agent-workspace/builds/worker-5-tc1/source:/opt/rustwide/workdir:ro,Z" "-v" "/var/lib/crater-agent-workspace/cargo-home:/opt/rustwide/cargo-home:ro,Z" "-v" "/var/lib/crater-agent-workspace/rustup-home:/opt/rustwide/rustup-home:ro,Z" "-e" "SOURCE_DIR=/opt/rustwide/workdir" "-e" "CARGO_TARGET_DIR=/opt/rustwide/target" "-e" "CARGO_INCREMENTAL=0" "-e" "RUST_BACKTRACE=full" "-e" "RUSTFLAGS=--cap-lints=warn" "-e" "RUSTDOCFLAGS=--cap-lints=warn" "-e" "CARGO_HOME=/opt/rustwide/cargo-home" "-e" "RUSTUP_HOME=/opt/rustwide/rustup-home" "-w" "/opt/rustwide/workdir" "-m" "1610612736" "--user" "0:0" "--network" "none" "ghcr.io/rust-lang/crates-build-env/linux@sha256:2788e3201cd34a07e3172128adcd8b3090168a8e3bcc40d7c032b9dda1df7d1c" "/opt/rustwide/cargo-home/bin/cargo" "+1.75.0" "test" "--frozen" "--no-run" "--message-format=json", kill_on_drop: false }`
[INFO] [stdout] 1ac91badb3ca5ab6a3d98a47e549ca6ab2fa58c9aa1648c0a7010b74958bf586
[INFO] running `Command { std: "docker" "start" "-a" "1ac91badb3ca5ab6a3d98a47e549ca6ab2fa58c9aa1648c0a7010b74958bf586", kill_on_drop: false }`
[INFO] [stderr]    Compiling memchr v2.6.4
[INFO] [stderr]    Compiling serde v1.0.192
[INFO] [stderr]    Compiling serde_json v1.0.108
[INFO] [stderr]    Compiling itoa v1.0.9
[INFO] [stderr]    Compiling ryu v1.0.15
[INFO] [stderr]    Compiling serde_derive v1.0.192
[INFO] [stderr]    Compiling windows v0.52.0
[INFO] [stderr]    Compiling aho-corasick v1.1.2
[INFO] [stderr]    Compiling regex-automata v0.4.3
[INFO] [stderr]    Compiling regex v1.10.2
[INFO] [stderr]    Compiling webview2-com-sys v0.28.0
[INFO] [stderr]    Compiling webview2-com v0.28.0 (/opt/rustwide/workdir)
[INFO] [stdout] error: linking with `cc` failed: exit status: 1
[INFO] [stdout]   |
[INFO] [stdout]   = note: LC_ALL="C" PATH="/opt/rustwide/rustup-home/toolchains/1.75.0-x86_64-unknown-linux-gnu/lib/rustlib/x86_64-unknown-linux-gnu/bin:/opt/rustwide/cargo-home/bin:/usr/local/sbin:/usr/local/bin:/usr/sbin:/usr/bin:/sbin:/bin" VSLANG="1033" "cc" "-m64" "/tmp/rustcKYzK4r/symbols.o" "/opt/rustwide/target/debug/examples/sample-6752cebf93c9c32e.sample.60806e3343acf003-cgu.00.rcgu.o" "/opt/rustwide/target/debug/examples/sample-6752cebf93c9c32e.sample.60806e3343acf003-cgu.01.rcgu.o" "/opt/rustwide/target/debug/examples/sample-6752cebf93c9c32e.sample.60806e3343acf003-cgu.02.rcgu.o" "/opt/rustwide/target/debug/examples/sample-6752cebf93c9c32e.sample.60806e3343acf003-cgu.03.rcgu.o" "/opt/rustwide/target/debug/examples/sample-6752cebf93c9c32e.sample.60806e3343acf003-cgu.04.rcgu.o" "/opt/rustwide/target/debug/examples/sample-6752cebf93c9c32e.sample.60806e3343acf003-cgu.05.rcgu.o" "/opt/rustwide/target/debug/examples/sample-6752cebf93c9c32e.sample.60806e3343acf003-cgu.06.rcgu.o" "/opt/rustwide/target/debug/examples/sample-6752cebf93c9c32e.sample.60806e3343acf003-cgu.07.rcgu.o" "/opt/rustwide/target/debug/examples/sample-6752cebf93c9c32e.sample.60806e3343acf003-cgu.08.rcgu.o" "/opt/rustwide/target/debug/examples/sample-6752cebf93c9c32e.sample.60806e3343acf003-cgu.09.rcgu.o" "/opt/rustwide/target/debug/examples/sample-6752cebf93c9c32e.sample.60806e3343acf003-cgu.10.rcgu.o" "/opt/rustwide/target/debug/examples/sample-6752cebf93c9c32e.sample.60806e3343acf003-cgu.11.rcgu.o" "/opt/rustwide/target/debug/examples/sample-6752cebf93c9c32e.sample.60806e3343acf003-cgu.12.rcgu.o" "/opt/rustwide/target/debug/examples/sample-6752cebf93c9c32e.sample.60806e3343acf003-cgu.13.rcgu.o" "/opt/rustwide/target/debug/examples/sample-6752cebf93c9c32e.sample.60806e3343acf003-cgu.14.rcgu.o" "/opt/rustwide/target/debug/examples/sample-6752cebf93c9c32e.sample.60806e3343acf003-cgu.15.rcgu.o" "/opt/rustwide/target/debug/examples/sample-6752cebf93c9c32e.1bwy7zb6rz1sh29p.rcgu.o" "-Wl,--as-needed" "-L" "/opt/rustwide/target/debug/deps" "-L" "/opt/rustwide/target/debug/build/webview2-com-sys-4d34cec8061e0f11/out/x64" "-L" "/opt/rustwide/rustup-home/toolchains/1.75.0-x86_64-unknown-linux-gnu/lib/rustlib/x86_64-unknown-linux-gnu/lib" "-Wl,-Bstatic" "/opt/rustwide/target/debug/deps/libwebview2_com-e01c71fc0aff3b59.rlib" "/opt/rustwide/target/debug/deps/libwebview2_com_sys-09bacbea4043d0ff.rlib" "/opt/rustwide/target/debug/deps/libwindows-a58a7808a947e5fa.rlib" "/opt/rustwide/target/debug/deps/libwindows_core-a814868d8da17f24.rlib" "/opt/rustwide/target/debug/deps/libwindows_targets-800eda22f44b5878.rlib" "/opt/rustwide/target/debug/deps/libserde_json-ac88bf7d438fab5d.rlib" "/opt/rustwide/target/debug/deps/libryu-f8e8abf733224b36.rlib" "/opt/rustwide/target/debug/deps/libitoa-05fb7c91ffbc0a79.rlib" "/opt/rustwide/target/debug/deps/libserde-bb486bac9ab09dde.rlib" "/opt/rustwide/rustup-home/toolchains/1.75.0-x86_64-unknown-linux-gnu/lib/rustlib/x86_64-unknown-linux-gnu/lib/libstd-90f6ddbf82de36ec.rlib" "/opt/rustwide/rustup-home/toolchains/1.75.0-x86_64-unknown-linux-gnu/lib/rustlib/x86_64-unknown-linux-gnu/lib/libpanic_unwind-480c41e9d4e1f677.rlib" "/opt/rustwide/rustup-home/toolchains/1.75.0-x86_64-unknown-linux-gnu/lib/rustlib/x86_64-unknown-linux-gnu/lib/libobject-db744c0ca03eed1d.rlib" "/opt/rustwide/rustup-home/toolchains/1.75.0-x86_64-unknown-linux-gnu/lib/rustlib/x86_64-unknown-linux-gnu/lib/libmemchr-8ba652dc7d4b285a.rlib" "/opt/rustwide/rustup-home/toolchains/1.75.0-x86_64-unknown-linux-gnu/lib/rustlib/x86_64-unknown-linux-gnu/lib/libaddr2line-d5f4520a9ebc0d58.rlib" "/opt/rustwide/rustup-home/toolchains/1.75.0-x86_64-unknown-linux-gnu/lib/rustlib/x86_64-unknown-linux-gnu/lib/libgimli-4ad84de58f0cb463.rlib" "/opt/rustwide/rustup-home/toolchains/1.75.0-x86_64-unknown-linux-gnu/lib/rustlib/x86_64-unknown-linux-gnu/lib/librustc_demangle-0d10aae2e0f38735.rlib" "/opt/rustwide/rustup-home/toolchains/1.75.0-x86_64-unknown-linux-gnu/lib/rustlib/x86_64-unknown-linux-gnu/lib/libstd_detect-0c17cff739e6745b.rlib" "/opt/rustwide/rustup-home/toolchains/1.75.0-x86_64-unknown-linux-gnu/lib/rustlib/x86_64-unknown-linux-gnu/lib/libhashbrown-b29e17139dde1aa8.rlib" "/opt/rustwide/rustup-home/toolchains/1.75.0-x86_64-unknown-linux-gnu/lib/rustlib/x86_64-unknown-linux-gnu/lib/librustc_std_workspace_alloc-1f975299829cc7bd.rlib" "/opt/rustwide/rustup-home/toolchains/1.75.0-x86_64-unknown-linux-gnu/lib/rustlib/x86_64-unknown-linux-gnu/lib/libminiz_oxide-86bae3bc3079f89b.rlib" "/opt/rustwide/rustup-home/toolchains/1.75.0-x86_64-unknown-linux-gnu/lib/rustlib/x86_64-unknown-linux-gnu/lib/libadler-321b82c30dffdf5f.rlib" "/opt/rustwide/rustup-home/toolchains/1.75.0-x86_64-unknown-linux-gnu/lib/rustlib/x86_64-unknown-linux-gnu/lib/libunwind-3dd8a6810a0bdfef.rlib" "/opt/rustwide/rustup-home/toolchains/1.75.0-x86_64-unknown-linux-gnu/lib/rustlib/x86_64-unknown-linux-gnu/lib/libcfg_if-eb39a61c0c879984.rlib" "/opt/rustwide/rustup-home/toolchains/1.75.0-x86_64-unknown-linux-gnu/lib/rustlib/x86_64-unknown-linux-gnu/lib/liblibc-aa769569f91c3548.rlib" "/opt/rustwide/rustup-home/toolchains/1.75.0-x86_64-unknown-linux-gnu/lib/rustlib/x86_64-unknown-linux-gnu/lib/liballoc-510a192a50a983ed.rlib" "/opt/rustwide/rustup-home/toolchains/1.75.0-x86_64-unknown-linux-gnu/lib/rustlib/x86_64-unknown-linux-gnu/lib/librustc_std_workspace_core-0577018320f99037.rlib" "/opt/rustwide/rustup-home/toolchains/1.75.0-x86_64-unknown-linux-gnu/lib/rustlib/x86_64-unknown-linux-gnu/lib/libcore-193cf992125ccd4c.rlib" "/opt/rustwide/rustup-home/toolchains/1.75.0-x86_64-unknown-linux-gnu/lib/rustlib/x86_64-unknown-linux-gnu/lib/libcompiler_builtins-8e138eaf26ebb4a8.rlib" "-Wl,-Bdynamic" "-lWebView2Loader.dll" "-lgcc_s" "-lutil" "-lrt" "-lpthread" "-lm" "-ldl" "-lc" "-Wl,--eh-frame-hdr" "-Wl,-z,noexecstack" "-L" "/opt/rustwide/rustup-home/toolchains/1.75.0-x86_64-unknown-linux-gnu/lib/rustlib/x86_64-unknown-linux-gnu/lib" "-o" "/opt/rustwide/target/debug/examples/sample-6752cebf93c9c32e" "-Wl,--gc-sections" "-pie" "-Wl,-z,relro,-z,now" "-nodefaultlibs"
[INFO] [stdout]   = note: /usr/bin/ld: cannot find -lWebView2Loader.dll: No such file or directory
[INFO] [stdout]           collect2: error: ld returned 1 exit status
[INFO] [stdout]           
[INFO] [stdout] 
[INFO] [stdout] 
[INFO] [stdout] error: aborting due to previous error
[INFO] [stdout] 
[INFO] [stdout] 
[INFO] [stdout] error: linking with `cc` failed: exit status: 1
[INFO] [stdout]   |
[INFO] [stdout]   = note: LC_ALL="C" PATH="/opt/rustwide/rustup-home/toolchains/1.75.0-x86_64-unknown-linux-gnu/lib/rustlib/x86_64-unknown-linux-gnu/bin:/opt/rustwide/cargo-home/bin:/usr/local/sbin:/usr/local/bin:/usr/sbin:/usr/bin:/sbin:/bin" VSLANG="1033" "cc" "-m64" "/tmp/rustc3xnUCj/symbols.o" "/opt/rustwide/target/debug/deps/webview2_com-952aea8fb150a6c6.webview2_com.731abfd71d2603b5-cgu.0.rcgu.o" "/opt/rustwide/target/debug/deps/webview2_com-952aea8fb150a6c6.webview2_com.731abfd71d2603b5-cgu.1.rcgu.o" "/opt/rustwide/target/debug/deps/webview2_com-952aea8fb150a6c6.webview2_com.731abfd71d2603b5-cgu.2.rcgu.o" "/opt/rustwide/target/debug/deps/webview2_com-952aea8fb150a6c6.webview2_com.731abfd71d2603b5-cgu.3.rcgu.o" "/opt/rustwide/target/debug/deps/webview2_com-952aea8fb150a6c6.webview2_com.731abfd71d2603b5-cgu.4.rcgu.o" "/opt/rustwide/target/debug/deps/webview2_com-952aea8fb150a6c6.webview2_com.731abfd71d2603b5-cgu.5.rcgu.o" "/opt/rustwide/target/debug/deps/webview2_com-952aea8fb150a6c6.webview2_com.731abfd71d2603b5-cgu.6.rcgu.o" "/opt/rustwide/target/debug/deps/webview2_com-952aea8fb150a6c6.webview2_com.731abfd71d2603b5-cgu.7.rcgu.o" "/opt/rustwide/target/debug/deps/webview2_com-952aea8fb150a6c6.2j1ygfubzypwwl4r.rcgu.o" "-Wl,--as-needed" "-L" "/opt/rustwide/target/debug/deps" "-L" "/opt/rustwide/target/debug/build/webview2-com-sys-4d34cec8061e0f11/out/x64" "-L" "/opt/rustwide/rustup-home/toolchains/1.75.0-x86_64-unknown-linux-gnu/lib/rustlib/x86_64-unknown-linux-gnu/lib" "-Wl,-Bstatic" "/opt/rustwide/rustup-home/toolchains/1.75.0-x86_64-unknown-linux-gnu/lib/rustlib/x86_64-unknown-linux-gnu/lib/libtest-3df1bed8075ce1de.rlib" "/opt/rustwide/rustup-home/toolchains/1.75.0-x86_64-unknown-linux-gnu/lib/rustlib/x86_64-unknown-linux-gnu/lib/libgetopts-2076fd86b325cb5d.rlib" "/opt/rustwide/rustup-home/toolchains/1.75.0-x86_64-unknown-linux-gnu/lib/rustlib/x86_64-unknown-linux-gnu/lib/libunicode_width-caa7152ee70c190f.rlib" "/opt/rustwide/rustup-home/toolchains/1.75.0-x86_64-unknown-linux-gnu/lib/rustlib/x86_64-unknown-linux-gnu/lib/librustc_std_workspace_std-04e6425e07f02a3c.rlib" "/opt/rustwide/target/debug/deps/libregex-43bdbc33a6384815.rlib" "/opt/rustwide/target/debug/deps/libregex_automata-35f9be2f753ec7d5.rlib" "/opt/rustwide/target/debug/deps/libaho_corasick-1143312c78fc67c2.rlib" "/opt/rustwide/target/debug/deps/libmemchr-8adfc22b612d6f7a.rlib" "/opt/rustwide/target/debug/deps/libregex_syntax-e4dd3c3a3cb10e1d.rlib" "/opt/rustwide/target/debug/deps/libwebview2_com_sys-09bacbea4043d0ff.rlib" "/opt/rustwide/target/debug/deps/libwindows-a58a7808a947e5fa.rlib" "/opt/rustwide/target/debug/deps/libwindows_core-a814868d8da17f24.rlib" "/opt/rustwide/target/debug/deps/libwindows_targets-800eda22f44b5878.rlib" "/opt/rustwide/rustup-home/toolchains/1.75.0-x86_64-unknown-linux-gnu/lib/rustlib/x86_64-unknown-linux-gnu/lib/libstd-90f6ddbf82de36ec.rlib" "/opt/rustwide/rustup-home/toolchains/1.75.0-x86_64-unknown-linux-gnu/lib/rustlib/x86_64-unknown-linux-gnu/lib/libpanic_unwind-480c41e9d4e1f677.rlib" "/opt/rustwide/rustup-home/toolchains/1.75.0-x86_64-unknown-linux-gnu/lib/rustlib/x86_64-unknown-linux-gnu/lib/libobject-db744c0ca03eed1d.rlib" "/opt/rustwide/rustup-home/toolchains/1.75.0-x86_64-unknown-linux-gnu/lib/rustlib/x86_64-unknown-linux-gnu/lib/libmemchr-8ba652dc7d4b285a.rlib" "/opt/rustwide/rustup-home/toolchains/1.75.0-x86_64-unknown-linux-gnu/lib/rustlib/x86_64-unknown-linux-gnu/lib/libaddr2line-d5f4520a9ebc0d58.rlib" "/opt/rustwide/rustup-home/toolchains/1.75.0-x86_64-unknown-linux-gnu/lib/rustlib/x86_64-unknown-linux-gnu/lib/libgimli-4ad84de58f0cb463.rlib" "/opt/rustwide/rustup-home/toolchains/1.75.0-x86_64-unknown-linux-gnu/lib/rustlib/x86_64-unknown-linux-gnu/lib/librustc_demangle-0d10aae2e0f38735.rlib" "/opt/rustwide/rustup-home/toolchains/1.75.0-x86_64-unknown-linux-gnu/lib/rustlib/x86_64-unknown-linux-gnu/lib/libstd_detect-0c17cff739e6745b.rlib" "/opt/rustwide/rustup-home/toolchains/1.75.0-x86_64-unknown-linux-gnu/lib/rustlib/x86_64-unknown-linux-gnu/lib/libhashbrown-b29e17139dde1aa8.rlib" "/opt/rustwide/rustup-home/toolchains/1.75.0-x86_64-unknown-linux-gnu/lib/rustlib/x86_64-unknown-linux-gnu/lib/librustc_std_workspace_alloc-1f975299829cc7bd.rlib" "/opt/rustwide/rustup-home/toolchains/1.75.0-x86_64-unknown-linux-gnu/lib/rustlib/x86_64-unknown-linux-gnu/lib/libminiz_oxide-86bae3bc3079f89b.rlib" "/opt/rustwide/rustup-home/toolchains/1.75.0-x86_64-unknown-linux-gnu/lib/rustlib/x86_64-unknown-linux-gnu/lib/libadler-321b82c30dffdf5f.rlib" "/opt/rustwide/rustup-home/toolchains/1.75.0-x86_64-unknown-linux-gnu/lib/rustlib/x86_64-unknown-linux-gnu/lib/libunwind-3dd8a6810a0bdfef.rlib" "/opt/rustwide/rustup-home/toolchains/1.75.0-x86_64-unknown-linux-gnu/lib/rustlib/x86_64-unknown-linux-gnu/lib/libcfg_if-eb39a61c0c879984.rlib" "/opt/rustwide/rustup-home/toolchains/1.75.0-x86_64-unknown-linux-gnu/lib/rustlib/x86_64-unknown-linux-gnu/lib/liblibc-aa769569f91c3548.rlib" "/opt/rustwide/rustup-home/toolchains/1.75.0-x86_64-unknown-linux-gnu/lib/rustlib/x86_64-unknown-linux-gnu/lib/liballoc-510a192a50a983ed.rlib" "/opt/rustwide/rustup-home/toolchains/1.75.0-x86_64-unknown-linux-gnu/lib/rustlib/x86_64-unknown-linux-gnu/lib/librustc_std_workspace_core-0577018320f99037.rlib" "/opt/rustwide/rustup-home/toolchains/1.75.0-x86_64-unknown-linux-gnu/lib/rustlib/x86_64-unknown-linux-gnu/lib/libcore-193cf992125ccd4c.rlib" "/opt/rustwide/rustup-home/toolchains/1.75.0-x86_64-unknown-linux-gnu/lib/rustlib/x86_64-unknown-linux-gnu/lib/libcompiler_builtins-8e138eaf26ebb4a8.rlib" "-Wl,-Bdynamic" "-lWebView2Loader.dll" "-lgcc_s" "-lutil" "-lrt" "-lpthread" "-lm" "-ldl" "-lc" "-Wl,--eh-frame-hdr" "-Wl,-z,noexecstack" "-L" "/opt/rustwide/rustup-home/toolchains/1.75.0-x86_64-unknown-linux-gnu/lib/rustlib/x86_64-unknown-linux-gnu/lib" "-o" "/opt/rustwide/target/debug/deps/webview2_com-952aea8fb150a6c6" "-Wl,--gc-sections" "-pie" "-Wl,-z,relro,-z,now" "-nodefaultlibs"
[INFO] [stdout]   = note: /usr/bin/ld: cannot find -lWebView2Loader.dll: No such file or directory
[INFO] [stdout]           collect2: error: ld returned 1 exit status
[INFO] [stdout]           
[INFO] [stdout] 
[INFO] [stdout] 
[INFO] [stdout] error: aborting due to previous error
[INFO] [stdout] 
[INFO] [stdout] 
[INFO] [stderr] error: could not compile `webview2-com` (example "sample") due to 2 previous errors
[INFO] [stderr] warning: build failed, waiting for other jobs to finish...
[INFO] [stderr] error: could not compile `webview2-com` (lib test) due to 2 previous errors
[INFO] running `Command { std: "docker" "inspect" "1ac91badb3ca5ab6a3d98a47e549ca6ab2fa58c9aa1648c0a7010b74958bf586", kill_on_drop: false }`
[INFO] running `Command { std: "docker" "rm" "-f" "1ac91badb3ca5ab6a3d98a47e549ca6ab2fa58c9aa1648c0a7010b74958bf586", kill_on_drop: false }`
[INFO] [stdout] 1ac91badb3ca5ab6a3d98a47e549ca6ab2fa58c9aa1648c0a7010b74958bf586
[INFO] testing webview2-com-0.28.0 against beta-2023-12-22 for beta-1.76-1
[INFO] extracting crate webview2-com 0.28.0 into /workspace/builds/worker-5-tc2/source
[INFO] validating manifest of crates.io crate webview2-com 0.28.0 on toolchain beta-2023-12-22
[INFO] running `Command { std: CARGO_HOME="/workspace/cargo-home" RUSTUP_HOME="/workspace/rustup-home" "/workspace/cargo-home/bin/cargo" "+beta-2023-12-22" "metadata" "--manifest-path" "Cargo.toml" "--no-deps", kill_on_drop: false }`
[INFO] started tweaking crates.io crate webview2-com 0.28.0
[INFO] finished tweaking crates.io crate webview2-com 0.28.0
[INFO] tweaked toml for crates.io crate webview2-com 0.28.0 written to /workspace/builds/worker-5-tc2/source/Cargo.toml
[INFO] crate crates.io crate webview2-com 0.28.0 already has a lockfile, it will not be regenerated
[INFO] running `Command { std: CARGO_HOME="/workspace/cargo-home" RUSTUP_HOME="/workspace/rustup-home" "/workspace/cargo-home/bin/cargo" "+beta-2023-12-22" "fetch" "--manifest-path" "Cargo.toml", kill_on_drop: false }`
[INFO] running `Command { std: "docker" "create" "-v" "/var/lib/crater-agent-workspace/builds/worker-5-tc2/target:/opt/rustwide/target:rw,Z" "-v" "/var/lib/crater-agent-workspace/builds/worker-5-tc2/source:/opt/rustwide/workdir:ro,Z" "-v" "/var/lib/crater-agent-workspace/cargo-home:/opt/rustwide/cargo-home:ro,Z" "-v" "/var/lib/crater-agent-workspace/rustup-home:/opt/rustwide/rustup-home:ro,Z" "-e" "SOURCE_DIR=/opt/rustwide/workdir" "-e" "CARGO_TARGET_DIR=/opt/rustwide/target" "-e" "CARGO_HOME=/opt/rustwide/cargo-home" "-e" "RUSTUP_HOME=/opt/rustwide/rustup-home" "-w" "/opt/rustwide/workdir" "-m" "1610612736" "--user" "0:0" "--network" "none" "ghcr.io/rust-lang/crates-build-env/linux@sha256:2788e3201cd34a07e3172128adcd8b3090168a8e3bcc40d7c032b9dda1df7d1c" "/opt/rustwide/cargo-home/bin/cargo" "+beta-2023-12-22" "metadata" "--no-deps" "--format-version=1", kill_on_drop: false }`
[INFO] [stdout] 013d44c988dad975386f1e456e0e8179992971ddf2c37948633a81bb0492b3c6
[INFO] running `Command { std: "docker" "start" "-a" "013d44c988dad975386f1e456e0e8179992971ddf2c37948633a81bb0492b3c6", kill_on_drop: false }`
[INFO] running `Command { std: "docker" "inspect" "013d44c988dad975386f1e456e0e8179992971ddf2c37948633a81bb0492b3c6", kill_on_drop: false }`
[INFO] running `Command { std: "docker" "rm" "-f" "013d44c988dad975386f1e456e0e8179992971ddf2c37948633a81bb0492b3c6", kill_on_drop: false }`
[INFO] [stdout] 013d44c988dad975386f1e456e0e8179992971ddf2c37948633a81bb0492b3c6
[INFO] running `Command { std: "docker" "create" "-v" "/var/lib/crater-agent-workspace/builds/worker-5-tc2/target:/opt/rustwide/target:rw,Z" "-v" "/var/lib/crater-agent-workspace/builds/worker-5-tc2/source:/opt/rustwide/workdir:ro,Z" "-v" "/var/lib/crater-agent-workspace/cargo-home:/opt/rustwide/cargo-home:ro,Z" "-v" "/var/lib/crater-agent-workspace/rustup-home:/opt/rustwide/rustup-home:ro,Z" "-e" "SOURCE_DIR=/opt/rustwide/workdir" "-e" "CARGO_TARGET_DIR=/opt/rustwide/target" "-e" "CARGO_INCREMENTAL=0" "-e" "RUST_BACKTRACE=full" "-e" "RUSTFLAGS=--cap-lints=warn" "-e" "RUSTDOCFLAGS=--cap-lints=warn" "-e" "CARGO_HOME=/opt/rustwide/cargo-home" "-e" "RUSTUP_HOME=/opt/rustwide/rustup-home" "-w" "/opt/rustwide/workdir" "-m" "1610612736" "--user" "0:0" "--network" "none" "ghcr.io/rust-lang/crates-build-env/linux@sha256:2788e3201cd34a07e3172128adcd8b3090168a8e3bcc40d7c032b9dda1df7d1c" "/opt/rustwide/cargo-home/bin/cargo" "+beta-2023-12-22" "build" "--frozen" "--message-format=json", kill_on_drop: false }`
[INFO] [stdout] 388fa9e4521c69b537af67d53f7e0a6af743a03e50593e14e525ec2acfb227ed
[INFO] running `Command { std: "docker" "start" "-a" "388fa9e4521c69b537af67d53f7e0a6af743a03e50593e14e525ec2acfb227ed", kill_on_drop: false }`
[INFO] [stderr]    Compiling proc-macro2 v1.0.69
[INFO] [stderr]    Compiling windows_x86_64_gnu v0.52.0
[INFO] [stderr]    Compiling thiserror v1.0.50
[INFO] [stderr]    Compiling windows-targets v0.52.0
[INFO] [stderr]    Compiling windows-core v0.52.0
[INFO] [stderr]    Compiling quote v1.0.33
[INFO] [stderr]    Compiling syn v2.0.39
[INFO] [stderr]    Compiling thiserror-impl v1.0.50
[INFO] [stderr]    Compiling windows-implement v0.52.0
[INFO] [stderr]    Compiling windows-interface v0.52.0
[INFO] [stderr]    Compiling webview2-com-macros v0.7.0
[INFO] [stderr]    Compiling windows v0.52.0
[INFO] [stderr]    Compiling webview2-com-sys v0.28.0
[INFO] [stderr]    Compiling webview2-com v0.28.0 (/opt/rustwide/workdir)
[INFO] [stderr]     Finished dev [unoptimized + debuginfo] target(s) in 18.70s
[INFO] running `Command { std: "docker" "inspect" "388fa9e4521c69b537af67d53f7e0a6af743a03e50593e14e525ec2acfb227ed", kill_on_drop: false }`
[INFO] running `Command { std: "docker" "rm" "-f" "388fa9e4521c69b537af67d53f7e0a6af743a03e50593e14e525ec2acfb227ed", kill_on_drop: false }`
[INFO] [stdout] 388fa9e4521c69b537af67d53f7e0a6af743a03e50593e14e525ec2acfb227ed
[INFO] running `Command { std: "docker" "create" "-v" "/var/lib/crater-agent-workspace/builds/worker-5-tc2/target:/opt/rustwide/target:rw,Z" "-v" "/var/lib/crater-agent-workspace/builds/worker-5-tc2/source:/opt/rustwide/workdir:ro,Z" "-v" "/var/lib/crater-agent-workspace/cargo-home:/opt/rustwide/cargo-home:ro,Z" "-v" "/var/lib/crater-agent-workspace/rustup-home:/opt/rustwide/rustup-home:ro,Z" "-e" "SOURCE_DIR=/opt/rustwide/workdir" "-e" "CARGO_TARGET_DIR=/opt/rustwide/target" "-e" "CARGO_INCREMENTAL=0" "-e" "RUST_BACKTRACE=full" "-e" "RUSTFLAGS=--cap-lints=warn" "-e" "RUSTDOCFLAGS=--cap-lints=warn" "-e" "CARGO_HOME=/opt/rustwide/cargo-home" "-e" "RUSTUP_HOME=/opt/rustwide/rustup-home" "-w" "/opt/rustwide/workdir" "-m" "1610612736" "--user" "0:0" "--network" "none" "ghcr.io/rust-lang/crates-build-env/linux@sha256:2788e3201cd34a07e3172128adcd8b3090168a8e3bcc40d7c032b9dda1df7d1c" "/opt/rustwide/cargo-home/bin/cargo" "+beta-2023-12-22" "test" "--frozen" "--no-run" "--message-format=json", kill_on_drop: false }`
[INFO] [stdout] 1f277c6cbee4a577318c3feb727c19af3f5746b40d9d113becff1a45e30b333c
[INFO] running `Command { std: "docker" "start" "-a" "1f277c6cbee4a577318c3feb727c19af3f5746b40d9d113becff1a45e30b333c", kill_on_drop: false }`
[INFO] [stderr]    Compiling memchr v2.6.4
[INFO] [stderr]    Compiling serde v1.0.192
[INFO] [stderr]    Compiling serde_json v1.0.108
[INFO] [stderr]    Compiling ryu v1.0.15
[INFO] [stderr]    Compiling itoa v1.0.9
[INFO] [stderr]    Compiling serde_derive v1.0.192
[INFO] [stderr]    Compiling windows v0.52.0
[INFO] [stderr]    Compiling aho-corasick v1.1.2
[INFO] [stderr]    Compiling regex-automata v0.4.3
[INFO] [stderr]    Compiling regex v1.10.2
[INFO] [stderr]    Compiling webview2-com-sys v0.28.0
[INFO] [stderr]    Compiling webview2-com v0.28.0 (/opt/rustwide/workdir)
[INFO] [stdout] error: linking with `cc` failed: exit status: 1
[INFO] [stdout]   |
[INFO] [stdout]   = note: LC_ALL="C" PATH="/opt/rustwide/rustup-home/toolchains/beta-2023-12-22-x86_64-unknown-linux-gnu/lib/rustlib/x86_64-unknown-linux-gnu/bin:/opt/rustwide/cargo-home/bin:/usr/local/sbin:/usr/local/bin:/usr/sbin:/usr/bin:/sbin:/bin" VSLANG="1033" "cc" "-m64" "/tmp/rustc66ef0L/symbols.o" "/opt/rustwide/target/debug/deps/webview2_com-3cdb8158723888e7.webview2_com.a92f754061afe179-cgu.0.rcgu.o" "/opt/rustwide/target/debug/deps/webview2_com-3cdb8158723888e7.webview2_com.a92f754061afe179-cgu.1.rcgu.o" "/opt/rustwide/target/debug/deps/webview2_com-3cdb8158723888e7.webview2_com.a92f754061afe179-cgu.2.rcgu.o" "/opt/rustwide/target/debug/deps/webview2_com-3cdb8158723888e7.webview2_com.a92f754061afe179-cgu.3.rcgu.o" "/opt/rustwide/target/debug/deps/webview2_com-3cdb8158723888e7.webview2_com.a92f754061afe179-cgu.4.rcgu.o" "/opt/rustwide/target/debug/deps/webview2_com-3cdb8158723888e7.webview2_com.a92f754061afe179-cgu.5.rcgu.o" "/opt/rustwide/target/debug/deps/webview2_com-3cdb8158723888e7.webview2_com.a92f754061afe179-cgu.6.rcgu.o" "/opt/rustwide/target/debug/deps/webview2_com-3cdb8158723888e7.webview2_com.a92f754061afe179-cgu.7.rcgu.o" "/opt/rustwide/target/debug/deps/webview2_com-3cdb8158723888e7.iljitmi9deujr2l.rcgu.o" "-Wl,--as-needed" "-L" "/opt/rustwide/target/debug/deps" "-L" "/opt/rustwide/target/debug/build/webview2-com-sys-1d9d594da7bef577/out/x64" "-L" "/opt/rustwide/rustup-home/toolchains/beta-2023-12-22-x86_64-unknown-linux-gnu/lib/rustlib/x86_64-unknown-linux-gnu/lib" "-Wl,-Bstatic" "/opt/rustwide/rustup-home/toolchains/beta-2023-12-22-x86_64-unknown-linux-gnu/lib/rustlib/x86_64-unknown-linux-gnu/lib/libtest-cbab71697df97b00.rlib" "/opt/rustwide/rustup-home/toolchains/beta-2023-12-22-x86_64-unknown-linux-gnu/lib/rustlib/x86_64-unknown-linux-gnu/lib/libgetopts-2a2cf8f16c536007.rlib" "/opt/rustwide/rustup-home/toolchains/beta-2023-12-22-x86_64-unknown-linux-gnu/lib/rustlib/x86_64-unknown-linux-gnu/lib/libunicode_width-c5f3cc3cceaf9070.rlib" "/opt/rustwide/rustup-home/toolchains/beta-2023-12-22-x86_64-unknown-linux-gnu/lib/rustlib/x86_64-unknown-linux-gnu/lib/librustc_std_workspace_std-a31324ec815b09db.rlib" "/opt/rustwide/target/debug/deps/libregex-303fb85dd4918125.rlib" "/opt/rustwide/target/debug/deps/libregex_automata-b87278bb9bc2845e.rlib" "/opt/rustwide/target/debug/deps/libaho_corasick-42eca8b16757950a.rlib" "/opt/rustwide/target/debug/deps/libmemchr-996a195865583db1.rlib" "/opt/rustwide/target/debug/deps/libregex_syntax-2fba322c2516c6a3.rlib" "/opt/rustwide/target/debug/deps/libwebview2_com_sys-8d8545779b843df9.rlib" "/opt/rustwide/target/debug/deps/libwindows-b395117ee521eca6.rlib" "/opt/rustwide/target/debug/deps/libwindows_core-45f215a305d8e438.rlib" "/opt/rustwide/target/debug/deps/libwindows_targets-c6d91999153513e0.rlib" "/opt/rustwide/rustup-home/toolchains/beta-2023-12-22-x86_64-unknown-linux-gnu/lib/rustlib/x86_64-unknown-linux-gnu/lib/libstd-0672489a78b613de.rlib" "/opt/rustwide/rustup-home/toolchains/beta-2023-12-22-x86_64-unknown-linux-gnu/lib/rustlib/x86_64-unknown-linux-gnu/lib/libpanic_unwind-7eb3ffc34a49f675.rlib" "/opt/rustwide/rustup-home/toolchains/beta-2023-12-22-x86_64-unknown-linux-gnu/lib/rustlib/x86_64-unknown-linux-gnu/lib/libobject-6478a9daa4bee8e2.rlib" "/opt/rustwide/rustup-home/toolchains/beta-2023-12-22-x86_64-unknown-linux-gnu/lib/rustlib/x86_64-unknown-linux-gnu/lib/libmemchr-0c75d871a5c3923d.rlib" "/opt/rustwide/rustup-home/toolchains/beta-2023-12-22-x86_64-unknown-linux-gnu/lib/rustlib/x86_64-unknown-linux-gnu/lib/libaddr2line-d163ef63ad37bb71.rlib" "/opt/rustwide/rustup-home/toolchains/beta-2023-12-22-x86_64-unknown-linux-gnu/lib/rustlib/x86_64-unknown-linux-gnu/lib/libgimli-8a3fd810a85b9f4c.rlib" "/opt/rustwide/rustup-home/toolchains/beta-2023-12-22-x86_64-unknown-linux-gnu/lib/rustlib/x86_64-unknown-linux-gnu/lib/librustc_demangle-462a2cde8c5dfc10.rlib" "/opt/rustwide/rustup-home/toolchains/beta-2023-12-22-x86_64-unknown-linux-gnu/lib/rustlib/x86_64-unknown-linux-gnu/lib/libstd_detect-cb06ac9f54713f71.rlib" "/opt/rustwide/rustup-home/toolchains/beta-2023-12-22-x86_64-unknown-linux-gnu/lib/rustlib/x86_64-unknown-linux-gnu/lib/libhashbrown-f20bfd1f8e59b393.rlib" "/opt/rustwide/rustup-home/toolchains/beta-2023-12-22-x86_64-unknown-linux-gnu/lib/rustlib/x86_64-unknown-linux-gnu/lib/librustc_std_workspace_alloc-1ef460949b49da4b.rlib" "/opt/rustwide/rustup-home/toolchains/beta-2023-12-22-x86_64-unknown-linux-gnu/lib/rustlib/x86_64-unknown-linux-gnu/lib/libminiz_oxide-2cb0c0ffe4f87514.rlib" "/opt/rustwide/rustup-home/toolchains/beta-2023-12-22-x86_64-unknown-linux-gnu/lib/rustlib/x86_64-unknown-linux-gnu/lib/libadler-58d841eb322a11a2.rlib" "/opt/rustwide/rustup-home/toolchains/beta-2023-12-22-x86_64-unknown-linux-gnu/lib/rustlib/x86_64-unknown-linux-gnu/lib/libunwind-aa2ae0b0a9d11533.rlib" "/opt/rustwide/rustup-home/toolchains/beta-2023-12-22-x86_64-unknown-linux-gnu/lib/rustlib/x86_64-unknown-linux-gnu/lib/libcfg_if-23874e15830ed336.rlib" "/opt/rustwide/rustup-home/toolchains/beta-2023-12-22-x86_64-unknown-linux-gnu/lib/rustlib/x86_64-unknown-linux-gnu/lib/liblibc-e47cddc003bce885.rlib" "/opt/rustwide/rustup-home/toolchains/beta-2023-12-22-x86_64-unknown-linux-gnu/lib/rustlib/x86_64-unknown-linux-gnu/lib/liballoc-c22b13b48a8f128e.rlib" "/opt/rustwide/rustup-home/toolchains/beta-2023-12-22-x86_64-unknown-linux-gnu/lib/rustlib/x86_64-unknown-linux-gnu/lib/librustc_std_workspace_core-e46bc3da6d7c462f.rlib" "/opt/rustwide/rustup-home/toolchains/beta-2023-12-22-x86_64-unknown-linux-gnu/lib/rustlib/x86_64-unknown-linux-gnu/lib/libcore-8d1ac131d3cb2645.rlib" "/opt/rustwide/rustup-home/toolchains/beta-2023-12-22-x86_64-unknown-linux-gnu/lib/rustlib/x86_64-unknown-linux-gnu/lib/libcompiler_builtins-a1b43df8c6899c1f.rlib" "-Wl,-Bdynamic" "-lWebView2Loader.dll" "-lgcc_s" "-lutil" "-lrt" "-lpthread" "-lm" "-ldl" "-lc" "-Wl,--eh-frame-hdr" "-Wl,-z,noexecstack" "-L" "/opt/rustwide/rustup-home/toolchains/beta-2023-12-22-x86_64-unknown-linux-gnu/lib/rustlib/x86_64-unknown-linux-gnu/lib" "-o" "/opt/rustwide/target/debug/deps/webview2_com-3cdb8158723888e7" "-Wl,--gc-sections" "-pie" "-Wl,-z,relro,-z,now" "-nodefaultlibs"
[INFO] [stdout]   = note: /usr/bin/ld: cannot find -lWebView2Loader.dll: No such file or directory
[INFO] [stdout]           collect2: error: ld returned 1 exit status
[INFO] [stdout]           
[INFO] [stdout] 
[INFO] [stdout] 
[INFO] [stdout] error: aborting due to 1 previous error
[INFO] [stdout] 
[INFO] [stdout] 
[INFO] [stderr] error: could not compile `webview2-com` (lib test) due to 2 previous errors
[INFO] [stderr] warning: build failed, waiting for other jobs to finish...
[INFO] [stdout] error: linking with `cc` failed: exit status: 1
[INFO] [stdout]   |
[INFO] [stdout]   = note: LC_ALL="C" PATH="/opt/rustwide/rustup-home/toolchains/beta-2023-12-22-x86_64-unknown-linux-gnu/lib/rustlib/x86_64-unknown-linux-gnu/bin:/opt/rustwide/cargo-home/bin:/usr/local/sbin:/usr/local/bin:/usr/sbin:/usr/bin:/sbin:/bin" VSLANG="1033" "cc" "-m64" "/tmp/rustcZErfIk/symbols.o" "/opt/rustwide/target/debug/examples/sample-c6c8c0a3a3de458a.sample.66a0e1bcd90a195c-cgu.00.rcgu.o" "/opt/rustwide/target/debug/examples/sample-c6c8c0a3a3de458a.sample.66a0e1bcd90a195c-cgu.01.rcgu.o" "/opt/rustwide/target/debug/examples/sample-c6c8c0a3a3de458a.sample.66a0e1bcd90a195c-cgu.02.rcgu.o" "/opt/rustwide/target/debug/examples/sample-c6c8c0a3a3de458a.sample.66a0e1bcd90a195c-cgu.03.rcgu.o" "/opt/rustwide/target/debug/examples/sample-c6c8c0a3a3de458a.sample.66a0e1bcd90a195c-cgu.04.rcgu.o" "/opt/rustwide/target/debug/examples/sample-c6c8c0a3a3de458a.sample.66a0e1bcd90a195c-cgu.05.rcgu.o" "/opt/rustwide/target/debug/examples/sample-c6c8c0a3a3de458a.sample.66a0e1bcd90a195c-cgu.06.rcgu.o" "/opt/rustwide/target/debug/examples/sample-c6c8c0a3a3de458a.sample.66a0e1bcd90a195c-cgu.07.rcgu.o" "/opt/rustwide/target/debug/examples/sample-c6c8c0a3a3de458a.sample.66a0e1bcd90a195c-cgu.08.rcgu.o" "/opt/rustwide/target/debug/examples/sample-c6c8c0a3a3de458a.sample.66a0e1bcd90a195c-cgu.09.rcgu.o" "/opt/rustwide/target/debug/examples/sample-c6c8c0a3a3de458a.sample.66a0e1bcd90a195c-cgu.10.rcgu.o" "/opt/rustwide/target/debug/examples/sample-c6c8c0a3a3de458a.sample.66a0e1bcd90a195c-cgu.11.rcgu.o" "/opt/rustwide/target/debug/examples/sample-c6c8c0a3a3de458a.sample.66a0e1bcd90a195c-cgu.12.rcgu.o" "/opt/rustwide/target/debug/examples/sample-c6c8c0a3a3de458a.sample.66a0e1bcd90a195c-cgu.13.rcgu.o" "/opt/rustwide/target/debug/examples/sample-c6c8c0a3a3de458a.sample.66a0e1bcd90a195c-cgu.14.rcgu.o" "/opt/rustwide/target/debug/examples/sample-c6c8c0a3a3de458a.sample.66a0e1bcd90a195c-cgu.15.rcgu.o" "/opt/rustwide/target/debug/examples/sample-c6c8c0a3a3de458a.jwgao8dk4jr60om.rcgu.o" "-Wl,--as-needed" "-L" "/opt/rustwide/target/debug/deps" "-L" "/opt/rustwide/target/debug/build/webview2-com-sys-1d9d594da7bef577/out/x64" "-L" "/opt/rustwide/rustup-home/toolchains/beta-2023-12-22-x86_64-unknown-linux-gnu/lib/rustlib/x86_64-unknown-linux-gnu/lib" "-Wl,-Bstatic" "/opt/rustwide/target/debug/deps/libwebview2_com-9b979869ee85ab9b.rlib" "/opt/rustwide/target/debug/deps/libwebview2_com_sys-8d8545779b843df9.rlib" "/opt/rustwide/target/debug/deps/libwindows-b395117ee521eca6.rlib" "/opt/rustwide/target/debug/deps/libwindows_core-45f215a305d8e438.rlib" "/opt/rustwide/target/debug/deps/libwindows_targets-c6d91999153513e0.rlib" "/opt/rustwide/target/debug/deps/libserde_json-fd3c69559e0e1dcb.rlib" "/opt/rustwide/target/debug/deps/libryu-d2c3aff9aeca12bd.rlib" "/opt/rustwide/target/debug/deps/libitoa-c3a42249f065e11e.rlib" "/opt/rustwide/target/debug/deps/libserde-59a6485fa8ad049d.rlib" "/opt/rustwide/rustup-home/toolchains/beta-2023-12-22-x86_64-unknown-linux-gnu/lib/rustlib/x86_64-unknown-linux-gnu/lib/libstd-0672489a78b613de.rlib" "/opt/rustwide/rustup-home/toolchains/beta-2023-12-22-x86_64-unknown-linux-gnu/lib/rustlib/x86_64-unknown-linux-gnu/lib/libpanic_unwind-7eb3ffc34a49f675.rlib" "/opt/rustwide/rustup-home/toolchains/beta-2023-12-22-x86_64-unknown-linux-gnu/lib/rustlib/x86_64-unknown-linux-gnu/lib/libobject-6478a9daa4bee8e2.rlib" "/opt/rustwide/rustup-home/toolchains/beta-2023-12-22-x86_64-unknown-linux-gnu/lib/rustlib/x86_64-unknown-linux-gnu/lib/libmemchr-0c75d871a5c3923d.rlib" "/opt/rustwide/rustup-home/toolchains/beta-2023-12-22-x86_64-unknown-linux-gnu/lib/rustlib/x86_64-unknown-linux-gnu/lib/libaddr2line-d163ef63ad37bb71.rlib" "/opt/rustwide/rustup-home/toolchains/beta-2023-12-22-x86_64-unknown-linux-gnu/lib/rustlib/x86_64-unknown-linux-gnu/lib/libgimli-8a3fd810a85b9f4c.rlib" "/opt/rustwide/rustup-home/toolchains/beta-2023-12-22-x86_64-unknown-linux-gnu/lib/rustlib/x86_64-unknown-linux-gnu/lib/librustc_demangle-462a2cde8c5dfc10.rlib" "/opt/rustwide/rustup-home/toolchains/beta-2023-12-22-x86_64-unknown-linux-gnu/lib/rustlib/x86_64-unknown-linux-gnu/lib/libstd_detect-cb06ac9f54713f71.rlib" "/opt/rustwide/rustup-home/toolchains/beta-2023-12-22-x86_64-unknown-linux-gnu/lib/rustlib/x86_64-unknown-linux-gnu/lib/libhashbrown-f20bfd1f8e59b393.rlib" "/opt/rustwide/rustup-home/toolchains/beta-2023-12-22-x86_64-unknown-linux-gnu/lib/rustlib/x86_64-unknown-linux-gnu/lib/librustc_std_workspace_alloc-1ef460949b49da4b.rlib" "/opt/rustwide/rustup-home/toolchains/beta-2023-12-22-x86_64-unknown-linux-gnu/lib/rustlib/x86_64-unknown-linux-gnu/lib/libminiz_oxide-2cb0c0ffe4f87514.rlib" "/opt/rustwide/rustup-home/toolchains/beta-2023-12-22-x86_64-unknown-linux-gnu/lib/rustlib/x86_64-unknown-linux-gnu/lib/libadler-58d841eb322a11a2.rlib" "/opt/rustwide/rustup-home/toolchains/beta-2023-12-22-x86_64-unknown-linux-gnu/lib/rustlib/x86_64-unknown-linux-gnu/lib/libunwind-aa2ae0b0a9d11533.rlib" "/opt/rustwide/rustup-home/toolchains/beta-2023-12-22-x86_64-unknown-linux-gnu/lib/rustlib/x86_64-unknown-linux-gnu/lib/libcfg_if-23874e15830ed336.rlib" "/opt/rustwide/rustup-home/toolchains/beta-2023-12-22-x86_64-unknown-linux-gnu/lib/rustlib/x86_64-unknown-linux-gnu/lib/liblibc-e47cddc003bce885.rlib" "/opt/rustwide/rustup-home/toolchains/beta-2023-12-22-x86_64-unknown-linux-gnu/lib/rustlib/x86_64-unknown-linux-gnu/lib/liballoc-c22b13b48a8f128e.rlib" "/opt/rustwide/rustup-home/toolchains/beta-2023-12-22-x86_64-unknown-linux-gnu/lib/rustlib/x86_64-unknown-linux-gnu/lib/librustc_std_workspace_core-e46bc3da6d7c462f.rlib" "/opt/rustwide/rustup-home/toolchains/beta-2023-12-22-x86_64-unknown-linux-gnu/lib/rustlib/x86_64-unknown-linux-gnu/lib/libcore-8d1ac131d3cb2645.rlib" "/opt/rustwide/rustup-home/toolchains/beta-2023-12-22-x86_64-unknown-linux-gnu/lib/rustlib/x86_64-unknown-linux-gnu/lib/libcompiler_builtins-a1b43df8c6899c1f.rlib" "-Wl,-Bdynamic" "-lWebView2Loader.dll" "-lgcc_s" "-lutil" "-lrt" "-lpthread" "-lm" "-ldl" "-lc" "-Wl,--eh-frame-hdr" "-Wl,-z,noexecstack" "-L" "/opt/rustwide/rustup-home/toolchains/beta-2023-12-22-x86_64-unknown-linux-gnu/lib/rustlib/x86_64-unknown-linux-gnu/lib" "-o" "/opt/rustwide/target/debug/examples/sample-c6c8c0a3a3de458a" "-Wl,--gc-sections" "-pie" "-Wl,-z,relro,-z,now" "-nodefaultlibs"
[INFO] [stdout]   = note: /usr/bin/ld: cannot find -lWebView2Loader.dll: No such file or directory
[INFO] [stdout]           collect2: error: ld returned 1 exit status
[INFO] [stdout]           
[INFO] [stdout] 
[INFO] [stdout] 
[INFO] [stdout] error: aborting due to 1 previous error
[INFO] [stdout] 
[INFO] [stdout] 
[INFO] [stderr] error: could not compile `webview2-com` (example "sample") due to 2 previous errors
[INFO] running `Command { std: "docker" "inspect" "1f277c6cbee4a577318c3feb727c19af3f5746b40d9d113becff1a45e30b333c", kill_on_drop: false }`
[INFO] running `Command { std: "docker" "rm" "-f" "1f277c6cbee4a577318c3feb727c19af3f5746b40d9d113becff1a45e30b333c", kill_on_drop: false }`
[INFO] [stdout] 1f277c6cbee4a577318c3feb727c19af3f5746b40d9d113becff1a45e30b333c
