[INFO] fetching crate webpsan 0.5.1...
[INFO] testing webpsan-0.5.1 against 1.75.0 for beta-1.76-1
[INFO] extracting crate webpsan 0.5.1 into /workspace/builds/worker-6-tc1/source
[INFO] validating manifest of crates.io crate webpsan 0.5.1 on toolchain 1.75.0
[INFO] running `Command { std: CARGO_HOME="/workspace/cargo-home" RUSTUP_HOME="/workspace/rustup-home" "/workspace/cargo-home/bin/cargo" "+1.75.0" "metadata" "--manifest-path" "Cargo.toml" "--no-deps", kill_on_drop: false }`
[INFO] started tweaking crates.io crate webpsan 0.5.1
[INFO] finished tweaking crates.io crate webpsan 0.5.1
[INFO] tweaked toml for crates.io crate webpsan 0.5.1 written to /workspace/builds/worker-6-tc1/source/Cargo.toml
[INFO] running `Command { std: CARGO_HOME="/workspace/cargo-home" RUSTUP_HOME="/workspace/rustup-home" "/workspace/cargo-home/bin/cargo" "+1.75.0" "generate-lockfile" "--manifest-path" "Cargo.toml", kill_on_drop: false }`
[INFO] [stderr]     Updating crates.io index
[INFO] running `Command { std: CARGO_HOME="/workspace/cargo-home" RUSTUP_HOME="/workspace/rustup-home" "/workspace/cargo-home/bin/cargo" "+1.75.0" "fetch" "--manifest-path" "Cargo.toml", kill_on_drop: false }`
[INFO] [stderr]  Downloading crates ...
[INFO] [stderr]   Downloaded mediasan-common v0.5.1
[INFO] running `Command { std: "docker" "create" "-v" "/var/lib/crater-agent-workspace/builds/worker-6-tc1/target:/opt/rustwide/target:rw,Z" "-v" "/var/lib/crater-agent-workspace/builds/worker-6-tc1/source:/opt/rustwide/workdir:ro,Z" "-v" "/var/lib/crater-agent-workspace/cargo-home:/opt/rustwide/cargo-home:ro,Z" "-v" "/var/lib/crater-agent-workspace/rustup-home:/opt/rustwide/rustup-home:ro,Z" "-e" "SOURCE_DIR=/opt/rustwide/workdir" "-e" "CARGO_TARGET_DIR=/opt/rustwide/target" "-e" "CARGO_HOME=/opt/rustwide/cargo-home" "-e" "RUSTUP_HOME=/opt/rustwide/rustup-home" "-w" "/opt/rustwide/workdir" "-m" "1610612736" "--user" "0:0" "--network" "none" "ghcr.io/rust-lang/crates-build-env/linux@sha256:2788e3201cd34a07e3172128adcd8b3090168a8e3bcc40d7c032b9dda1df7d1c" "/opt/rustwide/cargo-home/bin/cargo" "+1.75.0" "metadata" "--no-deps" "--format-version=1", kill_on_drop: false }`
[INFO] [stdout] 9be843f5f8c0bbdd08313ee23781af3ba81eed18897597e97bf776b3aac222a9
[INFO] running `Command { std: "docker" "start" "-a" "9be843f5f8c0bbdd08313ee23781af3ba81eed18897597e97bf776b3aac222a9", kill_on_drop: false }`
[INFO] running `Command { std: "docker" "inspect" "9be843f5f8c0bbdd08313ee23781af3ba81eed18897597e97bf776b3aac222a9", kill_on_drop: false }`
[INFO] running `Command { std: "docker" "rm" "-f" "9be843f5f8c0bbdd08313ee23781af3ba81eed18897597e97bf776b3aac222a9", kill_on_drop: false }`
[INFO] [stdout] 9be843f5f8c0bbdd08313ee23781af3ba81eed18897597e97bf776b3aac222a9
[INFO] running `Command { std: "docker" "create" "-v" "/var/lib/crater-agent-workspace/builds/worker-6-tc1/target:/opt/rustwide/target:rw,Z" "-v" "/var/lib/crater-agent-workspace/builds/worker-6-tc1/source:/opt/rustwide/workdir:ro,Z" "-v" "/var/lib/crater-agent-workspace/cargo-home:/opt/rustwide/cargo-home:ro,Z" "-v" "/var/lib/crater-agent-workspace/rustup-home:/opt/rustwide/rustup-home:ro,Z" "-e" "SOURCE_DIR=/opt/rustwide/workdir" "-e" "CARGO_TARGET_DIR=/opt/rustwide/target" "-e" "CARGO_INCREMENTAL=0" "-e" "RUST_BACKTRACE=full" "-e" "RUSTFLAGS=--cap-lints=warn" "-e" "RUSTDOCFLAGS=--cap-lints=warn" "-e" "CARGO_HOME=/opt/rustwide/cargo-home" "-e" "RUSTUP_HOME=/opt/rustwide/rustup-home" "-w" "/opt/rustwide/workdir" "-m" "1610612736" "--user" "0:0" "--network" "none" "ghcr.io/rust-lang/crates-build-env/linux@sha256:2788e3201cd34a07e3172128adcd8b3090168a8e3bcc40d7c032b9dda1df7d1c" "/opt/rustwide/cargo-home/bin/cargo" "+1.75.0" "build" "--frozen" "--message-format=json", kill_on_drop: false }`
[INFO] [stdout] 7712b0a74ca7c78ec0adcc1806c542c36d17b8155d4b5ff4ebb39bac02b7ad01
[INFO] running `Command { std: "docker" "start" "-a" "7712b0a74ca7c78ec0adcc1806c542c36d17b8155d4b5ff4ebb39bac02b7ad01", kill_on_drop: false }`
[INFO] [stderr]    Compiling proc-macro2 v1.0.75
[INFO] [stderr]    Compiling unicode-ident v1.0.12
[INFO] [stderr]    Compiling autocfg v1.1.0
[INFO] [stderr]    Compiling syn v1.0.109
[INFO] [stderr]    Compiling ident_case v1.0.1
[INFO] [stderr]    Compiling strsim v0.10.0
[INFO] [stderr]    Compiling fnv v1.0.7
[INFO] [stderr]    Compiling thiserror v1.0.56
[INFO] [stderr]    Compiling pin-utils v0.1.0
[INFO] [stderr]    Compiling pin-project-lite v0.2.13
[INFO] [stderr]    Compiling futures-io v0.3.30
[INFO] [stderr]    Compiling futures-task v0.3.30
[INFO] [stderr]    Compiling futures-core v0.3.30
[INFO] [stderr]    Compiling memchr v2.7.1
[INFO] [stderr]    Compiling convert_case v0.4.0
[INFO] [stderr]    Compiling bitflags v2.4.1
[INFO] [stderr]    Compiling bitstream-io v1.10.0
[INFO] [stderr]    Compiling assert_matches v1.5.0
[INFO] [stderr]    Compiling log v0.4.20
[INFO] [stderr]    Compiling slab v0.4.9
[INFO] [stderr]    Compiling num-traits v0.2.17
[INFO] [stderr]    Compiling num-integer v0.1.45
[INFO] [stderr]    Compiling futures-util v0.3.30
[INFO] [stderr]    Compiling quote v1.0.35
[INFO] [stderr]    Compiling syn v2.0.48
[INFO] [stderr]    Compiling thiserror-impl v1.0.56
[INFO] [stderr]    Compiling darling_core v0.14.4
[INFO] [stderr]    Compiling derive_more v0.99.17
[INFO] [stderr]    Compiling darling_macro v0.14.4
[INFO] [stderr]    Compiling darling v0.14.4
[INFO] [stderr]    Compiling derive_builder_core v0.12.0
[INFO] [stderr]    Compiling mediasan-common v0.5.1
[INFO] [stderr]    Compiling derive_builder_macro v0.12.0
[INFO] [stderr]    Compiling derive_builder v0.12.0
[INFO] [stderr]    Compiling webpsan v0.5.1 (/opt/rustwide/workdir)
[INFO] [stderr]     Finished dev [unoptimized + debuginfo] target(s) in 9.72s
[INFO] running `Command { std: "docker" "inspect" "7712b0a74ca7c78ec0adcc1806c542c36d17b8155d4b5ff4ebb39bac02b7ad01", kill_on_drop: false }`
[INFO] running `Command { std: "docker" "rm" "-f" "7712b0a74ca7c78ec0adcc1806c542c36d17b8155d4b5ff4ebb39bac02b7ad01", kill_on_drop: false }`
[INFO] [stdout] 7712b0a74ca7c78ec0adcc1806c542c36d17b8155d4b5ff4ebb39bac02b7ad01
[INFO] running `Command { std: "docker" "create" "-v" "/var/lib/crater-agent-workspace/builds/worker-6-tc1/target:/opt/rustwide/target:rw,Z" "-v" "/var/lib/crater-agent-workspace/builds/worker-6-tc1/source:/opt/rustwide/workdir:ro,Z" "-v" "/var/lib/crater-agent-workspace/cargo-home:/opt/rustwide/cargo-home:ro,Z" "-v" "/var/lib/crater-agent-workspace/rustup-home:/opt/rustwide/rustup-home:ro,Z" "-e" "SOURCE_DIR=/opt/rustwide/workdir" "-e" "CARGO_TARGET_DIR=/opt/rustwide/target" "-e" "CARGO_INCREMENTAL=0" "-e" "RUST_BACKTRACE=full" "-e" "RUSTFLAGS=--cap-lints=warn" "-e" "RUSTDOCFLAGS=--cap-lints=warn" "-e" "CARGO_HOME=/opt/rustwide/cargo-home" "-e" "RUSTUP_HOME=/opt/rustwide/rustup-home" "-w" "/opt/rustwide/workdir" "-m" "1610612736" "--user" "0:0" "--network" "none" "ghcr.io/rust-lang/crates-build-env/linux@sha256:2788e3201cd34a07e3172128adcd8b3090168a8e3bcc40d7c032b9dda1df7d1c" "/opt/rustwide/cargo-home/bin/cargo" "+1.75.0" "test" "--frozen" "--no-run" "--message-format=json", kill_on_drop: false }`
[INFO] [stdout] 1c0cb27ad6e30cc453060baaa3de94f79c9d8cf7298b0efbbcb369b7b0420b4c
[INFO] running `Command { std: "docker" "start" "-a" "1c0cb27ad6e30cc453060baaa3de94f79c9d8cf7298b0efbbcb369b7b0420b4c", kill_on_drop: false }`
[INFO] [stderr]    Compiling futures-sink v0.3.30
[INFO] [stderr]    Compiling crossbeam-utils v0.8.18
[INFO] [stderr]    Compiling serde v1.0.194
[INFO] [stderr]    Compiling num-traits v0.2.17
[INFO] [stderr]    Compiling rayon-core v1.12.0
[INFO] [stderr]    Compiling rustix v0.38.28
[INFO] [stderr]    Compiling half v1.8.2
[INFO] [stderr]    Compiling plotters-backend v0.3.5
[INFO] [stderr]    Compiling ciborium-io v0.2.1
[INFO] [stderr]    Compiling regex-syntax v0.8.2
[INFO] [stderr]    Compiling linux-raw-sys v0.4.12
[INFO] [stderr]    Compiling serde_derive v1.0.194
[INFO] [stderr]    Compiling clap_builder v4.4.12
[INFO] [stderr]    Compiling itertools v0.10.5
[INFO] [stderr]    Compiling cast v0.3.0
[INFO] [stderr]    Compiling anes v0.1.6
[INFO] [stderr]    Compiling futures-channel v0.3.30
[INFO] [stderr]    Compiling once_cell v1.19.0
[INFO] [stderr]    Compiling oorandom v11.1.3
[INFO] [stderr]    Compiling futures-util v0.3.30
[INFO] [stderr]    Compiling ciborium-ll v0.2.1
[INFO] [stderr]    Compiling plotters-svg v0.3.5
[INFO] [stderr]    Compiling crossbeam-epoch v0.9.17
[INFO] [stderr]    Compiling crossbeam-deque v0.8.4
[INFO] [stderr]    Compiling is-terminal v0.4.10
[INFO] [stderr]    Compiling plotters v0.3.5
[INFO] [stderr]    Compiling num-integer v0.1.45
[INFO] [stderr]    Compiling regex-automata v0.4.3
[INFO] [stderr]    Compiling criterion-plot v0.5.0
[INFO] [stderr]    Compiling rayon v1.8.0
[INFO] [stderr]    Compiling clap v4.4.13
[INFO] [stderr]    Compiling regex v1.10.2
[INFO] [stderr]    Compiling futures-executor v0.3.30
[INFO] [stderr]    Compiling mediasan-common v0.5.1
[INFO] [stderr]    Compiling futures v0.3.30
[INFO] [stderr]    Compiling webpsan v0.5.1 (/opt/rustwide/workdir)
[INFO] [stderr]    Compiling serde_json v1.0.111
[INFO] [stderr]    Compiling ciborium v0.2.1
[INFO] [stderr]    Compiling tinytemplate v1.2.1
[INFO] [stderr]    Compiling criterion v0.5.1
[INFO] [stdout] error[E0432]: unresolved import `mediasan_common_test`
[INFO] [stdout]  --> tests/test-data.rs:3:5
[INFO] [stdout]   |
[INFO] [stdout] 3 | use mediasan_common_test::{init_logger, TestType};
[INFO] [stdout]   |     ^^^^^^^^^^^^^^^^^^^^ use of undeclared crate or module `mediasan_common_test`
[INFO] [stdout]   |
[INFO] [stdout] help: there is a crate or module with a similar name
[INFO] [stdout]   |
[INFO] [stdout] 3 | use mediasan_common::{init_logger, TestType};
[INFO] [stdout]   |     ~~~~~~~~~~~~~~~
[INFO] [stdout] 
[INFO] [stdout] 
[INFO] [stdout] error[E0432]: unresolved import `mediasan_common_test`
[INFO] [stdout]  --> src/util/test/webp.rs:7:5
[INFO] [stdout]   |
[INFO] [stdout] 7 | use mediasan_common_test::init_logger;
[INFO] [stdout]   |     ^^^^^^^^^^^^^^^^^^^^ use of undeclared crate or module `mediasan_common_test`
[INFO] [stdout]   |
[INFO] [stdout] help: there is a crate or module with a similar name
[INFO] [stdout]   |
[INFO] [stdout] 7 | use mediasan_common::init_logger;
[INFO] [stdout]   |     ~~~~~~~~~~~~~~~
[INFO] [stdout] 
[INFO] [stdout] 
[INFO] [stdout] error[E0432]: unresolved import `webpsan_test`
[INFO] [stdout]  --> src/util/test/webp.rs:8:5
[INFO] [stdout]   |
[INFO] [stdout] 8 | use webpsan_test::{libwebp_assert_invalid, libwebp_assert_valid};
[INFO] [stdout]   |     ^^^^^^^^^^^^ use of undeclared crate or module `webpsan_test`
[INFO] [stdout] 
[INFO] [stdout] 
[INFO] [stdout] error[E0433]: failed to resolve: use of undeclared crate or module `mediasan_common_test`
[INFO] [stdout]   --> tests/test-data.rs:11:5
[INFO] [stdout]    |
[INFO] [stdout] 11 |     mediasan_common_test::test_data(".webp", |test_type, data| match test_type {
[INFO] [stdout]    |     ^^^^^^^^^^^^^^^^^^^^ use of undeclared crate or module `mediasan_common_test`
[INFO] [stdout]    |
[INFO] [stdout] help: there is a crate or module with a similar name
[INFO] [stdout]    |
[INFO] [stdout] 11 |     mediasan_common::test_data(".webp", |test_type, data| match test_type {
[INFO] [stdout]    |     ~~~~~~~~~~~~~~~
[INFO] [stdout] 
[INFO] [stdout] 
[INFO] [stdout] error: aborting due to 2 previous errors
[INFO] [stdout] 
[INFO] [stdout] 
[INFO] [stdout] Some errors have detailed explanations: E0432, E0433.
[INFO] [stdout] 
[INFO] [stdout] For more information about an error, try `rustc --explain E0432`.
[INFO] [stdout] 
[INFO] [stderr] error: could not compile `webpsan` (test "test-data") due to 3 previous errors
[INFO] [stderr] warning: build failed, waiting for other jobs to finish...
[INFO] [stdout] error[E0283]: type annotations needed
[INFO] [stdout]    --> src/parse/lossless.rs:570:59
[INFO] [stdout]     |
[INFO] [stdout] 570 |                 if code_lengths.len() == max_symbol_count.into() {
[INFO] [stdout]     |                                       --                  ^^^^
[INFO] [stdout]     |                                       |
[INFO] [stdout]     |                                       type must be known at this point
[INFO] [stdout]     |
[INFO] [stdout]     = note: multiple `impl`s satisfying `usize: PartialEq<_>` found in the following crates: `core`, `serde_json`:
[INFO] [stdout]             - impl PartialEq for usize;
[INFO] [stdout]             - impl PartialEq<serde_json::Value> for usize;
[INFO] [stdout] help: try using a fully qualified path to specify the expected types
[INFO] [stdout]     |
[INFO] [stdout] 570 |                 if code_lengths.len() == <u16 as Into<T>>::into(max_symbol_count) {
[INFO] [stdout]     |                                          +++++++++++++++++++++++                ~
[INFO] [stdout] 
[INFO] [stdout] 
[INFO] [stdout] error: aborting due to 3 previous errors
[INFO] [stdout] 
[INFO] [stdout] 
[INFO] [stdout] Some errors have detailed explanations: E0283, E0432.
[INFO] [stdout] 
[INFO] [stdout] For more information about an error, try `rustc --explain E0283`.
[INFO] [stdout] 
[INFO] [stderr] error: could not compile `webpsan` (lib test) due to 4 previous errors
[INFO] running `Command { std: "docker" "inspect" "1c0cb27ad6e30cc453060baaa3de94f79c9d8cf7298b0efbbcb369b7b0420b4c", kill_on_drop: false }`
[INFO] running `Command { std: "docker" "rm" "-f" "1c0cb27ad6e30cc453060baaa3de94f79c9d8cf7298b0efbbcb369b7b0420b4c", kill_on_drop: false }`
[INFO] [stdout] 1c0cb27ad6e30cc453060baaa3de94f79c9d8cf7298b0efbbcb369b7b0420b4c
[INFO] testing webpsan-0.5.1 against beta-2023-12-22 for beta-1.76-1
[INFO] extracting crate webpsan 0.5.1 into /workspace/builds/worker-6-tc2/source
[INFO] validating manifest of crates.io crate webpsan 0.5.1 on toolchain beta-2023-12-22
[INFO] running `Command { std: CARGO_HOME="/workspace/cargo-home" RUSTUP_HOME="/workspace/rustup-home" "/workspace/cargo-home/bin/cargo" "+beta-2023-12-22" "metadata" "--manifest-path" "Cargo.toml" "--no-deps", kill_on_drop: false }`
[INFO] started tweaking crates.io crate webpsan 0.5.1
[INFO] finished tweaking crates.io crate webpsan 0.5.1
[INFO] tweaked toml for crates.io crate webpsan 0.5.1 written to /workspace/builds/worker-6-tc2/source/Cargo.toml
[INFO] running `Command { std: CARGO_HOME="/workspace/cargo-home" RUSTUP_HOME="/workspace/rustup-home" "/workspace/cargo-home/bin/cargo" "+beta-2023-12-22" "generate-lockfile" "--manifest-path" "Cargo.toml", kill_on_drop: false }`
[INFO] [stderr]     Updating crates.io index
[INFO] running `Command { std: CARGO_HOME="/workspace/cargo-home" RUSTUP_HOME="/workspace/rustup-home" "/workspace/cargo-home/bin/cargo" "+beta-2023-12-22" "fetch" "--manifest-path" "Cargo.toml", kill_on_drop: false }`
[INFO] running `Command { std: "docker" "create" "-v" "/var/lib/crater-agent-workspace/builds/worker-6-tc2/target:/opt/rustwide/target:rw,Z" "-v" "/var/lib/crater-agent-workspace/builds/worker-6-tc2/source:/opt/rustwide/workdir:ro,Z" "-v" "/var/lib/crater-agent-workspace/cargo-home:/opt/rustwide/cargo-home:ro,Z" "-v" "/var/lib/crater-agent-workspace/rustup-home:/opt/rustwide/rustup-home:ro,Z" "-e" "SOURCE_DIR=/opt/rustwide/workdir" "-e" "CARGO_TARGET_DIR=/opt/rustwide/target" "-e" "CARGO_HOME=/opt/rustwide/cargo-home" "-e" "RUSTUP_HOME=/opt/rustwide/rustup-home" "-w" "/opt/rustwide/workdir" "-m" "1610612736" "--user" "0:0" "--network" "none" "ghcr.io/rust-lang/crates-build-env/linux@sha256:2788e3201cd34a07e3172128adcd8b3090168a8e3bcc40d7c032b9dda1df7d1c" "/opt/rustwide/cargo-home/bin/cargo" "+beta-2023-12-22" "metadata" "--no-deps" "--format-version=1", kill_on_drop: false }`
[INFO] [stdout] 619544887d83e933cbf9775957cf6e73c68fe5d3a1841f71c09d7086a91e95f6
[INFO] running `Command { std: "docker" "start" "-a" "619544887d83e933cbf9775957cf6e73c68fe5d3a1841f71c09d7086a91e95f6", kill_on_drop: false }`
[INFO] running `Command { std: "docker" "inspect" "619544887d83e933cbf9775957cf6e73c68fe5d3a1841f71c09d7086a91e95f6", kill_on_drop: false }`
[INFO] running `Command { std: "docker" "rm" "-f" "619544887d83e933cbf9775957cf6e73c68fe5d3a1841f71c09d7086a91e95f6", kill_on_drop: false }`
[INFO] [stdout] 619544887d83e933cbf9775957cf6e73c68fe5d3a1841f71c09d7086a91e95f6
[INFO] running `Command { std: "docker" "create" "-v" "/var/lib/crater-agent-workspace/builds/worker-6-tc2/target:/opt/rustwide/target:rw,Z" "-v" "/var/lib/crater-agent-workspace/builds/worker-6-tc2/source:/opt/rustwide/workdir:ro,Z" "-v" "/var/lib/crater-agent-workspace/cargo-home:/opt/rustwide/cargo-home:ro,Z" "-v" "/var/lib/crater-agent-workspace/rustup-home:/opt/rustwide/rustup-home:ro,Z" "-e" "SOURCE_DIR=/opt/rustwide/workdir" "-e" "CARGO_TARGET_DIR=/opt/rustwide/target" "-e" "CARGO_INCREMENTAL=0" "-e" "RUST_BACKTRACE=full" "-e" "RUSTFLAGS=--cap-lints=warn" "-e" "RUSTDOCFLAGS=--cap-lints=warn" "-e" "CARGO_HOME=/opt/rustwide/cargo-home" "-e" "RUSTUP_HOME=/opt/rustwide/rustup-home" "-w" "/opt/rustwide/workdir" "-m" "1610612736" "--user" "0:0" "--network" "none" "ghcr.io/rust-lang/crates-build-env/linux@sha256:2788e3201cd34a07e3172128adcd8b3090168a8e3bcc40d7c032b9dda1df7d1c" "/opt/rustwide/cargo-home/bin/cargo" "+beta-2023-12-22" "build" "--frozen" "--message-format=json", kill_on_drop: false }`
[INFO] [stdout] c660c8c9e896f9c21633d1b5fb9f2341e54cd3f1cf5b9d95fd58b6fb26814e36
[INFO] running `Command { std: "docker" "start" "-a" "c660c8c9e896f9c21633d1b5fb9f2341e54cd3f1cf5b9d95fd58b6fb26814e36", kill_on_drop: false }`
[INFO] [stderr]    Compiling proc-macro2 v1.0.75
[INFO] [stderr]    Compiling unicode-ident v1.0.12
[INFO] [stderr]    Compiling autocfg v1.1.0
[INFO] [stderr]    Compiling syn v1.0.109
[INFO] [stderr]    Compiling strsim v0.10.0
[INFO] [stderr]    Compiling ident_case v1.0.1
[INFO] [stderr]    Compiling fnv v1.0.7
[INFO] [stderr]    Compiling thiserror v1.0.56
[INFO] [stderr]    Compiling convert_case v0.4.0
[INFO] [stderr]    Compiling memchr v2.7.1
[INFO] [stderr]    Compiling futures-task v0.3.30
[INFO] [stderr]    Compiling futures-core v0.3.30
[INFO] [stderr]    Compiling pin-utils v0.1.0
[INFO] [stderr]    Compiling futures-io v0.3.30
[INFO] [stderr]    Compiling pin-project-lite v0.2.13
[INFO] [stderr]    Compiling bitstream-io v1.10.0
[INFO] [stderr]    Compiling assert_matches v1.5.0
[INFO] [stderr]    Compiling log v0.4.20
[INFO] [stderr]    Compiling bitflags v2.4.1
[INFO] [stderr]    Compiling slab v0.4.9
[INFO] [stderr]    Compiling num-traits v0.2.17
[INFO] [stderr]    Compiling num-integer v0.1.45
[INFO] [stderr]    Compiling quote v1.0.35
[INFO] [stderr]    Compiling futures-util v0.3.30
[INFO] [stderr]    Compiling syn v2.0.48
[INFO] [stderr]    Compiling thiserror-impl v1.0.56
[INFO] [stderr]    Compiling darling_core v0.14.4
[INFO] [stderr]    Compiling derive_more v0.99.17
[INFO] [stderr]    Compiling darling_macro v0.14.4
[INFO] [stderr]    Compiling darling v0.14.4
[INFO] [stderr]    Compiling derive_builder_core v0.12.0
[INFO] [stderr]    Compiling derive_builder_macro v0.12.0
[INFO] [stderr]    Compiling mediasan-common v0.5.1
[INFO] [stderr]    Compiling derive_builder v0.12.0
[INFO] [stderr]    Compiling webpsan v0.5.1 (/opt/rustwide/workdir)
[INFO] [stderr]     Finished dev [unoptimized + debuginfo] target(s) in 14.34s
[INFO] running `Command { std: "docker" "inspect" "c660c8c9e896f9c21633d1b5fb9f2341e54cd3f1cf5b9d95fd58b6fb26814e36", kill_on_drop: false }`
[INFO] running `Command { std: "docker" "rm" "-f" "c660c8c9e896f9c21633d1b5fb9f2341e54cd3f1cf5b9d95fd58b6fb26814e36", kill_on_drop: false }`
[INFO] [stdout] c660c8c9e896f9c21633d1b5fb9f2341e54cd3f1cf5b9d95fd58b6fb26814e36
[INFO] running `Command { std: "docker" "create" "-v" "/var/lib/crater-agent-workspace/builds/worker-6-tc2/target:/opt/rustwide/target:rw,Z" "-v" "/var/lib/crater-agent-workspace/builds/worker-6-tc2/source:/opt/rustwide/workdir:ro,Z" "-v" "/var/lib/crater-agent-workspace/cargo-home:/opt/rustwide/cargo-home:ro,Z" "-v" "/var/lib/crater-agent-workspace/rustup-home:/opt/rustwide/rustup-home:ro,Z" "-e" "SOURCE_DIR=/opt/rustwide/workdir" "-e" "CARGO_TARGET_DIR=/opt/rustwide/target" "-e" "CARGO_INCREMENTAL=0" "-e" "RUST_BACKTRACE=full" "-e" "RUSTFLAGS=--cap-lints=warn" "-e" "RUSTDOCFLAGS=--cap-lints=warn" "-e" "CARGO_HOME=/opt/rustwide/cargo-home" "-e" "RUSTUP_HOME=/opt/rustwide/rustup-home" "-w" "/opt/rustwide/workdir" "-m" "1610612736" "--user" "0:0" "--network" "none" "ghcr.io/rust-lang/crates-build-env/linux@sha256:2788e3201cd34a07e3172128adcd8b3090168a8e3bcc40d7c032b9dda1df7d1c" "/opt/rustwide/cargo-home/bin/cargo" "+beta-2023-12-22" "test" "--frozen" "--no-run" "--message-format=json", kill_on_drop: false }`
[INFO] [stdout] 30d03c31a5881456a79508ec4061e5dab632d96540b68dd99966ccbdc5f9b688
[INFO] running `Command { std: "docker" "start" "-a" "30d03c31a5881456a79508ec4061e5dab632d96540b68dd99966ccbdc5f9b688", kill_on_drop: false }`
[INFO] [stderr]    Compiling futures-sink v0.3.30
[INFO] [stderr]    Compiling crossbeam-utils v0.8.18
[INFO] [stderr]    Compiling serde v1.0.194
[INFO] [stderr]    Compiling num-traits v0.2.17
[INFO] [stderr]    Compiling rustix v0.38.28
[INFO] [stderr]    Compiling rayon-core v1.12.0
[INFO] [stderr]    Compiling regex-syntax v0.8.2
[INFO] [stderr]    Compiling plotters-backend v0.3.5
[INFO] [stderr]    Compiling ciborium-io v0.2.1
[INFO] [stderr]    Compiling half v1.8.2
[INFO] [stderr]    Compiling linux-raw-sys v0.4.12
[INFO] [stderr]    Compiling clap_builder v4.4.12
[INFO] [stderr]    Compiling serde_derive v1.0.194
[INFO] [stderr]    Compiling itertools v0.10.5
[INFO] [stderr]    Compiling cast v0.3.0
[INFO] [stderr]    Compiling anes v0.1.6
[INFO] [stderr]    Compiling futures-channel v0.3.30
[INFO] [stderr]    Compiling once_cell v1.19.0
[INFO] [stderr]    Compiling oorandom v11.1.3
[INFO] [stderr]    Compiling plotters-svg v0.3.5
[INFO] [stderr]    Compiling ciborium-ll v0.2.1
[INFO] [stderr]    Compiling futures-util v0.3.30
[INFO] [stderr]    Compiling crossbeam-epoch v0.9.17
[INFO] [stderr]    Compiling crossbeam-deque v0.8.4
[INFO] [stderr]    Compiling regex-automata v0.4.3
[INFO] [stderr]    Compiling is-terminal v0.4.10
[INFO] [stderr]    Compiling plotters v0.3.5
[INFO] [stderr]    Compiling num-integer v0.1.45
[INFO] [stderr]    Compiling rayon v1.8.0
[INFO] [stderr]    Compiling criterion-plot v0.5.0
[INFO] [stderr]    Compiling clap v4.4.13
[INFO] [stderr]    Compiling regex v1.10.2
[INFO] [stderr]    Compiling futures-executor v0.3.30
[INFO] [stderr]    Compiling mediasan-common v0.5.1
[INFO] [stderr]    Compiling futures v0.3.30
[INFO] [stderr]    Compiling webpsan v0.5.1 (/opt/rustwide/workdir)
[INFO] [stderr]    Compiling serde_json v1.0.111
[INFO] [stderr]    Compiling ciborium v0.2.1
[INFO] [stderr]    Compiling tinytemplate v1.2.1
[INFO] [stderr]    Compiling criterion v0.5.1
[INFO] [stdout] error[E0432]: unresolved import `mediasan_common_test`
[INFO] [stdout]  --> tests/test-data.rs:3:5
[INFO] [stdout]   |
[INFO] [stdout] 3 | use mediasan_common_test::{init_logger, TestType};
[INFO] [stdout]   |     ^^^^^^^^^^^^^^^^^^^^ use of undeclared crate or module `mediasan_common_test`
[INFO] [stdout]   |
[INFO] [stdout] help: there is a crate or module with a similar name
[INFO] [stdout]   |
[INFO] [stdout] 3 | use mediasan_common::{init_logger, TestType};
[INFO] [stdout]   |     ~~~~~~~~~~~~~~~
[INFO] [stdout] 
[INFO] [stdout] 
[INFO] [stdout] error[E0433]: failed to resolve: use of undeclared crate or module `mediasan_common_test`
[INFO] [stdout]   --> tests/test-data.rs:11:5
[INFO] [stdout]    |
[INFO] [stdout] 11 |     mediasan_common_test::test_data(".webp", |test_type, data| match test_type {
[INFO] [stdout]    |     ^^^^^^^^^^^^^^^^^^^^ use of undeclared crate or module `mediasan_common_test`
[INFO] [stdout]    |
[INFO] [stdout] help: there is a crate or module with a similar name
[INFO] [stdout]    |
[INFO] [stdout] 11 |     mediasan_common::test_data(".webp", |test_type, data| match test_type {
[INFO] [stdout]    |     ~~~~~~~~~~~~~~~
[INFO] [stdout] 
[INFO] [stdout] 
[INFO] [stdout] error: aborting due to 2 previous errors
[INFO] [stdout] 
[INFO] [stdout] 
[INFO] [stdout] Some errors have detailed explanations: E0432, E0433.
[INFO] [stdout] 
[INFO] [stdout] For more information about an error, try `rustc --explain E0432`.
[INFO] [stdout] 
[INFO] [stdout] error[E0432]: unresolved import `mediasan_common_test`
[INFO] [stdout]  --> src/util/test/webp.rs:7:5
[INFO] [stdout]   |
[INFO] [stdout] 7 | use mediasan_common_test::init_logger;
[INFO] [stdout]   |     ^^^^^^^^^^^^^^^^^^^^ use of undeclared crate or module `mediasan_common_test`
[INFO] [stdout]   |
[INFO] [stdout] help: there is a crate or module with a similar name
[INFO] [stdout]   |
[INFO] [stdout] 7 | use mediasan_common::init_logger;
[INFO] [stdout]   |     ~~~~~~~~~~~~~~~
[INFO] [stdout] 
[INFO] [stdout] 
[INFO] [stdout] error[E0432]: unresolved import `webpsan_test`
[INFO] [stdout]  --> src/util/test/webp.rs:8:5
[INFO] [stdout]   |
[INFO] [stdout] 8 | use webpsan_test::{libwebp_assert_invalid, libwebp_assert_valid};
[INFO] [stdout]   |     ^^^^^^^^^^^^ use of undeclared crate or module `webpsan_test`
[INFO] [stdout] 
[INFO] [stdout] 
[INFO] [stderr] error: could not compile `webpsan` (test "test-data") due to 3 previous errors
[INFO] [stderr] warning: build failed, waiting for other jobs to finish...
[INFO] [stdout] error[E0283]: type annotations needed
[INFO] [stdout]    --> src/parse/lossless.rs:570:59
[INFO] [stdout]     |
[INFO] [stdout] 570 |                 if code_lengths.len() == max_symbol_count.into() {
[INFO] [stdout]     |                                       --                  ^^^^
[INFO] [stdout]     |                                       |
[INFO] [stdout]     |                                       type must be known at this point
[INFO] [stdout]     |
[INFO] [stdout]     = note: multiple `impl`s satisfying `usize: PartialEq<_>` found in the following crates: `core`, `serde_json`:
[INFO] [stdout]             - impl PartialEq<serde_json::Value> for usize;
[INFO] [stdout]             - impl<host> PartialEq for usize
[INFO] [stdout]               where the constant `host` has type `bool`;
[INFO] [stdout] help: try using a fully qualified path to specify the expected types
[INFO] [stdout]     |
[INFO] [stdout] 570 |                 if code_lengths.len() == <u16 as Into<T>>::into(max_symbol_count) {
[INFO] [stdout]     |                                          +++++++++++++++++++++++                ~
[INFO] [stdout] 
[INFO] [stdout] 
[INFO] [stdout] error: aborting due to 3 previous errors
[INFO] [stdout] 
[INFO] [stdout] 
[INFO] [stdout] Some errors have detailed explanations: E0283, E0432.
[INFO] [stdout] 
[INFO] [stdout] For more information about an error, try `rustc --explain E0283`.
[INFO] [stdout] 
[INFO] [stderr] error: could not compile `webpsan` (lib test) due to 4 previous errors
[INFO] running `Command { std: "docker" "inspect" "30d03c31a5881456a79508ec4061e5dab632d96540b68dd99966ccbdc5f9b688", kill_on_drop: false }`
[INFO] running `Command { std: "docker" "rm" "-f" "30d03c31a5881456a79508ec4061e5dab632d96540b68dd99966ccbdc5f9b688", kill_on_drop: false }`
[INFO] [stdout] 30d03c31a5881456a79508ec4061e5dab632d96540b68dd99966ccbdc5f9b688
