[INFO] fetching crate webmachine-rust 0.3.0...
[INFO] testing webmachine-rust-0.3.0 against 1.75.0 for beta-1.76-1
[INFO] extracting crate webmachine-rust 0.3.0 into /workspace/builds/worker-3-tc1/source
[INFO] validating manifest of crates.io crate webmachine-rust 0.3.0 on toolchain 1.75.0
[INFO] running `Command { std: CARGO_HOME="/workspace/cargo-home" RUSTUP_HOME="/workspace/rustup-home" "/workspace/cargo-home/bin/cargo" "+1.75.0" "metadata" "--manifest-path" "Cargo.toml" "--no-deps", kill_on_drop: false }`
[INFO] started tweaking crates.io crate webmachine-rust 0.3.0
[INFO] finished tweaking crates.io crate webmachine-rust 0.3.0
[INFO] tweaked toml for crates.io crate webmachine-rust 0.3.0 written to /workspace/builds/worker-3-tc1/source/Cargo.toml
[INFO] running `Command { std: CARGO_HOME="/workspace/cargo-home" RUSTUP_HOME="/workspace/rustup-home" "/workspace/cargo-home/bin/cargo" "+1.75.0" "generate-lockfile" "--manifest-path" "Cargo.toml", kill_on_drop: false }`
[INFO] [stderr]     Updating crates.io index
[INFO] running `Command { std: CARGO_HOME="/workspace/cargo-home" RUSTUP_HOME="/workspace/rustup-home" "/workspace/cargo-home/bin/cargo" "+1.75.0" "fetch" "--manifest-path" "Cargo.toml", kill_on_drop: false }`
[INFO] [stderr]  Downloading crates ...
[INFO] [stderr]   Downloaded expectest v0.12.0
[INFO] running `Command { std: "docker" "create" "-v" "/var/lib/crater-agent-workspace/builds/worker-3-tc1/target:/opt/rustwide/target:rw,Z" "-v" "/var/lib/crater-agent-workspace/builds/worker-3-tc1/source:/opt/rustwide/workdir:ro,Z" "-v" "/var/lib/crater-agent-workspace/cargo-home:/opt/rustwide/cargo-home:ro,Z" "-v" "/var/lib/crater-agent-workspace/rustup-home:/opt/rustwide/rustup-home:ro,Z" "-e" "SOURCE_DIR=/opt/rustwide/workdir" "-e" "CARGO_TARGET_DIR=/opt/rustwide/target" "-e" "CARGO_HOME=/opt/rustwide/cargo-home" "-e" "RUSTUP_HOME=/opt/rustwide/rustup-home" "-w" "/opt/rustwide/workdir" "-m" "1610612736" "--user" "0:0" "--network" "none" "ghcr.io/rust-lang/crates-build-env/linux@sha256:2788e3201cd34a07e3172128adcd8b3090168a8e3bcc40d7c032b9dda1df7d1c" "/opt/rustwide/cargo-home/bin/cargo" "+1.75.0" "metadata" "--no-deps" "--format-version=1", kill_on_drop: false }`
[INFO] [stdout] c2d79d205562ee14df3fcbe5e5e6ddafcf78de5969950121342e6a5b04209c70
[INFO] running `Command { std: "docker" "start" "-a" "c2d79d205562ee14df3fcbe5e5e6ddafcf78de5969950121342e6a5b04209c70", kill_on_drop: false }`
[INFO] running `Command { std: "docker" "inspect" "c2d79d205562ee14df3fcbe5e5e6ddafcf78de5969950121342e6a5b04209c70", kill_on_drop: false }`
[INFO] running `Command { std: "docker" "rm" "-f" "c2d79d205562ee14df3fcbe5e5e6ddafcf78de5969950121342e6a5b04209c70", kill_on_drop: false }`
[INFO] [stdout] c2d79d205562ee14df3fcbe5e5e6ddafcf78de5969950121342e6a5b04209c70
[INFO] running `Command { std: "docker" "create" "-v" "/var/lib/crater-agent-workspace/builds/worker-3-tc1/target:/opt/rustwide/target:rw,Z" "-v" "/var/lib/crater-agent-workspace/builds/worker-3-tc1/source:/opt/rustwide/workdir:ro,Z" "-v" "/var/lib/crater-agent-workspace/cargo-home:/opt/rustwide/cargo-home:ro,Z" "-v" "/var/lib/crater-agent-workspace/rustup-home:/opt/rustwide/rustup-home:ro,Z" "-e" "SOURCE_DIR=/opt/rustwide/workdir" "-e" "CARGO_TARGET_DIR=/opt/rustwide/target" "-e" "CARGO_INCREMENTAL=0" "-e" "RUST_BACKTRACE=full" "-e" "RUSTFLAGS=--cap-lints=warn" "-e" "RUSTDOCFLAGS=--cap-lints=warn" "-e" "CARGO_HOME=/opt/rustwide/cargo-home" "-e" "RUSTUP_HOME=/opt/rustwide/rustup-home" "-w" "/opt/rustwide/workdir" "-m" "1610612736" "--user" "0:0" "--network" "none" "ghcr.io/rust-lang/crates-build-env/linux@sha256:2788e3201cd34a07e3172128adcd8b3090168a8e3bcc40d7c032b9dda1df7d1c" "/opt/rustwide/cargo-home/bin/cargo" "+1.75.0" "build" "--frozen" "--message-format=json", kill_on_drop: false }`
[INFO] [stdout] 259ba2c4e63c860a2d3635efa94542e94c4cf3be3aa636788ac5595cf86c1899
[INFO] running `Command { std: "docker" "start" "-a" "259ba2c4e63c860a2d3635efa94542e94c4cf3be3aa636788ac5595cf86c1899", kill_on_drop: false }`
[INFO] [stderr]    Compiling libc v0.2.151
[INFO] [stderr]    Compiling futures-sink v0.3.30
[INFO] [stderr]    Compiling futures-core v0.3.30
[INFO] [stderr]    Compiling bytes v1.5.0
[INFO] [stderr]    Compiling futures-task v0.3.30
[INFO] [stderr]    Compiling syn v2.0.48
[INFO] [stderr]    Compiling once_cell v1.19.0
[INFO] [stderr]    Compiling futures-io v0.3.30
[INFO] [stderr]    Compiling futures-channel v0.3.30
[INFO] [stderr]    Compiling num-traits v0.2.17
[INFO] [stderr]    Compiling equivalent v1.0.1
[INFO] [stderr]    Compiling tracing-core v0.1.32
[INFO] [stderr]    Compiling httparse v1.8.0
[INFO] [stderr]    Compiling hashbrown v0.14.3
[INFO] [stderr]    Compiling try-lock v0.2.5
[INFO] [stderr]    Compiling http v0.2.11
[INFO] [stderr]    Compiling want v0.3.1
[INFO] [stderr]    Compiling iana-time-zone v0.1.59
[INFO] [stderr]    Compiling either v1.9.0
[INFO] [stderr]    Compiling httpdate v1.0.3
[INFO] [stderr]    Compiling mio v0.8.10
[INFO] [stderr]    Compiling socket2 v0.5.5
[INFO] [stderr]    Compiling tower-service v0.3.2
[INFO] [stderr]    Compiling indexmap v2.1.0
[INFO] [stderr]    Compiling http-body v0.4.6
[INFO] [stderr]    Compiling itertools v0.10.5
[INFO] [stderr]    Compiling hex v0.4.3
[INFO] [stderr]    Compiling tokio v1.35.1
[INFO] [stderr]    Compiling maplit v1.0.2
[INFO] [stderr]    Compiling chrono v0.4.31
[INFO] [stderr]    Compiling futures-macro v0.3.30
[INFO] [stderr]    Compiling tracing-attributes v0.1.27
[INFO] [stderr]    Compiling futures-util v0.3.30
[INFO] [stderr]    Compiling tracing v0.1.40
[INFO] [stderr]    Compiling tokio-util v0.7.10
[INFO] [stderr]    Compiling futures-executor v0.3.30
[INFO] [stderr]    Compiling h2 v0.3.22
[INFO] [stderr]    Compiling futures v0.3.30
[INFO] [stderr]    Compiling hyper v0.14.28
[INFO] [stderr]    Compiling webmachine-rust v0.3.0 (/opt/rustwide/workdir)
[INFO] [stdout] warning: using `.clone()` on a double reference, which returns `&str` instead of cloning the inner type
[INFO] [stdout]     --> src/lib.rs:1018:43
[INFO] [stdout]      |
[INFO] [stdout] 1018 |       .map(|h| HeaderValue::parse_string(h.clone()))
[INFO] [stdout]      |                                           ^^^^^^^^
[INFO] [stdout]      |
[INFO] [stdout]      = note: `#[warn(suspicious_double_ref_op)]` on by default
[INFO] [stdout] 
[INFO] [stdout] 
[INFO] [stdout] warning: 1 warning emitted
[INFO] [stdout] 
[INFO] [stdout] 
[INFO] [stderr]     Finished dev [unoptimized + debuginfo] target(s) in 20.46s
[INFO] running `Command { std: "docker" "inspect" "259ba2c4e63c860a2d3635efa94542e94c4cf3be3aa636788ac5595cf86c1899", kill_on_drop: false }`
[INFO] running `Command { std: "docker" "rm" "-f" "259ba2c4e63c860a2d3635efa94542e94c4cf3be3aa636788ac5595cf86c1899", kill_on_drop: false }`
[INFO] [stdout] 259ba2c4e63c860a2d3635efa94542e94c4cf3be3aa636788ac5595cf86c1899
[INFO] running `Command { std: "docker" "create" "-v" "/var/lib/crater-agent-workspace/builds/worker-3-tc1/target:/opt/rustwide/target:rw,Z" "-v" "/var/lib/crater-agent-workspace/builds/worker-3-tc1/source:/opt/rustwide/workdir:ro,Z" "-v" "/var/lib/crater-agent-workspace/cargo-home:/opt/rustwide/cargo-home:ro,Z" "-v" "/var/lib/crater-agent-workspace/rustup-home:/opt/rustwide/rustup-home:ro,Z" "-e" "SOURCE_DIR=/opt/rustwide/workdir" "-e" "CARGO_TARGET_DIR=/opt/rustwide/target" "-e" "CARGO_INCREMENTAL=0" "-e" "RUST_BACKTRACE=full" "-e" "RUSTFLAGS=--cap-lints=warn" "-e" "RUSTDOCFLAGS=--cap-lints=warn" "-e" "CARGO_HOME=/opt/rustwide/cargo-home" "-e" "RUSTUP_HOME=/opt/rustwide/rustup-home" "-w" "/opt/rustwide/workdir" "-m" "1610612736" "--user" "0:0" "--network" "none" "ghcr.io/rust-lang/crates-build-env/linux@sha256:2788e3201cd34a07e3172128adcd8b3090168a8e3bcc40d7c032b9dda1df7d1c" "/opt/rustwide/cargo-home/bin/cargo" "+1.75.0" "test" "--frozen" "--no-run" "--message-format=json", kill_on_drop: false }`
[INFO] [stdout] 04e20a724cf19e278f62caa06bc42f9394bea6683efb92d568b96976afeed0e9
[INFO] running `Command { std: "docker" "start" "-a" "04e20a724cf19e278f62caa06bc42f9394bea6683efb92d568b96976afeed0e9", kill_on_drop: false }`
[INFO] [stderr]    Compiling num-traits v0.2.17
[INFO] [stderr]    Compiling chrono v0.4.31
[INFO] [stderr]    Compiling expectest v0.12.0
[INFO] [stderr]    Compiling webmachine-rust v0.3.0 (/opt/rustwide/workdir)
[INFO] [stdout] error: unexpected end of macro invocation
[INFO] [stdout]    --> src/tests.rs:40:54
[INFO] [stdout]     |
[INFO] [stdout] 40  |   expect!(dispatcher.match_paths(&resource("/path1"))).to(be_equal_to(vec!["/", "/path1"]));
[INFO] [stdout]     |                                                      ^ missing tokens in macro arguments
[INFO] [stdout]     |
[INFO] [stdout] note: while trying to match `,`
[INFO] [stdout]    --> /opt/rustwide/cargo-home/registry/src/index.crates.io-6f17d22bba15001f/chrono-0.4.31/src/lib.rs:613:13
[INFO] [stdout]     |
[INFO] [stdout] 613 |     ($e:expr, $m:literal) => {
[INFO] [stdout]     |             ^
[INFO] [stdout] 
[INFO] [stdout] 
[INFO] [stdout] error: unexpected end of macro invocation
[INFO] [stdout]    --> src/tests.rs:41:55
[INFO] [stdout]     |
[INFO] [stdout] 41  |   expect!(dispatcher.match_paths(&resource("/path1/"))).to(be_equal_to(vec!["/", "/path1"]));
[INFO] [stdout]     |                                                       ^ missing tokens in macro arguments
[INFO] [stdout]     |
[INFO] [stdout] note: while trying to match `,`
[INFO] [stdout]    --> /opt/rustwide/cargo-home/registry/src/index.crates.io-6f17d22bba15001f/chrono-0.4.31/src/lib.rs:613:13
[INFO] [stdout]     |
[INFO] [stdout] 613 |     ($e:expr, $m:literal) => {
[INFO] [stdout]     |             ^
[INFO] [stdout] 
[INFO] [stdout] 
[INFO] [stdout] error: unexpected end of macro invocation
[INFO] [stdout]    --> src/tests.rs:42:60
[INFO] [stdout]     |
[INFO] [stdout] 42  |   expect!(dispatcher.match_paths(&resource("/path1/path3"))).to(be_equal_to(vec!["/", "/path1", "/path1/path3"]));
[INFO] [stdout]     |                                                            ^ missing tokens in macro arguments
[INFO] [stdout]     |
[INFO] [stdout] note: while trying to match `,`
[INFO] [stdout]    --> /opt/rustwide/cargo-home/registry/src/index.crates.io-6f17d22bba15001f/chrono-0.4.31/src/lib.rs:613:13
[INFO] [stdout]     |
[INFO] [stdout] 613 |     ($e:expr, $m:literal) => {
[INFO] [stdout]     |             ^
[INFO] [stdout] 
[INFO] [stdout] 
[INFO] [stdout] error: unexpected end of macro invocation
[INFO] [stdout]    --> src/tests.rs:43:66
[INFO] [stdout]     |
[INFO] [stdout] 43  |   expect!(dispatcher.match_paths(&resource("/path1/path3/path4"))).to(be_equal_to(vec!["/", "/path1", "/path1/path3"]));
[INFO] [stdout]     |                                                                  ^ missing tokens in macro arguments
[INFO] [stdout]     |
[INFO] [stdout] note: while trying to match `,`
[INFO] [stdout]    --> /opt/rustwide/cargo-home/registry/src/index.crates.io-6f17d22bba15001f/chrono-0.4.31/src/lib.rs:613:13
[INFO] [stdout]     |
[INFO] [stdout] 613 |     ($e:expr, $m:literal) => {
[INFO] [stdout]     |             ^
[INFO] [stdout] 
[INFO] [stdout] 
[INFO] [stdout] error: unexpected end of macro invocation
[INFO] [stdout]    --> src/tests.rs:44:60
[INFO] [stdout]     |
[INFO] [stdout] 44  |   expect!(dispatcher.match_paths(&resource("/path1/other"))).to(be_equal_to(vec!["/", "/path1"]));
[INFO] [stdout]     |                                                            ^ missing tokens in macro arguments
[INFO] [stdout]     |
[INFO] [stdout] note: while trying to match `,`
[INFO] [stdout]    --> /opt/rustwide/cargo-home/registry/src/index.crates.io-6f17d22bba15001f/chrono-0.4.31/src/lib.rs:613:13
[INFO] [stdout]     |
[INFO] [stdout] 613 |     ($e:expr, $m:literal) => {
[INFO] [stdout]     |             ^
[INFO] [stdout] 
[INFO] [stdout] 
[INFO] [stdout] error: unexpected end of macro invocation
[INFO] [stdout]    --> src/tests.rs:45:55
[INFO] [stdout]     |
[INFO] [stdout] 45  |   expect!(dispatcher.match_paths(&resource("/path12"))).to(be_equal_to(vec!["/"]));
[INFO] [stdout]     |                                                       ^ missing tokens in macro arguments
[INFO] [stdout]     |
[INFO] [stdout] note: while trying to match `,`
[INFO] [stdout]    --> /opt/rustwide/cargo-home/registry/src/index.crates.io-6f17d22bba15001f/chrono-0.4.31/src/lib.rs:613:13
[INFO] [stdout]     |
[INFO] [stdout] 613 |     ($e:expr, $m:literal) => {
[INFO] [stdout]     |             ^
[INFO] [stdout] 
[INFO] [stdout] 
[INFO] [stdout] error: unexpected end of macro invocation
[INFO] [stdout]    --> src/tests.rs:46:49
[INFO] [stdout]     |
[INFO] [stdout] 46  |   expect!(dispatcher.match_paths(&resource("/"))).to(be_equal_to(vec!["/"]));
[INFO] [stdout]     |                                                 ^ missing tokens in macro arguments
[INFO] [stdout]     |
[INFO] [stdout] note: while trying to match `,`
[INFO] [stdout]    --> /opt/rustwide/cargo-home/registry/src/index.crates.io-6f17d22bba15001f/chrono-0.4.31/src/lib.rs:613:13
[INFO] [stdout]     |
[INFO] [stdout] 613 |     ($e:expr, $m:literal) => {
[INFO] [stdout]     |             ^
[INFO] [stdout] 
[INFO] [stdout] 
[INFO] [stdout] error: unexpected end of macro invocation
[INFO] [stdout]    --> src/tests.rs:51:49
[INFO] [stdout]     |
[INFO] [stdout] 51  |   expect!(sanitise_path(&"/".to_string()).iter()).to(be_empty());
[INFO] [stdout]     |                                                 ^ missing tokens in macro arguments
[INFO] [stdout]     |
[INFO] [stdout] note: while trying to match `,`
[INFO] [stdout]    --> /opt/rustwide/cargo-home/registry/src/index.crates.io-6f17d22bba15001f/chrono-0.4.31/src/lib.rs:613:13
[INFO] [stdout]     |
[INFO] [stdout] 613 |     ($e:expr, $m:literal) => {
[INFO] [stdout]     |             ^
[INFO] [stdout] 
[INFO] [stdout] 
[INFO] [stdout] error: unexpected end of macro invocation
[INFO] [stdout]    --> src/tests.rs:52:50
[INFO] [stdout]     |
[INFO] [stdout] 52  |   expect!(sanitise_path(&"//".to_string()).iter()).to(be_empty());
[INFO] [stdout]     |                                                  ^ missing tokens in macro arguments
[INFO] [stdout]     |
[INFO] [stdout] note: while trying to match `,`
[INFO] [stdout]    --> /opt/rustwide/cargo-home/registry/src/index.crates.io-6f17d22bba15001f/chrono-0.4.31/src/lib.rs:613:13
[INFO] [stdout]     |
[INFO] [stdout] 613 |     ($e:expr, $m:literal) => {
[INFO] [stdout]     |             ^
[INFO] [stdout] 
[INFO] [stdout] 
[INFO] [stdout] error: unexpected end of macro invocation
[INFO] [stdout]    --> src/tests.rs:53:47
[INFO] [stdout]     |
[INFO] [stdout] 53  |   expect!(sanitise_path(&"/a/b/c".to_string())).to(be_equal_to(vec!["a", "b", "c"]));
[INFO] [stdout]     |                                               ^ missing tokens in macro arguments
[INFO] [stdout]     |
[INFO] [stdout] note: while trying to match `,`
[INFO] [stdout]    --> /opt/rustwide/cargo-home/registry/src/index.crates.io-6f17d22bba15001f/chrono-0.4.31/src/lib.rs:613:13
[INFO] [stdout]     |
[INFO] [stdout] 613 |     ($e:expr, $m:literal) => {
[INFO] [stdout]     |             ^
[INFO] [stdout] 
[INFO] [stdout] 
[INFO] [stdout] warning: using `.clone()` on a double reference, which returns `&str` instead of cloning the inner type
[INFO] [stdout]     --> src/lib.rs:1018:43
[INFO] [stdout]      |
[INFO] [stdout] 1018 |       .map(|h| HeaderValue::parse_string(h.clone()))
[INFO] [stdout]      |                                           ^^^^^^^^
[INFO] [stdout]      |
[INFO] [stdout]      = note: `#[warn(suspicious_double_ref_op)]` on by default
[INFO] [stdout] 
[INFO] [stdout] 
[INFO] [stdout] error: unexpected end of macro invocation
[INFO] [stdout]    --> src/tests.rs:54:48
[INFO] [stdout]     |
[INFO] [stdout] 54  |   expect!(sanitise_path(&"/a/b/c/".to_string())).to(be_equal_to(vec!["a", "b", "c"]));
[INFO] [stdout]     |                                                ^ missing tokens in macro arguments
[INFO] [stdout]     |
[INFO] [stdout] note: while trying to match `,`
[INFO] [stdout]    --> /opt/rustwide/cargo-home/registry/src/index.crates.io-6f17d22bba15001f/chrono-0.4.31/src/lib.rs:613:13
[INFO] [stdout]     |
[INFO] [stdout] 613 |     ($e:expr, $m:literal) => {
[INFO] [stdout]     |             ^
[INFO] [stdout] 
[INFO] [stdout] 
[INFO] [stdout] error: unexpected end of macro invocation
[INFO] [stdout]    --> src/tests.rs:55:48
[INFO] [stdout]     |
[INFO] [stdout] 55  |   expect!(sanitise_path(&"/a//b/c".to_string())).to(be_equal_to(vec!["a", "b", "c"]));
[INFO] [stdout]     |                                                ^ missing tokens in macro arguments
[INFO] [stdout]     |
[INFO] [stdout] note: while trying to match `,`
[INFO] [stdout]    --> /opt/rustwide/cargo-home/registry/src/index.crates.io-6f17d22bba15001f/chrono-0.4.31/src/lib.rs:613:13
[INFO] [stdout]     |
[INFO] [stdout] 613 |     ($e:expr, $m:literal) => {
[INFO] [stdout]     |             ^
[INFO] [stdout] 
[INFO] [stdout] 
[INFO] [stdout] error: unexpected end of macro invocation
[INFO] [stdout]    --> src/tests.rs:895:47
[INFO] [stdout]     |
[INFO] [stdout] 895 |   expect!(join_paths(&Vec::new(), &Vec::new())).to(be_equal_to("/".to_string()));
[INFO] [stdout]     |                                               ^ missing tokens in macro arguments
[INFO] [stdout]     |
[INFO] [stdout] note: while trying to match `,`
[INFO] [stdout]    --> /opt/rustwide/cargo-home/registry/src/index.crates.io-6f17d22bba15001f/chrono-0.4.31/src/lib.rs:613:13
[INFO] [stdout]     |
[INFO] [stdout] 613 |     ($e:expr, $m:literal) => {
[INFO] [stdout]     |             ^
[INFO] [stdout] 
[INFO] [stdout] 
[INFO] [stdout] error: unexpected end of macro invocation
[INFO] [stdout]    --> src/tests.rs:896:57
[INFO] [stdout]     |
[INFO] [stdout] 896 |   expect!(join_paths(&vec!["".to_string()], &Vec::new())).to(be_equal_to("/".to_string()));
[INFO] [stdout]     |                                                         ^ missing tokens in macro arguments
[INFO] [stdout]     |
[INFO] [stdout] note: while trying to match `,`
[INFO] [stdout]    --> /opt/rustwide/cargo-home/registry/src/index.crates.io-6f17d22bba15001f/chrono-0.4.31/src/lib.rs:613:13
[INFO] [stdout]     |
[INFO] [stdout] 613 |     ($e:expr, $m:literal) => {
[INFO] [stdout]     |             ^
[INFO] [stdout] 
[INFO] [stdout] 
[INFO] [stdout] error: unexpected end of macro invocation
[INFO] [stdout]    --> src/tests.rs:897:57
[INFO] [stdout]     |
[INFO] [stdout] 897 |   expect!(join_paths(&Vec::new(), &vec!["".to_string()])).to(be_equal_to("/".to_string()));
[INFO] [stdout]     |                                                         ^ missing tokens in macro arguments
[INFO] [stdout]     |
[INFO] [stdout] note: while trying to match `,`
[INFO] [stdout]    --> /opt/rustwide/cargo-home/registry/src/index.crates.io-6f17d22bba15001f/chrono-0.4.31/src/lib.rs:613:13
[INFO] [stdout]     |
[INFO] [stdout] 613 |     ($e:expr, $m:literal) => {
[INFO] [stdout]     |             ^
[INFO] [stdout] 
[INFO] [stdout] 
[INFO] [stdout] error: unexpected end of macro invocation
[INFO] [stdout]    --> src/tests.rs:898:92
[INFO] [stdout]     |
[INFO] [stdout] 898 |   expect!(join_paths(&vec!["a".to_string(), "b".to_string(), "c".to_string()], &Vec::new())).to(be_equal_to("/a/b/c".to_string()));
[INFO] [stdout]     |                                                                                            ^ missing tokens in macro arguments
[INFO] [stdout]     |
[INFO] [stdout] note: while trying to match `,`
[INFO] [stdout]    --> /opt/rustwide/cargo-home/registry/src/index.crates.io-6f17d22bba15001f/chrono-0.4.31/src/lib.rs:613:13
[INFO] [stdout]     |
[INFO] [stdout] 613 |     ($e:expr, $m:literal) => {
[INFO] [stdout]     |             ^
[INFO] [stdout] 
[INFO] [stdout] 
[INFO] [stdout] error: unexpected end of macro invocation
[INFO] [stdout]    --> src/tests.rs:899:91
[INFO] [stdout]     |
[INFO] [stdout] 899 |   expect!(join_paths(&vec!["a".to_string(), "b".to_string(), "".to_string()], &Vec::new())).to(be_equal_to("/a/b".to_string()));
[INFO] [stdout]     |                                                                                           ^ missing tokens in macro arguments
[INFO] [stdout]     |
[INFO] [stdout] note: while trying to match `,`
[INFO] [stdout]    --> /opt/rustwide/cargo-home/registry/src/index.crates.io-6f17d22bba15001f/chrono-0.4.31/src/lib.rs:613:13
[INFO] [stdout]     |
[INFO] [stdout] 613 |     ($e:expr, $m:literal) => {
[INFO] [stdout]     |             ^
[INFO] [stdout] 
[INFO] [stdout] 
[INFO] [stdout] error: unexpected end of macro invocation
[INFO] [stdout]    --> src/tests.rs:900:92
[INFO] [stdout]     |
[INFO] [stdout] 900 |   expect!(join_paths(&Vec::new(), &vec!["a".to_string(), "b".to_string(), "c".to_string()])).to(be_equal_to("/a/b/c".to_string()));
[INFO] [stdout]     |                                                                                            ^ missing tokens in macro arguments
[INFO] [stdout]     |
[INFO] [stdout] note: while trying to match `,`
[INFO] [stdout]    --> /opt/rustwide/cargo-home/registry/src/index.crates.io-6f17d22bba15001f/chrono-0.4.31/src/lib.rs:613:13
[INFO] [stdout]     |
[INFO] [stdout] 613 |     ($e:expr, $m:literal) => {
[INFO] [stdout]     |             ^
[INFO] [stdout] 
[INFO] [stdout] 
[INFO] [stdout] error: unexpected end of macro invocation
[INFO] [stdout]    --> src/tests.rs:901:137
[INFO] [stdout]     |
[INFO] [stdout] 901 | ...".to_string(), "e".to_string(), "f".to_string()])).to(be_equal_to("/a/b/c/d/e/f".to_string()));
[INFO] [stdout]     |                                                     ^ missing tokens in macro arguments
[INFO] [stdout]     |
[INFO] [stdout] note: while trying to match `,`
[INFO] [stdout]    --> /opt/rustwide/cargo-home/registry/src/index.crates.io-6f17d22bba15001f/chrono-0.4.31/src/lib.rs:613:13
[INFO] [stdout]     |
[INFO] [stdout] 613 |     ($e:expr, $m:literal) => {
[INFO] [stdout]     |             ^
[INFO] [stdout] 
[INFO] [stdout] 
[INFO] [stdout] error: unexpected end of macro invocation
[INFO] [stdout]     --> src/tests.rs:1186:30
[INFO] [stdout]      |
[INFO] [stdout] 1186 |   expect!(parse_query(&query)).to(be_equal_to(expected));
[INFO] [stdout]      |                              ^ missing tokens in macro arguments
[INFO] [stdout]      |
[INFO] [stdout] note: while trying to match `,`
[INFO] [stdout]     --> /opt/rustwide/cargo-home/registry/src/index.crates.io-6f17d22bba15001f/chrono-0.4.31/src/lib.rs:613:13
[INFO] [stdout]      |
[INFO] [stdout] 613  |     ($e:expr, $m:literal) => {
[INFO] [stdout]      |             ^
[INFO] [stdout] 
[INFO] [stdout] 
[INFO] [stdout] error: unexpected end of macro invocation
[INFO] [stdout]     --> src/tests.rs:1192:30
[INFO] [stdout]      |
[INFO] [stdout] 1192 |   expect!(parse_query(&query)).to(be_equal_to(hashmap! {}));
[INFO] [stdout]      |                              ^ missing tokens in macro arguments
[INFO] [stdout]      |
[INFO] [stdout] note: while trying to match `,`
[INFO] [stdout]     --> /opt/rustwide/cargo-home/registry/src/index.crates.io-6f17d22bba15001f/chrono-0.4.31/src/lib.rs:613:13
[INFO] [stdout]      |
[INFO] [stdout] 613  |     ($e:expr, $m:literal) => {
[INFO] [stdout]      |             ^
[INFO] [stdout] 
[INFO] [stdout] 
[INFO] [stdout] error: unexpected end of macro invocation
[INFO] [stdout]     --> src/tests.rs:1202:30
[INFO] [stdout]      |
[INFO] [stdout] 1202 |   expect!(parse_query(&query)).to(be_equal_to(expected));
[INFO] [stdout]      |                              ^ missing tokens in macro arguments
[INFO] [stdout]      |
[INFO] [stdout] note: while trying to match `,`
[INFO] [stdout]     --> /opt/rustwide/cargo-home/registry/src/index.crates.io-6f17d22bba15001f/chrono-0.4.31/src/lib.rs:613:13
[INFO] [stdout]      |
[INFO] [stdout] 613  |     ($e:expr, $m:literal) => {
[INFO] [stdout]      |             ^
[INFO] [stdout] 
[INFO] [stdout] 
[INFO] [stdout] error: unexpected end of macro invocation
[INFO] [stdout]     --> src/tests.rs:1212:30
[INFO] [stdout]      |
[INFO] [stdout] 1212 |   expect!(parse_query(&query)).to(be_equal_to(expected));
[INFO] [stdout]      |                              ^ missing tokens in macro arguments
[INFO] [stdout]      |
[INFO] [stdout] note: while trying to match `,`
[INFO] [stdout]     --> /opt/rustwide/cargo-home/registry/src/index.crates.io-6f17d22bba15001f/chrono-0.4.31/src/lib.rs:613:13
[INFO] [stdout]      |
[INFO] [stdout] 613  |     ($e:expr, $m:literal) => {
[INFO] [stdout]      |             ^
[INFO] [stdout] 
[INFO] [stdout] 
[INFO] [stdout] error: unexpected end of macro invocation
[INFO] [stdout]     --> src/tests.rs:1221:30
[INFO] [stdout]      |
[INFO] [stdout] 1221 |   expect!(parse_query(&query)).to(be_equal_to(expected));
[INFO] [stdout]      |                              ^ missing tokens in macro arguments
[INFO] [stdout]      |
[INFO] [stdout] note: while trying to match `,`
[INFO] [stdout]     --> /opt/rustwide/cargo-home/registry/src/index.crates.io-6f17d22bba15001f/chrono-0.4.31/src/lib.rs:613:13
[INFO] [stdout]      |
[INFO] [stdout] 613  |     ($e:expr, $m:literal) => {
[INFO] [stdout]      |             ^
[INFO] [stdout] 
[INFO] [stdout] 
[INFO] [stdout] error[E0659]: `expect` is ambiguous
[INFO] [stdout]   --> src/tests.rs:40:3
[INFO] [stdout]    |
[INFO] [stdout] 40 |   expect!(dispatcher.match_paths(&resource("/path1"))).to(be_equal_to(vec!["/", "/path1"]));
[INFO] [stdout]    |   ^^^^^^ ambiguous name
[INFO] [stdout]    |
[INFO] [stdout]    = note: ambiguous because of multiple glob imports of a name in the same module
[INFO] [stdout] note: `expect` could refer to the macro imported here
[INFO] [stdout]   --> src/tests.rs:3:5
[INFO] [stdout]    |
[INFO] [stdout] 3  | use chrono::*;
[INFO] [stdout]    |     ^^^^^^^^^
[INFO] [stdout]    = help: consider adding an explicit import of `expect` to disambiguate
[INFO] [stdout] note: `expect` could also refer to the macro imported here
[INFO] [stdout]   --> src/tests.rs:4:5
[INFO] [stdout]    |
[INFO] [stdout] 4  | use expectest::prelude::*;
[INFO] [stdout]    |     ^^^^^^^^^^^^^^^^^^^^^
[INFO] [stdout]    = help: consider adding an explicit import of `expect` to disambiguate
[INFO] [stdout] 
[INFO] [stdout] 
[INFO] [stdout] error[E0659]: `expect` is ambiguous
[INFO] [stdout]   --> src/tests.rs:41:3
[INFO] [stdout]    |
[INFO] [stdout] 41 |   expect!(dispatcher.match_paths(&resource("/path1/"))).to(be_equal_to(vec!["/", "/path1"]));
[INFO] [stdout]    |   ^^^^^^ ambiguous name
[INFO] [stdout]    |
[INFO] [stdout]    = note: ambiguous because of multiple glob imports of a name in the same module
[INFO] [stdout] note: `expect` could refer to the macro imported here
[INFO] [stdout]   --> src/tests.rs:3:5
[INFO] [stdout]    |
[INFO] [stdout] 3  | use chrono::*;
[INFO] [stdout]    |     ^^^^^^^^^
[INFO] [stdout]    = help: consider adding an explicit import of `expect` to disambiguate
[INFO] [stdout] note: `expect` could also refer to the macro imported here
[INFO] [stdout]   --> src/tests.rs:4:5
[INFO] [stdout]    |
[INFO] [stdout] 4  | use expectest::prelude::*;
[INFO] [stdout]    |     ^^^^^^^^^^^^^^^^^^^^^
[INFO] [stdout]    = help: consider adding an explicit import of `expect` to disambiguate
[INFO] [stdout] 
[INFO] [stdout] 
[INFO] [stdout] error[E0659]: `expect` is ambiguous
[INFO] [stdout]   --> src/tests.rs:42:3
[INFO] [stdout]    |
[INFO] [stdout] 42 |   expect!(dispatcher.match_paths(&resource("/path1/path3"))).to(be_equal_to(vec!["/", "/path1", "/path1/path3"]));
[INFO] [stdout]    |   ^^^^^^ ambiguous name
[INFO] [stdout]    |
[INFO] [stdout]    = note: ambiguous because of multiple glob imports of a name in the same module
[INFO] [stdout] note: `expect` could refer to the macro imported here
[INFO] [stdout]   --> src/tests.rs:3:5
[INFO] [stdout]    |
[INFO] [stdout] 3  | use chrono::*;
[INFO] [stdout]    |     ^^^^^^^^^
[INFO] [stdout]    = help: consider adding an explicit import of `expect` to disambiguate
[INFO] [stdout] note: `expect` could also refer to the macro imported here
[INFO] [stdout]   --> src/tests.rs:4:5
[INFO] [stdout]    |
[INFO] [stdout] 4  | use expectest::prelude::*;
[INFO] [stdout]    |     ^^^^^^^^^^^^^^^^^^^^^
[INFO] [stdout]    = help: consider adding an explicit import of `expect` to disambiguate
[INFO] [stdout] 
[INFO] [stdout] 
[INFO] [stdout] error[E0659]: `expect` is ambiguous
[INFO] [stdout]   --> src/tests.rs:43:3
[INFO] [stdout]    |
[INFO] [stdout] 43 |   expect!(dispatcher.match_paths(&resource("/path1/path3/path4"))).to(be_equal_to(vec!["/", "/path1", "/path1/path3"]));
[INFO] [stdout]    |   ^^^^^^ ambiguous name
[INFO] [stdout]    |
[INFO] [stdout]    = note: ambiguous because of multiple glob imports of a name in the same module
[INFO] [stdout] note: `expect` could refer to the macro imported here
[INFO] [stdout]   --> src/tests.rs:3:5
[INFO] [stdout]    |
[INFO] [stdout] 3  | use chrono::*;
[INFO] [stdout]    |     ^^^^^^^^^
[INFO] [stdout]    = help: consider adding an explicit import of `expect` to disambiguate
[INFO] [stdout] note: `expect` could also refer to the macro imported here
[INFO] [stdout]   --> src/tests.rs:4:5
[INFO] [stdout]    |
[INFO] [stdout] 4  | use expectest::prelude::*;
[INFO] [stdout]    |     ^^^^^^^^^^^^^^^^^^^^^
[INFO] [stdout]    = help: consider adding an explicit import of `expect` to disambiguate
[INFO] [stdout] 
[INFO] [stdout] 
[INFO] [stdout] error[E0659]: `expect` is ambiguous
[INFO] [stdout]   --> src/tests.rs:44:3
[INFO] [stdout]    |
[INFO] [stdout] 44 |   expect!(dispatcher.match_paths(&resource("/path1/other"))).to(be_equal_to(vec!["/", "/path1"]));
[INFO] [stdout]    |   ^^^^^^ ambiguous name
[INFO] [stdout]    |
[INFO] [stdout]    = note: ambiguous because of multiple glob imports of a name in the same module
[INFO] [stdout] note: `expect` could refer to the macro imported here
[INFO] [stdout]   --> src/tests.rs:3:5
[INFO] [stdout]    |
[INFO] [stdout] 3  | use chrono::*;
[INFO] [stdout]    |     ^^^^^^^^^
[INFO] [stdout]    = help: consider adding an explicit import of `expect` to disambiguate
[INFO] [stdout] note: `expect` could also refer to the macro imported here
[INFO] [stdout]   --> src/tests.rs:4:5
[INFO] [stdout]    |
[INFO] [stdout] 4  | use expectest::prelude::*;
[INFO] [stdout]    |     ^^^^^^^^^^^^^^^^^^^^^
[INFO] [stdout]    = help: consider adding an explicit import of `expect` to disambiguate
[INFO] [stdout] 
[INFO] [stdout] 
[INFO] [stdout] error[E0659]: `expect` is ambiguous
[INFO] [stdout]   --> src/tests.rs:45:3
[INFO] [stdout]    |
[INFO] [stdout] 45 |   expect!(dispatcher.match_paths(&resource("/path12"))).to(be_equal_to(vec!["/"]));
[INFO] [stdout]    |   ^^^^^^ ambiguous name
[INFO] [stdout]    |
[INFO] [stdout]    = note: ambiguous because of multiple glob imports of a name in the same module
[INFO] [stdout] note: `expect` could refer to the macro imported here
[INFO] [stdout]   --> src/tests.rs:3:5
[INFO] [stdout]    |
[INFO] [stdout] 3  | use chrono::*;
[INFO] [stdout]    |     ^^^^^^^^^
[INFO] [stdout]    = help: consider adding an explicit import of `expect` to disambiguate
[INFO] [stdout] note: `expect` could also refer to the macro imported here
[INFO] [stdout]   --> src/tests.rs:4:5
[INFO] [stdout]    |
[INFO] [stdout] 4  | use expectest::prelude::*;
[INFO] [stdout]    |     ^^^^^^^^^^^^^^^^^^^^^
[INFO] [stdout]    = help: consider adding an explicit import of `expect` to disambiguate
[INFO] [stdout] 
[INFO] [stdout] 
[INFO] [stdout] error[E0659]: `expect` is ambiguous
[INFO] [stdout]   --> src/tests.rs:46:3
[INFO] [stdout]    |
[INFO] [stdout] 46 |   expect!(dispatcher.match_paths(&resource("/"))).to(be_equal_to(vec!["/"]));
[INFO] [stdout]    |   ^^^^^^ ambiguous name
[INFO] [stdout]    |
[INFO] [stdout]    = note: ambiguous because of multiple glob imports of a name in the same module
[INFO] [stdout] note: `expect` could refer to the macro imported here
[INFO] [stdout]   --> src/tests.rs:3:5
[INFO] [stdout]    |
[INFO] [stdout] 3  | use chrono::*;
[INFO] [stdout]    |     ^^^^^^^^^
[INFO] [stdout]    = help: consider adding an explicit import of `expect` to disambiguate
[INFO] [stdout] note: `expect` could also refer to the macro imported here
[INFO] [stdout]   --> src/tests.rs:4:5
[INFO] [stdout]    |
[INFO] [stdout] 4  | use expectest::prelude::*;
[INFO] [stdout]    |     ^^^^^^^^^^^^^^^^^^^^^
[INFO] [stdout]    = help: consider adding an explicit import of `expect` to disambiguate
[INFO] [stdout] 
[INFO] [stdout] 
[INFO] [stdout] error[E0659]: `expect` is ambiguous
[INFO] [stdout]   --> src/tests.rs:51:3
[INFO] [stdout]    |
[INFO] [stdout] 51 |   expect!(sanitise_path(&"/".to_string()).iter()).to(be_empty());
[INFO] [stdout]    |   ^^^^^^ ambiguous name
[INFO] [stdout]    |
[INFO] [stdout]    = note: ambiguous because of multiple glob imports of a name in the same module
[INFO] [stdout] note: `expect` could refer to the macro imported here
[INFO] [stdout]   --> src/tests.rs:3:5
[INFO] [stdout]    |
[INFO] [stdout] 3  | use chrono::*;
[INFO] [stdout]    |     ^^^^^^^^^
[INFO] [stdout]    = help: consider adding an explicit import of `expect` to disambiguate
[INFO] [stdout] note: `expect` could also refer to the macro imported here
[INFO] [stdout]   --> src/tests.rs:4:5
[INFO] [stdout]    |
[INFO] [stdout] 4  | use expectest::prelude::*;
[INFO] [stdout]    |     ^^^^^^^^^^^^^^^^^^^^^
[INFO] [stdout]    = help: consider adding an explicit import of `expect` to disambiguate
[INFO] [stdout] 
[INFO] [stdout] 
[INFO] [stdout] error[E0659]: `expect` is ambiguous
[INFO] [stdout]   --> src/tests.rs:52:3
[INFO] [stdout]    |
[INFO] [stdout] 52 |   expect!(sanitise_path(&"//".to_string()).iter()).to(be_empty());
[INFO] [stdout]    |   ^^^^^^ ambiguous name
[INFO] [stdout]    |
[INFO] [stdout]    = note: ambiguous because of multiple glob imports of a name in the same module
[INFO] [stdout] note: `expect` could refer to the macro imported here
[INFO] [stdout]   --> src/tests.rs:3:5
[INFO] [stdout]    |
[INFO] [stdout] 3  | use chrono::*;
[INFO] [stdout]    |     ^^^^^^^^^
[INFO] [stdout]    = help: consider adding an explicit import of `expect` to disambiguate
[INFO] [stdout] note: `expect` could also refer to the macro imported here
[INFO] [stdout]   --> src/tests.rs:4:5
[INFO] [stdout]    |
[INFO] [stdout] 4  | use expectest::prelude::*;
[INFO] [stdout]    |     ^^^^^^^^^^^^^^^^^^^^^
[INFO] [stdout]    = help: consider adding an explicit import of `expect` to disambiguate
[INFO] [stdout] 
[INFO] [stdout] 
[INFO] [stdout] error[E0659]: `expect` is ambiguous
[INFO] [stdout]   --> src/tests.rs:53:3
[INFO] [stdout]    |
[INFO] [stdout] 53 |   expect!(sanitise_path(&"/a/b/c".to_string())).to(be_equal_to(vec!["a", "b", "c"]));
[INFO] [stdout]    |   ^^^^^^ ambiguous name
[INFO] [stdout]    |
[INFO] [stdout]    = note: ambiguous because of multiple glob imports of a name in the same module
[INFO] [stdout] note: `expect` could refer to the macro imported here
[INFO] [stdout]   --> src/tests.rs:3:5
[INFO] [stdout]    |
[INFO] [stdout] 3  | use chrono::*;
[INFO] [stdout]    |     ^^^^^^^^^
[INFO] [stdout]    = help: consider adding an explicit import of `expect` to disambiguate
[INFO] [stdout] note: `expect` could also refer to the macro imported here
[INFO] [stdout]   --> src/tests.rs:4:5
[INFO] [stdout]    |
[INFO] [stdout] 4  | use expectest::prelude::*;
[INFO] [stdout]    |     ^^^^^^^^^^^^^^^^^^^^^
[INFO] [stdout]    = help: consider adding an explicit import of `expect` to disambiguate
[INFO] [stdout] 
[INFO] [stdout] 
[INFO] [stdout] error[E0659]: `expect` is ambiguous
[INFO] [stdout]   --> src/tests.rs:54:3
[INFO] [stdout]    |
[INFO] [stdout] 54 |   expect!(sanitise_path(&"/a/b/c/".to_string())).to(be_equal_to(vec!["a", "b", "c"]));
[INFO] [stdout]    |   ^^^^^^ ambiguous name
[INFO] [stdout]    |
[INFO] [stdout]    = note: ambiguous because of multiple glob imports of a name in the same module
[INFO] [stdout] note: `expect` could refer to the macro imported here
[INFO] [stdout]   --> src/tests.rs:3:5
[INFO] [stdout]    |
[INFO] [stdout] 3  | use chrono::*;
[INFO] [stdout]    |     ^^^^^^^^^
[INFO] [stdout]    = help: consider adding an explicit import of `expect` to disambiguate
[INFO] [stdout] note: `expect` could also refer to the macro imported here
[INFO] [stdout]   --> src/tests.rs:4:5
[INFO] [stdout]    |
[INFO] [stdout] 4  | use expectest::prelude::*;
[INFO] [stdout]    |     ^^^^^^^^^^^^^^^^^^^^^
[INFO] [stdout]    = help: consider adding an explicit import of `expect` to disambiguate
[INFO] [stdout] 
[INFO] [stdout] 
[INFO] [stdout] error[E0659]: `expect` is ambiguous
[INFO] [stdout]   --> src/tests.rs:55:3
[INFO] [stdout]    |
[INFO] [stdout] 55 |   expect!(sanitise_path(&"/a//b/c".to_string())).to(be_equal_to(vec!["a", "b", "c"]));
[INFO] [stdout]    |   ^^^^^^ ambiguous name
[INFO] [stdout]    |
[INFO] [stdout]    = note: ambiguous because of multiple glob imports of a name in the same module
[INFO] [stdout] note: `expect` could refer to the macro imported here
[INFO] [stdout]   --> src/tests.rs:3:5
[INFO] [stdout]    |
[INFO] [stdout] 3  | use chrono::*;
[INFO] [stdout]    |     ^^^^^^^^^
[INFO] [stdout]    = help: consider adding an explicit import of `expect` to disambiguate
[INFO] [stdout] note: `expect` could also refer to the macro imported here
[INFO] [stdout]   --> src/tests.rs:4:5
[INFO] [stdout]    |
[INFO] [stdout] 4  | use expectest::prelude::*;
[INFO] [stdout]    |     ^^^^^^^^^^^^^^^^^^^^^
[INFO] [stdout]    = help: consider adding an explicit import of `expect` to disambiguate
[INFO] [stdout] 
[INFO] [stdout] 
[INFO] [stdout] error[E0659]: `expect` is ambiguous
[INFO] [stdout]    --> src/tests.rs:895:3
[INFO] [stdout]     |
[INFO] [stdout] 895 |   expect!(join_paths(&Vec::new(), &Vec::new())).to(be_equal_to("/".to_string()));
[INFO] [stdout]     |   ^^^^^^ ambiguous name
[INFO] [stdout]     |
[INFO] [stdout]     = note: ambiguous because of multiple glob imports of a name in the same module
[INFO] [stdout] note: `expect` could refer to the macro imported here
[INFO] [stdout]    --> src/tests.rs:3:5
[INFO] [stdout]     |
[INFO] [stdout] 3   | use chrono::*;
[INFO] [stdout]     |     ^^^^^^^^^
[INFO] [stdout]     = help: consider adding an explicit import of `expect` to disambiguate
[INFO] [stdout] note: `expect` could also refer to the macro imported here
[INFO] [stdout]    --> src/tests.rs:4:5
[INFO] [stdout]     |
[INFO] [stdout] 4   | use expectest::prelude::*;
[INFO] [stdout]     |     ^^^^^^^^^^^^^^^^^^^^^
[INFO] [stdout]     = help: consider adding an explicit import of `expect` to disambiguate
[INFO] [stdout] 
[INFO] [stdout] 
[INFO] [stdout] error[E0659]: `expect` is ambiguous
[INFO] [stdout]    --> src/tests.rs:896:3
[INFO] [stdout]     |
[INFO] [stdout] 896 |   expect!(join_paths(&vec!["".to_string()], &Vec::new())).to(be_equal_to("/".to_string()));
[INFO] [stdout]     |   ^^^^^^ ambiguous name
[INFO] [stdout]     |
[INFO] [stdout]     = note: ambiguous because of multiple glob imports of a name in the same module
[INFO] [stdout] note: `expect` could refer to the macro imported here
[INFO] [stdout]    --> src/tests.rs:3:5
[INFO] [stdout]     |
[INFO] [stdout] 3   | use chrono::*;
[INFO] [stdout]     |     ^^^^^^^^^
[INFO] [stdout]     = help: consider adding an explicit import of `expect` to disambiguate
[INFO] [stdout] note: `expect` could also refer to the macro imported here
[INFO] [stdout]    --> src/tests.rs:4:5
[INFO] [stdout]     |
[INFO] [stdout] 4   | use expectest::prelude::*;
[INFO] [stdout]     |     ^^^^^^^^^^^^^^^^^^^^^
[INFO] [stdout]     = help: consider adding an explicit import of `expect` to disambiguate
[INFO] [stdout] 
[INFO] [stdout] 
[INFO] [stdout] error[E0659]: `expect` is ambiguous
[INFO] [stdout]    --> src/tests.rs:897:3
[INFO] [stdout]     |
[INFO] [stdout] 897 |   expect!(join_paths(&Vec::new(), &vec!["".to_string()])).to(be_equal_to("/".to_string()));
[INFO] [stdout]     |   ^^^^^^ ambiguous name
[INFO] [stdout]     |
[INFO] [stdout]     = note: ambiguous because of multiple glob imports of a name in the same module
[INFO] [stdout] note: `expect` could refer to the macro imported here
[INFO] [stdout]    --> src/tests.rs:3:5
[INFO] [stdout]     |
[INFO] [stdout] 3   | use chrono::*;
[INFO] [stdout]     |     ^^^^^^^^^
[INFO] [stdout]     = help: consider adding an explicit import of `expect` to disambiguate
[INFO] [stdout] note: `expect` could also refer to the macro imported here
[INFO] [stdout]    --> src/tests.rs:4:5
[INFO] [stdout]     |
[INFO] [stdout] 4   | use expectest::prelude::*;
[INFO] [stdout]     |     ^^^^^^^^^^^^^^^^^^^^^
[INFO] [stdout]     = help: consider adding an explicit import of `expect` to disambiguate
[INFO] [stdout] 
[INFO] [stdout] 
[INFO] [stdout] error[E0659]: `expect` is ambiguous
[INFO] [stdout]    --> src/tests.rs:898:3
[INFO] [stdout]     |
[INFO] [stdout] 898 |   expect!(join_paths(&vec!["a".to_string(), "b".to_string(), "c".to_string()], &Vec::new())).to(be_equal_to("/a/b/c".to_string()));
[INFO] [stdout]     |   ^^^^^^ ambiguous name
[INFO] [stdout]     |
[INFO] [stdout]     = note: ambiguous because of multiple glob imports of a name in the same module
[INFO] [stdout] note: `expect` could refer to the macro imported here
[INFO] [stdout]    --> src/tests.rs:3:5
[INFO] [stdout]     |
[INFO] [stdout] 3   | use chrono::*;
[INFO] [stdout]     |     ^^^^^^^^^
[INFO] [stdout]     = help: consider adding an explicit import of `expect` to disambiguate
[INFO] [stdout] note: `expect` could also refer to the macro imported here
[INFO] [stdout]    --> src/tests.rs:4:5
[INFO] [stdout]     |
[INFO] [stdout] 4   | use expectest::prelude::*;
[INFO] [stdout]     |     ^^^^^^^^^^^^^^^^^^^^^
[INFO] [stdout]     = help: consider adding an explicit import of `expect` to disambiguate
[INFO] [stdout] 
[INFO] [stdout] 
[INFO] [stdout] error[E0659]: `expect` is ambiguous
[INFO] [stdout]    --> src/tests.rs:899:3
[INFO] [stdout]     |
[INFO] [stdout] 899 |   expect!(join_paths(&vec!["a".to_string(), "b".to_string(), "".to_string()], &Vec::new())).to(be_equal_to("/a/b".to_string()));
[INFO] [stdout]     |   ^^^^^^ ambiguous name
[INFO] [stdout]     |
[INFO] [stdout]     = note: ambiguous because of multiple glob imports of a name in the same module
[INFO] [stdout] note: `expect` could refer to the macro imported here
[INFO] [stdout]    --> src/tests.rs:3:5
[INFO] [stdout]     |
[INFO] [stdout] 3   | use chrono::*;
[INFO] [stdout]     |     ^^^^^^^^^
[INFO] [stdout]     = help: consider adding an explicit import of `expect` to disambiguate
[INFO] [stdout] note: `expect` could also refer to the macro imported here
[INFO] [stdout]    --> src/tests.rs:4:5
[INFO] [stdout]     |
[INFO] [stdout] 4   | use expectest::prelude::*;
[INFO] [stdout]     |     ^^^^^^^^^^^^^^^^^^^^^
[INFO] [stdout]     = help: consider adding an explicit import of `expect` to disambiguate
[INFO] [stdout] 
[INFO] [stdout] 
[INFO] [stdout] error[E0659]: `expect` is ambiguous
[INFO] [stdout]    --> src/tests.rs:900:3
[INFO] [stdout]     |
[INFO] [stdout] 900 |   expect!(join_paths(&Vec::new(), &vec!["a".to_string(), "b".to_string(), "c".to_string()])).to(be_equal_to("/a/b/c".to_string()));
[INFO] [stdout]     |   ^^^^^^ ambiguous name
[INFO] [stdout]     |
[INFO] [stdout]     = note: ambiguous because of multiple glob imports of a name in the same module
[INFO] [stdout] note: `expect` could refer to the macro imported here
[INFO] [stdout]    --> src/tests.rs:3:5
[INFO] [stdout]     |
[INFO] [stdout] 3   | use chrono::*;
[INFO] [stdout]     |     ^^^^^^^^^
[INFO] [stdout]     = help: consider adding an explicit import of `expect` to disambiguate
[INFO] [stdout] note: `expect` could also refer to the macro imported here
[INFO] [stdout]    --> src/tests.rs:4:5
[INFO] [stdout]     |
[INFO] [stdout] 4   | use expectest::prelude::*;
[INFO] [stdout]     |     ^^^^^^^^^^^^^^^^^^^^^
[INFO] [stdout]     = help: consider adding an explicit import of `expect` to disambiguate
[INFO] [stdout] 
[INFO] [stdout] 
[INFO] [stdout] error[E0659]: `expect` is ambiguous
[INFO] [stdout]    --> src/tests.rs:901:3
[INFO] [stdout]     |
[INFO] [stdout] 901 |   expect!(join_paths(&vec!["a".to_string(), "b".to_string(), "c".to_string()], &vec!["d".to_string(), "e".to_string(), "f".to_string()]))...
[INFO] [stdout]     |   ^^^^^^ ambiguous name
[INFO] [stdout]     |
[INFO] [stdout]     = note: ambiguous because of multiple glob imports of a name in the same module
[INFO] [stdout] note: `expect` could refer to the macro imported here
[INFO] [stdout]    --> src/tests.rs:3:5
[INFO] [stdout]     |
[INFO] [stdout] 3   | use chrono::*;
[INFO] [stdout]     |     ^^^^^^^^^
[INFO] [stdout]     = help: consider adding an explicit import of `expect` to disambiguate
[INFO] [stdout] note: `expect` could also refer to the macro imported here
[INFO] [stdout]    --> src/tests.rs:4:5
[INFO] [stdout]     |
[INFO] [stdout] 4   | use expectest::prelude::*;
[INFO] [stdout]     |     ^^^^^^^^^^^^^^^^^^^^^
[INFO] [stdout]     = help: consider adding an explicit import of `expect` to disambiguate
[INFO] [stdout] 
[INFO] [stdout] 
[INFO] [stdout] error[E0659]: `expect` is ambiguous
[INFO] [stdout]     --> src/tests.rs:1186:3
[INFO] [stdout]      |
[INFO] [stdout] 1186 |   expect!(parse_query(&query)).to(be_equal_to(expected));
[INFO] [stdout]      |   ^^^^^^ ambiguous name
[INFO] [stdout]      |
[INFO] [stdout]      = note: ambiguous because of multiple glob imports of a name in the same module
[INFO] [stdout] note: `expect` could refer to the macro imported here
[INFO] [stdout]     --> src/tests.rs:3:5
[INFO] [stdout]      |
[INFO] [stdout] 3    | use chrono::*;
[INFO] [stdout]      |     ^^^^^^^^^
[INFO] [stdout]      = help: consider adding an explicit import of `expect` to disambiguate
[INFO] [stdout] note: `expect` could also refer to the macro imported here
[INFO] [stdout]     --> src/tests.rs:4:5
[INFO] [stdout]      |
[INFO] [stdout] 4    | use expectest::prelude::*;
[INFO] [stdout]      |     ^^^^^^^^^^^^^^^^^^^^^
[INFO] [stdout]      = help: consider adding an explicit import of `expect` to disambiguate
[INFO] [stdout] 
[INFO] [stdout] 
[INFO] [stdout] error[E0659]: `expect` is ambiguous
[INFO] [stdout]     --> src/tests.rs:1192:3
[INFO] [stdout]      |
[INFO] [stdout] 1192 |   expect!(parse_query(&query)).to(be_equal_to(hashmap! {}));
[INFO] [stdout]      |   ^^^^^^ ambiguous name
[INFO] [stdout]      |
[INFO] [stdout]      = note: ambiguous because of multiple glob imports of a name in the same module
[INFO] [stdout] note: `expect` could refer to the macro imported here
[INFO] [stdout]     --> src/tests.rs:3:5
[INFO] [stdout]      |
[INFO] [stdout] 3    | use chrono::*;
[INFO] [stdout]      |     ^^^^^^^^^
[INFO] [stdout]      = help: consider adding an explicit import of `expect` to disambiguate
[INFO] [stdout] note: `expect` could also refer to the macro imported here
[INFO] [stdout]     --> src/tests.rs:4:5
[INFO] [stdout]      |
[INFO] [stdout] 4    | use expectest::prelude::*;
[INFO] [stdout]      |     ^^^^^^^^^^^^^^^^^^^^^
[INFO] [stdout]      = help: consider adding an explicit import of `expect` to disambiguate
[INFO] [stdout] 
[INFO] [stdout] 
[INFO] [stdout] error[E0659]: `expect` is ambiguous
[INFO] [stdout]     --> src/tests.rs:1202:3
[INFO] [stdout]      |
[INFO] [stdout] 1202 |   expect!(parse_query(&query)).to(be_equal_to(expected));
[INFO] [stdout]      |   ^^^^^^ ambiguous name
[INFO] [stdout]      |
[INFO] [stdout]      = note: ambiguous because of multiple glob imports of a name in the same module
[INFO] [stdout] note: `expect` could refer to the macro imported here
[INFO] [stdout]     --> src/tests.rs:3:5
[INFO] [stdout]      |
[INFO] [stdout] 3    | use chrono::*;
[INFO] [stdout]      |     ^^^^^^^^^
[INFO] [stdout]      = help: consider adding an explicit import of `expect` to disambiguate
[INFO] [stdout] note: `expect` could also refer to the macro imported here
[INFO] [stdout]     --> src/tests.rs:4:5
[INFO] [stdout]      |
[INFO] [stdout] 4    | use expectest::prelude::*;
[INFO] [stdout]      |     ^^^^^^^^^^^^^^^^^^^^^
[INFO] [stdout]      = help: consider adding an explicit import of `expect` to disambiguate
[INFO] [stdout] 
[INFO] [stdout] 
[INFO] [stdout] error[E0659]: `expect` is ambiguous
[INFO] [stdout]     --> src/tests.rs:1212:3
[INFO] [stdout]      |
[INFO] [stdout] 1212 |   expect!(parse_query(&query)).to(be_equal_to(expected));
[INFO] [stdout]      |   ^^^^^^ ambiguous name
[INFO] [stdout]      |
[INFO] [stdout]      = note: ambiguous because of multiple glob imports of a name in the same module
[INFO] [stdout] note: `expect` could refer to the macro imported here
[INFO] [stdout]     --> src/tests.rs:3:5
[INFO] [stdout]      |
[INFO] [stdout] 3    | use chrono::*;
[INFO] [stdout]      |     ^^^^^^^^^
[INFO] [stdout]      = help: consider adding an explicit import of `expect` to disambiguate
[INFO] [stdout] note: `expect` could also refer to the macro imported here
[INFO] [stdout]     --> src/tests.rs:4:5
[INFO] [stdout]      |
[INFO] [stdout] 4    | use expectest::prelude::*;
[INFO] [stdout]      |     ^^^^^^^^^^^^^^^^^^^^^
[INFO] [stdout]      = help: consider adding an explicit import of `expect` to disambiguate
[INFO] [stdout] 
[INFO] [stdout] 
[INFO] [stdout] error[E0659]: `expect` is ambiguous
[INFO] [stdout]     --> src/tests.rs:1221:3
[INFO] [stdout]      |
[INFO] [stdout] 1221 |   expect!(parse_query(&query)).to(be_equal_to(expected));
[INFO] [stdout]      |   ^^^^^^ ambiguous name
[INFO] [stdout]      |
[INFO] [stdout]      = note: ambiguous because of multiple glob imports of a name in the same module
[INFO] [stdout] note: `expect` could refer to the macro imported here
[INFO] [stdout]     --> src/tests.rs:3:5
[INFO] [stdout]      |
[INFO] [stdout] 3    | use chrono::*;
[INFO] [stdout]      |     ^^^^^^^^^
[INFO] [stdout]      = help: consider adding an explicit import of `expect` to disambiguate
[INFO] [stdout] note: `expect` could also refer to the macro imported here
[INFO] [stdout]     --> src/tests.rs:4:5
[INFO] [stdout]      |
[INFO] [stdout] 4    | use expectest::prelude::*;
[INFO] [stdout]      |     ^^^^^^^^^^^^^^^^^^^^^
[INFO] [stdout]      = help: consider adding an explicit import of `expect` to disambiguate
[INFO] [stdout] 
[INFO] [stdout] 
[INFO] [stdout] warning: unused import: `join_paths`
[INFO] [stdout]   --> src/tests.rs:11:3
[INFO] [stdout]    |
[INFO] [stdout] 11 |   join_paths,
[INFO] [stdout]    |   ^^^^^^^^^^
[INFO] [stdout]    |
[INFO] [stdout]    = note: `#[warn(unused_imports)]` on by default
[INFO] [stdout] 
[INFO] [stdout] 
[INFO] [stdout] warning: unused import: `super::sanitise_path`
[INFO] [stdout]   --> src/tests.rs:17:5
[INFO] [stdout]    |
[INFO] [stdout] 17 | use super::sanitise_path;
[INFO] [stdout]    |     ^^^^^^^^^^^^^^^^^^^^
[INFO] [stdout] 
[INFO] [stdout] 
[INFO] [stdout] error: aborting due to 48 previous errors; 2 warnings emitted
[INFO] [stdout] 
[INFO] [stdout] 
[INFO] [stdout] For more information about this error, try `rustc --explain E0659`.
[INFO] [stdout] 
[INFO] [stderr] error: could not compile `webmachine-rust` (lib test) due to 49 previous errors; 2 warnings emitted
[INFO] [stderr] warning: build failed, waiting for other jobs to finish...
[INFO] [stdout] warning: 1 warning emitted
[INFO] [stdout] 
[INFO] [stdout] 
[INFO] running `Command { std: "docker" "inspect" "04e20a724cf19e278f62caa06bc42f9394bea6683efb92d568b96976afeed0e9", kill_on_drop: false }`
[INFO] running `Command { std: "docker" "rm" "-f" "04e20a724cf19e278f62caa06bc42f9394bea6683efb92d568b96976afeed0e9", kill_on_drop: false }`
[INFO] [stdout] 04e20a724cf19e278f62caa06bc42f9394bea6683efb92d568b96976afeed0e9
