[INFO] fetching crate web_timer 0.2.5...
[INFO] testing web_timer-0.2.5 against 1.75.0 for beta-1.76-1
[INFO] extracting crate web_timer 0.2.5 into /workspace/builds/worker-2-tc1/source
[INFO] validating manifest of crates.io crate web_timer 0.2.5 on toolchain 1.75.0
[INFO] running `Command { std: CARGO_HOME="/workspace/cargo-home" RUSTUP_HOME="/workspace/rustup-home" "/workspace/cargo-home/bin/cargo" "+1.75.0" "metadata" "--manifest-path" "Cargo.toml" "--no-deps", kill_on_drop: false }`
[INFO] started tweaking crates.io crate web_timer 0.2.5
[INFO] finished tweaking crates.io crate web_timer 0.2.5
[INFO] tweaked toml for crates.io crate web_timer 0.2.5 written to /workspace/builds/worker-2-tc1/source/Cargo.toml
[INFO] running `Command { std: CARGO_HOME="/workspace/cargo-home" RUSTUP_HOME="/workspace/rustup-home" "/workspace/cargo-home/bin/cargo" "+1.75.0" "generate-lockfile" "--manifest-path" "Cargo.toml", kill_on_drop: false }`
[INFO] [stderr]     Updating crates.io index
[INFO] running `Command { std: CARGO_HOME="/workspace/cargo-home" RUSTUP_HOME="/workspace/rustup-home" "/workspace/cargo-home/bin/cargo" "+1.75.0" "fetch" "--manifest-path" "Cargo.toml", kill_on_drop: false }`
[INFO] [stderr]  Downloading crates ...
[INFO] [stderr]   Downloaded externref_polyfill v0.1.0
[INFO] [stderr]   Downloaded js v0.5.7
[INFO] running `Command { std: "docker" "create" "-v" "/var/lib/crater-agent-workspace/builds/worker-2-tc1/target:/opt/rustwide/target:rw,Z" "-v" "/var/lib/crater-agent-workspace/builds/worker-2-tc1/source:/opt/rustwide/workdir:ro,Z" "-v" "/var/lib/crater-agent-workspace/cargo-home:/opt/rustwide/cargo-home:ro,Z" "-v" "/var/lib/crater-agent-workspace/rustup-home:/opt/rustwide/rustup-home:ro,Z" "-e" "SOURCE_DIR=/opt/rustwide/workdir" "-e" "CARGO_TARGET_DIR=/opt/rustwide/target" "-e" "CARGO_HOME=/opt/rustwide/cargo-home" "-e" "RUSTUP_HOME=/opt/rustwide/rustup-home" "-w" "/opt/rustwide/workdir" "-m" "1610612736" "--user" "0:0" "--network" "none" "ghcr.io/rust-lang/crates-build-env/linux@sha256:2788e3201cd34a07e3172128adcd8b3090168a8e3bcc40d7c032b9dda1df7d1c" "/opt/rustwide/cargo-home/bin/cargo" "+1.75.0" "metadata" "--no-deps" "--format-version=1", kill_on_drop: false }`
[INFO] [stdout] bbedc8817fe33fcd127f92087a2e9718894ba9caa71676c79df909abf6562ad3
[INFO] running `Command { std: "docker" "start" "-a" "bbedc8817fe33fcd127f92087a2e9718894ba9caa71676c79df909abf6562ad3", kill_on_drop: false }`
[INFO] running `Command { std: "docker" "inspect" "bbedc8817fe33fcd127f92087a2e9718894ba9caa71676c79df909abf6562ad3", kill_on_drop: false }`
[INFO] running `Command { std: "docker" "rm" "-f" "bbedc8817fe33fcd127f92087a2e9718894ba9caa71676c79df909abf6562ad3", kill_on_drop: false }`
[INFO] [stdout] bbedc8817fe33fcd127f92087a2e9718894ba9caa71676c79df909abf6562ad3
[INFO] running `Command { std: "docker" "create" "-v" "/var/lib/crater-agent-workspace/builds/worker-2-tc1/target:/opt/rustwide/target:rw,Z" "-v" "/var/lib/crater-agent-workspace/builds/worker-2-tc1/source:/opt/rustwide/workdir:ro,Z" "-v" "/var/lib/crater-agent-workspace/cargo-home:/opt/rustwide/cargo-home:ro,Z" "-v" "/var/lib/crater-agent-workspace/rustup-home:/opt/rustwide/rustup-home:ro,Z" "-e" "SOURCE_DIR=/opt/rustwide/workdir" "-e" "CARGO_TARGET_DIR=/opt/rustwide/target" "-e" "CARGO_INCREMENTAL=0" "-e" "RUST_BACKTRACE=full" "-e" "RUSTFLAGS=--cap-lints=warn" "-e" "RUSTDOCFLAGS=--cap-lints=warn" "-e" "CARGO_HOME=/opt/rustwide/cargo-home" "-e" "RUSTUP_HOME=/opt/rustwide/rustup-home" "-w" "/opt/rustwide/workdir" "-m" "1610612736" "--user" "0:0" "--network" "none" "ghcr.io/rust-lang/crates-build-env/linux@sha256:2788e3201cd34a07e3172128adcd8b3090168a8e3bcc40d7c032b9dda1df7d1c" "/opt/rustwide/cargo-home/bin/cargo" "+1.75.0" "build" "--frozen" "--message-format=json", kill_on_drop: false }`
[INFO] [stdout] 011360ecdb224def937b1eb63f0f724fd45a8fc18f204d9e368fcb553bcf1bb4
[INFO] running `Command { std: "docker" "start" "-a" "011360ecdb224def937b1eb63f0f724fd45a8fc18f204d9e368fcb553bcf1bb4", kill_on_drop: false }`
[INFO] [stderr]    Compiling externref_polyfill v0.1.0
[INFO] [stderr]    Compiling no-std-compat v0.4.1
[INFO] [stderr]    Compiling lock_api v0.4.11
[INFO] [stderr]    Compiling spin v0.9.8
[INFO] [stderr]    Compiling js v0.5.7
[INFO] [stderr]    Compiling web_timer v0.2.5 (/opt/rustwide/workdir)
[INFO] [stdout] error[E0425]: cannot find function `create_callback_future_0` in this scope
[INFO] [stdout]   --> src/lib.rs:20:24
[INFO] [stdout]    |
[INFO] [stdout] 20 |     let (future, cb) = create_callback_future_0();
[INFO] [stdout]    |                        ^^^^^^^^^^^^^^^^^^^^^^^^ not found in this scope
[INFO] [stdout] 
[INFO] [stdout] 
[INFO] [stdout] error[E0599]: no method named `invoke_2` found for struct `js::JSFunction` in the current scope
[INFO] [stdout]   --> src/lib.rs:24:6
[INFO] [stdout]    |
[INFO] [stdout] 21 | /     js!("function(handler,time){
[INFO] [stdout] 22 | |         window.setTimeout(this.createCallback(handler),time);
[INFO] [stdout] 23 | |     }")
[INFO] [stdout] 24 | |     .invoke_2(cb, milliseconds);
[INFO] [stdout]    | |     -^^^^^^^^ help: there is a method with a similar name: `invoke`
[INFO] [stdout]    | |_____|
[INFO] [stdout]    | 
[INFO] [stdout] 
[INFO] [stdout] 
[INFO] [stdout] error[E0425]: cannot find function `create_callback_0` in this scope
[INFO] [stdout]   --> src/lib.rs:11:14
[INFO] [stdout]    |
[INFO] [stdout] 11 |     let cb = create_callback_0(callback);
[INFO] [stdout]    |              ^^^^^^^^^^^^^^^^^ not found in this scope
[INFO] [stdout] 
[INFO] [stdout] 
[INFO] [stdout] error[E0599]: no method named `invoke_2` found for struct `js::JSFunction` in the current scope
[INFO] [stdout]   --> src/lib.rs:15:6
[INFO] [stdout]    |
[INFO] [stdout] 12 |       let handle = js!("function(handler,time){
[INFO] [stdout]    |  __________________-
[INFO] [stdout] 13 | |         window.setTimeout(this.createCallback(handler),time);
[INFO] [stdout] 14 | |     }")
[INFO] [stdout] 15 | |     .invoke_2(cb, milliseconds);
[INFO] [stdout]    | |     -^^^^^^^^ help: there is a method with a similar name: `invoke`
[INFO] [stdout]    | |_____|
[INFO] [stdout]    | 
[INFO] [stdout] 
[INFO] [stdout] 
[INFO] [stdout] error[E0425]: cannot find function `create_callback_0` in this scope
[INFO] [stdout]   --> src/lib.rs:32:14
[INFO] [stdout]    |
[INFO] [stdout] 32 |     let cb = create_callback_0(callback);
[INFO] [stdout]    |              ^^^^^^^^^^^^^^^^^ not found in this scope
[INFO] [stdout] 
[INFO] [stdout] 
[INFO] [stdout] error[E0599]: no method named `invoke_2` found for struct `js::JSFunction` in the current scope
[INFO] [stdout]   --> src/lib.rs:36:6
[INFO] [stdout]    |
[INFO] [stdout] 33 |       let handle = js!("function(handler,time){
[INFO] [stdout]    |  __________________-
[INFO] [stdout] 34 | |         window.setInterval(this.createCallback(handler),time);
[INFO] [stdout] 35 | |     }")
[INFO] [stdout] 36 | |     .invoke_2(cb, milliseconds);
[INFO] [stdout]    | |     -^^^^^^^^ help: there is a method with a similar name: `invoke`
[INFO] [stdout]    | |_____|
[INFO] [stdout]    | 
[INFO] [stdout] 
[INFO] [stdout] 
[INFO] [stdout] error[E0425]: cannot find function `create_callback_0` in this scope
[INFO] [stdout]   --> src/lib.rs:41:14
[INFO] [stdout]    |
[INFO] [stdout] 41 |     let cb = create_callback_0(callback);
[INFO] [stdout]    |              ^^^^^^^^^^^^^^^^^ not found in this scope
[INFO] [stdout] 
[INFO] [stdout] 
[INFO] [stdout] error[E0599]: no method named `invoke_1` found for struct `js::JSFunction` in the current scope
[INFO] [stdout]   --> src/lib.rs:45:6
[INFO] [stdout]    |
[INFO] [stdout] 42 | /     js!("function(handler){
[INFO] [stdout] 43 | |         window.requestAnimationFrame(this.createCallback(handler));
[INFO] [stdout] 44 | |     }")
[INFO] [stdout] 45 | |     .invoke_1(cb);
[INFO] [stdout]    | |     -^^^^^^^^ help: there is a method with a similar name: `invoke`
[INFO] [stdout]    | |_____|
[INFO] [stdout]    | 
[INFO] [stdout] 
[INFO] [stdout] 
[INFO] [stdout] error[E0425]: cannot find function `create_callback_1` in this scope
[INFO] [stdout]   --> src/lib.rs:50:14
[INFO] [stdout]    |
[INFO] [stdout] 50 |     let cb = create_callback_1(callback);
[INFO] [stdout]    |              ^^^^^^^^^^^^^^^^^ not found in this scope
[INFO] [stdout] 
[INFO] [stdout] 
[INFO] [stdout] error[E0599]: no method named `invoke_1` found for struct `js::JSFunction` in the current scope
[INFO] [stdout]   --> src/lib.rs:63:6
[INFO] [stdout]    |
[INFO] [stdout] 51 | /     js!("function(cb){
[INFO] [stdout] 52 | |         cb = this.createCallback(cb);
[INFO] [stdout] 53 | |         let time = Date.now();
[INFO] [stdout] 54 | |         function run(){
[INFO] [stdout] ...  |
[INFO] [stdout] 62 | |     }")
[INFO] [stdout] 63 | |     .invoke_1(cb);
[INFO] [stdout]    | |     -^^^^^^^^ help: there is a method with a similar name: `invoke`
[INFO] [stdout]    | |_____|
[INFO] [stdout]    | 
[INFO] [stdout] 
[INFO] [stdout] 
[INFO] [stdout] error[E0599]: no method named `invoke_1` found for struct `js::JSFunction` in the current scope
[INFO] [stdout]   --> src/lib.rs:71:6
[INFO] [stdout]    |
[INFO] [stdout] 68 | /     js!("function(handle){
[INFO] [stdout] 69 | |         window.clearTimeout(handle);
[INFO] [stdout] 70 | |     }")
[INFO] [stdout] 71 | |     .invoke_1(handle);
[INFO] [stdout]    | |     -^^^^^^^^ help: there is a method with a similar name: `invoke`
[INFO] [stdout]    | |_____|
[INFO] [stdout]    | 
[INFO] [stdout] 
[INFO] [stdout] 
[INFO] [stdout] error[E0599]: no method named `invoke_1` found for struct `js::JSFunction` in the current scope
[INFO] [stdout]   --> src/lib.rs:78:6
[INFO] [stdout]    |
[INFO] [stdout] 75 | /     js!("function(handle){
[INFO] [stdout] 76 | |         window.clearInterval(handle);
[INFO] [stdout] 77 | |     }")
[INFO] [stdout] 78 | |     .invoke_1(handle);
[INFO] [stdout]    | |     -^^^^^^^^ help: there is a method with a similar name: `invoke`
[INFO] [stdout]    | |_____|
[INFO] [stdout]    | 
[INFO] [stdout] 
[INFO] [stdout] 
[INFO] [stdout] error: aborting due to 12 previous errors
[INFO] [stdout] 
[INFO] [stdout] 
[INFO] [stdout] Some errors have detailed explanations: E0425, E0599.
[INFO] [stdout] 
[INFO] [stdout] For more information about an error, try `rustc --explain E0425`.
[INFO] [stdout] 
[INFO] [stderr] error: could not compile `web_timer` (lib) due to 13 previous errors
[INFO] [stderr] warning: build failed, waiting for other jobs to finish...
[INFO] running `Command { std: "docker" "inspect" "011360ecdb224def937b1eb63f0f724fd45a8fc18f204d9e368fcb553bcf1bb4", kill_on_drop: false }`
[INFO] running `Command { std: "docker" "rm" "-f" "011360ecdb224def937b1eb63f0f724fd45a8fc18f204d9e368fcb553bcf1bb4", kill_on_drop: false }`
[INFO] [stdout] 011360ecdb224def937b1eb63f0f724fd45a8fc18f204d9e368fcb553bcf1bb4
[INFO] testing web_timer-0.2.5 against beta-2023-12-22 for beta-1.76-1
[INFO] extracting crate web_timer 0.2.5 into /workspace/builds/worker-2-tc2/source
[INFO] validating manifest of crates.io crate web_timer 0.2.5 on toolchain beta-2023-12-22
[INFO] running `Command { std: CARGO_HOME="/workspace/cargo-home" RUSTUP_HOME="/workspace/rustup-home" "/workspace/cargo-home/bin/cargo" "+beta-2023-12-22" "metadata" "--manifest-path" "Cargo.toml" "--no-deps", kill_on_drop: false }`
[INFO] started tweaking crates.io crate web_timer 0.2.5
[INFO] finished tweaking crates.io crate web_timer 0.2.5
[INFO] tweaked toml for crates.io crate web_timer 0.2.5 written to /workspace/builds/worker-2-tc2/source/Cargo.toml
[INFO] running `Command { std: CARGO_HOME="/workspace/cargo-home" RUSTUP_HOME="/workspace/rustup-home" "/workspace/cargo-home/bin/cargo" "+beta-2023-12-22" "generate-lockfile" "--manifest-path" "Cargo.toml", kill_on_drop: false }`
[INFO] [stderr]     Updating crates.io index
[INFO] running `Command { std: CARGO_HOME="/workspace/cargo-home" RUSTUP_HOME="/workspace/rustup-home" "/workspace/cargo-home/bin/cargo" "+beta-2023-12-22" "fetch" "--manifest-path" "Cargo.toml", kill_on_drop: false }`
[INFO] running `Command { std: "docker" "create" "-v" "/var/lib/crater-agent-workspace/builds/worker-2-tc2/target:/opt/rustwide/target:rw,Z" "-v" "/var/lib/crater-agent-workspace/builds/worker-2-tc2/source:/opt/rustwide/workdir:ro,Z" "-v" "/var/lib/crater-agent-workspace/cargo-home:/opt/rustwide/cargo-home:ro,Z" "-v" "/var/lib/crater-agent-workspace/rustup-home:/opt/rustwide/rustup-home:ro,Z" "-e" "SOURCE_DIR=/opt/rustwide/workdir" "-e" "CARGO_TARGET_DIR=/opt/rustwide/target" "-e" "CARGO_HOME=/opt/rustwide/cargo-home" "-e" "RUSTUP_HOME=/opt/rustwide/rustup-home" "-w" "/opt/rustwide/workdir" "-m" "1610612736" "--user" "0:0" "--network" "none" "ghcr.io/rust-lang/crates-build-env/linux@sha256:2788e3201cd34a07e3172128adcd8b3090168a8e3bcc40d7c032b9dda1df7d1c" "/opt/rustwide/cargo-home/bin/cargo" "+beta-2023-12-22" "metadata" "--no-deps" "--format-version=1", kill_on_drop: false }`
[INFO] [stdout] f1a1fe057054cd575fd1b874a06820e3f54d90cfdb26503f810fd2475ce330d2
[INFO] running `Command { std: "docker" "start" "-a" "f1a1fe057054cd575fd1b874a06820e3f54d90cfdb26503f810fd2475ce330d2", kill_on_drop: false }`
[INFO] running `Command { std: "docker" "inspect" "f1a1fe057054cd575fd1b874a06820e3f54d90cfdb26503f810fd2475ce330d2", kill_on_drop: false }`
[INFO] running `Command { std: "docker" "rm" "-f" "f1a1fe057054cd575fd1b874a06820e3f54d90cfdb26503f810fd2475ce330d2", kill_on_drop: false }`
[INFO] [stdout] f1a1fe057054cd575fd1b874a06820e3f54d90cfdb26503f810fd2475ce330d2
[INFO] running `Command { std: "docker" "create" "-v" "/var/lib/crater-agent-workspace/builds/worker-2-tc2/target:/opt/rustwide/target:rw,Z" "-v" "/var/lib/crater-agent-workspace/builds/worker-2-tc2/source:/opt/rustwide/workdir:ro,Z" "-v" "/var/lib/crater-agent-workspace/cargo-home:/opt/rustwide/cargo-home:ro,Z" "-v" "/var/lib/crater-agent-workspace/rustup-home:/opt/rustwide/rustup-home:ro,Z" "-e" "SOURCE_DIR=/opt/rustwide/workdir" "-e" "CARGO_TARGET_DIR=/opt/rustwide/target" "-e" "CARGO_INCREMENTAL=0" "-e" "RUST_BACKTRACE=full" "-e" "RUSTFLAGS=--cap-lints=warn" "-e" "RUSTDOCFLAGS=--cap-lints=warn" "-e" "CARGO_HOME=/opt/rustwide/cargo-home" "-e" "RUSTUP_HOME=/opt/rustwide/rustup-home" "-w" "/opt/rustwide/workdir" "-m" "1610612736" "--user" "0:0" "--network" "none" "ghcr.io/rust-lang/crates-build-env/linux@sha256:2788e3201cd34a07e3172128adcd8b3090168a8e3bcc40d7c032b9dda1df7d1c" "/opt/rustwide/cargo-home/bin/cargo" "+beta-2023-12-22" "build" "--frozen" "--message-format=json", kill_on_drop: false }`
[INFO] [stdout] b9f17d460390eb2116c1dbfe007adbafe3935bbfa91a92a1f4414d24d435b804
[INFO] running `Command { std: "docker" "start" "-a" "b9f17d460390eb2116c1dbfe007adbafe3935bbfa91a92a1f4414d24d435b804", kill_on_drop: false }`
[INFO] [stderr]    Compiling externref_polyfill v0.1.0
[INFO] [stderr]    Compiling no-std-compat v0.4.1
[INFO] [stderr]    Compiling lock_api v0.4.11
[INFO] [stderr]    Compiling spin v0.9.8
[INFO] [stderr]    Compiling js v0.5.7
[INFO] [stderr]    Compiling web_timer v0.2.5 (/opt/rustwide/workdir)
[INFO] [stdout] error[E0425]: cannot find function `create_callback_future_0` in this scope
[INFO] [stdout]   --> src/lib.rs:20:24
[INFO] [stdout]    |
[INFO] [stdout] 20 |     let (future, cb) = create_callback_future_0();
[INFO] [stdout]    |                        ^^^^^^^^^^^^^^^^^^^^^^^^ not found in this scope
[INFO] [stdout] 
[INFO] [stdout] 
[INFO] [stdout] error[E0599]: no method named `invoke_2` found for struct `js::JSFunction` in the current scope
[INFO] [stdout]   --> src/lib.rs:24:6
[INFO] [stdout]    |
[INFO] [stdout] 21 | /     js!("function(handler,time){
[INFO] [stdout] 22 | |         window.setTimeout(this.createCallback(handler),time);
[INFO] [stdout] 23 | |     }")
[INFO] [stdout] 24 | |     .invoke_2(cb, milliseconds);
[INFO] [stdout]    | |     -^^^^^^^^ help: there is a method with a similar name: `invoke`
[INFO] [stdout]    | |_____|
[INFO] [stdout]    | 
[INFO] [stdout] 
[INFO] [stdout] 
[INFO] [stdout] error[E0425]: cannot find function `create_callback_0` in this scope
[INFO] [stdout]   --> src/lib.rs:11:14
[INFO] [stdout]    |
[INFO] [stdout] 11 |     let cb = create_callback_0(callback);
[INFO] [stdout]    |              ^^^^^^^^^^^^^^^^^ not found in this scope
[INFO] [stdout] 
[INFO] [stdout] 
[INFO] [stdout] error[E0599]: no method named `invoke_2` found for struct `js::JSFunction` in the current scope
[INFO] [stdout]   --> src/lib.rs:15:6
[INFO] [stdout]    |
[INFO] [stdout] 12 |       let handle = js!("function(handler,time){
[INFO] [stdout]    |  __________________-
[INFO] [stdout] 13 | |         window.setTimeout(this.createCallback(handler),time);
[INFO] [stdout] 14 | |     }")
[INFO] [stdout] 15 | |     .invoke_2(cb, milliseconds);
[INFO] [stdout]    | |     -^^^^^^^^ help: there is a method with a similar name: `invoke`
[INFO] [stdout]    | |_____|
[INFO] [stdout]    | 
[INFO] [stdout] 
[INFO] [stdout] 
[INFO] [stdout] error[E0425]: cannot find function `create_callback_0` in this scope
[INFO] [stdout]   --> src/lib.rs:32:14
[INFO] [stdout]    |
[INFO] [stdout] 32 |     let cb = create_callback_0(callback);
[INFO] [stdout]    |              ^^^^^^^^^^^^^^^^^ not found in this scope
[INFO] [stdout] 
[INFO] [stdout] 
[INFO] [stdout] error[E0599]: no method named `invoke_2` found for struct `js::JSFunction` in the current scope
[INFO] [stdout]   --> src/lib.rs:36:6
[INFO] [stdout]    |
[INFO] [stdout] 33 |       let handle = js!("function(handler,time){
[INFO] [stdout]    |  __________________-
[INFO] [stdout] 34 | |         window.setInterval(this.createCallback(handler),time);
[INFO] [stdout] 35 | |     }")
[INFO] [stdout] 36 | |     .invoke_2(cb, milliseconds);
[INFO] [stdout]    | |     -^^^^^^^^ help: there is a method with a similar name: `invoke`
[INFO] [stdout]    | |_____|
[INFO] [stdout]    | 
[INFO] [stdout] 
[INFO] [stdout] 
[INFO] [stdout] error[E0425]: cannot find function `create_callback_0` in this scope
[INFO] [stdout]   --> src/lib.rs:41:14
[INFO] [stdout]    |
[INFO] [stdout] 41 |     let cb = create_callback_0(callback);
[INFO] [stdout]    |              ^^^^^^^^^^^^^^^^^ not found in this scope
[INFO] [stdout] 
[INFO] [stdout] 
[INFO] [stdout] error[E0599]: no method named `invoke_1` found for struct `js::JSFunction` in the current scope
[INFO] [stdout]   --> src/lib.rs:45:6
[INFO] [stdout]    |
[INFO] [stdout] 42 | /     js!("function(handler){
[INFO] [stdout] 43 | |         window.requestAnimationFrame(this.createCallback(handler));
[INFO] [stdout] 44 | |     }")
[INFO] [stdout] 45 | |     .invoke_1(cb);
[INFO] [stdout]    | |     -^^^^^^^^ help: there is a method with a similar name: `invoke`
[INFO] [stdout]    | |_____|
[INFO] [stdout]    | 
[INFO] [stdout] 
[INFO] [stdout] 
[INFO] [stdout] error[E0425]: cannot find function `create_callback_1` in this scope
[INFO] [stdout]   --> src/lib.rs:50:14
[INFO] [stdout]    |
[INFO] [stdout] 50 |     let cb = create_callback_1(callback);
[INFO] [stdout]    |              ^^^^^^^^^^^^^^^^^ not found in this scope
[INFO] [stdout] 
[INFO] [stdout] 
[INFO] [stdout] error[E0599]: no method named `invoke_1` found for struct `js::JSFunction` in the current scope
[INFO] [stdout]   --> src/lib.rs:63:6
[INFO] [stdout]    |
[INFO] [stdout] 51 | /     js!("function(cb){
[INFO] [stdout] 52 | |         cb = this.createCallback(cb);
[INFO] [stdout] 53 | |         let time = Date.now();
[INFO] [stdout] 54 | |         function run(){
[INFO] [stdout] ...  |
[INFO] [stdout] 62 | |     }")
[INFO] [stdout] 63 | |     .invoke_1(cb);
[INFO] [stdout]    | |     -^^^^^^^^ help: there is a method with a similar name: `invoke`
[INFO] [stdout]    | |_____|
[INFO] [stdout]    | 
[INFO] [stdout] 
[INFO] [stdout] 
[INFO] [stdout] error[E0599]: no method named `invoke_1` found for struct `js::JSFunction` in the current scope
[INFO] [stdout]   --> src/lib.rs:71:6
[INFO] [stdout]    |
[INFO] [stdout] 68 | /     js!("function(handle){
[INFO] [stdout] 69 | |         window.clearTimeout(handle);
[INFO] [stdout] 70 | |     }")
[INFO] [stdout] 71 | |     .invoke_1(handle);
[INFO] [stdout]    | |     -^^^^^^^^ help: there is a method with a similar name: `invoke`
[INFO] [stdout]    | |_____|
[INFO] [stdout]    | 
[INFO] [stdout] 
[INFO] [stdout] 
[INFO] [stdout] error[E0599]: no method named `invoke_1` found for struct `js::JSFunction` in the current scope
[INFO] [stdout]   --> src/lib.rs:78:6
[INFO] [stdout]    |
[INFO] [stdout] 75 | /     js!("function(handle){
[INFO] [stdout] 76 | |         window.clearInterval(handle);
[INFO] [stdout] 77 | |     }")
[INFO] [stdout] 78 | |     .invoke_1(handle);
[INFO] [stdout]    | |     -^^^^^^^^ help: there is a method with a similar name: `invoke`
[INFO] [stdout]    | |_____|
[INFO] [stdout]    | 
[INFO] [stdout] 
[INFO] [stdout] 
[INFO] [stdout] error: aborting due to 12 previous errors
[INFO] [stdout] 
[INFO] [stdout] 
[INFO] [stdout] Some errors have detailed explanations: E0425, E0599.
[INFO] [stdout] 
[INFO] [stdout] For more information about an error, try `rustc --explain E0425`.
[INFO] [stdout] 
[INFO] [stderr] error: could not compile `web_timer` (lib) due to 13 previous errors
[INFO] running `Command { std: "docker" "inspect" "b9f17d460390eb2116c1dbfe007adbafe3935bbfa91a92a1f4414d24d435b804", kill_on_drop: false }`
[INFO] running `Command { std: "docker" "rm" "-f" "b9f17d460390eb2116c1dbfe007adbafe3935bbfa91a92a1f4414d24d435b804", kill_on_drop: false }`
[INFO] [stdout] b9f17d460390eb2116c1dbfe007adbafe3935bbfa91a92a1f4414d24d435b804
