[INFO] fetching crate web_local_storage 0.0.3...
[INFO] testing web_local_storage-0.0.3 against 1.75.0 for beta-1.76-1
[INFO] extracting crate web_local_storage 0.0.3 into /workspace/builds/worker-6-tc1/source
[INFO] validating manifest of crates.io crate web_local_storage 0.0.3 on toolchain 1.75.0
[INFO] running `Command { std: CARGO_HOME="/workspace/cargo-home" RUSTUP_HOME="/workspace/rustup-home" "/workspace/cargo-home/bin/cargo" "+1.75.0" "metadata" "--manifest-path" "Cargo.toml" "--no-deps", kill_on_drop: false }`
[INFO] started tweaking crates.io crate web_local_storage 0.0.3
[INFO] finished tweaking crates.io crate web_local_storage 0.0.3
[INFO] tweaked toml for crates.io crate web_local_storage 0.0.3 written to /workspace/builds/worker-6-tc1/source/Cargo.toml
[INFO] running `Command { std: CARGO_HOME="/workspace/cargo-home" RUSTUP_HOME="/workspace/rustup-home" "/workspace/cargo-home/bin/cargo" "+1.75.0" "generate-lockfile" "--manifest-path" "Cargo.toml", kill_on_drop: false }`
[INFO] [stderr]     Updating crates.io index
[INFO] running `Command { std: CARGO_HOME="/workspace/cargo-home" RUSTUP_HOME="/workspace/rustup-home" "/workspace/cargo-home/bin/cargo" "+1.75.0" "fetch" "--manifest-path" "Cargo.toml", kill_on_drop: false }`
[INFO] running `Command { std: "docker" "create" "-v" "/var/lib/crater-agent-workspace/builds/worker-6-tc1/target:/opt/rustwide/target:rw,Z" "-v" "/var/lib/crater-agent-workspace/builds/worker-6-tc1/source:/opt/rustwide/workdir:ro,Z" "-v" "/var/lib/crater-agent-workspace/cargo-home:/opt/rustwide/cargo-home:ro,Z" "-v" "/var/lib/crater-agent-workspace/rustup-home:/opt/rustwide/rustup-home:ro,Z" "-e" "SOURCE_DIR=/opt/rustwide/workdir" "-e" "CARGO_TARGET_DIR=/opt/rustwide/target" "-e" "CARGO_HOME=/opt/rustwide/cargo-home" "-e" "RUSTUP_HOME=/opt/rustwide/rustup-home" "-w" "/opt/rustwide/workdir" "-m" "1610612736" "--user" "0:0" "--network" "none" "ghcr.io/rust-lang/crates-build-env/linux@sha256:2788e3201cd34a07e3172128adcd8b3090168a8e3bcc40d7c032b9dda1df7d1c" "/opt/rustwide/cargo-home/bin/cargo" "+1.75.0" "metadata" "--no-deps" "--format-version=1", kill_on_drop: false }`
[INFO] [stdout] 5f72792562849b022cb7995907b4b3e4ebcac893636377a95d60a5a02da9eb2f
[INFO] running `Command { std: "docker" "start" "-a" "5f72792562849b022cb7995907b4b3e4ebcac893636377a95d60a5a02da9eb2f", kill_on_drop: false }`
[INFO] running `Command { std: "docker" "inspect" "5f72792562849b022cb7995907b4b3e4ebcac893636377a95d60a5a02da9eb2f", kill_on_drop: false }`
[INFO] running `Command { std: "docker" "rm" "-f" "5f72792562849b022cb7995907b4b3e4ebcac893636377a95d60a5a02da9eb2f", kill_on_drop: false }`
[INFO] [stdout] 5f72792562849b022cb7995907b4b3e4ebcac893636377a95d60a5a02da9eb2f
[INFO] running `Command { std: "docker" "create" "-v" "/var/lib/crater-agent-workspace/builds/worker-6-tc1/target:/opt/rustwide/target:rw,Z" "-v" "/var/lib/crater-agent-workspace/builds/worker-6-tc1/source:/opt/rustwide/workdir:ro,Z" "-v" "/var/lib/crater-agent-workspace/cargo-home:/opt/rustwide/cargo-home:ro,Z" "-v" "/var/lib/crater-agent-workspace/rustup-home:/opt/rustwide/rustup-home:ro,Z" "-e" "SOURCE_DIR=/opt/rustwide/workdir" "-e" "CARGO_TARGET_DIR=/opt/rustwide/target" "-e" "CARGO_INCREMENTAL=0" "-e" "RUST_BACKTRACE=full" "-e" "RUSTFLAGS=--cap-lints=warn" "-e" "RUSTDOCFLAGS=--cap-lints=warn" "-e" "CARGO_HOME=/opt/rustwide/cargo-home" "-e" "RUSTUP_HOME=/opt/rustwide/rustup-home" "-w" "/opt/rustwide/workdir" "-m" "1610612736" "--user" "0:0" "--network" "none" "ghcr.io/rust-lang/crates-build-env/linux@sha256:2788e3201cd34a07e3172128adcd8b3090168a8e3bcc40d7c032b9dda1df7d1c" "/opt/rustwide/cargo-home/bin/cargo" "+1.75.0" "build" "--frozen" "--message-format=json", kill_on_drop: false }`
[INFO] [stdout] d09e74dc9c9171295decfb11d4ea68521d938869670709fbc07b609d6ea4417d
[INFO] running `Command { std: "docker" "start" "-a" "d09e74dc9c9171295decfb11d4ea68521d938869670709fbc07b609d6ea4417d", kill_on_drop: false }`
[INFO] [stderr]    Compiling web_local_storage v0.0.3 (/opt/rustwide/workdir)
[INFO] [stdout] error[E0599]: no method named `invoke_4` found for struct `js::JSFunction` in the current scope
[INFO] [stdout]   --> src/lib.rs:15:10
[INFO] [stdout]    |
[INFO] [stdout] 15 |     func.invoke_4(a0, a1, d0, d1);
[INFO] [stdout]    |          ^^^^^^^^ help: there is a method with a similar name: `invoke`
[INFO] [stdout] 
[INFO] [stdout] 
[INFO] [stdout] error[E0599]: no method named `invoke_2` found for struct `js::JSFunction` in the current scope
[INFO] [stdout]   --> src/lib.rs:28:20
[INFO] [stdout]    |
[INFO] [stdout] 28 |     let txt = func.invoke_2(a0, a1);
[INFO] [stdout]    |                    ^^^^^^^^ help: there is a method with a similar name: `invoke`
[INFO] [stdout] 
[INFO] [stdout] 
[INFO] [stdout] error[E0599]: no method named `invoke_2` found for struct `js::JSFunction` in the current scope
[INFO] [stdout]   --> src/lib.rs:45:10
[INFO] [stdout]    |
[INFO] [stdout] 45 |     func.invoke_2(a0, a1);
[INFO] [stdout]    |          ^^^^^^^^ help: there is a method with a similar name: `invoke`
[INFO] [stdout] 
[INFO] [stdout] 
[INFO] [stdout] error[E0599]: no method named `invoke_0` found for struct `js::JSFunction` in the current scope
[INFO] [stdout]   --> src/lib.rs:52:10
[INFO] [stdout]    |
[INFO] [stdout] 52 |     func.invoke_0();
[INFO] [stdout]    |          ^^^^^^^^ help: there is a method with a similar name: `invoke`
[INFO] [stdout] 
[INFO] [stdout] 
[INFO] [stdout] error: aborting due to 4 previous errors
[INFO] [stdout] 
[INFO] [stdout] 
[INFO] [stdout] For more information about this error, try `rustc --explain E0599`.
[INFO] [stdout] 
[INFO] [stderr] error: could not compile `web_local_storage` (lib) due to 5 previous errors
[INFO] running `Command { std: "docker" "inspect" "d09e74dc9c9171295decfb11d4ea68521d938869670709fbc07b609d6ea4417d", kill_on_drop: false }`
[INFO] running `Command { std: "docker" "rm" "-f" "d09e74dc9c9171295decfb11d4ea68521d938869670709fbc07b609d6ea4417d", kill_on_drop: false }`
[INFO] [stdout] d09e74dc9c9171295decfb11d4ea68521d938869670709fbc07b609d6ea4417d
