[INFO] fetching crate web_console 0.3.7...
[INFO] testing web_console-0.3.7 against 1.75.0 for beta-1.76-1
[INFO] extracting crate web_console 0.3.7 into /workspace/builds/worker-4-tc1/source
[INFO] validating manifest of crates.io crate web_console 0.3.7 on toolchain 1.75.0
[INFO] running `Command { std: CARGO_HOME="/workspace/cargo-home" RUSTUP_HOME="/workspace/rustup-home" "/workspace/cargo-home/bin/cargo" "+1.75.0" "metadata" "--manifest-path" "Cargo.toml" "--no-deps", kill_on_drop: false }`
[INFO] started tweaking crates.io crate web_console 0.3.7
[INFO] finished tweaking crates.io crate web_console 0.3.7
[INFO] tweaked toml for crates.io crate web_console 0.3.7 written to /workspace/builds/worker-4-tc1/source/Cargo.toml
[INFO] running `Command { std: CARGO_HOME="/workspace/cargo-home" RUSTUP_HOME="/workspace/rustup-home" "/workspace/cargo-home/bin/cargo" "+1.75.0" "generate-lockfile" "--manifest-path" "Cargo.toml", kill_on_drop: false }`
[INFO] [stderr]     Updating crates.io index
[INFO] running `Command { std: CARGO_HOME="/workspace/cargo-home" RUSTUP_HOME="/workspace/rustup-home" "/workspace/cargo-home/bin/cargo" "+1.75.0" "fetch" "--manifest-path" "Cargo.toml", kill_on_drop: false }`
[INFO] [stderr]  Downloading crates ...
[INFO] [stderr]   Downloaded externref_polyfill v0.1.0
[INFO] [stderr]   Downloaded js v0.5.7
[INFO] running `Command { std: "docker" "create" "-v" "/var/lib/crater-agent-workspace/builds/worker-4-tc1/target:/opt/rustwide/target:rw,Z" "-v" "/var/lib/crater-agent-workspace/builds/worker-4-tc1/source:/opt/rustwide/workdir:ro,Z" "-v" "/var/lib/crater-agent-workspace/cargo-home:/opt/rustwide/cargo-home:ro,Z" "-v" "/var/lib/crater-agent-workspace/rustup-home:/opt/rustwide/rustup-home:ro,Z" "-e" "SOURCE_DIR=/opt/rustwide/workdir" "-e" "CARGO_TARGET_DIR=/opt/rustwide/target" "-e" "CARGO_HOME=/opt/rustwide/cargo-home" "-e" "RUSTUP_HOME=/opt/rustwide/rustup-home" "-w" "/opt/rustwide/workdir" "-m" "1610612736" "--user" "0:0" "--network" "none" "ghcr.io/rust-lang/crates-build-env/linux@sha256:2788e3201cd34a07e3172128adcd8b3090168a8e3bcc40d7c032b9dda1df7d1c" "/opt/rustwide/cargo-home/bin/cargo" "+1.75.0" "metadata" "--no-deps" "--format-version=1", kill_on_drop: false }`
[INFO] [stdout] ff179ab794e8d10493c54124688b22db9eb4a11a69688cd6f436f4d2139d3f6d
[INFO] running `Command { std: "docker" "start" "-a" "ff179ab794e8d10493c54124688b22db9eb4a11a69688cd6f436f4d2139d3f6d", kill_on_drop: false }`
[INFO] running `Command { std: "docker" "inspect" "ff179ab794e8d10493c54124688b22db9eb4a11a69688cd6f436f4d2139d3f6d", kill_on_drop: false }`
[INFO] running `Command { std: "docker" "rm" "-f" "ff179ab794e8d10493c54124688b22db9eb4a11a69688cd6f436f4d2139d3f6d", kill_on_drop: false }`
[INFO] [stdout] ff179ab794e8d10493c54124688b22db9eb4a11a69688cd6f436f4d2139d3f6d
[INFO] running `Command { std: "docker" "create" "-v" "/var/lib/crater-agent-workspace/builds/worker-4-tc1/target:/opt/rustwide/target:rw,Z" "-v" "/var/lib/crater-agent-workspace/builds/worker-4-tc1/source:/opt/rustwide/workdir:ro,Z" "-v" "/var/lib/crater-agent-workspace/cargo-home:/opt/rustwide/cargo-home:ro,Z" "-v" "/var/lib/crater-agent-workspace/rustup-home:/opt/rustwide/rustup-home:ro,Z" "-e" "SOURCE_DIR=/opt/rustwide/workdir" "-e" "CARGO_TARGET_DIR=/opt/rustwide/target" "-e" "CARGO_INCREMENTAL=0" "-e" "RUST_BACKTRACE=full" "-e" "RUSTFLAGS=--cap-lints=warn" "-e" "RUSTDOCFLAGS=--cap-lints=warn" "-e" "CARGO_HOME=/opt/rustwide/cargo-home" "-e" "RUSTUP_HOME=/opt/rustwide/rustup-home" "-w" "/opt/rustwide/workdir" "-m" "1610612736" "--user" "0:0" "--network" "none" "ghcr.io/rust-lang/crates-build-env/linux@sha256:2788e3201cd34a07e3172128adcd8b3090168a8e3bcc40d7c032b9dda1df7d1c" "/opt/rustwide/cargo-home/bin/cargo" "+1.75.0" "build" "--frozen" "--message-format=json", kill_on_drop: false }`
[INFO] [stdout] 37b2536b160e4828e9b7521cdd79d0cd9c6b0eb0f32391c73e3624d35136e632
[INFO] running `Command { std: "docker" "start" "-a" "37b2536b160e4828e9b7521cdd79d0cd9c6b0eb0f32391c73e3624d35136e632", kill_on_drop: false }`
[INFO] [stderr]    Compiling lock_api v0.4.11
[INFO] [stderr]    Compiling externref_polyfill v0.1.0
[INFO] [stderr]    Compiling no-std-compat v0.4.1
[INFO] [stderr]    Compiling spin v0.9.8
[INFO] [stderr]    Compiling js v0.5.7
[INFO] [stderr]    Compiling web_console v0.3.7 (/opt/rustwide/workdir)
[INFO] [stdout] error[E0599]: no method named `invoke_0` found for struct `js::JSFunction` in the current scope
[INFO] [stdout]  --> src/lib.rs:9:10
[INFO] [stdout]   |
[INFO] [stdout] 9 |     func.invoke_0();
[INFO] [stdout]   |          ^^^^^^^^ help: there is a method with a similar name: `invoke`
[INFO] [stdout] 
[INFO] [stdout] 
[INFO] [stdout] error[E0599]: no method named `invoke_2` found for struct `js::JSFunction` in the current scope
[INFO] [stdout]   --> src/lib.rs:18:10
[INFO] [stdout]    |
[INFO] [stdout] 18 |     func.invoke_2(a0, a1);
[INFO] [stdout]    |          ^^^^^^^^ help: there is a method with a similar name: `invoke`
[INFO] [stdout] 
[INFO] [stdout] 
[INFO] [stdout] error[E0599]: no method named `invoke_2` found for struct `js::JSFunction` in the current scope
[INFO] [stdout]   --> src/lib.rs:27:10
[INFO] [stdout]    |
[INFO] [stdout] 27 |     func.invoke_2(a0, a1);
[INFO] [stdout]    |          ^^^^^^^^ help: there is a method with a similar name: `invoke`
[INFO] [stdout] 
[INFO] [stdout] 
[INFO] [stdout] error[E0599]: no method named `invoke_2` found for struct `js::JSFunction` in the current scope
[INFO] [stdout]   --> src/lib.rs:36:10
[INFO] [stdout]    |
[INFO] [stdout] 36 |     func.invoke_2(a0, a1);
[INFO] [stdout]    |          ^^^^^^^^ help: there is a method with a similar name: `invoke`
[INFO] [stdout] 
[INFO] [stdout] 
[INFO] [stdout] error[E0599]: no method named `invoke_2` found for struct `js::JSFunction` in the current scope
[INFO] [stdout]   --> src/lib.rs:45:10
[INFO] [stdout]    |
[INFO] [stdout] 45 |     func.invoke_2(a0, a1);
[INFO] [stdout]    |          ^^^^^^^^ help: there is a method with a similar name: `invoke`
[INFO] [stdout] 
[INFO] [stdout] 
[INFO] [stdout] error[E0599]: no method named `invoke_2` found for struct `js::JSFunction` in the current scope
[INFO] [stdout]   --> src/lib.rs:54:10
[INFO] [stdout]    |
[INFO] [stdout] 54 |     func.invoke_2(a0, a1);
[INFO] [stdout]    |          ^^^^^^^^ help: there is a method with a similar name: `invoke`
[INFO] [stdout] 
[INFO] [stdout] 
[INFO] [stdout] error: aborting due to 6 previous errors
[INFO] [stdout] 
[INFO] [stdout] 
[INFO] [stdout] For more information about this error, try `rustc --explain E0599`.
[INFO] [stdout] 
[INFO] [stderr] error: could not compile `web_console` (lib) due to 7 previous errors
[INFO] running `Command { std: "docker" "inspect" "37b2536b160e4828e9b7521cdd79d0cd9c6b0eb0f32391c73e3624d35136e632", kill_on_drop: false }`
[INFO] running `Command { std: "docker" "rm" "-f" "37b2536b160e4828e9b7521cdd79d0cd9c6b0eb0f32391c73e3624d35136e632", kill_on_drop: false }`
[INFO] [stdout] 37b2536b160e4828e9b7521cdd79d0cd9c6b0eb0f32391c73e3624d35136e632
[INFO] testing web_console-0.3.7 against beta-2023-12-22 for beta-1.76-1
[INFO] extracting crate web_console 0.3.7 into /workspace/builds/worker-4-tc2/source
[INFO] validating manifest of crates.io crate web_console 0.3.7 on toolchain beta-2023-12-22
[INFO] running `Command { std: CARGO_HOME="/workspace/cargo-home" RUSTUP_HOME="/workspace/rustup-home" "/workspace/cargo-home/bin/cargo" "+beta-2023-12-22" "metadata" "--manifest-path" "Cargo.toml" "--no-deps", kill_on_drop: false }`
[INFO] started tweaking crates.io crate web_console 0.3.7
[INFO] finished tweaking crates.io crate web_console 0.3.7
[INFO] tweaked toml for crates.io crate web_console 0.3.7 written to /workspace/builds/worker-4-tc2/source/Cargo.toml
[INFO] running `Command { std: CARGO_HOME="/workspace/cargo-home" RUSTUP_HOME="/workspace/rustup-home" "/workspace/cargo-home/bin/cargo" "+beta-2023-12-22" "generate-lockfile" "--manifest-path" "Cargo.toml", kill_on_drop: false }`
[INFO] [stderr]     Updating crates.io index
[INFO] running `Command { std: CARGO_HOME="/workspace/cargo-home" RUSTUP_HOME="/workspace/rustup-home" "/workspace/cargo-home/bin/cargo" "+beta-2023-12-22" "fetch" "--manifest-path" "Cargo.toml", kill_on_drop: false }`
[INFO] running `Command { std: "docker" "create" "-v" "/var/lib/crater-agent-workspace/builds/worker-4-tc2/target:/opt/rustwide/target:rw,Z" "-v" "/var/lib/crater-agent-workspace/builds/worker-4-tc2/source:/opt/rustwide/workdir:ro,Z" "-v" "/var/lib/crater-agent-workspace/cargo-home:/opt/rustwide/cargo-home:ro,Z" "-v" "/var/lib/crater-agent-workspace/rustup-home:/opt/rustwide/rustup-home:ro,Z" "-e" "SOURCE_DIR=/opt/rustwide/workdir" "-e" "CARGO_TARGET_DIR=/opt/rustwide/target" "-e" "CARGO_HOME=/opt/rustwide/cargo-home" "-e" "RUSTUP_HOME=/opt/rustwide/rustup-home" "-w" "/opt/rustwide/workdir" "-m" "1610612736" "--user" "0:0" "--network" "none" "ghcr.io/rust-lang/crates-build-env/linux@sha256:2788e3201cd34a07e3172128adcd8b3090168a8e3bcc40d7c032b9dda1df7d1c" "/opt/rustwide/cargo-home/bin/cargo" "+beta-2023-12-22" "metadata" "--no-deps" "--format-version=1", kill_on_drop: false }`
[INFO] [stdout] 6f24fb2b59c305237ed14f7c105a0e2a94fe1c787e18a8d8065b4889ee9e810b
[INFO] running `Command { std: "docker" "start" "-a" "6f24fb2b59c305237ed14f7c105a0e2a94fe1c787e18a8d8065b4889ee9e810b", kill_on_drop: false }`
[INFO] running `Command { std: "docker" "inspect" "6f24fb2b59c305237ed14f7c105a0e2a94fe1c787e18a8d8065b4889ee9e810b", kill_on_drop: false }`
[INFO] running `Command { std: "docker" "rm" "-f" "6f24fb2b59c305237ed14f7c105a0e2a94fe1c787e18a8d8065b4889ee9e810b", kill_on_drop: false }`
[INFO] [stdout] 6f24fb2b59c305237ed14f7c105a0e2a94fe1c787e18a8d8065b4889ee9e810b
[INFO] running `Command { std: "docker" "create" "-v" "/var/lib/crater-agent-workspace/builds/worker-4-tc2/target:/opt/rustwide/target:rw,Z" "-v" "/var/lib/crater-agent-workspace/builds/worker-4-tc2/source:/opt/rustwide/workdir:ro,Z" "-v" "/var/lib/crater-agent-workspace/cargo-home:/opt/rustwide/cargo-home:ro,Z" "-v" "/var/lib/crater-agent-workspace/rustup-home:/opt/rustwide/rustup-home:ro,Z" "-e" "SOURCE_DIR=/opt/rustwide/workdir" "-e" "CARGO_TARGET_DIR=/opt/rustwide/target" "-e" "CARGO_INCREMENTAL=0" "-e" "RUST_BACKTRACE=full" "-e" "RUSTFLAGS=--cap-lints=warn" "-e" "RUSTDOCFLAGS=--cap-lints=warn" "-e" "CARGO_HOME=/opt/rustwide/cargo-home" "-e" "RUSTUP_HOME=/opt/rustwide/rustup-home" "-w" "/opt/rustwide/workdir" "-m" "1610612736" "--user" "0:0" "--network" "none" "ghcr.io/rust-lang/crates-build-env/linux@sha256:2788e3201cd34a07e3172128adcd8b3090168a8e3bcc40d7c032b9dda1df7d1c" "/opt/rustwide/cargo-home/bin/cargo" "+beta-2023-12-22" "build" "--frozen" "--message-format=json", kill_on_drop: false }`
[INFO] [stdout] 35bd361becac97e339ac3188caf54d065670e812730aea23b5dffe891c741e9d
[INFO] running `Command { std: "docker" "start" "-a" "35bd361becac97e339ac3188caf54d065670e812730aea23b5dffe891c741e9d", kill_on_drop: false }`
[INFO] [stderr]    Compiling lock_api v0.4.11
[INFO] [stderr]    Compiling externref_polyfill v0.1.0
[INFO] [stderr]    Compiling no-std-compat v0.4.1
[INFO] [stderr]    Compiling spin v0.9.8
[INFO] [stderr]    Compiling js v0.5.7
[INFO] [stderr]    Compiling web_console v0.3.7 (/opt/rustwide/workdir)
[INFO] [stdout] error[E0599]: no method named `invoke_0` found for struct `js::JSFunction` in the current scope
[INFO] [stdout]  --> src/lib.rs:9:10
[INFO] [stdout]   |
[INFO] [stdout] 9 |     func.invoke_0();
[INFO] [stdout]   |          ^^^^^^^^ help: there is a method with a similar name: `invoke`
[INFO] [stdout] 
[INFO] [stdout] 
[INFO] [stdout] error[E0599]: no method named `invoke_2` found for struct `js::JSFunction` in the current scope
[INFO] [stdout]   --> src/lib.rs:18:10
[INFO] [stdout]    |
[INFO] [stdout] 18 |     func.invoke_2(a0, a1);
[INFO] [stdout]    |          ^^^^^^^^ help: there is a method with a similar name: `invoke`
[INFO] [stdout] 
[INFO] [stdout] 
[INFO] [stdout] error[E0599]: no method named `invoke_2` found for struct `js::JSFunction` in the current scope
[INFO] [stdout]   --> src/lib.rs:27:10
[INFO] [stdout]    |
[INFO] [stdout] 27 |     func.invoke_2(a0, a1);
[INFO] [stdout]    |          ^^^^^^^^ help: there is a method with a similar name: `invoke`
[INFO] [stdout] 
[INFO] [stdout] 
[INFO] [stdout] error[E0599]: no method named `invoke_2` found for struct `js::JSFunction` in the current scope
[INFO] [stdout]   --> src/lib.rs:36:10
[INFO] [stdout]    |
[INFO] [stdout] 36 |     func.invoke_2(a0, a1);
[INFO] [stdout]    |          ^^^^^^^^ help: there is a method with a similar name: `invoke`
[INFO] [stdout] 
[INFO] [stdout] 
[INFO] [stdout] error[E0599]: no method named `invoke_2` found for struct `js::JSFunction` in the current scope
[INFO] [stdout]   --> src/lib.rs:45:10
[INFO] [stdout]    |
[INFO] [stdout] 45 |     func.invoke_2(a0, a1);
[INFO] [stdout]    |          ^^^^^^^^ help: there is a method with a similar name: `invoke`
[INFO] [stdout] 
[INFO] [stdout] 
[INFO] [stdout] error[E0599]: no method named `invoke_2` found for struct `js::JSFunction` in the current scope
[INFO] [stdout]   --> src/lib.rs:54:10
[INFO] [stdout]    |
[INFO] [stdout] 54 |     func.invoke_2(a0, a1);
[INFO] [stdout]    |          ^^^^^^^^ help: there is a method with a similar name: `invoke`
[INFO] [stdout] 
[INFO] [stdout] 
[INFO] [stdout] error: aborting due to 6 previous errors
[INFO] [stdout] 
[INFO] [stdout] 
[INFO] [stdout] For more information about this error, try `rustc --explain E0599`.
[INFO] [stdout] 
[INFO] [stderr] error: could not compile `web_console` (lib) due to 7 previous errors
[INFO] [stderr] warning: build failed, waiting for other jobs to finish...
[INFO] running `Command { std: "docker" "inspect" "35bd361becac97e339ac3188caf54d065670e812730aea23b5dffe891c741e9d", kill_on_drop: false }`
[INFO] running `Command { std: "docker" "rm" "-f" "35bd361becac97e339ac3188caf54d065670e812730aea23b5dffe891c741e9d", kill_on_drop: false }`
[INFO] [stdout] 35bd361becac97e339ac3188caf54d065670e812730aea23b5dffe891c741e9d
