[INFO] fetching crate web_canvas 0.0.7...
[INFO] testing web_canvas-0.0.7 against 1.75.0 for beta-1.76-1
[INFO] extracting crate web_canvas 0.0.7 into /workspace/builds/worker-5-tc1/source
[INFO] validating manifest of crates.io crate web_canvas 0.0.7 on toolchain 1.75.0
[INFO] running `Command { std: CARGO_HOME="/workspace/cargo-home" RUSTUP_HOME="/workspace/rustup-home" "/workspace/cargo-home/bin/cargo" "+1.75.0" "metadata" "--manifest-path" "Cargo.toml" "--no-deps", kill_on_drop: false }`
[INFO] started tweaking crates.io crate web_canvas 0.0.7
[INFO] finished tweaking crates.io crate web_canvas 0.0.7
[INFO] tweaked toml for crates.io crate web_canvas 0.0.7 written to /workspace/builds/worker-5-tc1/source/Cargo.toml
[INFO] running `Command { std: CARGO_HOME="/workspace/cargo-home" RUSTUP_HOME="/workspace/rustup-home" "/workspace/cargo-home/bin/cargo" "+1.75.0" "generate-lockfile" "--manifest-path" "Cargo.toml", kill_on_drop: false }`
[INFO] [stderr]     Updating crates.io index
[INFO] running `Command { std: CARGO_HOME="/workspace/cargo-home" RUSTUP_HOME="/workspace/rustup-home" "/workspace/cargo-home/bin/cargo" "+1.75.0" "fetch" "--manifest-path" "Cargo.toml", kill_on_drop: false }`
[INFO] [stderr]  Downloading crates ...
[INFO] [stderr]   Downloaded externref_polyfill v0.1.0
[INFO] [stderr]   Downloaded js v0.5.7
[INFO] running `Command { std: "docker" "create" "-v" "/var/lib/crater-agent-workspace/builds/worker-5-tc1/target:/opt/rustwide/target:rw,Z" "-v" "/var/lib/crater-agent-workspace/builds/worker-5-tc1/source:/opt/rustwide/workdir:ro,Z" "-v" "/var/lib/crater-agent-workspace/cargo-home:/opt/rustwide/cargo-home:ro,Z" "-v" "/var/lib/crater-agent-workspace/rustup-home:/opt/rustwide/rustup-home:ro,Z" "-e" "SOURCE_DIR=/opt/rustwide/workdir" "-e" "CARGO_TARGET_DIR=/opt/rustwide/target" "-e" "CARGO_HOME=/opt/rustwide/cargo-home" "-e" "RUSTUP_HOME=/opt/rustwide/rustup-home" "-w" "/opt/rustwide/workdir" "-m" "1610612736" "--user" "0:0" "--network" "none" "ghcr.io/rust-lang/crates-build-env/linux@sha256:2788e3201cd34a07e3172128adcd8b3090168a8e3bcc40d7c032b9dda1df7d1c" "/opt/rustwide/cargo-home/bin/cargo" "+1.75.0" "metadata" "--no-deps" "--format-version=1", kill_on_drop: false }`
[INFO] [stdout] 5eb32608f65c6db22937e57556cf108da4254fc7902f663dc5ccbf195a809f81
[INFO] running `Command { std: "docker" "start" "-a" "5eb32608f65c6db22937e57556cf108da4254fc7902f663dc5ccbf195a809f81", kill_on_drop: false }`
[INFO] running `Command { std: "docker" "inspect" "5eb32608f65c6db22937e57556cf108da4254fc7902f663dc5ccbf195a809f81", kill_on_drop: false }`
[INFO] running `Command { std: "docker" "rm" "-f" "5eb32608f65c6db22937e57556cf108da4254fc7902f663dc5ccbf195a809f81", kill_on_drop: false }`
[INFO] [stdout] 5eb32608f65c6db22937e57556cf108da4254fc7902f663dc5ccbf195a809f81
[INFO] running `Command { std: "docker" "create" "-v" "/var/lib/crater-agent-workspace/builds/worker-5-tc1/target:/opt/rustwide/target:rw,Z" "-v" "/var/lib/crater-agent-workspace/builds/worker-5-tc1/source:/opt/rustwide/workdir:ro,Z" "-v" "/var/lib/crater-agent-workspace/cargo-home:/opt/rustwide/cargo-home:ro,Z" "-v" "/var/lib/crater-agent-workspace/rustup-home:/opt/rustwide/rustup-home:ro,Z" "-e" "SOURCE_DIR=/opt/rustwide/workdir" "-e" "CARGO_TARGET_DIR=/opt/rustwide/target" "-e" "CARGO_INCREMENTAL=0" "-e" "RUST_BACKTRACE=full" "-e" "RUSTFLAGS=--cap-lints=warn" "-e" "RUSTDOCFLAGS=--cap-lints=warn" "-e" "CARGO_HOME=/opt/rustwide/cargo-home" "-e" "RUSTUP_HOME=/opt/rustwide/rustup-home" "-w" "/opt/rustwide/workdir" "-m" "1610612736" "--user" "0:0" "--network" "none" "ghcr.io/rust-lang/crates-build-env/linux@sha256:2788e3201cd34a07e3172128adcd8b3090168a8e3bcc40d7c032b9dda1df7d1c" "/opt/rustwide/cargo-home/bin/cargo" "+1.75.0" "build" "--frozen" "--message-format=json", kill_on_drop: false }`
[INFO] [stdout] 768811ab9eb6d5d3e37a4ee49a33e8115f06784a825dec2d0b7c6389b1124a94
[INFO] running `Command { std: "docker" "start" "-a" "768811ab9eb6d5d3e37a4ee49a33e8115f06784a825dec2d0b7c6389b1124a94", kill_on_drop: false }`
[INFO] [stderr]    Compiling lock_api v0.4.11
[INFO] [stderr]    Compiling scopeguard v1.2.0
[INFO] [stderr]    Compiling no-std-compat v0.4.1
[INFO] [stderr]    Compiling externref_polyfill v0.1.0
[INFO] [stderr]    Compiling spin v0.9.8
[INFO] [stderr]    Compiling js v0.5.7
[INFO] [stderr]    Compiling web_canvas v0.0.7 (/opt/rustwide/workdir)
[INFO] [stdout] error[E0599]: no method named `invoke_1` found for struct `js::JSFunction` in the current scope
[INFO] [stdout]   --> src/lib.rs:29:18
[INFO] [stdout]    |
[INFO] [stdout] 24 | /                 js!(r#"function(el){
[INFO] [stdout] 25 | |                     el = this.getObject(el);
[INFO] [stdout] 26 | |                     let ctx = el.getContext("2d");
[INFO] [stdout] 27 | |                     return this.storeObject(ctx);
[INFO] [stdout] 28 | |                 }"#)
[INFO] [stdout] 29 | |                 .invoke_1(el.into())
[INFO] [stdout]    | |                 -^^^^^^^^ help: there is a method with a similar name: `invoke`
[INFO] [stdout]    | |_________________|
[INFO] [stdout]    | 
[INFO] [stdout] 
[INFO] [stdout] 
[INFO] [stdout] error[E0599]: no method named `invoke_3` found for struct `js::JSFunction` in the current scope
[INFO] [stdout]   --> src/lib.rs:41:10
[INFO] [stdout]    |
[INFO] [stdout] 37 | /         js!("function(ctx,strPtr,strLen){
[INFO] [stdout] 38 | |             ctx = this.getObject(ctx);
[INFO] [stdout] 39 | |             ctx.fillStyle = this.readUtf8FromMemory(strPtr,strLen);
[INFO] [stdout] 40 | |         }")
[INFO] [stdout] 41 | |         .invoke_3(self.handle, color.as_ptr() as u32, color.len() as u32);
[INFO] [stdout]    | |         -^^^^^^^^ help: there is a method with a similar name: `invoke`
[INFO] [stdout]    | |_________|
[INFO] [stdout]    | 
[INFO] [stdout] 
[INFO] [stdout] 
[INFO] [stdout] error[E0599]: no method named `invoke_5` found for struct `js::JSFunction` in the current scope
[INFO] [stdout]   --> src/lib.rs:55:10
[INFO] [stdout]    |
[INFO] [stdout] 51 | /         js!("function(ctx,x,y,w,h){
[INFO] [stdout] 52 | |             ctx = this.getObject(ctx);
[INFO] [stdout] 53 | |             ctx.fillRect(x,y,w,h);
[INFO] [stdout] 54 | |         }")
[INFO] [stdout] 55 | |         .invoke_5(self.handle, x, y, w, h);
[INFO] [stdout]    | |         -^^^^^^^^ help: there is a method with a similar name: `invoke`
[INFO] [stdout]    | |_________|
[INFO] [stdout]    | 
[INFO] [stdout] 
[INFO] [stdout] 
[INFO] [stdout] error[E0599]: no method named `invoke_5` found for struct `js::JSFunction` in the current scope
[INFO] [stdout]   --> src/lib.rs:69:10
[INFO] [stdout]    |
[INFO] [stdout] 65 | /         js!("function(ctx,x,y,w,h){
[INFO] [stdout] 66 | |             ctx = this.getObject(ctx);
[INFO] [stdout] 67 | |             ctx.clearRect(x,y,w,h);
[INFO] [stdout] 68 | |         }")
[INFO] [stdout] 69 | |         .invoke_5(self.handle, x, y, w, h);
[INFO] [stdout]    | |         -^^^^^^^^ help: there is a method with a similar name: `invoke`
[INFO] [stdout]    | |_________|
[INFO] [stdout]    | 
[INFO] [stdout] 
[INFO] [stdout] 
[INFO] [stdout] error: aborting due to 4 previous errors
[INFO] [stdout] 
[INFO] [stdout] 
[INFO] [stdout] For more information about this error, try `rustc --explain E0599`.
[INFO] [stdout] 
[INFO] [stderr] error: could not compile `web_canvas` (lib) due to 5 previous errors
[INFO] [stderr] warning: build failed, waiting for other jobs to finish...
[INFO] running `Command { std: "docker" "inspect" "768811ab9eb6d5d3e37a4ee49a33e8115f06784a825dec2d0b7c6389b1124a94", kill_on_drop: false }`
[INFO] running `Command { std: "docker" "rm" "-f" "768811ab9eb6d5d3e37a4ee49a33e8115f06784a825dec2d0b7c6389b1124a94", kill_on_drop: false }`
[INFO] [stdout] 768811ab9eb6d5d3e37a4ee49a33e8115f06784a825dec2d0b7c6389b1124a94
[INFO] testing web_canvas-0.0.7 against beta-2023-12-22 for beta-1.76-1
[INFO] extracting crate web_canvas 0.0.7 into /workspace/builds/worker-5-tc2/source
[INFO] validating manifest of crates.io crate web_canvas 0.0.7 on toolchain beta-2023-12-22
[INFO] running `Command { std: CARGO_HOME="/workspace/cargo-home" RUSTUP_HOME="/workspace/rustup-home" "/workspace/cargo-home/bin/cargo" "+beta-2023-12-22" "metadata" "--manifest-path" "Cargo.toml" "--no-deps", kill_on_drop: false }`
[INFO] started tweaking crates.io crate web_canvas 0.0.7
[INFO] finished tweaking crates.io crate web_canvas 0.0.7
[INFO] tweaked toml for crates.io crate web_canvas 0.0.7 written to /workspace/builds/worker-5-tc2/source/Cargo.toml
[INFO] running `Command { std: CARGO_HOME="/workspace/cargo-home" RUSTUP_HOME="/workspace/rustup-home" "/workspace/cargo-home/bin/cargo" "+beta-2023-12-22" "generate-lockfile" "--manifest-path" "Cargo.toml", kill_on_drop: false }`
[INFO] [stderr]     Updating crates.io index
[INFO] running `Command { std: CARGO_HOME="/workspace/cargo-home" RUSTUP_HOME="/workspace/rustup-home" "/workspace/cargo-home/bin/cargo" "+beta-2023-12-22" "fetch" "--manifest-path" "Cargo.toml", kill_on_drop: false }`
[INFO] running `Command { std: "docker" "create" "-v" "/var/lib/crater-agent-workspace/builds/worker-5-tc2/target:/opt/rustwide/target:rw,Z" "-v" "/var/lib/crater-agent-workspace/builds/worker-5-tc2/source:/opt/rustwide/workdir:ro,Z" "-v" "/var/lib/crater-agent-workspace/cargo-home:/opt/rustwide/cargo-home:ro,Z" "-v" "/var/lib/crater-agent-workspace/rustup-home:/opt/rustwide/rustup-home:ro,Z" "-e" "SOURCE_DIR=/opt/rustwide/workdir" "-e" "CARGO_TARGET_DIR=/opt/rustwide/target" "-e" "CARGO_HOME=/opt/rustwide/cargo-home" "-e" "RUSTUP_HOME=/opt/rustwide/rustup-home" "-w" "/opt/rustwide/workdir" "-m" "1610612736" "--user" "0:0" "--network" "none" "ghcr.io/rust-lang/crates-build-env/linux@sha256:2788e3201cd34a07e3172128adcd8b3090168a8e3bcc40d7c032b9dda1df7d1c" "/opt/rustwide/cargo-home/bin/cargo" "+beta-2023-12-22" "metadata" "--no-deps" "--format-version=1", kill_on_drop: false }`
[INFO] [stdout] 5420689056f40ff07c485733b4f275e1cfe06860bc7a8e6809a5eb2720bf9e26
[INFO] running `Command { std: "docker" "start" "-a" "5420689056f40ff07c485733b4f275e1cfe06860bc7a8e6809a5eb2720bf9e26", kill_on_drop: false }`
[INFO] running `Command { std: "docker" "inspect" "5420689056f40ff07c485733b4f275e1cfe06860bc7a8e6809a5eb2720bf9e26", kill_on_drop: false }`
[INFO] running `Command { std: "docker" "rm" "-f" "5420689056f40ff07c485733b4f275e1cfe06860bc7a8e6809a5eb2720bf9e26", kill_on_drop: false }`
[INFO] [stdout] 5420689056f40ff07c485733b4f275e1cfe06860bc7a8e6809a5eb2720bf9e26
[INFO] running `Command { std: "docker" "create" "-v" "/var/lib/crater-agent-workspace/builds/worker-5-tc2/target:/opt/rustwide/target:rw,Z" "-v" "/var/lib/crater-agent-workspace/builds/worker-5-tc2/source:/opt/rustwide/workdir:ro,Z" "-v" "/var/lib/crater-agent-workspace/cargo-home:/opt/rustwide/cargo-home:ro,Z" "-v" "/var/lib/crater-agent-workspace/rustup-home:/opt/rustwide/rustup-home:ro,Z" "-e" "SOURCE_DIR=/opt/rustwide/workdir" "-e" "CARGO_TARGET_DIR=/opt/rustwide/target" "-e" "CARGO_INCREMENTAL=0" "-e" "RUST_BACKTRACE=full" "-e" "RUSTFLAGS=--cap-lints=warn" "-e" "RUSTDOCFLAGS=--cap-lints=warn" "-e" "CARGO_HOME=/opt/rustwide/cargo-home" "-e" "RUSTUP_HOME=/opt/rustwide/rustup-home" "-w" "/opt/rustwide/workdir" "-m" "1610612736" "--user" "0:0" "--network" "none" "ghcr.io/rust-lang/crates-build-env/linux@sha256:2788e3201cd34a07e3172128adcd8b3090168a8e3bcc40d7c032b9dda1df7d1c" "/opt/rustwide/cargo-home/bin/cargo" "+beta-2023-12-22" "build" "--frozen" "--message-format=json", kill_on_drop: false }`
[INFO] [stdout] e365124c11001f73ffab07b3642906ea9e5e15be937f3389d97f1764bdbfaf30
[INFO] running `Command { std: "docker" "start" "-a" "e365124c11001f73ffab07b3642906ea9e5e15be937f3389d97f1764bdbfaf30", kill_on_drop: false }`
[INFO] [stderr]    Compiling lock_api v0.4.11
[INFO] [stderr]    Compiling scopeguard v1.2.0
[INFO] [stderr]    Compiling externref_polyfill v0.1.0
[INFO] [stderr]    Compiling no-std-compat v0.4.1
[INFO] [stderr]    Compiling spin v0.9.8
[INFO] [stderr]    Compiling js v0.5.7
[INFO] [stderr]    Compiling web_canvas v0.0.7 (/opt/rustwide/workdir)
[INFO] [stdout] error[E0599]: no method named `invoke_1` found for struct `js::JSFunction` in the current scope
[INFO] [stdout]   --> src/lib.rs:29:18
[INFO] [stdout]    |
[INFO] [stdout] 24 | /                 js!(r#"function(el){
[INFO] [stdout] 25 | |                     el = this.getObject(el);
[INFO] [stdout] 26 | |                     let ctx = el.getContext("2d");
[INFO] [stdout] 27 | |                     return this.storeObject(ctx);
[INFO] [stdout] 28 | |                 }"#)
[INFO] [stdout] 29 | |                 .invoke_1(el.into())
[INFO] [stdout]    | |                 -^^^^^^^^ help: there is a method with a similar name: `invoke`
[INFO] [stdout]    | |_________________|
[INFO] [stdout]    | 
[INFO] [stdout] 
[INFO] [stdout] 
[INFO] [stdout] error[E0599]: no method named `invoke_3` found for struct `js::JSFunction` in the current scope
[INFO] [stdout]   --> src/lib.rs:41:10
[INFO] [stdout]    |
[INFO] [stdout] 37 | /         js!("function(ctx,strPtr,strLen){
[INFO] [stdout] 38 | |             ctx = this.getObject(ctx);
[INFO] [stdout] 39 | |             ctx.fillStyle = this.readUtf8FromMemory(strPtr,strLen);
[INFO] [stdout] 40 | |         }")
[INFO] [stdout] 41 | |         .invoke_3(self.handle, color.as_ptr() as u32, color.len() as u32);
[INFO] [stdout]    | |         -^^^^^^^^ help: there is a method with a similar name: `invoke`
[INFO] [stdout]    | |_________|
[INFO] [stdout]    | 
[INFO] [stdout] 
[INFO] [stdout] 
[INFO] [stdout] error[E0599]: no method named `invoke_5` found for struct `js::JSFunction` in the current scope
[INFO] [stdout]   --> src/lib.rs:55:10
[INFO] [stdout]    |
[INFO] [stdout] 51 | /         js!("function(ctx,x,y,w,h){
[INFO] [stdout] 52 | |             ctx = this.getObject(ctx);
[INFO] [stdout] 53 | |             ctx.fillRect(x,y,w,h);
[INFO] [stdout] 54 | |         }")
[INFO] [stdout] 55 | |         .invoke_5(self.handle, x, y, w, h);
[INFO] [stdout]    | |         -^^^^^^^^ help: there is a method with a similar name: `invoke`
[INFO] [stdout]    | |_________|
[INFO] [stdout]    | 
[INFO] [stdout] 
[INFO] [stdout] 
[INFO] [stdout] error[E0599]: no method named `invoke_5` found for struct `js::JSFunction` in the current scope
[INFO] [stdout]   --> src/lib.rs:69:10
[INFO] [stdout]    |
[INFO] [stdout] 65 | /         js!("function(ctx,x,y,w,h){
[INFO] [stdout] 66 | |             ctx = this.getObject(ctx);
[INFO] [stdout] 67 | |             ctx.clearRect(x,y,w,h);
[INFO] [stdout] 68 | |         }")
[INFO] [stdout] 69 | |         .invoke_5(self.handle, x, y, w, h);
[INFO] [stdout]    | |         -^^^^^^^^ help: there is a method with a similar name: `invoke`
[INFO] [stdout]    | |_________|
[INFO] [stdout]    | 
[INFO] [stdout] 
[INFO] [stdout] 
[INFO] [stdout] error: aborting due to 4 previous errors
[INFO] [stdout] 
[INFO] [stdout] 
[INFO] [stdout] For more information about this error, try `rustc --explain E0599`.
[INFO] [stdout] 
[INFO] [stderr] error: could not compile `web_canvas` (lib) due to 5 previous errors
[INFO] [stderr] warning: build failed, waiting for other jobs to finish...
[INFO] running `Command { std: "docker" "inspect" "e365124c11001f73ffab07b3642906ea9e5e15be937f3389d97f1764bdbfaf30", kill_on_drop: false }`
[INFO] running `Command { std: "docker" "rm" "-f" "e365124c11001f73ffab07b3642906ea9e5e15be937f3389d97f1764bdbfaf30", kill_on_drop: false }`
[INFO] [stdout] e365124c11001f73ffab07b3642906ea9e5e15be937f3389d97f1764bdbfaf30
