[INFO] fetching crate web-extensions 0.3.0...
[INFO] testing web-extensions-0.3.0 against 1.75.0 for beta-1.76-1
[INFO] extracting crate web-extensions 0.3.0 into /workspace/builds/worker-5-tc1/source
[INFO] validating manifest of crates.io crate web-extensions 0.3.0 on toolchain 1.75.0
[INFO] running `Command { std: CARGO_HOME="/workspace/cargo-home" RUSTUP_HOME="/workspace/rustup-home" "/workspace/cargo-home/bin/cargo" "+1.75.0" "metadata" "--manifest-path" "Cargo.toml" "--no-deps", kill_on_drop: false }`
[INFO] started tweaking crates.io crate web-extensions 0.3.0
[INFO] finished tweaking crates.io crate web-extensions 0.3.0
[INFO] tweaked toml for crates.io crate web-extensions 0.3.0 written to /workspace/builds/worker-5-tc1/source/Cargo.toml
[INFO] running `Command { std: CARGO_HOME="/workspace/cargo-home" RUSTUP_HOME="/workspace/rustup-home" "/workspace/cargo-home/bin/cargo" "+1.75.0" "generate-lockfile" "--manifest-path" "Cargo.toml", kill_on_drop: false }`
[INFO] [stderr]     Updating crates.io index
[INFO] running `Command { std: CARGO_HOME="/workspace/cargo-home" RUSTUP_HOME="/workspace/rustup-home" "/workspace/cargo-home/bin/cargo" "+1.75.0" "fetch" "--manifest-path" "Cargo.toml", kill_on_drop: false }`
[INFO] [stderr]  Downloading crates ...
[INFO] [stderr]   Downloaded web-extensions-sys v0.4.1
[INFO] running `Command { std: "docker" "create" "-v" "/var/lib/crater-agent-workspace/builds/worker-5-tc1/target:/opt/rustwide/target:rw,Z" "-v" "/var/lib/crater-agent-workspace/builds/worker-5-tc1/source:/opt/rustwide/workdir:ro,Z" "-v" "/var/lib/crater-agent-workspace/cargo-home:/opt/rustwide/cargo-home:ro,Z" "-v" "/var/lib/crater-agent-workspace/rustup-home:/opt/rustwide/rustup-home:ro,Z" "-e" "SOURCE_DIR=/opt/rustwide/workdir" "-e" "CARGO_TARGET_DIR=/opt/rustwide/target" "-e" "CARGO_HOME=/opt/rustwide/cargo-home" "-e" "RUSTUP_HOME=/opt/rustwide/rustup-home" "-w" "/opt/rustwide/workdir" "-m" "1610612736" "--user" "0:0" "--network" "none" "ghcr.io/rust-lang/crates-build-env/linux@sha256:2788e3201cd34a07e3172128adcd8b3090168a8e3bcc40d7c032b9dda1df7d1c" "/opt/rustwide/cargo-home/bin/cargo" "+1.75.0" "metadata" "--no-deps" "--format-version=1", kill_on_drop: false }`
[INFO] [stdout] d3b44c45a23092355ee4037a50e26e468eb0acbe6e6e42d335d6b51b93f4e9df
[INFO] running `Command { std: "docker" "start" "-a" "d3b44c45a23092355ee4037a50e26e468eb0acbe6e6e42d335d6b51b93f4e9df", kill_on_drop: false }`
[INFO] running `Command { std: "docker" "inspect" "d3b44c45a23092355ee4037a50e26e468eb0acbe6e6e42d335d6b51b93f4e9df", kill_on_drop: false }`
[INFO] running `Command { std: "docker" "rm" "-f" "d3b44c45a23092355ee4037a50e26e468eb0acbe6e6e42d335d6b51b93f4e9df", kill_on_drop: false }`
[INFO] [stdout] d3b44c45a23092355ee4037a50e26e468eb0acbe6e6e42d335d6b51b93f4e9df
[INFO] running `Command { std: "docker" "create" "-v" "/var/lib/crater-agent-workspace/builds/worker-5-tc1/target:/opt/rustwide/target:rw,Z" "-v" "/var/lib/crater-agent-workspace/builds/worker-5-tc1/source:/opt/rustwide/workdir:ro,Z" "-v" "/var/lib/crater-agent-workspace/cargo-home:/opt/rustwide/cargo-home:ro,Z" "-v" "/var/lib/crater-agent-workspace/rustup-home:/opt/rustwide/rustup-home:ro,Z" "-e" "SOURCE_DIR=/opt/rustwide/workdir" "-e" "CARGO_TARGET_DIR=/opt/rustwide/target" "-e" "CARGO_INCREMENTAL=0" "-e" "RUST_BACKTRACE=full" "-e" "RUSTFLAGS=--cap-lints=warn" "-e" "RUSTDOCFLAGS=--cap-lints=warn" "-e" "CARGO_HOME=/opt/rustwide/cargo-home" "-e" "RUSTUP_HOME=/opt/rustwide/rustup-home" "-w" "/opt/rustwide/workdir" "-m" "1610612736" "--user" "0:0" "--network" "none" "ghcr.io/rust-lang/crates-build-env/linux@sha256:2788e3201cd34a07e3172128adcd8b3090168a8e3bcc40d7c032b9dda1df7d1c" "/opt/rustwide/cargo-home/bin/cargo" "+1.75.0" "build" "--frozen" "--message-format=json", kill_on_drop: false }`
[INFO] [stdout] 57c55c979d64dcac9bb9db4d4c7ca6be34e137bdba1d2f836e3f2316143488f1
[INFO] running `Command { std: "docker" "start" "-a" "57c55c979d64dcac9bb9db4d4c7ca6be34e137bdba1d2f836e3f2316143488f1", kill_on_drop: false }`
[INFO] [stderr]    Compiling proc-macro2 v1.0.75
[INFO] [stderr]    Compiling unicode-ident v1.0.12
[INFO] [stderr]    Compiling wasm-bindgen-shared v0.2.89
[INFO] [stderr]    Compiling log v0.4.20
[INFO] [stderr]    Compiling bumpalo v3.14.0
[INFO] [stderr]    Compiling once_cell v1.19.0
[INFO] [stderr]    Compiling wasm-bindgen v0.2.89
[INFO] [stderr]    Compiling cfg-if v1.0.0
[INFO] [stderr]    Compiling serde v1.0.194
[INFO] [stderr]    Compiling serde_json v1.0.111
[INFO] [stderr]    Compiling thiserror v1.0.56
[INFO] [stderr]    Compiling itoa v1.0.10
[INFO] [stderr]    Compiling ryu v1.0.16
[INFO] [stderr]    Compiling quote v1.0.35
[INFO] [stderr]    Compiling syn v2.0.48
[INFO] [stderr]    Compiling wasm-bindgen-backend v0.2.89
[INFO] [stderr]    Compiling serde_derive v1.0.194
[INFO] [stderr]    Compiling thiserror-impl v1.0.56
[INFO] [stderr]    Compiling wasm-bindgen-macro-support v0.2.89
[INFO] [stderr]    Compiling wasm-bindgen-macro v0.2.89
[INFO] [stderr]    Compiling js-sys v0.3.66
[INFO] [stderr]    Compiling wasm-bindgen-futures v0.4.39
[INFO] [stderr]    Compiling web-sys v0.3.66
[INFO] [stderr]    Compiling web-extensions-sys v0.4.1
[INFO] [stderr]    Compiling gloo-utils v0.1.7
[INFO] [stderr]    Compiling web-extensions v0.3.0 (/opt/rustwide/workdir)
[INFO] [stderr]     Finished dev [unoptimized + debuginfo] target(s) in 10.01s
[INFO] running `Command { std: "docker" "inspect" "57c55c979d64dcac9bb9db4d4c7ca6be34e137bdba1d2f836e3f2316143488f1", kill_on_drop: false }`
[INFO] running `Command { std: "docker" "rm" "-f" "57c55c979d64dcac9bb9db4d4c7ca6be34e137bdba1d2f836e3f2316143488f1", kill_on_drop: false }`
[INFO] [stdout] 57c55c979d64dcac9bb9db4d4c7ca6be34e137bdba1d2f836e3f2316143488f1
[INFO] running `Command { std: "docker" "create" "-v" "/var/lib/crater-agent-workspace/builds/worker-5-tc1/target:/opt/rustwide/target:rw,Z" "-v" "/var/lib/crater-agent-workspace/builds/worker-5-tc1/source:/opt/rustwide/workdir:ro,Z" "-v" "/var/lib/crater-agent-workspace/cargo-home:/opt/rustwide/cargo-home:ro,Z" "-v" "/var/lib/crater-agent-workspace/rustup-home:/opt/rustwide/rustup-home:ro,Z" "-e" "SOURCE_DIR=/opt/rustwide/workdir" "-e" "CARGO_TARGET_DIR=/opt/rustwide/target" "-e" "CARGO_INCREMENTAL=0" "-e" "RUST_BACKTRACE=full" "-e" "RUSTFLAGS=--cap-lints=warn" "-e" "RUSTDOCFLAGS=--cap-lints=warn" "-e" "CARGO_HOME=/opt/rustwide/cargo-home" "-e" "RUSTUP_HOME=/opt/rustwide/rustup-home" "-w" "/opt/rustwide/workdir" "-m" "1610612736" "--user" "0:0" "--network" "none" "ghcr.io/rust-lang/crates-build-env/linux@sha256:2788e3201cd34a07e3172128adcd8b3090168a8e3bcc40d7c032b9dda1df7d1c" "/opt/rustwide/cargo-home/bin/cargo" "+1.75.0" "test" "--frozen" "--no-run" "--message-format=json", kill_on_drop: false }`
[INFO] [stdout] 446675039b5a3506aef67ac2003c2ce7aef7bfbd4668966169723c9b4dde9428
[INFO] running `Command { std: "docker" "start" "-a" "446675039b5a3506aef67ac2003c2ce7aef7bfbd4668966169723c9b4dde9428", kill_on_drop: false }`
[INFO] [stderr]    Compiling scoped-tls v1.0.1
[INFO] [stderr]    Compiling wasm-bindgen-test-macro v0.3.39
[INFO] [stderr]    Compiling console_error_panic_hook v0.1.7
[INFO] [stderr]    Compiling wasm-bindgen-test v0.3.39
[INFO] [stderr]    Compiling web-extensions v0.3.0 (/opt/rustwide/workdir)
[INFO] [stdout] error[E0432]: unresolved import `web_extensions::contextual_identities`
[INFO] [stdout]  --> tests/contextual_identities.rs:1:21
[INFO] [stdout]   |
[INFO] [stdout] 1 | use web_extensions::contextual_identities::*;
[INFO] [stdout]   |                     ^^^^^^^^^^^^^^^^^^^^^ could not find `contextual_identities` in `web_extensions`
[INFO] [stdout] 
[INFO] [stdout] 
[INFO] [stdout] error[E0433]: failed to resolve: use of undeclared type `Color`
[INFO] [stdout]   --> tests/contextual_identities.rs:10:20
[INFO] [stdout]    |
[INFO] [stdout] 10 |             value: Color::Blue,
[INFO] [stdout]    |                    ^^^^^ use of undeclared type `Color`
[INFO] [stdout] 
[INFO] [stdout] 
[INFO] [stdout] error[E0433]: failed to resolve: use of undeclared type `Color`
[INFO] [stdout]   --> tests/contextual_identities.rs:14:20
[INFO] [stdout]    |
[INFO] [stdout] 14 |             value: Color::Turquoise,
[INFO] [stdout]    |                    ^^^^^ use of undeclared type `Color`
[INFO] [stdout] 
[INFO] [stdout] 
[INFO] [stdout] error[E0433]: failed to resolve: use of undeclared type `Color`
[INFO] [stdout]   --> tests/contextual_identities.rs:18:20
[INFO] [stdout]    |
[INFO] [stdout] 18 |             value: Color::Green,
[INFO] [stdout]    |                    ^^^^^ use of undeclared type `Color`
[INFO] [stdout] 
[INFO] [stdout] 
[INFO] [stdout] error[E0433]: failed to resolve: use of undeclared type `Color`
[INFO] [stdout]   --> tests/contextual_identities.rs:22:20
[INFO] [stdout]    |
[INFO] [stdout] 22 |             value: Color::Yellow,
[INFO] [stdout]    |                    ^^^^^ use of undeclared type `Color`
[INFO] [stdout] 
[INFO] [stdout] 
[INFO] [stdout] error[E0433]: failed to resolve: use of undeclared type `Color`
[INFO] [stdout]   --> tests/contextual_identities.rs:26:20
[INFO] [stdout]    |
[INFO] [stdout] 26 |             value: Color::Orange,
[INFO] [stdout]    |                    ^^^^^ use of undeclared type `Color`
[INFO] [stdout] 
[INFO] [stdout] 
[INFO] [stdout] error[E0433]: failed to resolve: use of undeclared type `Color`
[INFO] [stdout]   --> tests/contextual_identities.rs:30:20
[INFO] [stdout]    |
[INFO] [stdout] 30 |             value: Color::Red,
[INFO] [stdout]    |                    ^^^^^ use of undeclared type `Color`
[INFO] [stdout] 
[INFO] [stdout] 
[INFO] [stdout] error[E0433]: failed to resolve: use of undeclared type `Color`
[INFO] [stdout]   --> tests/contextual_identities.rs:34:20
[INFO] [stdout]    |
[INFO] [stdout] 34 |             value: Color::Pink,
[INFO] [stdout]    |                    ^^^^^ use of undeclared type `Color`
[INFO] [stdout] 
[INFO] [stdout] 
[INFO] [stdout] error[E0433]: failed to resolve: use of undeclared type `Color`
[INFO] [stdout]   --> tests/contextual_identities.rs:38:20
[INFO] [stdout]    |
[INFO] [stdout] 38 |             value: Color::Purple,
[INFO] [stdout]    |                    ^^^^^ use of undeclared type `Color`
[INFO] [stdout] 
[INFO] [stdout] 
[INFO] [stdout] error[E0433]: failed to resolve: use of undeclared type `Color`
[INFO] [stdout]   --> tests/contextual_identities.rs:42:20
[INFO] [stdout]    |
[INFO] [stdout] 42 |             value: Color::Toolbar,
[INFO] [stdout]    |                    ^^^^^ use of undeclared type `Color`
[INFO] [stdout] 
[INFO] [stdout] 
[INFO] [stdout] error[E0433]: failed to resolve: use of undeclared type `Icon`
[INFO] [stdout]   --> tests/contextual_identities.rs:52:20
[INFO] [stdout]    |
[INFO] [stdout] 52 |             value: Icon::Fingerprint,
[INFO] [stdout]    |                    ^^^^ use of undeclared type `Icon`
[INFO] [stdout] 
[INFO] [stdout] 
[INFO] [stdout] error[E0433]: failed to resolve: use of undeclared type `Icon`
[INFO] [stdout]   --> tests/contextual_identities.rs:56:20
[INFO] [stdout]    |
[INFO] [stdout] 56 |             value: Icon::Briefcase,
[INFO] [stdout]    |                    ^^^^ use of undeclared type `Icon`
[INFO] [stdout] 
[INFO] [stdout] 
[INFO] [stdout] error[E0433]: failed to resolve: use of undeclared type `Icon`
[INFO] [stdout]   --> tests/contextual_identities.rs:60:20
[INFO] [stdout]    |
[INFO] [stdout] 60 |             value: Icon::Dollar,
[INFO] [stdout]    |                    ^^^^ use of undeclared type `Icon`
[INFO] [stdout] 
[INFO] [stdout] 
[INFO] [stdout] error[E0433]: failed to resolve: use of undeclared type `Icon`
[INFO] [stdout]   --> tests/contextual_identities.rs:64:20
[INFO] [stdout]    |
[INFO] [stdout] 64 |             value: Icon::Cart,
[INFO] [stdout]    |                    ^^^^ use of undeclared type `Icon`
[INFO] [stdout] 
[INFO] [stdout] 
[INFO] [stdout] error[E0433]: failed to resolve: use of undeclared type `Icon`
[INFO] [stdout]   --> tests/contextual_identities.rs:68:20
[INFO] [stdout]    |
[INFO] [stdout] 68 |             value: Icon::Circle,
[INFO] [stdout]    |                    ^^^^ use of undeclared type `Icon`
[INFO] [stdout] 
[INFO] [stdout] 
[INFO] [stdout] error[E0433]: failed to resolve: use of undeclared type `Icon`
[INFO] [stdout]   --> tests/contextual_identities.rs:72:20
[INFO] [stdout]    |
[INFO] [stdout] 72 |             value: Icon::Gift,
[INFO] [stdout]    |                    ^^^^ use of undeclared type `Icon`
[INFO] [stdout] 
[INFO] [stdout] 
[INFO] [stdout] error[E0433]: failed to resolve: use of undeclared type `Icon`
[INFO] [stdout]   --> tests/contextual_identities.rs:76:20
[INFO] [stdout]    |
[INFO] [stdout] 76 |             value: Icon::Vacation,
[INFO] [stdout]    |                    ^^^^ use of undeclared type `Icon`
[INFO] [stdout] 
[INFO] [stdout] 
[INFO] [stdout] error[E0433]: failed to resolve: use of undeclared type `Icon`
[INFO] [stdout]   --> tests/contextual_identities.rs:80:20
[INFO] [stdout]    |
[INFO] [stdout] 80 |             value: Icon::Food,
[INFO] [stdout]    |                    ^^^^ use of undeclared type `Icon`
[INFO] [stdout] 
[INFO] [stdout] 
[INFO] [stdout] error[E0433]: failed to resolve: use of undeclared type `Icon`
[INFO] [stdout]   --> tests/contextual_identities.rs:84:20
[INFO] [stdout]    |
[INFO] [stdout] 84 |             value: Icon::Fruit,
[INFO] [stdout]    |                    ^^^^ use of undeclared type `Icon`
[INFO] [stdout] 
[INFO] [stdout] 
[INFO] [stdout] error[E0433]: failed to resolve: use of undeclared type `Icon`
[INFO] [stdout]   --> tests/contextual_identities.rs:88:20
[INFO] [stdout]    |
[INFO] [stdout] 88 |             value: Icon::Pet,
[INFO] [stdout]    |                    ^^^^ use of undeclared type `Icon`
[INFO] [stdout] 
[INFO] [stdout] 
[INFO] [stdout] error[E0433]: failed to resolve: use of undeclared type `Icon`
[INFO] [stdout]   --> tests/contextual_identities.rs:92:20
[INFO] [stdout]    |
[INFO] [stdout] 92 |             value: Icon::Tree,
[INFO] [stdout]    |                    ^^^^ use of undeclared type `Icon`
[INFO] [stdout] 
[INFO] [stdout] 
[INFO] [stdout] error[E0433]: failed to resolve: use of undeclared type `Icon`
[INFO] [stdout]   --> tests/contextual_identities.rs:96:20
[INFO] [stdout]    |
[INFO] [stdout] 96 |             value: Icon::Chill,
[INFO] [stdout]    |                    ^^^^ use of undeclared type `Icon`
[INFO] [stdout] 
[INFO] [stdout] 
[INFO] [stdout] error[E0433]: failed to resolve: use of undeclared type `Icon`
[INFO] [stdout]    --> tests/contextual_identities.rs:100:20
[INFO] [stdout]     |
[INFO] [stdout] 100 |             value: Icon::Fence,
[INFO] [stdout]     |                    ^^^^ use of undeclared type `Icon`
[INFO] [stdout] 
[INFO] [stdout] 
[INFO] [stdout] error: aborting due to 23 previous errors
[INFO] [stdout] 
[INFO] [stdout] 
[INFO] [stdout] Some errors have detailed explanations: E0432, E0433.
[INFO] [stdout] 
[INFO] [stdout] For more information about an error, try `rustc --explain E0432`.
[INFO] [stdout] 
[INFO] [stderr] error: could not compile `web-extensions` (test "contextual_identities") due to 24 previous errors
[INFO] [stderr] warning: build failed, waiting for other jobs to finish...
[INFO] running `Command { std: "docker" "inspect" "446675039b5a3506aef67ac2003c2ce7aef7bfbd4668966169723c9b4dde9428", kill_on_drop: false }`
[INFO] running `Command { std: "docker" "rm" "-f" "446675039b5a3506aef67ac2003c2ce7aef7bfbd4668966169723c9b4dde9428", kill_on_drop: false }`
[INFO] [stdout] 446675039b5a3506aef67ac2003c2ce7aef7bfbd4668966169723c9b4dde9428
[INFO] testing web-extensions-0.3.0 against beta-2023-12-22 for beta-1.76-1
[INFO] extracting crate web-extensions 0.3.0 into /workspace/builds/worker-5-tc2/source
[INFO] validating manifest of crates.io crate web-extensions 0.3.0 on toolchain beta-2023-12-22
[INFO] running `Command { std: CARGO_HOME="/workspace/cargo-home" RUSTUP_HOME="/workspace/rustup-home" "/workspace/cargo-home/bin/cargo" "+beta-2023-12-22" "metadata" "--manifest-path" "Cargo.toml" "--no-deps", kill_on_drop: false }`
[INFO] started tweaking crates.io crate web-extensions 0.3.0
[INFO] finished tweaking crates.io crate web-extensions 0.3.0
[INFO] tweaked toml for crates.io crate web-extensions 0.3.0 written to /workspace/builds/worker-5-tc2/source/Cargo.toml
[INFO] running `Command { std: CARGO_HOME="/workspace/cargo-home" RUSTUP_HOME="/workspace/rustup-home" "/workspace/cargo-home/bin/cargo" "+beta-2023-12-22" "generate-lockfile" "--manifest-path" "Cargo.toml", kill_on_drop: false }`
[INFO] [stderr]     Updating crates.io index
[INFO] running `Command { std: CARGO_HOME="/workspace/cargo-home" RUSTUP_HOME="/workspace/rustup-home" "/workspace/cargo-home/bin/cargo" "+beta-2023-12-22" "fetch" "--manifest-path" "Cargo.toml", kill_on_drop: false }`
[INFO] running `Command { std: "docker" "create" "-v" "/var/lib/crater-agent-workspace/builds/worker-5-tc2/target:/opt/rustwide/target:rw,Z" "-v" "/var/lib/crater-agent-workspace/builds/worker-5-tc2/source:/opt/rustwide/workdir:ro,Z" "-v" "/var/lib/crater-agent-workspace/cargo-home:/opt/rustwide/cargo-home:ro,Z" "-v" "/var/lib/crater-agent-workspace/rustup-home:/opt/rustwide/rustup-home:ro,Z" "-e" "SOURCE_DIR=/opt/rustwide/workdir" "-e" "CARGO_TARGET_DIR=/opt/rustwide/target" "-e" "CARGO_HOME=/opt/rustwide/cargo-home" "-e" "RUSTUP_HOME=/opt/rustwide/rustup-home" "-w" "/opt/rustwide/workdir" "-m" "1610612736" "--user" "0:0" "--network" "none" "ghcr.io/rust-lang/crates-build-env/linux@sha256:2788e3201cd34a07e3172128adcd8b3090168a8e3bcc40d7c032b9dda1df7d1c" "/opt/rustwide/cargo-home/bin/cargo" "+beta-2023-12-22" "metadata" "--no-deps" "--format-version=1", kill_on_drop: false }`
[INFO] [stdout] 6eccc6181fde2026bd21a296811fac2b1df11baba8639646d258f5cec20e1891
[INFO] running `Command { std: "docker" "start" "-a" "6eccc6181fde2026bd21a296811fac2b1df11baba8639646d258f5cec20e1891", kill_on_drop: false }`
[INFO] running `Command { std: "docker" "inspect" "6eccc6181fde2026bd21a296811fac2b1df11baba8639646d258f5cec20e1891", kill_on_drop: false }`
[INFO] running `Command { std: "docker" "rm" "-f" "6eccc6181fde2026bd21a296811fac2b1df11baba8639646d258f5cec20e1891", kill_on_drop: false }`
[INFO] [stdout] 6eccc6181fde2026bd21a296811fac2b1df11baba8639646d258f5cec20e1891
[INFO] running `Command { std: "docker" "create" "-v" "/var/lib/crater-agent-workspace/builds/worker-5-tc2/target:/opt/rustwide/target:rw,Z" "-v" "/var/lib/crater-agent-workspace/builds/worker-5-tc2/source:/opt/rustwide/workdir:ro,Z" "-v" "/var/lib/crater-agent-workspace/cargo-home:/opt/rustwide/cargo-home:ro,Z" "-v" "/var/lib/crater-agent-workspace/rustup-home:/opt/rustwide/rustup-home:ro,Z" "-e" "SOURCE_DIR=/opt/rustwide/workdir" "-e" "CARGO_TARGET_DIR=/opt/rustwide/target" "-e" "CARGO_INCREMENTAL=0" "-e" "RUST_BACKTRACE=full" "-e" "RUSTFLAGS=--cap-lints=warn" "-e" "RUSTDOCFLAGS=--cap-lints=warn" "-e" "CARGO_HOME=/opt/rustwide/cargo-home" "-e" "RUSTUP_HOME=/opt/rustwide/rustup-home" "-w" "/opt/rustwide/workdir" "-m" "1610612736" "--user" "0:0" "--network" "none" "ghcr.io/rust-lang/crates-build-env/linux@sha256:2788e3201cd34a07e3172128adcd8b3090168a8e3bcc40d7c032b9dda1df7d1c" "/opt/rustwide/cargo-home/bin/cargo" "+beta-2023-12-22" "build" "--frozen" "--message-format=json", kill_on_drop: false }`
[INFO] [stdout] 32d99a5644a05a71abc90eae624d0f21d9e5a83bc2af904794a0b4963945acc1
[INFO] running `Command { std: "docker" "start" "-a" "32d99a5644a05a71abc90eae624d0f21d9e5a83bc2af904794a0b4963945acc1", kill_on_drop: false }`
[INFO] [stderr]    Compiling proc-macro2 v1.0.75
[INFO] [stderr]    Compiling unicode-ident v1.0.12
[INFO] [stderr]    Compiling wasm-bindgen-shared v0.2.89
[INFO] [stderr]    Compiling log v0.4.20
[INFO] [stderr]    Compiling bumpalo v3.14.0
[INFO] [stderr]    Compiling once_cell v1.19.0
[INFO] [stderr]    Compiling wasm-bindgen v0.2.89
[INFO] [stderr]    Compiling cfg-if v1.0.0
[INFO] [stderr]    Compiling serde v1.0.194
[INFO] [stderr]    Compiling serde_json v1.0.111
[INFO] [stderr]    Compiling itoa v1.0.10
[INFO] [stderr]    Compiling thiserror v1.0.56
[INFO] [stderr]    Compiling ryu v1.0.16
[INFO] [stderr]    Compiling quote v1.0.35
[INFO] [stderr]    Compiling syn v2.0.48
[INFO] [stderr]    Compiling wasm-bindgen-backend v0.2.89
[INFO] [stderr]    Compiling serde_derive v1.0.194
[INFO] [stderr]    Compiling thiserror-impl v1.0.56
[INFO] [stderr]    Compiling wasm-bindgen-macro-support v0.2.89
[INFO] [stderr]    Compiling wasm-bindgen-macro v0.2.89
[INFO] [stderr]    Compiling js-sys v0.3.66
[INFO] [stderr]    Compiling web-sys v0.3.66
[INFO] [stderr]    Compiling wasm-bindgen-futures v0.4.39
[INFO] [stderr]    Compiling web-extensions-sys v0.4.1
[INFO] [stderr]    Compiling gloo-utils v0.1.7
[INFO] [stderr]    Compiling web-extensions v0.3.0 (/opt/rustwide/workdir)
[INFO] [stderr]     Finished dev [unoptimized + debuginfo] target(s) in 17.07s
[INFO] running `Command { std: "docker" "inspect" "32d99a5644a05a71abc90eae624d0f21d9e5a83bc2af904794a0b4963945acc1", kill_on_drop: false }`
[INFO] running `Command { std: "docker" "rm" "-f" "32d99a5644a05a71abc90eae624d0f21d9e5a83bc2af904794a0b4963945acc1", kill_on_drop: false }`
[INFO] [stdout] 32d99a5644a05a71abc90eae624d0f21d9e5a83bc2af904794a0b4963945acc1
[INFO] running `Command { std: "docker" "create" "-v" "/var/lib/crater-agent-workspace/builds/worker-5-tc2/target:/opt/rustwide/target:rw,Z" "-v" "/var/lib/crater-agent-workspace/builds/worker-5-tc2/source:/opt/rustwide/workdir:ro,Z" "-v" "/var/lib/crater-agent-workspace/cargo-home:/opt/rustwide/cargo-home:ro,Z" "-v" "/var/lib/crater-agent-workspace/rustup-home:/opt/rustwide/rustup-home:ro,Z" "-e" "SOURCE_DIR=/opt/rustwide/workdir" "-e" "CARGO_TARGET_DIR=/opt/rustwide/target" "-e" "CARGO_INCREMENTAL=0" "-e" "RUST_BACKTRACE=full" "-e" "RUSTFLAGS=--cap-lints=warn" "-e" "RUSTDOCFLAGS=--cap-lints=warn" "-e" "CARGO_HOME=/opt/rustwide/cargo-home" "-e" "RUSTUP_HOME=/opt/rustwide/rustup-home" "-w" "/opt/rustwide/workdir" "-m" "1610612736" "--user" "0:0" "--network" "none" "ghcr.io/rust-lang/crates-build-env/linux@sha256:2788e3201cd34a07e3172128adcd8b3090168a8e3bcc40d7c032b9dda1df7d1c" "/opt/rustwide/cargo-home/bin/cargo" "+beta-2023-12-22" "test" "--frozen" "--no-run" "--message-format=json", kill_on_drop: false }`
[INFO] [stdout] be4b720be64c88839ab49d116eb9adc0fcf7e45816732df25cbb176fa652d21e
[INFO] running `Command { std: "docker" "start" "-a" "be4b720be64c88839ab49d116eb9adc0fcf7e45816732df25cbb176fa652d21e", kill_on_drop: false }`
[INFO] [stderr]    Compiling scoped-tls v1.0.1
[INFO] [stderr]    Compiling wasm-bindgen-test-macro v0.3.39
[INFO] [stderr]    Compiling console_error_panic_hook v0.1.7
[INFO] [stderr]    Compiling wasm-bindgen-test v0.3.39
[INFO] [stderr]    Compiling web-extensions v0.3.0 (/opt/rustwide/workdir)
[INFO] [stdout] error[E0432]: unresolved import `web_extensions::contextual_identities`
[INFO] [stdout]  --> tests/contextual_identities.rs:1:21
[INFO] [stdout]   |
[INFO] [stdout] 1 | use web_extensions::contextual_identities::*;
[INFO] [stdout]   |                     ^^^^^^^^^^^^^^^^^^^^^ could not find `contextual_identities` in `web_extensions`
[INFO] [stdout] 
[INFO] [stdout] 
[INFO] [stdout] error[E0433]: failed to resolve: use of undeclared type `Color`
[INFO] [stdout]   --> tests/contextual_identities.rs:10:20
[INFO] [stdout]    |
[INFO] [stdout] 10 |             value: Color::Blue,
[INFO] [stdout]    |                    ^^^^^ use of undeclared type `Color`
[INFO] [stdout] 
[INFO] [stdout] 
[INFO] [stdout] error[E0433]: failed to resolve: use of undeclared type `Color`
[INFO] [stdout]   --> tests/contextual_identities.rs:14:20
[INFO] [stdout]    |
[INFO] [stdout] 14 |             value: Color::Turquoise,
[INFO] [stdout]    |                    ^^^^^ use of undeclared type `Color`
[INFO] [stdout] 
[INFO] [stdout] 
[INFO] [stdout] error[E0433]: failed to resolve: use of undeclared type `Color`
[INFO] [stdout]   --> tests/contextual_identities.rs:18:20
[INFO] [stdout]    |
[INFO] [stdout] 18 |             value: Color::Green,
[INFO] [stdout]    |                    ^^^^^ use of undeclared type `Color`
[INFO] [stdout] 
[INFO] [stdout] 
[INFO] [stdout] error[E0433]: failed to resolve: use of undeclared type `Color`
[INFO] [stdout]   --> tests/contextual_identities.rs:22:20
[INFO] [stdout]    |
[INFO] [stdout] 22 |             value: Color::Yellow,
[INFO] [stdout]    |                    ^^^^^ use of undeclared type `Color`
[INFO] [stdout] 
[INFO] [stdout] 
[INFO] [stdout] error[E0433]: failed to resolve: use of undeclared type `Color`
[INFO] [stdout]   --> tests/contextual_identities.rs:26:20
[INFO] [stdout]    |
[INFO] [stdout] 26 |             value: Color::Orange,
[INFO] [stdout]    |                    ^^^^^ use of undeclared type `Color`
[INFO] [stdout] 
[INFO] [stdout] 
[INFO] [stdout] error[E0433]: failed to resolve: use of undeclared type `Color`
[INFO] [stdout]   --> tests/contextual_identities.rs:30:20
[INFO] [stdout]    |
[INFO] [stdout] 30 |             value: Color::Red,
[INFO] [stdout]    |                    ^^^^^ use of undeclared type `Color`
[INFO] [stdout] 
[INFO] [stdout] 
[INFO] [stdout] error[E0433]: failed to resolve: use of undeclared type `Color`
[INFO] [stdout]   --> tests/contextual_identities.rs:34:20
[INFO] [stdout]    |
[INFO] [stdout] 34 |             value: Color::Pink,
[INFO] [stdout]    |                    ^^^^^ use of undeclared type `Color`
[INFO] [stdout] 
[INFO] [stdout] 
[INFO] [stdout] error[E0433]: failed to resolve: use of undeclared type `Color`
[INFO] [stdout]   --> tests/contextual_identities.rs:38:20
[INFO] [stdout]    |
[INFO] [stdout] 38 |             value: Color::Purple,
[INFO] [stdout]    |                    ^^^^^ use of undeclared type `Color`
[INFO] [stdout] 
[INFO] [stdout] 
[INFO] [stdout] error[E0433]: failed to resolve: use of undeclared type `Color`
[INFO] [stdout]   --> tests/contextual_identities.rs:42:20
[INFO] [stdout]    |
[INFO] [stdout] 42 |             value: Color::Toolbar,
[INFO] [stdout]    |                    ^^^^^ use of undeclared type `Color`
[INFO] [stdout] 
[INFO] [stdout] 
[INFO] [stdout] error[E0433]: failed to resolve: use of undeclared type `Icon`
[INFO] [stdout]   --> tests/contextual_identities.rs:52:20
[INFO] [stdout]    |
[INFO] [stdout] 52 |             value: Icon::Fingerprint,
[INFO] [stdout]    |                    ^^^^ use of undeclared type `Icon`
[INFO] [stdout] 
[INFO] [stdout] 
[INFO] [stdout] error[E0433]: failed to resolve: use of undeclared type `Icon`
[INFO] [stdout]   --> tests/contextual_identities.rs:56:20
[INFO] [stdout]    |
[INFO] [stdout] 56 |             value: Icon::Briefcase,
[INFO] [stdout]    |                    ^^^^ use of undeclared type `Icon`
[INFO] [stdout] 
[INFO] [stdout] 
[INFO] [stdout] error[E0433]: failed to resolve: use of undeclared type `Icon`
[INFO] [stdout]   --> tests/contextual_identities.rs:60:20
[INFO] [stdout]    |
[INFO] [stdout] 60 |             value: Icon::Dollar,
[INFO] [stdout]    |                    ^^^^ use of undeclared type `Icon`
[INFO] [stdout] 
[INFO] [stdout] 
[INFO] [stdout] error[E0433]: failed to resolve: use of undeclared type `Icon`
[INFO] [stdout]   --> tests/contextual_identities.rs:64:20
[INFO] [stdout]    |
[INFO] [stdout] 64 |             value: Icon::Cart,
[INFO] [stdout]    |                    ^^^^ use of undeclared type `Icon`
[INFO] [stdout] 
[INFO] [stdout] 
[INFO] [stdout] error[E0433]: failed to resolve: use of undeclared type `Icon`
[INFO] [stdout]   --> tests/contextual_identities.rs:68:20
[INFO] [stdout]    |
[INFO] [stdout] 68 |             value: Icon::Circle,
[INFO] [stdout]    |                    ^^^^ use of undeclared type `Icon`
[INFO] [stdout] 
[INFO] [stdout] 
[INFO] [stdout] error[E0433]: failed to resolve: use of undeclared type `Icon`
[INFO] [stdout]   --> tests/contextual_identities.rs:72:20
[INFO] [stdout]    |
[INFO] [stdout] 72 |             value: Icon::Gift,
[INFO] [stdout]    |                    ^^^^ use of undeclared type `Icon`
[INFO] [stdout] 
[INFO] [stdout] 
[INFO] [stdout] error[E0433]: failed to resolve: use of undeclared type `Icon`
[INFO] [stdout]   --> tests/contextual_identities.rs:76:20
[INFO] [stdout]    |
[INFO] [stdout] 76 |             value: Icon::Vacation,
[INFO] [stdout]    |                    ^^^^ use of undeclared type `Icon`
[INFO] [stdout] 
[INFO] [stdout] 
[INFO] [stdout] error[E0433]: failed to resolve: use of undeclared type `Icon`
[INFO] [stdout]   --> tests/contextual_identities.rs:80:20
[INFO] [stdout]    |
[INFO] [stdout] 80 |             value: Icon::Food,
[INFO] [stdout]    |                    ^^^^ use of undeclared type `Icon`
[INFO] [stdout] 
[INFO] [stdout] 
[INFO] [stdout] error[E0433]: failed to resolve: use of undeclared type `Icon`
[INFO] [stdout]   --> tests/contextual_identities.rs:84:20
[INFO] [stdout]    |
[INFO] [stdout] 84 |             value: Icon::Fruit,
[INFO] [stdout]    |                    ^^^^ use of undeclared type `Icon`
[INFO] [stdout] 
[INFO] [stdout] 
[INFO] [stdout] error[E0433]: failed to resolve: use of undeclared type `Icon`
[INFO] [stdout]   --> tests/contextual_identities.rs:88:20
[INFO] [stdout]    |
[INFO] [stdout] 88 |             value: Icon::Pet,
[INFO] [stdout]    |                    ^^^^ use of undeclared type `Icon`
[INFO] [stdout] 
[INFO] [stdout] 
[INFO] [stdout] error[E0433]: failed to resolve: use of undeclared type `Icon`
[INFO] [stdout]   --> tests/contextual_identities.rs:92:20
[INFO] [stdout]    |
[INFO] [stdout] 92 |             value: Icon::Tree,
[INFO] [stdout]    |                    ^^^^ use of undeclared type `Icon`
[INFO] [stdout] 
[INFO] [stdout] 
[INFO] [stdout] error[E0433]: failed to resolve: use of undeclared type `Icon`
[INFO] [stdout]   --> tests/contextual_identities.rs:96:20
[INFO] [stdout]    |
[INFO] [stdout] 96 |             value: Icon::Chill,
[INFO] [stdout]    |                    ^^^^ use of undeclared type `Icon`
[INFO] [stdout] 
[INFO] [stdout] 
[INFO] [stdout] error[E0433]: failed to resolve: use of undeclared type `Icon`
[INFO] [stdout]    --> tests/contextual_identities.rs:100:20
[INFO] [stdout]     |
[INFO] [stdout] 100 |             value: Icon::Fence,
[INFO] [stdout]     |                    ^^^^ use of undeclared type `Icon`
[INFO] [stdout] 
[INFO] [stdout] 
[INFO] [stdout] error: aborting due to 23 previous errors
[INFO] [stdout] 
[INFO] [stdout] 
[INFO] [stdout] Some errors have detailed explanations: E0432, E0433.
[INFO] [stdout] 
[INFO] [stdout] For more information about an error, try `rustc --explain E0432`.
[INFO] [stdout] 
[INFO] [stderr] error: could not compile `web-extensions` (test "contextual_identities") due to 24 previous errors
[INFO] [stderr] warning: build failed, waiting for other jobs to finish...
[INFO] running `Command { std: "docker" "inspect" "be4b720be64c88839ab49d116eb9adc0fcf7e45816732df25cbb176fa652d21e", kill_on_drop: false }`
[INFO] running `Command { std: "docker" "rm" "-f" "be4b720be64c88839ab49d116eb9adc0fcf7e45816732df25cbb176fa652d21e", kill_on_drop: false }`
[INFO] [stdout] be4b720be64c88839ab49d116eb9adc0fcf7e45816732df25cbb176fa652d21e
