[INFO] fetching crate web-dom 0.3.10...
[INFO] testing web-dom-0.3.10 against 1.75.0 for beta-1.76-1
[INFO] extracting crate web-dom 0.3.10 into /workspace/builds/worker-0-tc1/source
[INFO] validating manifest of crates.io crate web-dom 0.3.10 on toolchain 1.75.0
[INFO] running `Command { std: CARGO_HOME="/workspace/cargo-home" RUSTUP_HOME="/workspace/rustup-home" "/workspace/cargo-home/bin/cargo" "+1.75.0" "metadata" "--manifest-path" "Cargo.toml" "--no-deps", kill_on_drop: false }`
[INFO] started tweaking crates.io crate web-dom 0.3.10
[INFO] finished tweaking crates.io crate web-dom 0.3.10
[INFO] tweaked toml for crates.io crate web-dom 0.3.10 written to /workspace/builds/worker-0-tc1/source/Cargo.toml
[INFO] running `Command { std: CARGO_HOME="/workspace/cargo-home" RUSTUP_HOME="/workspace/rustup-home" "/workspace/cargo-home/bin/cargo" "+1.75.0" "generate-lockfile" "--manifest-path" "Cargo.toml", kill_on_drop: false }`
[INFO] [stderr]     Updating crates.io index
[INFO] running `Command { std: CARGO_HOME="/workspace/cargo-home" RUSTUP_HOME="/workspace/rustup-home" "/workspace/cargo-home/bin/cargo" "+1.75.0" "fetch" "--manifest-path" "Cargo.toml", kill_on_drop: false }`
[INFO] [stderr]  Downloading crates ...
[INFO] [stderr]   Downloaded externref_polyfill v0.1.0
[INFO] [stderr]   Downloaded js v0.5.7
[INFO] [stderr]   Downloaded web_common v0.4.3
[INFO] running `Command { std: "docker" "create" "-v" "/var/lib/crater-agent-workspace/builds/worker-0-tc1/target:/opt/rustwide/target:rw,Z" "-v" "/var/lib/crater-agent-workspace/builds/worker-0-tc1/source:/opt/rustwide/workdir:ro,Z" "-v" "/var/lib/crater-agent-workspace/cargo-home:/opt/rustwide/cargo-home:ro,Z" "-v" "/var/lib/crater-agent-workspace/rustup-home:/opt/rustwide/rustup-home:ro,Z" "-e" "SOURCE_DIR=/opt/rustwide/workdir" "-e" "CARGO_TARGET_DIR=/opt/rustwide/target" "-e" "CARGO_HOME=/opt/rustwide/cargo-home" "-e" "RUSTUP_HOME=/opt/rustwide/rustup-home" "-w" "/opt/rustwide/workdir" "-m" "1610612736" "--user" "0:0" "--network" "none" "ghcr.io/rust-lang/crates-build-env/linux@sha256:2788e3201cd34a07e3172128adcd8b3090168a8e3bcc40d7c032b9dda1df7d1c" "/opt/rustwide/cargo-home/bin/cargo" "+1.75.0" "metadata" "--no-deps" "--format-version=1", kill_on_drop: false }`
[INFO] [stdout] 828802959d6216ece2a4b310576b1f43fa4de62af0efa4c189cd1dee7903ea42
[INFO] running `Command { std: "docker" "start" "-a" "828802959d6216ece2a4b310576b1f43fa4de62af0efa4c189cd1dee7903ea42", kill_on_drop: false }`
[INFO] running `Command { std: "docker" "inspect" "828802959d6216ece2a4b310576b1f43fa4de62af0efa4c189cd1dee7903ea42", kill_on_drop: false }`
[INFO] running `Command { std: "docker" "rm" "-f" "828802959d6216ece2a4b310576b1f43fa4de62af0efa4c189cd1dee7903ea42", kill_on_drop: false }`
[INFO] [stdout] 828802959d6216ece2a4b310576b1f43fa4de62af0efa4c189cd1dee7903ea42
[INFO] running `Command { std: "docker" "create" "-v" "/var/lib/crater-agent-workspace/builds/worker-0-tc1/target:/opt/rustwide/target:rw,Z" "-v" "/var/lib/crater-agent-workspace/builds/worker-0-tc1/source:/opt/rustwide/workdir:ro,Z" "-v" "/var/lib/crater-agent-workspace/cargo-home:/opt/rustwide/cargo-home:ro,Z" "-v" "/var/lib/crater-agent-workspace/rustup-home:/opt/rustwide/rustup-home:ro,Z" "-e" "SOURCE_DIR=/opt/rustwide/workdir" "-e" "CARGO_TARGET_DIR=/opt/rustwide/target" "-e" "CARGO_INCREMENTAL=0" "-e" "RUST_BACKTRACE=full" "-e" "RUSTFLAGS=--cap-lints=warn" "-e" "RUSTDOCFLAGS=--cap-lints=warn" "-e" "CARGO_HOME=/opt/rustwide/cargo-home" "-e" "RUSTUP_HOME=/opt/rustwide/rustup-home" "-w" "/opt/rustwide/workdir" "-m" "1610612736" "--user" "0:0" "--network" "none" "ghcr.io/rust-lang/crates-build-env/linux@sha256:2788e3201cd34a07e3172128adcd8b3090168a8e3bcc40d7c032b9dda1df7d1c" "/opt/rustwide/cargo-home/bin/cargo" "+1.75.0" "build" "--frozen" "--message-format=json", kill_on_drop: false }`
[INFO] [stdout] c83c6c0770416e708a144456580e9fa63b781f3c44af8f2aacd3c88d19d5ef9a
[INFO] running `Command { std: "docker" "start" "-a" "c83c6c0770416e708a144456580e9fa63b781f3c44af8f2aacd3c88d19d5ef9a", kill_on_drop: false }`
[INFO] [stderr]    Compiling lock_api v0.4.11
[INFO] [stderr]    Compiling scopeguard v1.2.0
[INFO] [stderr]    Compiling no-std-compat v0.4.1
[INFO] [stderr]    Compiling externref_polyfill v0.1.0
[INFO] [stderr]    Compiling spin v0.9.8
[INFO] [stderr]    Compiling js v0.5.7
[INFO] [stderr]    Compiling web_common v0.4.3
[INFO] [stdout] error[E0412]: cannot find type `JSObject` in this scope
[INFO] [stdout]   --> /opt/rustwide/cargo-home/registry/src/index.crates.io-6f17d22bba15001f/web_common-0.4.3/src/lib.rs:68:22
[INFO] [stdout]    |
[INFO] [stdout] 68 | impl GetProperty for JSObject {
[INFO] [stdout]    |                      ^^^^^^^^ not found in this scope
[INFO] [stdout] 
[INFO] [stdout] 
[INFO] [stdout] error[E0412]: cannot find type `JSObject` in this scope
[INFO] [stdout]    --> /opt/rustwide/cargo-home/registry/src/index.crates.io-6f17d22bba15001f/web_common-0.4.3/src/lib.rs:139:22
[INFO] [stdout]     |
[INFO] [stdout] 139 | impl SetProperty for JSObject {
[INFO] [stdout]     |                      ^^^^^^^^ not found in this scope
[INFO] [stdout] 
[INFO] [stdout] 
[INFO] [stdout] error[E0433]: failed to resolve: use of undeclared type `JSObject`
[INFO] [stdout]   --> /opt/rustwide/cargo-home/registry/src/index.crates.io-6f17d22bba15001f/web_common-0.4.3/src/lib.rs:82:18
[INFO] [stdout]    |
[INFO] [stdout] 82 |             Some(JSObject::from(o))
[INFO] [stdout]    |                  ^^^^^^^^ use of undeclared type `JSObject`
[INFO] [stdout] 
[INFO] [stdout] 
[INFO] [stdout] error: aborting due to 3 previous errors
[INFO] [stdout] 
[INFO] [stdout] 
[INFO] [stdout] Some errors have detailed explanations: E0412, E0433.
[INFO] [stdout] 
[INFO] [stdout] For more information about an error, try `rustc --explain E0412`.
[INFO] [stdout] 
[INFO] [stderr] error: could not compile `web_common` (lib) due to 4 previous errors
[INFO] [stderr] warning: build failed, waiting for other jobs to finish...
[INFO] running `Command { std: "docker" "inspect" "c83c6c0770416e708a144456580e9fa63b781f3c44af8f2aacd3c88d19d5ef9a", kill_on_drop: false }`
[INFO] running `Command { std: "docker" "rm" "-f" "c83c6c0770416e708a144456580e9fa63b781f3c44af8f2aacd3c88d19d5ef9a", kill_on_drop: false }`
[INFO] [stdout] c83c6c0770416e708a144456580e9fa63b781f3c44af8f2aacd3c88d19d5ef9a
[INFO] testing web-dom-0.3.10 against beta-2023-12-22 for beta-1.76-1
[INFO] extracting crate web-dom 0.3.10 into /workspace/builds/worker-0-tc2/source
[INFO] validating manifest of crates.io crate web-dom 0.3.10 on toolchain beta-2023-12-22
[INFO] running `Command { std: CARGO_HOME="/workspace/cargo-home" RUSTUP_HOME="/workspace/rustup-home" "/workspace/cargo-home/bin/cargo" "+beta-2023-12-22" "metadata" "--manifest-path" "Cargo.toml" "--no-deps", kill_on_drop: false }`
[INFO] started tweaking crates.io crate web-dom 0.3.10
[INFO] finished tweaking crates.io crate web-dom 0.3.10
[INFO] tweaked toml for crates.io crate web-dom 0.3.10 written to /workspace/builds/worker-0-tc2/source/Cargo.toml
[INFO] running `Command { std: CARGO_HOME="/workspace/cargo-home" RUSTUP_HOME="/workspace/rustup-home" "/workspace/cargo-home/bin/cargo" "+beta-2023-12-22" "generate-lockfile" "--manifest-path" "Cargo.toml", kill_on_drop: false }`
[INFO] [stderr]     Updating crates.io index
[INFO] running `Command { std: CARGO_HOME="/workspace/cargo-home" RUSTUP_HOME="/workspace/rustup-home" "/workspace/cargo-home/bin/cargo" "+beta-2023-12-22" "fetch" "--manifest-path" "Cargo.toml", kill_on_drop: false }`
[INFO] running `Command { std: "docker" "create" "-v" "/var/lib/crater-agent-workspace/builds/worker-0-tc2/target:/opt/rustwide/target:rw,Z" "-v" "/var/lib/crater-agent-workspace/builds/worker-0-tc2/source:/opt/rustwide/workdir:ro,Z" "-v" "/var/lib/crater-agent-workspace/cargo-home:/opt/rustwide/cargo-home:ro,Z" "-v" "/var/lib/crater-agent-workspace/rustup-home:/opt/rustwide/rustup-home:ro,Z" "-e" "SOURCE_DIR=/opt/rustwide/workdir" "-e" "CARGO_TARGET_DIR=/opt/rustwide/target" "-e" "CARGO_HOME=/opt/rustwide/cargo-home" "-e" "RUSTUP_HOME=/opt/rustwide/rustup-home" "-w" "/opt/rustwide/workdir" "-m" "1610612736" "--user" "0:0" "--network" "none" "ghcr.io/rust-lang/crates-build-env/linux@sha256:2788e3201cd34a07e3172128adcd8b3090168a8e3bcc40d7c032b9dda1df7d1c" "/opt/rustwide/cargo-home/bin/cargo" "+beta-2023-12-22" "metadata" "--no-deps" "--format-version=1", kill_on_drop: false }`
[INFO] [stdout] 031264a1479daead993eb55e0af6bb292174e0affc710eb94b74cb48ac9b90d7
[INFO] running `Command { std: "docker" "start" "-a" "031264a1479daead993eb55e0af6bb292174e0affc710eb94b74cb48ac9b90d7", kill_on_drop: false }`
[INFO] running `Command { std: "docker" "inspect" "031264a1479daead993eb55e0af6bb292174e0affc710eb94b74cb48ac9b90d7", kill_on_drop: false }`
[INFO] running `Command { std: "docker" "rm" "-f" "031264a1479daead993eb55e0af6bb292174e0affc710eb94b74cb48ac9b90d7", kill_on_drop: false }`
[INFO] [stdout] 031264a1479daead993eb55e0af6bb292174e0affc710eb94b74cb48ac9b90d7
[INFO] running `Command { std: "docker" "create" "-v" "/var/lib/crater-agent-workspace/builds/worker-0-tc2/target:/opt/rustwide/target:rw,Z" "-v" "/var/lib/crater-agent-workspace/builds/worker-0-tc2/source:/opt/rustwide/workdir:ro,Z" "-v" "/var/lib/crater-agent-workspace/cargo-home:/opt/rustwide/cargo-home:ro,Z" "-v" "/var/lib/crater-agent-workspace/rustup-home:/opt/rustwide/rustup-home:ro,Z" "-e" "SOURCE_DIR=/opt/rustwide/workdir" "-e" "CARGO_TARGET_DIR=/opt/rustwide/target" "-e" "CARGO_INCREMENTAL=0" "-e" "RUST_BACKTRACE=full" "-e" "RUSTFLAGS=--cap-lints=warn" "-e" "RUSTDOCFLAGS=--cap-lints=warn" "-e" "CARGO_HOME=/opt/rustwide/cargo-home" "-e" "RUSTUP_HOME=/opt/rustwide/rustup-home" "-w" "/opt/rustwide/workdir" "-m" "1610612736" "--user" "0:0" "--network" "none" "ghcr.io/rust-lang/crates-build-env/linux@sha256:2788e3201cd34a07e3172128adcd8b3090168a8e3bcc40d7c032b9dda1df7d1c" "/opt/rustwide/cargo-home/bin/cargo" "+beta-2023-12-22" "build" "--frozen" "--message-format=json", kill_on_drop: false }`
[INFO] [stdout] 750259007f1a7dc811e4635ac6be509e58061377d84df28070a906fba720d057
[INFO] running `Command { std: "docker" "start" "-a" "750259007f1a7dc811e4635ac6be509e58061377d84df28070a906fba720d057", kill_on_drop: false }`
[INFO] [stderr]    Compiling lock_api v0.4.11
[INFO] [stderr]    Compiling scopeguard v1.2.0
[INFO] [stderr]    Compiling externref_polyfill v0.1.0
[INFO] [stderr]    Compiling no-std-compat v0.4.1
[INFO] [stderr]    Compiling spin v0.9.8
[INFO] [stderr]    Compiling js v0.5.7
[INFO] [stderr]    Compiling web_common v0.4.3
[INFO] [stdout] error[E0412]: cannot find type `JSObject` in this scope
[INFO] [stdout]   --> /opt/rustwide/cargo-home/registry/src/index.crates.io-6f17d22bba15001f/web_common-0.4.3/src/lib.rs:68:22
[INFO] [stdout]    |
[INFO] [stdout] 68 | impl GetProperty for JSObject {
[INFO] [stdout]    |                      ^^^^^^^^ not found in this scope
[INFO] [stdout] 
[INFO] [stdout] 
[INFO] [stdout] error[E0412]: cannot find type `JSObject` in this scope
[INFO] [stdout]    --> /opt/rustwide/cargo-home/registry/src/index.crates.io-6f17d22bba15001f/web_common-0.4.3/src/lib.rs:139:22
[INFO] [stdout]     |
[INFO] [stdout] 139 | impl SetProperty for JSObject {
[INFO] [stdout]     |                      ^^^^^^^^ not found in this scope
[INFO] [stdout] 
[INFO] [stdout] 
[INFO] [stdout] error[E0433]: failed to resolve: use of undeclared type `JSObject`
[INFO] [stdout]   --> /opt/rustwide/cargo-home/registry/src/index.crates.io-6f17d22bba15001f/web_common-0.4.3/src/lib.rs:82:18
[INFO] [stdout]    |
[INFO] [stdout] 82 |             Some(JSObject::from(o))
[INFO] [stdout]    |                  ^^^^^^^^ use of undeclared type `JSObject`
[INFO] [stdout] 
[INFO] [stdout] 
[INFO] [stderr] error: could not compile `web_common` (lib) due to 4 previous errors
[INFO] [stdout] error: aborting due to 3 previous errors
[INFO] [stdout] 
[INFO] [stdout] 
[INFO] [stderr] warning: build failed, waiting for other jobs to finish...
[INFO] [stdout] Some errors have detailed explanations: E0412, E0433.
[INFO] [stdout] 
[INFO] [stdout] For more information about an error, try `rustc --explain E0412`.
[INFO] [stdout] 
[INFO] running `Command { std: "docker" "inspect" "750259007f1a7dc811e4635ac6be509e58061377d84df28070a906fba720d057", kill_on_drop: false }`
[INFO] running `Command { std: "docker" "rm" "-f" "750259007f1a7dc811e4635ac6be509e58061377d84df28070a906fba720d057", kill_on_drop: false }`
[INFO] [stdout] 750259007f1a7dc811e4635ac6be509e58061377d84df28070a906fba720d057
