[INFO] fetching crate wdk-macros 0.1.0...
[INFO] testing wdk-macros-0.1.0 against 1.75.0 for beta-1.76-1
[INFO] extracting crate wdk-macros 0.1.0 into /workspace/builds/worker-7-tc1/source
[INFO] validating manifest of crates.io crate wdk-macros 0.1.0 on toolchain 1.75.0
[INFO] running `Command { std: CARGO_HOME="/workspace/cargo-home" RUSTUP_HOME="/workspace/rustup-home" "/workspace/cargo-home/bin/cargo" "+1.75.0" "metadata" "--manifest-path" "Cargo.toml" "--no-deps", kill_on_drop: false }`
[INFO] started tweaking crates.io crate wdk-macros 0.1.0
[INFO] finished tweaking crates.io crate wdk-macros 0.1.0
[INFO] tweaked toml for crates.io crate wdk-macros 0.1.0 written to /workspace/builds/worker-7-tc1/source/Cargo.toml
[INFO] running `Command { std: CARGO_HOME="/workspace/cargo-home" RUSTUP_HOME="/workspace/rustup-home" "/workspace/cargo-home/bin/cargo" "+1.75.0" "generate-lockfile" "--manifest-path" "Cargo.toml", kill_on_drop: false }`
[INFO] [stderr]     Updating crates.io index
[INFO] running `Command { std: CARGO_HOME="/workspace/cargo-home" RUSTUP_HOME="/workspace/rustup-home" "/workspace/cargo-home/bin/cargo" "+1.75.0" "fetch" "--manifest-path" "Cargo.toml", kill_on_drop: false }`
[INFO] running `Command { std: "docker" "create" "-v" "/var/lib/crater-agent-workspace/builds/worker-7-tc1/target:/opt/rustwide/target:rw,Z" "-v" "/var/lib/crater-agent-workspace/builds/worker-7-tc1/source:/opt/rustwide/workdir:ro,Z" "-v" "/var/lib/crater-agent-workspace/cargo-home:/opt/rustwide/cargo-home:ro,Z" "-v" "/var/lib/crater-agent-workspace/rustup-home:/opt/rustwide/rustup-home:ro,Z" "-e" "SOURCE_DIR=/opt/rustwide/workdir" "-e" "CARGO_TARGET_DIR=/opt/rustwide/target" "-e" "CARGO_HOME=/opt/rustwide/cargo-home" "-e" "RUSTUP_HOME=/opt/rustwide/rustup-home" "-w" "/opt/rustwide/workdir" "-m" "1610612736" "--user" "0:0" "--network" "none" "ghcr.io/rust-lang/crates-build-env/linux@sha256:2788e3201cd34a07e3172128adcd8b3090168a8e3bcc40d7c032b9dda1df7d1c" "/opt/rustwide/cargo-home/bin/cargo" "+1.75.0" "metadata" "--no-deps" "--format-version=1", kill_on_drop: false }`
[INFO] [stdout] b29f33f97a609968cdc1196b2b77b6d95866b70d3c5407d15e2bddd0fbff8888
[INFO] running `Command { std: "docker" "start" "-a" "b29f33f97a609968cdc1196b2b77b6d95866b70d3c5407d15e2bddd0fbff8888", kill_on_drop: false }`
[INFO] running `Command { std: "docker" "inspect" "b29f33f97a609968cdc1196b2b77b6d95866b70d3c5407d15e2bddd0fbff8888", kill_on_drop: false }`
[INFO] running `Command { std: "docker" "rm" "-f" "b29f33f97a609968cdc1196b2b77b6d95866b70d3c5407d15e2bddd0fbff8888", kill_on_drop: false }`
[INFO] [stdout] b29f33f97a609968cdc1196b2b77b6d95866b70d3c5407d15e2bddd0fbff8888
[INFO] running `Command { std: "docker" "create" "-v" "/var/lib/crater-agent-workspace/builds/worker-7-tc1/target:/opt/rustwide/target:rw,Z" "-v" "/var/lib/crater-agent-workspace/builds/worker-7-tc1/source:/opt/rustwide/workdir:ro,Z" "-v" "/var/lib/crater-agent-workspace/cargo-home:/opt/rustwide/cargo-home:ro,Z" "-v" "/var/lib/crater-agent-workspace/rustup-home:/opt/rustwide/rustup-home:ro,Z" "-e" "SOURCE_DIR=/opt/rustwide/workdir" "-e" "CARGO_TARGET_DIR=/opt/rustwide/target" "-e" "CARGO_INCREMENTAL=0" "-e" "RUST_BACKTRACE=full" "-e" "RUSTFLAGS=--cap-lints=warn" "-e" "RUSTDOCFLAGS=--cap-lints=warn" "-e" "CARGO_HOME=/opt/rustwide/cargo-home" "-e" "RUSTUP_HOME=/opt/rustwide/rustup-home" "-w" "/opt/rustwide/workdir" "-m" "1610612736" "--user" "0:0" "--network" "none" "ghcr.io/rust-lang/crates-build-env/linux@sha256:2788e3201cd34a07e3172128adcd8b3090168a8e3bcc40d7c032b9dda1df7d1c" "/opt/rustwide/cargo-home/bin/cargo" "+1.75.0" "build" "--frozen" "--message-format=json", kill_on_drop: false }`
[INFO] [stdout] 933c964860a3cdacae7105f8cdd14237f7c52ca42904bf805292e5c3837b0a90
[INFO] running `Command { std: "docker" "start" "-a" "933c964860a3cdacae7105f8cdd14237f7c52ca42904bf805292e5c3837b0a90", kill_on_drop: false }`
[INFO] [stderr]    Compiling cfg-if v1.0.0
[INFO] [stderr]    Compiling syn v2.0.48
[INFO] [stderr]    Compiling wdk-macros v0.1.0 (/opt/rustwide/workdir)
[INFO] [stderr]     Finished dev [unoptimized + debuginfo] target(s) in 2.23s
[INFO] running `Command { std: "docker" "inspect" "933c964860a3cdacae7105f8cdd14237f7c52ca42904bf805292e5c3837b0a90", kill_on_drop: false }`
[INFO] running `Command { std: "docker" "rm" "-f" "933c964860a3cdacae7105f8cdd14237f7c52ca42904bf805292e5c3837b0a90", kill_on_drop: false }`
[INFO] [stdout] 933c964860a3cdacae7105f8cdd14237f7c52ca42904bf805292e5c3837b0a90
[INFO] running `Command { std: "docker" "create" "-v" "/var/lib/crater-agent-workspace/builds/worker-7-tc1/target:/opt/rustwide/target:rw,Z" "-v" "/var/lib/crater-agent-workspace/builds/worker-7-tc1/source:/opt/rustwide/workdir:ro,Z" "-v" "/var/lib/crater-agent-workspace/cargo-home:/opt/rustwide/cargo-home:ro,Z" "-v" "/var/lib/crater-agent-workspace/rustup-home:/opt/rustwide/rustup-home:ro,Z" "-e" "SOURCE_DIR=/opt/rustwide/workdir" "-e" "CARGO_TARGET_DIR=/opt/rustwide/target" "-e" "CARGO_INCREMENTAL=0" "-e" "RUST_BACKTRACE=full" "-e" "RUSTFLAGS=--cap-lints=warn" "-e" "RUSTDOCFLAGS=--cap-lints=warn" "-e" "CARGO_HOME=/opt/rustwide/cargo-home" "-e" "RUSTUP_HOME=/opt/rustwide/rustup-home" "-w" "/opt/rustwide/workdir" "-m" "1610612736" "--user" "0:0" "--network" "none" "ghcr.io/rust-lang/crates-build-env/linux@sha256:2788e3201cd34a07e3172128adcd8b3090168a8e3bcc40d7c032b9dda1df7d1c" "/opt/rustwide/cargo-home/bin/cargo" "+1.75.0" "test" "--frozen" "--no-run" "--message-format=json", kill_on_drop: false }`
[INFO] [stdout] 146034a1f3aef3d12c621e3252226ce7dd74a2b9d7dfdb5451c990491366e7f3
[INFO] running `Command { std: "docker" "start" "-a" "146034a1f3aef3d12c621e3252226ce7dd74a2b9d7dfdb5451c990491366e7f3", kill_on_drop: false }`
[INFO] [stderr]    Compiling ryu v1.0.16
[INFO] [stderr]    Compiling itoa v1.0.10
[INFO] [stderr]    Compiling trybuild v1.0.87
[INFO] [stderr]    Compiling glob v0.3.1
[INFO] [stderr]    Compiling termcolor v1.4.0
[INFO] [stderr]    Compiling lazy_static v1.4.0
[INFO] [stderr]    Compiling serde_json v1.0.111
[INFO] [stderr]    Compiling syn v2.0.48
[INFO] [stderr]    Compiling basic-toml v0.1.8
[INFO] [stderr]    Compiling colored v2.1.0
[INFO] [stderr]    Compiling serde_derive v1.0.194
[INFO] [stderr]    Compiling wdk-macros v0.1.0 (/opt/rustwide/workdir)
[INFO] [stdout] error[E0433]: failed to resolve: use of undeclared crate or module `macrotest`
[INFO] [stdout]    --> src/lib.rs:164:33
[INFO] [stdout]     |
[INFO] [stdout] 164 |   ...                           macrotest::expand(&NO_NIGHTLY_FEATURE_MACROTEST_FOLDER_PATH.join(format!("{}.rs", stringify!($filename))).c...
[INFO] [stdout]     |                                 ^^^^^^^^^ use of undeclared crate or module `macrotest`
[INFO] [stdout] ...
[INFO] [stdout] 276 | / ...   generate_macro_expansion_and_compilation_tests!(
[INFO] [stdout] 277 | | ...       wdf_driver_create,
[INFO] [stdout] 278 | | ...       wdf_device_create,
[INFO] [stdout] 279 | | ...       wdf_device_create_device_interface
[INFO] [stdout] 280 | | ...   );
[INFO] [stdout]     | |_______- in this macro invocation
[INFO] [stdout]     |
[INFO] [stdout]     = note: this error originates in the macro `generate_macro_expansion_and_compilation_tests` (in Nightly builds, run with -Z macro-backtrace for more info)
[INFO] [stdout] 
[INFO] [stdout] 
[INFO] [stdout] error[E0433]: failed to resolve: use of undeclared crate or module `macrotest`
[INFO] [stdout]    --> src/lib.rs:175:37
[INFO] [stdout]     |
[INFO] [stdout] 175 |                                       macrotest::expand_args(
[INFO] [stdout]     |                                       ^^^^^^^^^ use of undeclared crate or module `macrotest`
[INFO] [stdout] ...
[INFO] [stdout] 276 | /         generate_macro_expansion_and_compilation_tests!(
[INFO] [stdout] 277 | |             wdf_driver_create,
[INFO] [stdout] 278 | |             wdf_device_create,
[INFO] [stdout] 279 | |             wdf_device_create_device_interface
[INFO] [stdout] 280 | |         );
[INFO] [stdout]     | |_________- in this macro invocation
[INFO] [stdout]     |
[INFO] [stdout]     = note: this error originates in the macro `generate_macro_expansion_and_compilation_tests` (in Nightly builds, run with -Z macro-backtrace for more info)
[INFO] [stdout] 
[INFO] [stdout] 
[INFO] [stdout] error: aborting due to 2 previous errors
[INFO] [stdout] 
[INFO] [stdout] 
[INFO] [stdout] For more information about this error, try `rustc --explain E0433`.
[INFO] [stdout] 
[INFO] [stderr] error: could not compile `wdk-macros` (lib test) due to 3 previous errors
[INFO] running `Command { std: "docker" "inspect" "146034a1f3aef3d12c621e3252226ce7dd74a2b9d7dfdb5451c990491366e7f3", kill_on_drop: false }`
[INFO] running `Command { std: "docker" "rm" "-f" "146034a1f3aef3d12c621e3252226ce7dd74a2b9d7dfdb5451c990491366e7f3", kill_on_drop: false }`
[INFO] [stdout] 146034a1f3aef3d12c621e3252226ce7dd74a2b9d7dfdb5451c990491366e7f3
[INFO] testing wdk-macros-0.1.0 against beta-2023-12-22 for beta-1.76-1
[INFO] extracting crate wdk-macros 0.1.0 into /workspace/builds/worker-7-tc2/source
[INFO] validating manifest of crates.io crate wdk-macros 0.1.0 on toolchain beta-2023-12-22
[INFO] running `Command { std: CARGO_HOME="/workspace/cargo-home" RUSTUP_HOME="/workspace/rustup-home" "/workspace/cargo-home/bin/cargo" "+beta-2023-12-22" "metadata" "--manifest-path" "Cargo.toml" "--no-deps", kill_on_drop: false }`
[INFO] started tweaking crates.io crate wdk-macros 0.1.0
[INFO] finished tweaking crates.io crate wdk-macros 0.1.0
[INFO] tweaked toml for crates.io crate wdk-macros 0.1.0 written to /workspace/builds/worker-7-tc2/source/Cargo.toml
[INFO] running `Command { std: CARGO_HOME="/workspace/cargo-home" RUSTUP_HOME="/workspace/rustup-home" "/workspace/cargo-home/bin/cargo" "+beta-2023-12-22" "generate-lockfile" "--manifest-path" "Cargo.toml", kill_on_drop: false }`
[INFO] [stderr]     Updating crates.io index
[INFO] running `Command { std: CARGO_HOME="/workspace/cargo-home" RUSTUP_HOME="/workspace/rustup-home" "/workspace/cargo-home/bin/cargo" "+beta-2023-12-22" "fetch" "--manifest-path" "Cargo.toml", kill_on_drop: false }`
[INFO] running `Command { std: "docker" "create" "-v" "/var/lib/crater-agent-workspace/builds/worker-7-tc2/target:/opt/rustwide/target:rw,Z" "-v" "/var/lib/crater-agent-workspace/builds/worker-7-tc2/source:/opt/rustwide/workdir:ro,Z" "-v" "/var/lib/crater-agent-workspace/cargo-home:/opt/rustwide/cargo-home:ro,Z" "-v" "/var/lib/crater-agent-workspace/rustup-home:/opt/rustwide/rustup-home:ro,Z" "-e" "SOURCE_DIR=/opt/rustwide/workdir" "-e" "CARGO_TARGET_DIR=/opt/rustwide/target" "-e" "CARGO_HOME=/opt/rustwide/cargo-home" "-e" "RUSTUP_HOME=/opt/rustwide/rustup-home" "-w" "/opt/rustwide/workdir" "-m" "1610612736" "--user" "0:0" "--network" "none" "ghcr.io/rust-lang/crates-build-env/linux@sha256:2788e3201cd34a07e3172128adcd8b3090168a8e3bcc40d7c032b9dda1df7d1c" "/opt/rustwide/cargo-home/bin/cargo" "+beta-2023-12-22" "metadata" "--no-deps" "--format-version=1", kill_on_drop: false }`
[INFO] [stdout] b9c336369e324c58f4cb14cd8a71c25aa35d8b29076ebd3049359293e4d1e817
[INFO] running `Command { std: "docker" "start" "-a" "b9c336369e324c58f4cb14cd8a71c25aa35d8b29076ebd3049359293e4d1e817", kill_on_drop: false }`
[INFO] running `Command { std: "docker" "inspect" "b9c336369e324c58f4cb14cd8a71c25aa35d8b29076ebd3049359293e4d1e817", kill_on_drop: false }`
[INFO] running `Command { std: "docker" "rm" "-f" "b9c336369e324c58f4cb14cd8a71c25aa35d8b29076ebd3049359293e4d1e817", kill_on_drop: false }`
[INFO] [stdout] b9c336369e324c58f4cb14cd8a71c25aa35d8b29076ebd3049359293e4d1e817
[INFO] running `Command { std: "docker" "create" "-v" "/var/lib/crater-agent-workspace/builds/worker-7-tc2/target:/opt/rustwide/target:rw,Z" "-v" "/var/lib/crater-agent-workspace/builds/worker-7-tc2/source:/opt/rustwide/workdir:ro,Z" "-v" "/var/lib/crater-agent-workspace/cargo-home:/opt/rustwide/cargo-home:ro,Z" "-v" "/var/lib/crater-agent-workspace/rustup-home:/opt/rustwide/rustup-home:ro,Z" "-e" "SOURCE_DIR=/opt/rustwide/workdir" "-e" "CARGO_TARGET_DIR=/opt/rustwide/target" "-e" "CARGO_INCREMENTAL=0" "-e" "RUST_BACKTRACE=full" "-e" "RUSTFLAGS=--cap-lints=warn" "-e" "RUSTDOCFLAGS=--cap-lints=warn" "-e" "CARGO_HOME=/opt/rustwide/cargo-home" "-e" "RUSTUP_HOME=/opt/rustwide/rustup-home" "-w" "/opt/rustwide/workdir" "-m" "1610612736" "--user" "0:0" "--network" "none" "ghcr.io/rust-lang/crates-build-env/linux@sha256:2788e3201cd34a07e3172128adcd8b3090168a8e3bcc40d7c032b9dda1df7d1c" "/opt/rustwide/cargo-home/bin/cargo" "+beta-2023-12-22" "build" "--frozen" "--message-format=json", kill_on_drop: false }`
[INFO] [stdout] 5c6c70b5e0ed29f5751fbc49f0e9a10d2449b78f392f8f41db972c656a57cea4
[INFO] running `Command { std: "docker" "start" "-a" "5c6c70b5e0ed29f5751fbc49f0e9a10d2449b78f392f8f41db972c656a57cea4", kill_on_drop: false }`
[INFO] [stderr]    Compiling cfg-if v1.0.0
[INFO] [stderr]    Compiling syn v2.0.48
[INFO] [stderr]    Compiling wdk-macros v0.1.0 (/opt/rustwide/workdir)
[INFO] [stderr]     Finished dev [unoptimized + debuginfo] target(s) in 3.36s
[INFO] running `Command { std: "docker" "inspect" "5c6c70b5e0ed29f5751fbc49f0e9a10d2449b78f392f8f41db972c656a57cea4", kill_on_drop: false }`
[INFO] running `Command { std: "docker" "rm" "-f" "5c6c70b5e0ed29f5751fbc49f0e9a10d2449b78f392f8f41db972c656a57cea4", kill_on_drop: false }`
[INFO] [stdout] 5c6c70b5e0ed29f5751fbc49f0e9a10d2449b78f392f8f41db972c656a57cea4
[INFO] running `Command { std: "docker" "create" "-v" "/var/lib/crater-agent-workspace/builds/worker-7-tc2/target:/opt/rustwide/target:rw,Z" "-v" "/var/lib/crater-agent-workspace/builds/worker-7-tc2/source:/opt/rustwide/workdir:ro,Z" "-v" "/var/lib/crater-agent-workspace/cargo-home:/opt/rustwide/cargo-home:ro,Z" "-v" "/var/lib/crater-agent-workspace/rustup-home:/opt/rustwide/rustup-home:ro,Z" "-e" "SOURCE_DIR=/opt/rustwide/workdir" "-e" "CARGO_TARGET_DIR=/opt/rustwide/target" "-e" "CARGO_INCREMENTAL=0" "-e" "RUST_BACKTRACE=full" "-e" "RUSTFLAGS=--cap-lints=warn" "-e" "RUSTDOCFLAGS=--cap-lints=warn" "-e" "CARGO_HOME=/opt/rustwide/cargo-home" "-e" "RUSTUP_HOME=/opt/rustwide/rustup-home" "-w" "/opt/rustwide/workdir" "-m" "1610612736" "--user" "0:0" "--network" "none" "ghcr.io/rust-lang/crates-build-env/linux@sha256:2788e3201cd34a07e3172128adcd8b3090168a8e3bcc40d7c032b9dda1df7d1c" "/opt/rustwide/cargo-home/bin/cargo" "+beta-2023-12-22" "test" "--frozen" "--no-run" "--message-format=json", kill_on_drop: false }`
[INFO] [stdout] 26d7d11b15a2fd02f3b9531a29ab990151479545558d6e84ffbd126ea9244594
[INFO] running `Command { std: "docker" "start" "-a" "26d7d11b15a2fd02f3b9531a29ab990151479545558d6e84ffbd126ea9244594", kill_on_drop: false }`
[INFO] [stderr]    Compiling ryu v1.0.16
[INFO] [stderr]    Compiling itoa v1.0.10
[INFO] [stderr]    Compiling trybuild v1.0.87
[INFO] [stderr]    Compiling glob v0.3.1
[INFO] [stderr]    Compiling lazy_static v1.4.0
[INFO] [stderr]    Compiling termcolor v1.4.0
[INFO] [stderr]    Compiling serde_json v1.0.111
[INFO] [stderr]    Compiling syn v2.0.48
[INFO] [stderr]    Compiling basic-toml v0.1.8
[INFO] [stderr]    Compiling colored v2.1.0
[INFO] [stderr]    Compiling serde_derive v1.0.194
[INFO] [stderr]    Compiling wdk-macros v0.1.0 (/opt/rustwide/workdir)
[INFO] [stdout] error[E0433]: failed to resolve: use of undeclared crate or module `macrotest`
[INFO] [stdout]    --> src/lib.rs:164:33
[INFO] [stdout]     |
[INFO] [stdout] 164 |   ...                           macrotest::expand(&NO_NIGHTLY_FEATURE_MACROTEST_FOLDER_PATH.join(format!("{}.rs", stringify!($filename))).c...
[INFO] [stdout]     |                                 ^^^^^^^^^ use of undeclared crate or module `macrotest`
[INFO] [stdout] ...
[INFO] [stdout] 276 | / ...   generate_macro_expansion_and_compilation_tests!(
[INFO] [stdout] 277 | | ...       wdf_driver_create,
[INFO] [stdout] 278 | | ...       wdf_device_create,
[INFO] [stdout] 279 | | ...       wdf_device_create_device_interface
[INFO] [stdout] 280 | | ...   );
[INFO] [stdout]     | |_______- in this macro invocation
[INFO] [stdout]     |
[INFO] [stdout]     = note: this error originates in the macro `generate_macro_expansion_and_compilation_tests` (in Nightly builds, run with -Z macro-backtrace for more info)
[INFO] [stdout] 
[INFO] [stdout] 
[INFO] [stdout] error[E0433]: failed to resolve: use of undeclared crate or module `macrotest`
[INFO] [stdout]    --> src/lib.rs:175:37
[INFO] [stdout]     |
[INFO] [stdout] 175 |                                       macrotest::expand_args(
[INFO] [stdout]     |                                       ^^^^^^^^^ use of undeclared crate or module `macrotest`
[INFO] [stdout] ...
[INFO] [stdout] 276 | /         generate_macro_expansion_and_compilation_tests!(
[INFO] [stdout] 277 | |             wdf_driver_create,
[INFO] [stdout] 278 | |             wdf_device_create,
[INFO] [stdout] 279 | |             wdf_device_create_device_interface
[INFO] [stdout] 280 | |         );
[INFO] [stdout]     | |_________- in this macro invocation
[INFO] [stdout]     |
[INFO] [stdout]     = note: this error originates in the macro `generate_macro_expansion_and_compilation_tests` (in Nightly builds, run with -Z macro-backtrace for more info)
[INFO] [stdout] 
[INFO] [stdout] 
[INFO] [stdout] error: aborting due to 2 previous errors
[INFO] [stdout] 
[INFO] [stdout] 
[INFO] [stdout] For more information about this error, try `rustc --explain E0433`.
[INFO] [stdout] 
[INFO] [stderr] error: could not compile `wdk-macros` (lib test) due to 3 previous errors
[INFO] running `Command { std: "docker" "inspect" "26d7d11b15a2fd02f3b9531a29ab990151479545558d6e84ffbd126ea9244594", kill_on_drop: false }`
[INFO] running `Command { std: "docker" "rm" "-f" "26d7d11b15a2fd02f3b9531a29ab990151479545558d6e84ffbd126ea9244594", kill_on_drop: false }`
[INFO] [stdout] 26d7d11b15a2fd02f3b9531a29ab990151479545558d6e84ffbd126ea9244594
