[INFO] fetching crate wd_tools 0.8.12...
[INFO] testing wd_tools-0.8.12 against 1.75.0 for beta-1.76-1
[INFO] extracting crate wd_tools 0.8.12 into /workspace/builds/worker-7-tc1/source
[INFO] validating manifest of crates.io crate wd_tools 0.8.12 on toolchain 1.75.0
[INFO] running `Command { std: CARGO_HOME="/workspace/cargo-home" RUSTUP_HOME="/workspace/rustup-home" "/workspace/cargo-home/bin/cargo" "+1.75.0" "metadata" "--manifest-path" "Cargo.toml" "--no-deps", kill_on_drop: false }`
[INFO] started tweaking crates.io crate wd_tools 0.8.12
[INFO] finished tweaking crates.io crate wd_tools 0.8.12
[INFO] tweaked toml for crates.io crate wd_tools 0.8.12 written to /workspace/builds/worker-7-tc1/source/Cargo.toml
[INFO] running `Command { std: CARGO_HOME="/workspace/cargo-home" RUSTUP_HOME="/workspace/rustup-home" "/workspace/cargo-home/bin/cargo" "+1.75.0" "generate-lockfile" "--manifest-path" "Cargo.toml", kill_on_drop: false }`
[INFO] [stderr]     Updating crates.io index
[INFO] running `Command { std: CARGO_HOME="/workspace/cargo-home" RUSTUP_HOME="/workspace/rustup-home" "/workspace/cargo-home/bin/cargo" "+1.75.0" "fetch" "--manifest-path" "Cargo.toml", kill_on_drop: false }`
[INFO] [stderr]  Downloading crates ...
[INFO] [stderr]   Downloaded wd_sonyflake v0.0.1
[INFO] running `Command { std: "docker" "create" "-v" "/var/lib/crater-agent-workspace/builds/worker-7-tc1/target:/opt/rustwide/target:rw,Z" "-v" "/var/lib/crater-agent-workspace/builds/worker-7-tc1/source:/opt/rustwide/workdir:ro,Z" "-v" "/var/lib/crater-agent-workspace/cargo-home:/opt/rustwide/cargo-home:ro,Z" "-v" "/var/lib/crater-agent-workspace/rustup-home:/opt/rustwide/rustup-home:ro,Z" "-e" "SOURCE_DIR=/opt/rustwide/workdir" "-e" "CARGO_TARGET_DIR=/opt/rustwide/target" "-e" "CARGO_HOME=/opt/rustwide/cargo-home" "-e" "RUSTUP_HOME=/opt/rustwide/rustup-home" "-w" "/opt/rustwide/workdir" "-m" "1610612736" "--user" "0:0" "--network" "none" "ghcr.io/rust-lang/crates-build-env/linux@sha256:2788e3201cd34a07e3172128adcd8b3090168a8e3bcc40d7c032b9dda1df7d1c" "/opt/rustwide/cargo-home/bin/cargo" "+1.75.0" "metadata" "--no-deps" "--format-version=1", kill_on_drop: false }`
[INFO] [stdout] e96a0474a96f226ee9ec2d22da194df1396c8046f203c5baea96b57bc5d7273e
[INFO] running `Command { std: "docker" "start" "-a" "e96a0474a96f226ee9ec2d22da194df1396c8046f203c5baea96b57bc5d7273e", kill_on_drop: false }`
[INFO] running `Command { std: "docker" "inspect" "e96a0474a96f226ee9ec2d22da194df1396c8046f203c5baea96b57bc5d7273e", kill_on_drop: false }`
[INFO] running `Command { std: "docker" "rm" "-f" "e96a0474a96f226ee9ec2d22da194df1396c8046f203c5baea96b57bc5d7273e", kill_on_drop: false }`
[INFO] [stdout] e96a0474a96f226ee9ec2d22da194df1396c8046f203c5baea96b57bc5d7273e
[INFO] running `Command { std: "docker" "create" "-v" "/var/lib/crater-agent-workspace/builds/worker-7-tc1/target:/opt/rustwide/target:rw,Z" "-v" "/var/lib/crater-agent-workspace/builds/worker-7-tc1/source:/opt/rustwide/workdir:ro,Z" "-v" "/var/lib/crater-agent-workspace/cargo-home:/opt/rustwide/cargo-home:ro,Z" "-v" "/var/lib/crater-agent-workspace/rustup-home:/opt/rustwide/rustup-home:ro,Z" "-e" "SOURCE_DIR=/opt/rustwide/workdir" "-e" "CARGO_TARGET_DIR=/opt/rustwide/target" "-e" "CARGO_INCREMENTAL=0" "-e" "RUST_BACKTRACE=full" "-e" "RUSTFLAGS=--cap-lints=warn" "-e" "RUSTDOCFLAGS=--cap-lints=warn" "-e" "CARGO_HOME=/opt/rustwide/cargo-home" "-e" "RUSTUP_HOME=/opt/rustwide/rustup-home" "-w" "/opt/rustwide/workdir" "-m" "1610612736" "--user" "0:0" "--network" "none" "ghcr.io/rust-lang/crates-build-env/linux@sha256:2788e3201cd34a07e3172128adcd8b3090168a8e3bcc40d7c032b9dda1df7d1c" "/opt/rustwide/cargo-home/bin/cargo" "+1.75.0" "build" "--frozen" "--message-format=json", kill_on_drop: false }`
[INFO] [stdout] 5abfe6f4548fc4ed3b1d381efa771637dad22ddc6c1fb2273dd8704a856c126d
[INFO] running `Command { std: "docker" "start" "-a" "5abfe6f4548fc4ed3b1d381efa771637dad22ddc6c1fb2273dd8704a856c126d", kill_on_drop: false }`
[INFO] [stderr]    Compiling wd_tools v0.8.12 (/opt/rustwide/workdir)
[INFO] [stdout] warning: unused import: `common::*`
[INFO] [stdout]   --> src/lib.rs:22:9
[INFO] [stdout]    |
[INFO] [stdout] 22 | pub use common::*;
[INFO] [stdout]    |         ^^^^^^^^^
[INFO] [stdout]    |
[INFO] [stdout]    = note: `#[warn(unused_imports)]` on by default
[INFO] [stdout] 
[INFO] [stdout] 
[INFO] [stdout] warning: unused import: `id_generator::*`
[INFO] [stdout]   --> src/lib.rs:23:9
[INFO] [stdout]    |
[INFO] [stdout] 23 | pub use id_generator::*;
[INFO] [stdout]    |         ^^^^^^^^^^^^^^^
[INFO] [stdout] 
[INFO] [stdout] 
[INFO] [stderr]     Finished dev [unoptimized + debuginfo] target(s) in 0.12s
[INFO] [stdout] warning: 2 warnings emitted
[INFO] [stdout] 
[INFO] [stdout] 
[INFO] running `Command { std: "docker" "inspect" "5abfe6f4548fc4ed3b1d381efa771637dad22ddc6c1fb2273dd8704a856c126d", kill_on_drop: false }`
[INFO] running `Command { std: "docker" "rm" "-f" "5abfe6f4548fc4ed3b1d381efa771637dad22ddc6c1fb2273dd8704a856c126d", kill_on_drop: false }`
[INFO] [stdout] 5abfe6f4548fc4ed3b1d381efa771637dad22ddc6c1fb2273dd8704a856c126d
[INFO] running `Command { std: "docker" "create" "-v" "/var/lib/crater-agent-workspace/builds/worker-7-tc1/target:/opt/rustwide/target:rw,Z" "-v" "/var/lib/crater-agent-workspace/builds/worker-7-tc1/source:/opt/rustwide/workdir:ro,Z" "-v" "/var/lib/crater-agent-workspace/cargo-home:/opt/rustwide/cargo-home:ro,Z" "-v" "/var/lib/crater-agent-workspace/rustup-home:/opt/rustwide/rustup-home:ro,Z" "-e" "SOURCE_DIR=/opt/rustwide/workdir" "-e" "CARGO_TARGET_DIR=/opt/rustwide/target" "-e" "CARGO_INCREMENTAL=0" "-e" "RUST_BACKTRACE=full" "-e" "RUSTFLAGS=--cap-lints=warn" "-e" "RUSTDOCFLAGS=--cap-lints=warn" "-e" "CARGO_HOME=/opt/rustwide/cargo-home" "-e" "RUSTUP_HOME=/opt/rustwide/rustup-home" "-w" "/opt/rustwide/workdir" "-m" "1610612736" "--user" "0:0" "--network" "none" "ghcr.io/rust-lang/crates-build-env/linux@sha256:2788e3201cd34a07e3172128adcd8b3090168a8e3bcc40d7c032b9dda1df7d1c" "/opt/rustwide/cargo-home/bin/cargo" "+1.75.0" "test" "--frozen" "--no-run" "--message-format=json", kill_on_drop: false }`
[INFO] [stdout] ae94c4963467c9db68d8d17ee582f38ce928d1002f60564559bc21fbc06824a3
[INFO] running `Command { std: "docker" "start" "-a" "ae94c4963467c9db68d8d17ee582f38ce928d1002f60564559bc21fbc06824a3", kill_on_drop: false }`
[INFO] [stderr]    Compiling wd_tools v0.8.12 (/opt/rustwide/workdir)
[INFO] [stdout] warning: unused import: `common::*`
[INFO] [stdout]   --> src/lib.rs:22:9
[INFO] [stdout]    |
[INFO] [stdout] 22 | pub use common::*;
[INFO] [stdout]    |         ^^^^^^^^^
[INFO] [stdout]    |
[INFO] [stdout]    = note: `#[warn(unused_imports)]` on by default
[INFO] [stdout] 
[INFO] [stdout] 
[INFO] [stdout] warning: unused import: `id_generator::*`
[INFO] [stdout]   --> src/lib.rs:23:9
[INFO] [stdout]    |
[INFO] [stdout] 23 | pub use id_generator::*;
[INFO] [stdout]    |         ^^^^^^^^^^^^^^^
[INFO] [stdout] 
[INFO] [stdout] 
[INFO] [stdout] warning: 2 warnings emitted
[INFO] [stdout] 
[INFO] [stdout] 
[INFO] [stdout] error[E0433]: failed to resolve: use of undeclared crate or module `uuid`
[INFO] [stdout]    --> src/lib.rs:110:29
[INFO] [stdout]     |
[INFO] [stdout] 110 |         let uuid = uuid::v5(uuid::UuidV5Namespace::DNS, b"hello world");
[INFO] [stdout]     |                             ^^^^ use of undeclared crate or module `uuid`
[INFO] [stdout] 
[INFO] [stdout] 
[INFO] [stdout] error[E0433]: failed to resolve: use of undeclared crate or module `sync`
[INFO] [stdout]    --> src/lib.rs:124:19
[INFO] [stdout]     |
[INFO] [stdout] 124 |         let lkv = sync::CopyLock::new(0);
[INFO] [stdout]     |                   ^^^^ use of undeclared crate or module `sync`
[INFO] [stdout] 
[INFO] [stdout] 
[INFO] [stdout] warning: unused import: `common::*`
[INFO] [stdout]   --> src/lib.rs:22:9
[INFO] [stdout]    |
[INFO] [stdout] 22 | pub use common::*;
[INFO] [stdout]    |         ^^^^^^^^^
[INFO] [stdout]    |
[INFO] [stdout]    = note: `#[warn(unused_imports)]` on by default
[INFO] [stdout] 
[INFO] [stdout] 
[INFO] [stdout] warning: unused import: `id_generator::*`
[INFO] [stdout]   --> src/lib.rs:23:9
[INFO] [stdout]    |
[INFO] [stdout] 23 | pub use id_generator::*;
[INFO] [stdout]    |         ^^^^^^^^^^^^^^^
[INFO] [stdout] 
[INFO] [stdout] 
[INFO] [stdout] warning: unused import: `crate::*`
[INFO] [stdout]   --> src/lib.rs:27:9
[INFO] [stdout]    |
[INFO] [stdout] 27 |     use crate::*;
[INFO] [stdout]    |         ^^^^^^^^
[INFO] [stdout] 
[INFO] [stdout] 
[INFO] [stdout] error[E0599]: no method named `to_hex` found for struct `Vec<u8>` in the current scope
[INFO] [stdout]   --> src/lib.rs:35:18
[INFO] [stdout]    |
[INFO] [stdout] 35 |             data.to_hex().as_str(),
[INFO] [stdout]    |                  ^^^^^^ help: there is a method with a similar name: `to_vec`
[INFO] [stdout] 
[INFO] [stdout] 
[INFO] [stdout] error[E0599]: no method named `base64_encode_url` found for reference `&str` in the current scope
[INFO] [stdout]   --> src/lib.rs:42:31
[INFO] [stdout]    |
[INFO] [stdout] 42 |         let ciphertext = data.base64_encode_url().expect("base64_encode_url error");
[INFO] [stdout]    |                               ^^^^^^^^^^^^^^^^^ method not found in `&str`
[INFO] [stdout] 
[INFO] [stdout] 
[INFO] [stdout] error[E0599]: no method named `base64_encode_std` found for reference `&str` in the current scope
[INFO] [stdout]   --> src/lib.rs:57:31
[INFO] [stdout]    |
[INFO] [stdout] 57 |         let ciphertext = data.base64_encode_std();
[INFO] [stdout]    |                               ^^^^^^^^^^^^^^^^^ method not found in `&str`
[INFO] [stdout] 
[INFO] [stdout] 
[INFO] [stdout] error[E0599]: no method named `md5` found for reference `&str` in the current scope
[INFO] [stdout]   --> src/lib.rs:72:24
[INFO] [stdout]    |
[INFO] [stdout] 72 |         let md5 = data.md5().to_hex();
[INFO] [stdout]    |                        ^^^ method not found in `&str`
[INFO] [stdout] 
[INFO] [stdout] 
[INFO] [stdout] error[E0599]: no method named `ok` found for type `u8` in the current scope
[INFO] [stdout]   --> src/lib.rs:83:25
[INFO] [stdout]    |
[INFO] [stdout] 83 |         assert_eq!(data.ok(), Ok::<u8, ()>(10), "test_pf ok");
[INFO] [stdout]    |                         ^^ method not found in `u8`
[INFO] [stdout] 
[INFO] [stdout] 
[INFO] [stdout] error[E0599]: no method named `err` found for type `u8` in the current scope
[INFO] [stdout]   --> src/lib.rs:84:25
[INFO] [stdout]    |
[INFO] [stdout] 84 |         assert_eq!(data.err(), Err::<(), u8>(10), "test_pf err");
[INFO] [stdout]    |                         ^^^ method not found in `u8`
[INFO] [stdout] 
[INFO] [stdout] 
[INFO] [stdout] error[E0599]: no method named `to_box` found for type `u8` in the current scope
[INFO] [stdout]   --> src/lib.rs:85:25
[INFO] [stdout]    |
[INFO] [stdout] 85 |         assert_eq!(data.to_box(), Box::new(10), "test_pf box");
[INFO] [stdout]    |                         ^^^^^^ help: there is a method with a similar name: `to_be`
[INFO] [stdout] 
[INFO] [stdout] 
[INFO] [stdout] error[E0599]: no method named `arc` found for type `u8` in the current scope
[INFO] [stdout]   --> src/lib.rs:86:25
[INFO] [stdout]    |
[INFO] [stdout] 86 |         assert_eq!(data.arc(), Arc::new(10), "test_pf arc");
[INFO] [stdout]    |                         ^^^ method not found in `u8`
[INFO] [stdout] 
[INFO] [stdout] 
[INFO] [stdout] error[E0599]: no method named `some` found for type `u8` in the current scope
[INFO] [stdout]   --> src/lib.rs:87:25
[INFO] [stdout]    |
[INFO] [stdout] 87 |         assert_eq!(data.some(), Some(10), "test_pf option");
[INFO] [stdout]    |                         ^^^^ method not found in `u8`
[INFO] [stdout] 
[INFO] [stdout] 
[INFO] [stdout] error[E0433]: failed to resolve: use of undeclared crate or module `ptr`
[INFO] [stdout]   --> src/lib.rs:93:22
[INFO] [stdout]    |
[INFO] [stdout] 93 |         let des:i8 = ptr::unsafe_must_take(src);
[INFO] [stdout]    |                      ^^^
[INFO] [stdout]    |                      |
[INFO] [stdout]    |                      use of undeclared crate or module `ptr`
[INFO] [stdout]    |                      help: a builtin type with a similar name exists: `str`
[INFO] [stdout] 
[INFO] [stdout] 
[INFO] [stdout] error[E0433]: failed to resolve: use of undeclared crate or module `ptr`
[INFO] [stdout]   --> src/lib.rs:96:22
[INFO] [stdout]    |
[INFO] [stdout] 96 |         let des:i8 = ptr::unsafe_must_downcast::<_, i8>(src);
[INFO] [stdout]    |                      ^^^
[INFO] [stdout]    |                      |
[INFO] [stdout]    |                      use of undeclared crate or module `ptr`
[INFO] [stdout]    |                      help: a builtin type with a similar name exists: `str`
[INFO] [stdout] 
[INFO] [stdout] 
[INFO] [stdout] error[E0425]: cannot find function `snowflake_id` in this scope
[INFO] [stdout]    --> src/lib.rs:102:18
[INFO] [stdout]     |
[INFO] [stdout] 102 |         let id = snowflake_id();
[INFO] [stdout]     |                  ^^^^^^^^^^^^ not found in this scope
[INFO] [stdout] 
[INFO] [stdout] 
[INFO] [stdout] error[E0433]: failed to resolve: use of undeclared crate or module `uuid`
[INFO] [stdout]    --> src/lib.rs:108:20
[INFO] [stdout]     |
[INFO] [stdout] 108 |         let uuid = uuid::v4();
[INFO] [stdout]     |                    ^^^^ use of undeclared crate or module `uuid`
[INFO] [stdout] 
[INFO] [stdout] 
[INFO] [stdout] error[E0433]: failed to resolve: use of undeclared crate or module `uuid`
[INFO] [stdout]    --> src/lib.rs:110:20
[INFO] [stdout]     |
[INFO] [stdout] 110 |         let uuid = uuid::v5(uuid::UuidV5Namespace::DNS, b"hello world");
[INFO] [stdout]     |                    ^^^^ use of undeclared crate or module `uuid`
[INFO] [stdout] 
[INFO] [stdout] 
[INFO] [stdout] error[E0433]: failed to resolve: use of undeclared crate or module `time`
[INFO] [stdout]    --> src/lib.rs:116:18
[INFO] [stdout]     |
[INFO] [stdout] 116 |         let ts = time::utc_timestamp();
[INFO] [stdout]     |                  ^^^^ use of undeclared crate or module `time`
[INFO] [stdout] 
[INFO] [stdout] 
[INFO] [stdout] error[E0433]: failed to resolve: use of undeclared crate or module `time`
[INFO] [stdout]    --> src/lib.rs:118:19
[INFO] [stdout]     |
[INFO] [stdout] 118 |         let mts = time::utc_timestamp_millis();
[INFO] [stdout]     |                   ^^^^ use of undeclared crate or module `time`
[INFO] [stdout] 
[INFO] [stdout] 
[INFO] [stdout] error: aborting due to 18 previous errors; 3 warnings emitted
[INFO] [stdout] 
[INFO] [stdout] 
[INFO] [stdout] Some errors have detailed explanations: E0425, E0433, E0599.
[INFO] [stdout] 
[INFO] [stdout] For more information about an error, try `rustc --explain E0425`.
[INFO] [stdout] 
[INFO] [stderr] error: could not compile `wd_tools` (lib test) due to 19 previous errors; 3 warnings emitted
[INFO] running `Command { std: "docker" "inspect" "ae94c4963467c9db68d8d17ee582f38ce928d1002f60564559bc21fbc06824a3", kill_on_drop: false }`
[INFO] running `Command { std: "docker" "rm" "-f" "ae94c4963467c9db68d8d17ee582f38ce928d1002f60564559bc21fbc06824a3", kill_on_drop: false }`
[INFO] [stdout] ae94c4963467c9db68d8d17ee582f38ce928d1002f60564559bc21fbc06824a3
[INFO] testing wd_tools-0.8.12 against beta-2023-12-22 for beta-1.76-1
[INFO] extracting crate wd_tools 0.8.12 into /workspace/builds/worker-7-tc2/source
[INFO] validating manifest of crates.io crate wd_tools 0.8.12 on toolchain beta-2023-12-22
[INFO] running `Command { std: CARGO_HOME="/workspace/cargo-home" RUSTUP_HOME="/workspace/rustup-home" "/workspace/cargo-home/bin/cargo" "+beta-2023-12-22" "metadata" "--manifest-path" "Cargo.toml" "--no-deps", kill_on_drop: false }`
[INFO] started tweaking crates.io crate wd_tools 0.8.12
[INFO] finished tweaking crates.io crate wd_tools 0.8.12
[INFO] tweaked toml for crates.io crate wd_tools 0.8.12 written to /workspace/builds/worker-7-tc2/source/Cargo.toml
[INFO] running `Command { std: CARGO_HOME="/workspace/cargo-home" RUSTUP_HOME="/workspace/rustup-home" "/workspace/cargo-home/bin/cargo" "+beta-2023-12-22" "generate-lockfile" "--manifest-path" "Cargo.toml", kill_on_drop: false }`
[INFO] [stderr]     Updating crates.io index
[INFO] running `Command { std: CARGO_HOME="/workspace/cargo-home" RUSTUP_HOME="/workspace/rustup-home" "/workspace/cargo-home/bin/cargo" "+beta-2023-12-22" "fetch" "--manifest-path" "Cargo.toml", kill_on_drop: false }`
[INFO] running `Command { std: "docker" "create" "-v" "/var/lib/crater-agent-workspace/builds/worker-7-tc2/target:/opt/rustwide/target:rw,Z" "-v" "/var/lib/crater-agent-workspace/builds/worker-7-tc2/source:/opt/rustwide/workdir:ro,Z" "-v" "/var/lib/crater-agent-workspace/cargo-home:/opt/rustwide/cargo-home:ro,Z" "-v" "/var/lib/crater-agent-workspace/rustup-home:/opt/rustwide/rustup-home:ro,Z" "-e" "SOURCE_DIR=/opt/rustwide/workdir" "-e" "CARGO_TARGET_DIR=/opt/rustwide/target" "-e" "CARGO_HOME=/opt/rustwide/cargo-home" "-e" "RUSTUP_HOME=/opt/rustwide/rustup-home" "-w" "/opt/rustwide/workdir" "-m" "1610612736" "--user" "0:0" "--network" "none" "ghcr.io/rust-lang/crates-build-env/linux@sha256:2788e3201cd34a07e3172128adcd8b3090168a8e3bcc40d7c032b9dda1df7d1c" "/opt/rustwide/cargo-home/bin/cargo" "+beta-2023-12-22" "metadata" "--no-deps" "--format-version=1", kill_on_drop: false }`
[INFO] [stdout] faa85a1d940512f75b9af1dcbd8184a3f26ea2ae2459234141bc48b7c515cb4c
[INFO] running `Command { std: "docker" "start" "-a" "faa85a1d940512f75b9af1dcbd8184a3f26ea2ae2459234141bc48b7c515cb4c", kill_on_drop: false }`
[INFO] running `Command { std: "docker" "inspect" "faa85a1d940512f75b9af1dcbd8184a3f26ea2ae2459234141bc48b7c515cb4c", kill_on_drop: false }`
[INFO] running `Command { std: "docker" "rm" "-f" "faa85a1d940512f75b9af1dcbd8184a3f26ea2ae2459234141bc48b7c515cb4c", kill_on_drop: false }`
[INFO] [stdout] faa85a1d940512f75b9af1dcbd8184a3f26ea2ae2459234141bc48b7c515cb4c
[INFO] running `Command { std: "docker" "create" "-v" "/var/lib/crater-agent-workspace/builds/worker-7-tc2/target:/opt/rustwide/target:rw,Z" "-v" "/var/lib/crater-agent-workspace/builds/worker-7-tc2/source:/opt/rustwide/workdir:ro,Z" "-v" "/var/lib/crater-agent-workspace/cargo-home:/opt/rustwide/cargo-home:ro,Z" "-v" "/var/lib/crater-agent-workspace/rustup-home:/opt/rustwide/rustup-home:ro,Z" "-e" "SOURCE_DIR=/opt/rustwide/workdir" "-e" "CARGO_TARGET_DIR=/opt/rustwide/target" "-e" "CARGO_INCREMENTAL=0" "-e" "RUST_BACKTRACE=full" "-e" "RUSTFLAGS=--cap-lints=warn" "-e" "RUSTDOCFLAGS=--cap-lints=warn" "-e" "CARGO_HOME=/opt/rustwide/cargo-home" "-e" "RUSTUP_HOME=/opt/rustwide/rustup-home" "-w" "/opt/rustwide/workdir" "-m" "1610612736" "--user" "0:0" "--network" "none" "ghcr.io/rust-lang/crates-build-env/linux@sha256:2788e3201cd34a07e3172128adcd8b3090168a8e3bcc40d7c032b9dda1df7d1c" "/opt/rustwide/cargo-home/bin/cargo" "+beta-2023-12-22" "build" "--frozen" "--message-format=json", kill_on_drop: false }`
[INFO] [stdout] 6082a78e1a6c0826fd1e083d55867b51ad15f11f280968b8af435525bbc32b30
[INFO] running `Command { std: "docker" "start" "-a" "6082a78e1a6c0826fd1e083d55867b51ad15f11f280968b8af435525bbc32b30", kill_on_drop: false }`
[INFO] [stderr]    Compiling wd_tools v0.8.12 (/opt/rustwide/workdir)
[INFO] [stdout] warning: unused import: `common::*`
[INFO] [stdout]   --> src/lib.rs:22:9
[INFO] [stdout]    |
[INFO] [stdout] 22 | pub use common::*;
[INFO] [stdout]    |         ^^^^^^^^^
[INFO] [stdout]    |
[INFO] [stdout]    = note: `#[warn(unused_imports)]` on by default
[INFO] [stdout] 
[INFO] [stdout] 
[INFO] [stdout] warning: unused import: `id_generator::*`
[INFO] [stdout]   --> src/lib.rs:23:9
[INFO] [stdout]    |
[INFO] [stdout] 23 | pub use id_generator::*;
[INFO] [stdout]    |         ^^^^^^^^^^^^^^^
[INFO] [stdout] 
[INFO] [stdout] 
[INFO] [stdout] warning: 2 warnings emitted
[INFO] [stdout] 
[INFO] [stdout] 
[INFO] [stderr]     Finished dev [unoptimized + debuginfo] target(s) in 0.10s
[INFO] running `Command { std: "docker" "inspect" "6082a78e1a6c0826fd1e083d55867b51ad15f11f280968b8af435525bbc32b30", kill_on_drop: false }`
[INFO] running `Command { std: "docker" "rm" "-f" "6082a78e1a6c0826fd1e083d55867b51ad15f11f280968b8af435525bbc32b30", kill_on_drop: false }`
[INFO] [stdout] 6082a78e1a6c0826fd1e083d55867b51ad15f11f280968b8af435525bbc32b30
[INFO] running `Command { std: "docker" "create" "-v" "/var/lib/crater-agent-workspace/builds/worker-7-tc2/target:/opt/rustwide/target:rw,Z" "-v" "/var/lib/crater-agent-workspace/builds/worker-7-tc2/source:/opt/rustwide/workdir:ro,Z" "-v" "/var/lib/crater-agent-workspace/cargo-home:/opt/rustwide/cargo-home:ro,Z" "-v" "/var/lib/crater-agent-workspace/rustup-home:/opt/rustwide/rustup-home:ro,Z" "-e" "SOURCE_DIR=/opt/rustwide/workdir" "-e" "CARGO_TARGET_DIR=/opt/rustwide/target" "-e" "CARGO_INCREMENTAL=0" "-e" "RUST_BACKTRACE=full" "-e" "RUSTFLAGS=--cap-lints=warn" "-e" "RUSTDOCFLAGS=--cap-lints=warn" "-e" "CARGO_HOME=/opt/rustwide/cargo-home" "-e" "RUSTUP_HOME=/opt/rustwide/rustup-home" "-w" "/opt/rustwide/workdir" "-m" "1610612736" "--user" "0:0" "--network" "none" "ghcr.io/rust-lang/crates-build-env/linux@sha256:2788e3201cd34a07e3172128adcd8b3090168a8e3bcc40d7c032b9dda1df7d1c" "/opt/rustwide/cargo-home/bin/cargo" "+beta-2023-12-22" "test" "--frozen" "--no-run" "--message-format=json", kill_on_drop: false }`
[INFO] [stdout] 46c0a2e860dee4d833a584422f1f18fa0b87e108497126c40fbaf846dff637f3
[INFO] running `Command { std: "docker" "start" "-a" "46c0a2e860dee4d833a584422f1f18fa0b87e108497126c40fbaf846dff637f3", kill_on_drop: false }`
[INFO] [stderr]    Compiling wd_tools v0.8.12 (/opt/rustwide/workdir)
[INFO] [stdout] warning: unused import: `common::*`
[INFO] [stdout]   --> src/lib.rs:22:9
[INFO] [stdout]    |
[INFO] [stdout] 22 | pub use common::*;
[INFO] [stdout]    |         ^^^^^^^^^
[INFO] [stdout]    |
[INFO] [stdout]    = note: `#[warn(unused_imports)]` on by default
[INFO] [stdout] 
[INFO] [stdout] 
[INFO] [stdout] warning: unused import: `id_generator::*`
[INFO] [stdout]   --> src/lib.rs:23:9
[INFO] [stdout]    |
[INFO] [stdout] 23 | pub use id_generator::*;
[INFO] [stdout]    |         ^^^^^^^^^^^^^^^
[INFO] [stdout] 
[INFO] [stdout] 
[INFO] [stdout] warning: 2 warnings emitted
[INFO] [stdout] 
[INFO] [stdout] 
[INFO] [stdout] error[E0433]: failed to resolve: use of undeclared crate or module `uuid`
[INFO] [stdout]    --> src/lib.rs:110:29
[INFO] [stdout]     |
[INFO] [stdout] 110 |         let uuid = uuid::v5(uuid::UuidV5Namespace::DNS, b"hello world");
[INFO] [stdout]     |                             ^^^^ use of undeclared crate or module `uuid`
[INFO] [stdout] 
[INFO] [stdout] 
[INFO] [stdout] error[E0433]: failed to resolve: use of undeclared crate or module `sync`
[INFO] [stdout]    --> src/lib.rs:124:19
[INFO] [stdout]     |
[INFO] [stdout] 124 |         let lkv = sync::CopyLock::new(0);
[INFO] [stdout]     |                   ^^^^ use of undeclared crate or module `sync`
[INFO] [stdout] 
[INFO] [stdout] 
[INFO] [stdout] warning: unused import: `common::*`
[INFO] [stdout]   --> src/lib.rs:22:9
[INFO] [stdout]    |
[INFO] [stdout] 22 | pub use common::*;
[INFO] [stdout]    |         ^^^^^^^^^
[INFO] [stdout]    |
[INFO] [stdout]    = note: `#[warn(unused_imports)]` on by default
[INFO] [stdout] 
[INFO] [stdout] 
[INFO] [stdout] warning: unused import: `id_generator::*`
[INFO] [stdout]   --> src/lib.rs:23:9
[INFO] [stdout]    |
[INFO] [stdout] 23 | pub use id_generator::*;
[INFO] [stdout]    |         ^^^^^^^^^^^^^^^
[INFO] [stdout] 
[INFO] [stdout] 
[INFO] [stdout] warning: unused import: `crate::*`
[INFO] [stdout]   --> src/lib.rs:27:9
[INFO] [stdout]    |
[INFO] [stdout] 27 |     use crate::*;
[INFO] [stdout]    |         ^^^^^^^^
[INFO] [stdout] 
[INFO] [stdout] 
[INFO] [stdout] error[E0599]: no method named `to_hex` found for struct `Vec<u8>` in the current scope
[INFO] [stdout]   --> src/lib.rs:35:18
[INFO] [stdout]    |
[INFO] [stdout] 35 |             data.to_hex().as_str(),
[INFO] [stdout]    |                  ^^^^^^ help: there is a method with a similar name: `to_vec`
[INFO] [stdout] 
[INFO] [stdout] 
[INFO] [stdout] error[E0599]: no method named `base64_encode_url` found for reference `&str` in the current scope
[INFO] [stdout]   --> src/lib.rs:42:31
[INFO] [stdout]    |
[INFO] [stdout] 42 |         let ciphertext = data.base64_encode_url().expect("base64_encode_url error");
[INFO] [stdout]    |                               ^^^^^^^^^^^^^^^^^ method not found in `&str`
[INFO] [stdout] 
[INFO] [stdout] 
[INFO] [stdout] error[E0599]: no method named `base64_encode_std` found for reference `&str` in the current scope
[INFO] [stdout]   --> src/lib.rs:57:31
[INFO] [stdout]    |
[INFO] [stdout] 57 |         let ciphertext = data.base64_encode_std();
[INFO] [stdout]    |                               ^^^^^^^^^^^^^^^^^ method not found in `&str`
[INFO] [stdout] 
[INFO] [stdout] 
[INFO] [stdout] error[E0599]: no method named `md5` found for reference `&str` in the current scope
[INFO] [stdout]   --> src/lib.rs:72:24
[INFO] [stdout]    |
[INFO] [stdout] 72 |         let md5 = data.md5().to_hex();
[INFO] [stdout]    |                        ^^^ method not found in `&str`
[INFO] [stdout] 
[INFO] [stdout] 
[INFO] [stdout] error[E0599]: no method named `ok` found for type `u8` in the current scope
[INFO] [stdout]   --> src/lib.rs:83:25
[INFO] [stdout]    |
[INFO] [stdout] 83 |         assert_eq!(data.ok(), Ok::<u8, ()>(10), "test_pf ok");
[INFO] [stdout]    |                         ^^ method not found in `u8`
[INFO] [stdout] 
[INFO] [stdout] 
[INFO] [stdout] error[E0599]: no method named `err` found for type `u8` in the current scope
[INFO] [stdout]   --> src/lib.rs:84:25
[INFO] [stdout]    |
[INFO] [stdout] 84 |         assert_eq!(data.err(), Err::<(), u8>(10), "test_pf err");
[INFO] [stdout]    |                         ^^^ method not found in `u8`
[INFO] [stdout] 
[INFO] [stdout] 
[INFO] [stdout] error[E0599]: no method named `to_box` found for type `u8` in the current scope
[INFO] [stdout]   --> src/lib.rs:85:25
[INFO] [stdout]    |
[INFO] [stdout] 85 |         assert_eq!(data.to_box(), Box::new(10), "test_pf box");
[INFO] [stdout]    |                         ^^^^^^ help: there is a method with a similar name: `to_be`
[INFO] [stdout] 
[INFO] [stdout] 
[INFO] [stdout] error[E0599]: no method named `arc` found for type `u8` in the current scope
[INFO] [stdout]   --> src/lib.rs:86:25
[INFO] [stdout]    |
[INFO] [stdout] 86 |         assert_eq!(data.arc(), Arc::new(10), "test_pf arc");
[INFO] [stdout]    |                         ^^^ method not found in `u8`
[INFO] [stdout] 
[INFO] [stdout] 
[INFO] [stdout] error[E0599]: no method named `some` found for type `u8` in the current scope
[INFO] [stdout]   --> src/lib.rs:87:25
[INFO] [stdout]    |
[INFO] [stdout] 87 |         assert_eq!(data.some(), Some(10), "test_pf option");
[INFO] [stdout]    |                         ^^^^ method not found in `u8`
[INFO] [stdout] 
[INFO] [stdout] 
[INFO] [stdout] error[E0433]: failed to resolve: use of undeclared crate or module `ptr`
[INFO] [stdout]   --> src/lib.rs:93:22
[INFO] [stdout]    |
[INFO] [stdout] 93 |         let des:i8 = ptr::unsafe_must_take(src);
[INFO] [stdout]    |                      ^^^
[INFO] [stdout]    |                      |
[INFO] [stdout]    |                      use of undeclared crate or module `ptr`
[INFO] [stdout]    |                      help: a builtin type with a similar name exists: `str`
[INFO] [stdout] 
[INFO] [stdout] 
[INFO] [stdout] error[E0433]: failed to resolve: use of undeclared crate or module `ptr`
[INFO] [stdout]   --> src/lib.rs:96:22
[INFO] [stdout]    |
[INFO] [stdout] 96 |         let des:i8 = ptr::unsafe_must_downcast::<_, i8>(src);
[INFO] [stdout]    |                      ^^^
[INFO] [stdout]    |                      |
[INFO] [stdout]    |                      use of undeclared crate or module `ptr`
[INFO] [stdout]    |                      help: a builtin type with a similar name exists: `str`
[INFO] [stdout] 
[INFO] [stdout] 
[INFO] [stdout] error[E0425]: cannot find function `snowflake_id` in this scope
[INFO] [stdout]    --> src/lib.rs:102:18
[INFO] [stdout]     |
[INFO] [stdout] 102 |         let id = snowflake_id();
[INFO] [stdout]     |                  ^^^^^^^^^^^^ not found in this scope
[INFO] [stdout] 
[INFO] [stdout] 
[INFO] [stdout] error[E0433]: failed to resolve: use of undeclared crate or module `uuid`
[INFO] [stdout]    --> src/lib.rs:108:20
[INFO] [stdout]     |
[INFO] [stdout] 108 |         let uuid = uuid::v4();
[INFO] [stdout]     |                    ^^^^ use of undeclared crate or module `uuid`
[INFO] [stdout] 
[INFO] [stdout] 
[INFO] [stdout] error[E0433]: failed to resolve: use of undeclared crate or module `uuid`
[INFO] [stdout]    --> src/lib.rs:110:20
[INFO] [stdout]     |
[INFO] [stdout] 110 |         let uuid = uuid::v5(uuid::UuidV5Namespace::DNS, b"hello world");
[INFO] [stdout]     |                    ^^^^ use of undeclared crate or module `uuid`
[INFO] [stdout] 
[INFO] [stdout] 
[INFO] [stdout] error[E0433]: failed to resolve: use of undeclared crate or module `time`
[INFO] [stdout]    --> src/lib.rs:116:18
[INFO] [stdout]     |
[INFO] [stdout] 116 |         let ts = time::utc_timestamp();
[INFO] [stdout]     |                  ^^^^ use of undeclared crate or module `time`
[INFO] [stdout] 
[INFO] [stdout] 
[INFO] [stdout] error[E0433]: failed to resolve: use of undeclared crate or module `time`
[INFO] [stdout]    --> src/lib.rs:118:19
[INFO] [stdout]     |
[INFO] [stdout] 118 |         let mts = time::utc_timestamp_millis();
[INFO] [stdout]     |                   ^^^^ use of undeclared crate or module `time`
[INFO] [stdout] 
[INFO] [stdout] 
[INFO] [stdout] error: aborting due to 18 previous errors; 3 warnings emitted
[INFO] [stdout] 
[INFO] [stdout] 
[INFO] [stdout] Some errors have detailed explanations: E0425, E0433, E0599.
[INFO] [stdout] 
[INFO] [stdout] For more information about an error, try `rustc --explain E0425`.
[INFO] [stdout] 
[INFO] [stderr] error: could not compile `wd_tools` (lib test) due to 19 previous errors; 3 warnings emitted
[INFO] running `Command { std: "docker" "inspect" "46c0a2e860dee4d833a584422f1f18fa0b87e108497126c40fbaf846dff637f3", kill_on_drop: false }`
[INFO] running `Command { std: "docker" "rm" "-f" "46c0a2e860dee4d833a584422f1f18fa0b87e108497126c40fbaf846dff637f3", kill_on_drop: false }`
[INFO] [stdout] 46c0a2e860dee4d833a584422f1f18fa0b87e108497126c40fbaf846dff637f3
