[INFO] fetching crate watchexec-events 2.0.1...
[INFO] testing watchexec-events-2.0.1 against 1.75.0 for beta-1.76-1
[INFO] extracting crate watchexec-events 2.0.1 into /workspace/builds/worker-5-tc1/source
[INFO] validating manifest of crates.io crate watchexec-events 2.0.1 on toolchain 1.75.0
[INFO] running `Command { std: CARGO_HOME="/workspace/cargo-home" RUSTUP_HOME="/workspace/rustup-home" "/workspace/cargo-home/bin/cargo" "+1.75.0" "metadata" "--manifest-path" "Cargo.toml" "--no-deps", kill_on_drop: false }`
[INFO] started tweaking crates.io crate watchexec-events 2.0.1
[INFO] finished tweaking crates.io crate watchexec-events 2.0.1
[INFO] tweaked toml for crates.io crate watchexec-events 2.0.1 written to /workspace/builds/worker-5-tc1/source/Cargo.toml
[INFO] crate crates.io crate watchexec-events 2.0.1 already has a lockfile, it will not be regenerated
[INFO] running `Command { std: CARGO_HOME="/workspace/cargo-home" RUSTUP_HOME="/workspace/rustup-home" "/workspace/cargo-home/bin/cargo" "+1.75.0" "fetch" "--manifest-path" "Cargo.toml", kill_on_drop: false }`
[INFO] [stderr]     Updating crates.io index
[INFO] [stderr]  Downloading crates ...
[INFO] [stderr]   Downloaded watchexec-signals v2.0.0
[INFO] [stderr]   Downloaded snapbox v0.4.14
[INFO] [stderr]   Downloaded snapbox-macros v0.3.6
[INFO] running `Command { std: "docker" "create" "-v" "/var/lib/crater-agent-workspace/builds/worker-5-tc1/target:/opt/rustwide/target:rw,Z" "-v" "/var/lib/crater-agent-workspace/builds/worker-5-tc1/source:/opt/rustwide/workdir:ro,Z" "-v" "/var/lib/crater-agent-workspace/cargo-home:/opt/rustwide/cargo-home:ro,Z" "-v" "/var/lib/crater-agent-workspace/rustup-home:/opt/rustwide/rustup-home:ro,Z" "-e" "SOURCE_DIR=/opt/rustwide/workdir" "-e" "CARGO_TARGET_DIR=/opt/rustwide/target" "-e" "CARGO_HOME=/opt/rustwide/cargo-home" "-e" "RUSTUP_HOME=/opt/rustwide/rustup-home" "-w" "/opt/rustwide/workdir" "-m" "1610612736" "--user" "0:0" "--network" "none" "ghcr.io/rust-lang/crates-build-env/linux@sha256:2788e3201cd34a07e3172128adcd8b3090168a8e3bcc40d7c032b9dda1df7d1c" "/opt/rustwide/cargo-home/bin/cargo" "+1.75.0" "metadata" "--no-deps" "--format-version=1", kill_on_drop: false }`
[INFO] [stdout] eead08909ee032bcd92be7413caaa3ee2f42f057896d6bda1cd27e70174db7cc
[INFO] running `Command { std: "docker" "start" "-a" "eead08909ee032bcd92be7413caaa3ee2f42f057896d6bda1cd27e70174db7cc", kill_on_drop: false }`
[INFO] running `Command { std: "docker" "inspect" "eead08909ee032bcd92be7413caaa3ee2f42f057896d6bda1cd27e70174db7cc", kill_on_drop: false }`
[INFO] running `Command { std: "docker" "rm" "-f" "eead08909ee032bcd92be7413caaa3ee2f42f057896d6bda1cd27e70174db7cc", kill_on_drop: false }`
[INFO] [stdout] eead08909ee032bcd92be7413caaa3ee2f42f057896d6bda1cd27e70174db7cc
[INFO] running `Command { std: "docker" "create" "-v" "/var/lib/crater-agent-workspace/builds/worker-5-tc1/target:/opt/rustwide/target:rw,Z" "-v" "/var/lib/crater-agent-workspace/builds/worker-5-tc1/source:/opt/rustwide/workdir:ro,Z" "-v" "/var/lib/crater-agent-workspace/cargo-home:/opt/rustwide/cargo-home:ro,Z" "-v" "/var/lib/crater-agent-workspace/rustup-home:/opt/rustwide/rustup-home:ro,Z" "-e" "SOURCE_DIR=/opt/rustwide/workdir" "-e" "CARGO_TARGET_DIR=/opt/rustwide/target" "-e" "CARGO_INCREMENTAL=0" "-e" "RUST_BACKTRACE=full" "-e" "RUSTFLAGS=--cap-lints=warn" "-e" "RUSTDOCFLAGS=--cap-lints=warn" "-e" "CARGO_HOME=/opt/rustwide/cargo-home" "-e" "RUSTUP_HOME=/opt/rustwide/rustup-home" "-w" "/opt/rustwide/workdir" "-m" "1610612736" "--user" "0:0" "--network" "none" "ghcr.io/rust-lang/crates-build-env/linux@sha256:2788e3201cd34a07e3172128adcd8b3090168a8e3bcc40d7c032b9dda1df7d1c" "/opt/rustwide/cargo-home/bin/cargo" "+1.75.0" "build" "--frozen" "--message-format=json", kill_on_drop: false }`
[INFO] [stdout] b27618577465b6acc62f104f793c052d86a95e520b3ad902c512a27b5be89d4c
[INFO] running `Command { std: "docker" "start" "-a" "b27618577465b6acc62f104f793c052d86a95e520b3ad902c512a27b5be89d4c", kill_on_drop: false }`
[INFO] [stderr]    Compiling libc v0.2.150
[INFO] [stderr]    Compiling cfg-if v1.0.0
[INFO] [stderr]    Compiling crossbeam-utils v0.8.16
[INFO] [stderr]    Compiling log v0.4.20
[INFO] [stderr]    Compiling bitflags v1.3.2
[INFO] [stderr]    Compiling bitflags v2.4.1
[INFO] [stderr]    Compiling same-file v1.0.6
[INFO] [stderr]    Compiling walkdir v2.4.0
[INFO] [stderr]    Compiling crossbeam-channel v0.5.8
[INFO] [stderr]    Compiling inotify-sys v0.1.5
[INFO] [stderr]    Compiling nix v0.27.1
[INFO] [stderr]    Compiling mio v0.8.9
[INFO] [stderr]    Compiling filetime v0.2.22
[INFO] [stderr]    Compiling inotify v0.9.6
[INFO] [stderr]    Compiling notify v6.1.1
[INFO] [stderr]    Compiling watchexec-signals v2.0.0
[INFO] [stderr]    Compiling watchexec-events v2.0.1 (/opt/rustwide/workdir)
[INFO] [stderr]     Finished dev [unoptimized + debuginfo] target(s) in 1.93s
[INFO] running `Command { std: "docker" "inspect" "b27618577465b6acc62f104f793c052d86a95e520b3ad902c512a27b5be89d4c", kill_on_drop: false }`
[INFO] running `Command { std: "docker" "rm" "-f" "b27618577465b6acc62f104f793c052d86a95e520b3ad902c512a27b5be89d4c", kill_on_drop: false }`
[INFO] [stdout] b27618577465b6acc62f104f793c052d86a95e520b3ad902c512a27b5be89d4c
[INFO] running `Command { std: "docker" "create" "-v" "/var/lib/crater-agent-workspace/builds/worker-5-tc1/target:/opt/rustwide/target:rw,Z" "-v" "/var/lib/crater-agent-workspace/builds/worker-5-tc1/source:/opt/rustwide/workdir:ro,Z" "-v" "/var/lib/crater-agent-workspace/cargo-home:/opt/rustwide/cargo-home:ro,Z" "-v" "/var/lib/crater-agent-workspace/rustup-home:/opt/rustwide/rustup-home:ro,Z" "-e" "SOURCE_DIR=/opt/rustwide/workdir" "-e" "CARGO_TARGET_DIR=/opt/rustwide/target" "-e" "CARGO_INCREMENTAL=0" "-e" "RUST_BACKTRACE=full" "-e" "RUSTFLAGS=--cap-lints=warn" "-e" "RUSTDOCFLAGS=--cap-lints=warn" "-e" "CARGO_HOME=/opt/rustwide/cargo-home" "-e" "RUSTUP_HOME=/opt/rustwide/rustup-home" "-w" "/opt/rustwide/workdir" "-m" "1610612736" "--user" "0:0" "--network" "none" "ghcr.io/rust-lang/crates-build-env/linux@sha256:2788e3201cd34a07e3172128adcd8b3090168a8e3bcc40d7c032b9dda1df7d1c" "/opt/rustwide/cargo-home/bin/cargo" "+1.75.0" "test" "--frozen" "--no-run" "--message-format=json", kill_on_drop: false }`
[INFO] [stdout] fb975880d8c15799966d7e10dce9fcbf6e2b82f1f0745bb6f0a3fbd9211847ff
[INFO] running `Command { std: "docker" "start" "-a" "fb975880d8c15799966d7e10dce9fcbf6e2b82f1f0745bb6f0a3fbd9211847ff", kill_on_drop: false }`
[INFO] [stderr]    Compiling utf8parse v0.2.1
[INFO] [stderr]    Compiling colorchoice v1.0.0
[INFO] [stderr]    Compiling serde v1.0.193
[INFO] [stderr]    Compiling anstyle-query v1.0.0
[INFO] [stderr]    Compiling anstyle v1.0.4
[INFO] [stderr]    Compiling serde_json v1.0.108
[INFO] [stderr]    Compiling normalize-line-endings v0.3.0
[INFO] [stderr]    Compiling similar v2.3.0
[INFO] [stderr]    Compiling ryu v1.0.15
[INFO] [stderr]    Compiling itoa v1.0.9
[INFO] [stderr]    Compiling anstyle-parse v0.2.2
[INFO] [stderr]    Compiling anstream v0.6.4
[INFO] [stderr]    Compiling snapbox-macros v0.3.6
[INFO] [stderr]    Compiling snapbox v0.4.14
[INFO] [stderr]    Compiling watchexec-events v2.0.1 (/opt/rustwide/workdir)
[INFO] [stdout] error[E0277]: the trait bound `Event: serde::de::Deserialize<'_>` is not satisfied
[INFO] [stdout]     --> examples/parse-and-print.rs:6:22
[INFO] [stdout]      |
[INFO] [stdout] 6    |         let event: Event = serde_json::from_str(&line?)?;
[INFO] [stdout]      |                            ^^^^^^^^^^^^^^^^^^^^ the trait `serde::de::Deserialize<'_>` is not implemented for `Event`
[INFO] [stdout]      |
[INFO] [stdout]      = help: the following other types implement trait `serde::de::Deserialize<'de>`:
[INFO] [stdout]                bool
[INFO] [stdout]                char
[INFO] [stdout]                isize
[INFO] [stdout]                i8
[INFO] [stdout]                i16
[INFO] [stdout]                i32
[INFO] [stdout]                i64
[INFO] [stdout]                i128
[INFO] [stdout]              and 130 others
[INFO] [stdout] note: required by a bound in `serde_json::from_str`
[INFO] [stdout]     --> /opt/rustwide/cargo-home/registry/src/index.crates.io-6f17d22bba15001f/serde_json-1.0.108/src/de.rs:2675:8
[INFO] [stdout]      |
[INFO] [stdout] 2673 | pub fn from_str<'a, T>(s: &'a str) -> Result<T>
[INFO] [stdout]      |        -------- required by a bound in this function
[INFO] [stdout] 2674 | where
[INFO] [stdout] 2675 |     T: de::Deserialize<'a>,
[INFO] [stdout]      |        ^^^^^^^^^^^^^^^^^^^ required by this bound in `from_str`
[INFO] [stdout] 
[INFO] [stdout] 
[INFO] [stdout] error[E0277]: the trait bound `Event: serde::de::Deserialize<'_>` is not satisfied
[INFO] [stdout]     --> tests/json.rs:11:2
[INFO] [stdout]      |
[INFO] [stdout] 11   |     serde_json::from_str(&std::fs::read_to_string(path).unwrap()).unwrap()
[INFO] [stdout]      |     ^^^^^^^^^^^^^^^^^^^^ the trait `serde::de::Deserialize<'_>` is not implemented for `Event`
[INFO] [stdout]      |
[INFO] [stdout]      = help: the following other types implement trait `serde::de::Deserialize<'de>`:
[INFO] [stdout]                bool
[INFO] [stdout]                char
[INFO] [stdout]                isize
[INFO] [stdout]                i8
[INFO] [stdout]                i16
[INFO] [stdout]                i32
[INFO] [stdout]                i64
[INFO] [stdout]                i128
[INFO] [stdout]              and 130 others
[INFO] [stdout]      = note: required for `Vec<Event>` to implement `serde::de::Deserialize<'_>`
[INFO] [stdout] note: required by a bound in `serde_json::from_str`
[INFO] [stdout]     --> /opt/rustwide/cargo-home/registry/src/index.crates.io-6f17d22bba15001f/serde_json-1.0.108/src/de.rs:2675:8
[INFO] [stdout]      |
[INFO] [stdout] 2673 | pub fn from_str<'a, T>(s: &'a str) -> Result<T>
[INFO] [stdout]      |        -------- required by a bound in this function
[INFO] [stdout] 2674 | where
[INFO] [stdout] 2675 |     T: de::Deserialize<'a>,
[INFO] [stdout]      |        ^^^^^^^^^^^^^^^^^^^ required by this bound in `from_str`
[INFO] [stdout] 
[INFO] [stdout] 
[INFO] [stdout] error: aborting due to previous error
[INFO] [stdout] 
[INFO] [stdout] 
[INFO] [stdout] For more information about this error, try `rustc --explain E0277`.
[INFO] [stdout] 
[INFO] [stdout] error[E0277]: the trait bound `Event: serde::ser::Serialize` is not satisfied
[INFO] [stdout]     --> tests/json.rs:23:32
[INFO] [stdout]      |
[INFO] [stdout] 23   |         serde_json::to_string_pretty(&single).unwrap(),
[INFO] [stdout]      |         ---------------------------- ^^^^^^^ the trait `serde::ser::Serialize` is not implemented for `Event`
[INFO] [stdout]      |         |
[INFO] [stdout]      |         required by a bound introduced by this call
[INFO] [stdout]      |
[INFO] [stdout]      = help: the following other types implement trait `serde::ser::Serialize`:
[INFO] [stdout]                bool
[INFO] [stdout]                char
[INFO] [stdout]                isize
[INFO] [stdout]                i8
[INFO] [stdout]                i16
[INFO] [stdout]                i32
[INFO] [stdout]                i64
[INFO] [stdout]                i128
[INFO] [stdout]              and 130 others
[INFO] [stdout] note: required by a bound in `to_string_pretty`
[INFO] [stdout]     --> /opt/rustwide/cargo-home/registry/src/index.crates.io-6f17d22bba15001f/serde_json-1.0.108/src/ser.rs:2228:17
[INFO] [stdout]      |
[INFO] [stdout] 2226 | pub fn to_string_pretty<T>(value: &T) -> Result<String>
[INFO] [stdout]      |        ---------------- required by a bound in this function
[INFO] [stdout] 2227 | where
[INFO] [stdout] 2228 |     T: ?Sized + Serialize,
[INFO] [stdout]      |                 ^^^^^^^^^ required by this bound in `to_string_pretty`
[INFO] [stdout] 
[INFO] [stdout] 
[INFO] [stdout] error[E0277]: the trait bound `Event: serde::de::Deserialize<'_>` is not satisfied
[INFO] [stdout]     --> tests/json.rs:27:3
[INFO] [stdout]      |
[INFO] [stdout] 27   |         serde_json::from_str::<Event>(
[INFO] [stdout]      |         ^^^^^^^^^^^^^^^^^^^^^^^^^^^^^ the trait `serde::de::Deserialize<'_>` is not implemented for `Event`
[INFO] [stdout]      |
[INFO] [stdout]      = help: the following other types implement trait `serde::de::Deserialize<'de>`:
[INFO] [stdout]                bool
[INFO] [stdout]                char
[INFO] [stdout]                isize
[INFO] [stdout]                i8
[INFO] [stdout]                i16
[INFO] [stdout]                i32
[INFO] [stdout]                i64
[INFO] [stdout]                i128
[INFO] [stdout]              and 130 others
[INFO] [stdout] note: required by a bound in `serde_json::from_str`
[INFO] [stdout]     --> /opt/rustwide/cargo-home/registry/src/index.crates.io-6f17d22bba15001f/serde_json-1.0.108/src/de.rs:2675:8
[INFO] [stdout]      |
[INFO] [stdout] 2673 | pub fn from_str<'a, T>(s: &'a str) -> Result<T>
[INFO] [stdout]      |        -------- required by a bound in this function
[INFO] [stdout] 2674 | where
[INFO] [stdout] 2675 |     T: de::Deserialize<'a>,
[INFO] [stdout]      |        ^^^^^^^^^^^^^^^^^^^ required by this bound in `from_str`
[INFO] [stdout] 
[INFO] [stdout] 
[INFO] [stderr] error: could not compile `watchexec-events` (example "parse-and-print") due to 2 previous errors
[INFO] [stdout] error[E0277]: the trait bound `Event: serde::ser::Serialize` is not satisfied
[INFO] [stdout]     --> tests/json.rs:57:32
[INFO] [stdout]      |
[INFO] [stdout] 57   |         serde_json::to_string_pretty(array).unwrap(),
[INFO] [stdout]      |         ---------------------------- ^^^^^ the trait `serde::ser::Serialize` is not implemented for `Event`
[INFO] [stdout]      |         |
[INFO] [stdout]      |         required by a bound introduced by this call
[INFO] [stdout]      |
[INFO] [stdout]      = help: the following other types implement trait `serde::ser::Serialize`:
[INFO] [stdout]                bool
[INFO] [stdout]                char
[INFO] [stdout]                isize
[INFO] [stdout]                i8
[INFO] [stdout]                i16
[INFO] [stdout]                i32
[INFO] [stdout]                i64
[INFO] [stdout]                i128
[INFO] [stdout]              and 130 others
[INFO] [stdout]      = note: required for `[Event; 3]` to implement `serde::ser::Serialize`
[INFO] [stdout] note: required by a bound in `to_string_pretty`
[INFO] [stdout]     --> /opt/rustwide/cargo-home/registry/src/index.crates.io-6f17d22bba15001f/serde_json-1.0.108/src/ser.rs:2228:17
[INFO] [stdout]      |
[INFO] [stdout] 2226 | pub fn to_string_pretty<T>(value: &T) -> Result<String>
[INFO] [stdout]      |        ---------------- required by a bound in this function
[INFO] [stdout] 2227 | where
[INFO] [stdout] 2228 |     T: ?Sized + Serialize,
[INFO] [stdout]      |                 ^^^^^^^^^ required by this bound in `to_string_pretty`
[INFO] [stdout] 
[INFO] [stdout] 
[INFO] [stderr] warning: build failed, waiting for other jobs to finish...
[INFO] [stdout] error[E0277]: the trait bound `Event: serde::ser::Serialize` is not satisfied
[INFO] [stdout]     --> tests/json.rs:76:32
[INFO] [stdout]      |
[INFO] [stdout] 76   |         serde_json::to_string_pretty(metadata).unwrap(),
[INFO] [stdout]      |         ---------------------------- ^^^^^^^^ the trait `serde::ser::Serialize` is not implemented for `Event`
[INFO] [stdout]      |         |
[INFO] [stdout]      |         required by a bound introduced by this call
[INFO] [stdout]      |
[INFO] [stdout]      = help: the following other types implement trait `serde::ser::Serialize`:
[INFO] [stdout]                bool
[INFO] [stdout]                char
[INFO] [stdout]                isize
[INFO] [stdout]                i8
[INFO] [stdout]                i16
[INFO] [stdout]                i32
[INFO] [stdout]                i64
[INFO] [stdout]                i128
[INFO] [stdout]              and 130 others
[INFO] [stdout]      = note: required for `[Event; 1]` to implement `serde::ser::Serialize`
[INFO] [stdout] note: required by a bound in `to_string_pretty`
[INFO] [stdout]     --> /opt/rustwide/cargo-home/registry/src/index.crates.io-6f17d22bba15001f/serde_json-1.0.108/src/ser.rs:2228:17
[INFO] [stdout]      |
[INFO] [stdout] 2226 | pub fn to_string_pretty<T>(value: &T) -> Result<String>
[INFO] [stdout]      |        ---------------- required by a bound in this function
[INFO] [stdout] 2227 | where
[INFO] [stdout] 2228 |     T: ?Sized + Serialize,
[INFO] [stdout]      |                 ^^^^^^^^^ required by this bound in `to_string_pretty`
[INFO] [stdout] 
[INFO] [stdout] 
[INFO] [stdout] error[E0599]: no variant or associated item named `Unknown` found for enum `Tag` in the current scope
[INFO] [stdout]   --> tests/json.rs:99:11
[INFO] [stdout]    |
[INFO] [stdout] 99 |                     Tag::Unknown,
[INFO] [stdout]    |                          ^^^^^^^ variant or associated item not found in `Tag`
[INFO] [stdout] 
[INFO] [stdout] 
[INFO] [stdout] error[E0277]: the trait bound `Event: serde::ser::Serialize` is not satisfied
[INFO] [stdout]     --> tests/json.rs:139:32
[INFO] [stdout]      |
[INFO] [stdout] 139  |         serde_json::to_string_pretty(&sources).unwrap(),
[INFO] [stdout]      |         ---------------------------- ^^^^^^^^ the trait `serde::ser::Serialize` is not implemented for `Event`
[INFO] [stdout]      |         |
[INFO] [stdout]      |         required by a bound introduced by this call
[INFO] [stdout]      |
[INFO] [stdout]      = help: the following other types implement trait `serde::ser::Serialize`:
[INFO] [stdout]                bool
[INFO] [stdout]                char
[INFO] [stdout]                isize
[INFO] [stdout]                i8
[INFO] [stdout]                i16
[INFO] [stdout]                i32
[INFO] [stdout]                i64
[INFO] [stdout]                i128
[INFO] [stdout]              and 130 others
[INFO] [stdout]      = note: required for `Vec<Event>` to implement `serde::ser::Serialize`
[INFO] [stdout] note: required by a bound in `to_string_pretty`
[INFO] [stdout]     --> /opt/rustwide/cargo-home/registry/src/index.crates.io-6f17d22bba15001f/serde_json-1.0.108/src/ser.rs:2228:17
[INFO] [stdout]      |
[INFO] [stdout] 2226 | pub fn to_string_pretty<T>(value: &T) -> Result<String>
[INFO] [stdout]      |        ---------------- required by a bound in this function
[INFO] [stdout] 2227 | where
[INFO] [stdout] 2228 |     T: ?Sized + Serialize,
[INFO] [stdout]      |                 ^^^^^^^^^ required by this bound in `to_string_pretty`
[INFO] [stdout] 
[INFO] [stdout] 
[INFO] [stdout] error[E0277]: the trait bound `Event: serde::ser::Serialize` is not satisfied
[INFO] [stdout]     --> tests/json.rs:167:32
[INFO] [stdout]      |
[INFO] [stdout] 167  |         serde_json::to_string_pretty(&signals).unwrap(),
[INFO] [stdout]      |         ---------------------------- ^^^^^^^^ the trait `serde::ser::Serialize` is not implemented for `Event`
[INFO] [stdout]      |         |
[INFO] [stdout]      |         required by a bound introduced by this call
[INFO] [stdout]      |
[INFO] [stdout]      = help: the following other types implement trait `serde::ser::Serialize`:
[INFO] [stdout]                bool
[INFO] [stdout]                char
[INFO] [stdout]                isize
[INFO] [stdout]                i8
[INFO] [stdout]                i16
[INFO] [stdout]                i32
[INFO] [stdout]                i64
[INFO] [stdout]                i128
[INFO] [stdout]              and 130 others
[INFO] [stdout]      = note: required for `Vec<Event>` to implement `serde::ser::Serialize`
[INFO] [stdout] note: required by a bound in `to_string_pretty`
[INFO] [stdout]     --> /opt/rustwide/cargo-home/registry/src/index.crates.io-6f17d22bba15001f/serde_json-1.0.108/src/ser.rs:2228:17
[INFO] [stdout]      |
[INFO] [stdout] 2226 | pub fn to_string_pretty<T>(value: &T) -> Result<String>
[INFO] [stdout]      |        ---------------- required by a bound in this function
[INFO] [stdout] 2227 | where
[INFO] [stdout] 2228 |     T: ?Sized + Serialize,
[INFO] [stdout]      |                 ^^^^^^^^^ required by this bound in `to_string_pretty`
[INFO] [stdout] 
[INFO] [stdout] 
[INFO] [stdout] error[E0277]: the trait bound `Event: serde::ser::Serialize` is not satisfied
[INFO] [stdout]     --> tests/json.rs:198:32
[INFO] [stdout]      |
[INFO] [stdout] 198  |         serde_json::to_string_pretty(&completions).unwrap(),
[INFO] [stdout]      |         ---------------------------- ^^^^^^^^^^^^ the trait `serde::ser::Serialize` is not implemented for `Event`
[INFO] [stdout]      |         |
[INFO] [stdout]      |         required by a bound introduced by this call
[INFO] [stdout]      |
[INFO] [stdout]      = help: the following other types implement trait `serde::ser::Serialize`:
[INFO] [stdout]                bool
[INFO] [stdout]                char
[INFO] [stdout]                isize
[INFO] [stdout]                i8
[INFO] [stdout]                i16
[INFO] [stdout]                i32
[INFO] [stdout]                i64
[INFO] [stdout]                i128
[INFO] [stdout]              and 130 others
[INFO] [stdout]      = note: required for `Vec<Event>` to implement `serde::ser::Serialize`
[INFO] [stdout] note: required by a bound in `to_string_pretty`
[INFO] [stdout]     --> /opt/rustwide/cargo-home/registry/src/index.crates.io-6f17d22bba15001f/serde_json-1.0.108/src/ser.rs:2228:17
[INFO] [stdout]      |
[INFO] [stdout] 2226 | pub fn to_string_pretty<T>(value: &T) -> Result<String>
[INFO] [stdout]      |        ---------------- required by a bound in this function
[INFO] [stdout] 2227 | where
[INFO] [stdout] 2228 |     T: ?Sized + Serialize,
[INFO] [stdout]      |                 ^^^^^^^^^ required by this bound in `to_string_pretty`
[INFO] [stdout] 
[INFO] [stdout] 
[INFO] [stdout] error[E0277]: the trait bound `Event: serde::ser::Serialize` is not satisfied
[INFO] [stdout]     --> tests/json.rs:249:32
[INFO] [stdout]      |
[INFO] [stdout] 249  |         serde_json::to_string_pretty(&paths).unwrap(),
[INFO] [stdout]      |         ---------------------------- ^^^^^^ the trait `serde::ser::Serialize` is not implemented for `Event`
[INFO] [stdout]      |         |
[INFO] [stdout]      |         required by a bound introduced by this call
[INFO] [stdout]      |
[INFO] [stdout]      = help: the following other types implement trait `serde::ser::Serialize`:
[INFO] [stdout]                bool
[INFO] [stdout]                char
[INFO] [stdout]                isize
[INFO] [stdout]                i8
[INFO] [stdout]                i16
[INFO] [stdout]                i32
[INFO] [stdout]                i64
[INFO] [stdout]                i128
[INFO] [stdout]              and 130 others
[INFO] [stdout]      = note: required for `Vec<Event>` to implement `serde::ser::Serialize`
[INFO] [stdout] note: required by a bound in `to_string_pretty`
[INFO] [stdout]     --> /opt/rustwide/cargo-home/registry/src/index.crates.io-6f17d22bba15001f/serde_json-1.0.108/src/ser.rs:2228:17
[INFO] [stdout]      |
[INFO] [stdout] 2226 | pub fn to_string_pretty<T>(value: &T) -> Result<String>
[INFO] [stdout]      |        ---------------- required by a bound in this function
[INFO] [stdout] 2227 | where
[INFO] [stdout] 2228 |     T: ?Sized + Serialize,
[INFO] [stdout]      |                 ^^^^^^^^^ required by this bound in `to_string_pretty`
[INFO] [stdout] 
[INFO] [stdout] 
[INFO] [stdout] error: aborting due to 10 previous errors
[INFO] [stdout] 
[INFO] [stdout] 
[INFO] [stdout] Some errors have detailed explanations: E0277, E0599.
[INFO] [stdout] 
[INFO] [stdout] For more information about an error, try `rustc --explain E0277`.
[INFO] [stdout] 
[INFO] [stderr] error: could not compile `watchexec-events` (test "json") due to 11 previous errors
[INFO] running `Command { std: "docker" "inspect" "fb975880d8c15799966d7e10dce9fcbf6e2b82f1f0745bb6f0a3fbd9211847ff", kill_on_drop: false }`
[INFO] running `Command { std: "docker" "rm" "-f" "fb975880d8c15799966d7e10dce9fcbf6e2b82f1f0745bb6f0a3fbd9211847ff", kill_on_drop: false }`
[INFO] [stdout] fb975880d8c15799966d7e10dce9fcbf6e2b82f1f0745bb6f0a3fbd9211847ff
[INFO] testing watchexec-events-2.0.1 against beta-2023-12-22 for beta-1.76-1
[INFO] extracting crate watchexec-events 2.0.1 into /workspace/builds/worker-5-tc2/source
[INFO] validating manifest of crates.io crate watchexec-events 2.0.1 on toolchain beta-2023-12-22
[INFO] running `Command { std: CARGO_HOME="/workspace/cargo-home" RUSTUP_HOME="/workspace/rustup-home" "/workspace/cargo-home/bin/cargo" "+beta-2023-12-22" "metadata" "--manifest-path" "Cargo.toml" "--no-deps", kill_on_drop: false }`
[INFO] started tweaking crates.io crate watchexec-events 2.0.1
[INFO] finished tweaking crates.io crate watchexec-events 2.0.1
[INFO] tweaked toml for crates.io crate watchexec-events 2.0.1 written to /workspace/builds/worker-5-tc2/source/Cargo.toml
[INFO] crate crates.io crate watchexec-events 2.0.1 already has a lockfile, it will not be regenerated
[INFO] running `Command { std: CARGO_HOME="/workspace/cargo-home" RUSTUP_HOME="/workspace/rustup-home" "/workspace/cargo-home/bin/cargo" "+beta-2023-12-22" "fetch" "--manifest-path" "Cargo.toml", kill_on_drop: false }`
[INFO] running `Command { std: "docker" "create" "-v" "/var/lib/crater-agent-workspace/builds/worker-5-tc2/target:/opt/rustwide/target:rw,Z" "-v" "/var/lib/crater-agent-workspace/builds/worker-5-tc2/source:/opt/rustwide/workdir:ro,Z" "-v" "/var/lib/crater-agent-workspace/cargo-home:/opt/rustwide/cargo-home:ro,Z" "-v" "/var/lib/crater-agent-workspace/rustup-home:/opt/rustwide/rustup-home:ro,Z" "-e" "SOURCE_DIR=/opt/rustwide/workdir" "-e" "CARGO_TARGET_DIR=/opt/rustwide/target" "-e" "CARGO_HOME=/opt/rustwide/cargo-home" "-e" "RUSTUP_HOME=/opt/rustwide/rustup-home" "-w" "/opt/rustwide/workdir" "-m" "1610612736" "--user" "0:0" "--network" "none" "ghcr.io/rust-lang/crates-build-env/linux@sha256:2788e3201cd34a07e3172128adcd8b3090168a8e3bcc40d7c032b9dda1df7d1c" "/opt/rustwide/cargo-home/bin/cargo" "+beta-2023-12-22" "metadata" "--no-deps" "--format-version=1", kill_on_drop: false }`
[INFO] [stdout] 34d3d2e2e024882843a39536a6560849ef7eafc323acc962aa991a258f0136b0
[INFO] running `Command { std: "docker" "start" "-a" "34d3d2e2e024882843a39536a6560849ef7eafc323acc962aa991a258f0136b0", kill_on_drop: false }`
[INFO] running `Command { std: "docker" "inspect" "34d3d2e2e024882843a39536a6560849ef7eafc323acc962aa991a258f0136b0", kill_on_drop: false }`
[INFO] running `Command { std: "docker" "rm" "-f" "34d3d2e2e024882843a39536a6560849ef7eafc323acc962aa991a258f0136b0", kill_on_drop: false }`
[INFO] [stdout] 34d3d2e2e024882843a39536a6560849ef7eafc323acc962aa991a258f0136b0
[INFO] running `Command { std: "docker" "create" "-v" "/var/lib/crater-agent-workspace/builds/worker-5-tc2/target:/opt/rustwide/target:rw,Z" "-v" "/var/lib/crater-agent-workspace/builds/worker-5-tc2/source:/opt/rustwide/workdir:ro,Z" "-v" "/var/lib/crater-agent-workspace/cargo-home:/opt/rustwide/cargo-home:ro,Z" "-v" "/var/lib/crater-agent-workspace/rustup-home:/opt/rustwide/rustup-home:ro,Z" "-e" "SOURCE_DIR=/opt/rustwide/workdir" "-e" "CARGO_TARGET_DIR=/opt/rustwide/target" "-e" "CARGO_INCREMENTAL=0" "-e" "RUST_BACKTRACE=full" "-e" "RUSTFLAGS=--cap-lints=warn" "-e" "RUSTDOCFLAGS=--cap-lints=warn" "-e" "CARGO_HOME=/opt/rustwide/cargo-home" "-e" "RUSTUP_HOME=/opt/rustwide/rustup-home" "-w" "/opt/rustwide/workdir" "-m" "1610612736" "--user" "0:0" "--network" "none" "ghcr.io/rust-lang/crates-build-env/linux@sha256:2788e3201cd34a07e3172128adcd8b3090168a8e3bcc40d7c032b9dda1df7d1c" "/opt/rustwide/cargo-home/bin/cargo" "+beta-2023-12-22" "build" "--frozen" "--message-format=json", kill_on_drop: false }`
[INFO] [stdout] ce52600e0bae971f0c538e42225aff5b9c2c76f26356f9431bebeaee9470ddc5
[INFO] running `Command { std: "docker" "start" "-a" "ce52600e0bae971f0c538e42225aff5b9c2c76f26356f9431bebeaee9470ddc5", kill_on_drop: false }`
[INFO] [stderr]    Compiling libc v0.2.150
[INFO] [stderr]    Compiling cfg-if v1.0.0
[INFO] [stderr]    Compiling crossbeam-utils v0.8.16
[INFO] [stderr]    Compiling bitflags v1.3.2
[INFO] [stderr]    Compiling same-file v1.0.6
[INFO] [stderr]    Compiling bitflags v2.4.1
[INFO] [stderr]    Compiling log v0.4.20
[INFO] [stderr]    Compiling walkdir v2.4.0
[INFO] [stderr]    Compiling crossbeam-channel v0.5.8
[INFO] [stderr]    Compiling inotify-sys v0.1.5
[INFO] [stderr]    Compiling mio v0.8.9
[INFO] [stderr]    Compiling filetime v0.2.22
[INFO] [stderr]    Compiling nix v0.27.1
[INFO] [stderr]    Compiling inotify v0.9.6
[INFO] [stderr]    Compiling notify v6.1.1
[INFO] [stderr]    Compiling watchexec-signals v2.0.0
[INFO] [stderr]    Compiling watchexec-events v2.0.1 (/opt/rustwide/workdir)
[INFO] [stderr]     Finished dev [unoptimized + debuginfo] target(s) in 2.19s
[INFO] running `Command { std: "docker" "inspect" "ce52600e0bae971f0c538e42225aff5b9c2c76f26356f9431bebeaee9470ddc5", kill_on_drop: false }`
[INFO] running `Command { std: "docker" "rm" "-f" "ce52600e0bae971f0c538e42225aff5b9c2c76f26356f9431bebeaee9470ddc5", kill_on_drop: false }`
[INFO] [stdout] ce52600e0bae971f0c538e42225aff5b9c2c76f26356f9431bebeaee9470ddc5
[INFO] running `Command { std: "docker" "create" "-v" "/var/lib/crater-agent-workspace/builds/worker-5-tc2/target:/opt/rustwide/target:rw,Z" "-v" "/var/lib/crater-agent-workspace/builds/worker-5-tc2/source:/opt/rustwide/workdir:ro,Z" "-v" "/var/lib/crater-agent-workspace/cargo-home:/opt/rustwide/cargo-home:ro,Z" "-v" "/var/lib/crater-agent-workspace/rustup-home:/opt/rustwide/rustup-home:ro,Z" "-e" "SOURCE_DIR=/opt/rustwide/workdir" "-e" "CARGO_TARGET_DIR=/opt/rustwide/target" "-e" "CARGO_INCREMENTAL=0" "-e" "RUST_BACKTRACE=full" "-e" "RUSTFLAGS=--cap-lints=warn" "-e" "RUSTDOCFLAGS=--cap-lints=warn" "-e" "CARGO_HOME=/opt/rustwide/cargo-home" "-e" "RUSTUP_HOME=/opt/rustwide/rustup-home" "-w" "/opt/rustwide/workdir" "-m" "1610612736" "--user" "0:0" "--network" "none" "ghcr.io/rust-lang/crates-build-env/linux@sha256:2788e3201cd34a07e3172128adcd8b3090168a8e3bcc40d7c032b9dda1df7d1c" "/opt/rustwide/cargo-home/bin/cargo" "+beta-2023-12-22" "test" "--frozen" "--no-run" "--message-format=json", kill_on_drop: false }`
[INFO] [stdout] 956530e8bfb0adf14387994dcf65425523830ca85af1e5e54700c7ca72559bed
[INFO] running `Command { std: "docker" "start" "-a" "956530e8bfb0adf14387994dcf65425523830ca85af1e5e54700c7ca72559bed", kill_on_drop: false }`
[INFO] [stderr]    Compiling utf8parse v0.2.1
[INFO] [stderr]    Compiling serde v1.0.193
[INFO] [stderr]    Compiling colorchoice v1.0.0
[INFO] [stderr]    Compiling anstyle v1.0.4
[INFO] [stderr]    Compiling anstyle-query v1.0.0
[INFO] [stderr]    Compiling serde_json v1.0.108
[INFO] [stderr]    Compiling ryu v1.0.15
[INFO] [stderr]    Compiling normalize-line-endings v0.3.0
[INFO] [stderr]    Compiling itoa v1.0.9
[INFO] [stderr]    Compiling similar v2.3.0
[INFO] [stderr]    Compiling anstyle-parse v0.2.2
[INFO] [stderr]    Compiling anstream v0.6.4
[INFO] [stderr]    Compiling snapbox-macros v0.3.6
[INFO] [stderr]    Compiling snapbox v0.4.14
[INFO] [stderr]    Compiling watchexec-events v2.0.1 (/opt/rustwide/workdir)
[INFO] [stdout] error[E0277]: the trait bound `Event: serde::de::Deserialize<'_>` is not satisfied
[INFO] [stdout]     --> examples/parse-and-print.rs:6:22
[INFO] [stdout]      |
[INFO] [stdout] 6    |         let event: Event = serde_json::from_str(&line?)?;
[INFO] [stdout]      |                            ^^^^^^^^^^^^^^^^^^^^ the trait `serde::de::Deserialize<'_>` is not implemented for `Event`
[INFO] [stdout]      |
[INFO] [stdout]      = help: the following other types implement trait `serde::de::Deserialize<'de>`:
[INFO] [stdout]                bool
[INFO] [stdout]                char
[INFO] [stdout]                isize
[INFO] [stdout]                i8
[INFO] [stdout]                i16
[INFO] [stdout]                i32
[INFO] [stdout]                i64
[INFO] [stdout]                i128
[INFO] [stdout]              and 130 others
[INFO] [stdout] note: required by a bound in `serde_json::from_str`
[INFO] [stdout]     --> /opt/rustwide/cargo-home/registry/src/index.crates.io-6f17d22bba15001f/serde_json-1.0.108/src/de.rs:2675:8
[INFO] [stdout]      |
[INFO] [stdout] 2673 | pub fn from_str<'a, T>(s: &'a str) -> Result<T>
[INFO] [stdout]      |        -------- required by a bound in this function
[INFO] [stdout] 2674 | where
[INFO] [stdout] 2675 |     T: de::Deserialize<'a>,
[INFO] [stdout]      |        ^^^^^^^^^^^^^^^^^^^ required by this bound in `from_str`
[INFO] [stdout] 
[INFO] [stdout] 
[INFO] [stdout] error[E0277]: the trait bound `Event: serde::de::Deserialize<'_>` is not satisfied
[INFO] [stdout]     --> tests/json.rs:11:2
[INFO] [stdout]      |
[INFO] [stdout] 11   |     serde_json::from_str(&std::fs::read_to_string(path).unwrap()).unwrap()
[INFO] [stdout]      |     ^^^^^^^^^^^^^^^^^^^^ the trait `serde::de::Deserialize<'_>` is not implemented for `Event`
[INFO] [stdout]      |
[INFO] [stdout]      = help: the following other types implement trait `serde::de::Deserialize<'de>`:
[INFO] [stdout]                bool
[INFO] [stdout]                char
[INFO] [stdout]                isize
[INFO] [stdout]                i8
[INFO] [stdout]                i16
[INFO] [stdout]                i32
[INFO] [stdout]                i64
[INFO] [stdout]                i128
[INFO] [stdout]              and 130 others
[INFO] [stdout]      = note: required for `Vec<Event>` to implement `serde::de::Deserialize<'_>`
[INFO] [stdout] note: required by a bound in `serde_json::from_str`
[INFO] [stdout]     --> /opt/rustwide/cargo-home/registry/src/index.crates.io-6f17d22bba15001f/serde_json-1.0.108/src/de.rs:2675:8
[INFO] [stdout]      |
[INFO] [stdout] 2673 | pub fn from_str<'a, T>(s: &'a str) -> Result<T>
[INFO] [stdout]      |        -------- required by a bound in this function
[INFO] [stdout] 2674 | where
[INFO] [stdout] 2675 |     T: de::Deserialize<'a>,
[INFO] [stdout]      |        ^^^^^^^^^^^^^^^^^^^ required by this bound in `from_str`
[INFO] [stdout] 
[INFO] [stdout] 
[INFO] [stdout] error: aborting due to 1 previous error
[INFO] [stdout] 
[INFO] [stdout] 
[INFO] [stdout] For more information about this error, try `rustc --explain E0277`.
[INFO] [stdout] 
[INFO] [stdout] error[E0277]: the trait bound `Event: serde::ser::Serialize` is not satisfied
[INFO] [stdout]     --> tests/json.rs:23:32
[INFO] [stdout]      |
[INFO] [stdout] 23   |         serde_json::to_string_pretty(&single).unwrap(),
[INFO] [stdout]      |         ---------------------------- ^^^^^^^ the trait `serde::ser::Serialize` is not implemented for `Event`
[INFO] [stdout]      |         |
[INFO] [stdout]      |         required by a bound introduced by this call
[INFO] [stdout]      |
[INFO] [stdout]      = help: the following other types implement trait `serde::ser::Serialize`:
[INFO] [stdout]                bool
[INFO] [stdout]                char
[INFO] [stdout]                isize
[INFO] [stdout]                i8
[INFO] [stdout]                i16
[INFO] [stdout]                i32
[INFO] [stdout]                i64
[INFO] [stdout]                i128
[INFO] [stdout]              and 130 others
[INFO] [stdout] note: required by a bound in `to_string_pretty`
[INFO] [stdout]     --> /opt/rustwide/cargo-home/registry/src/index.crates.io-6f17d22bba15001f/serde_json-1.0.108/src/ser.rs:2228:17
[INFO] [stdout]      |
[INFO] [stdout] 2226 | pub fn to_string_pretty<T>(value: &T) -> Result<String>
[INFO] [stdout]      |        ---------------- required by a bound in this function
[INFO] [stdout] 2227 | where
[INFO] [stdout] 2228 |     T: ?Sized + Serialize,
[INFO] [stdout]      |                 ^^^^^^^^^ required by this bound in `to_string_pretty`
[INFO] [stdout] 
[INFO] [stdout] 
[INFO] [stdout] error[E0277]: the trait bound `Event: serde::de::Deserialize<'_>` is not satisfied
[INFO] [stdout]     --> tests/json.rs:27:3
[INFO] [stdout]      |
[INFO] [stdout] 27   |         serde_json::from_str::<Event>(
[INFO] [stdout]      |         ^^^^^^^^^^^^^^^^^^^^^^^^^^^^^ the trait `serde::de::Deserialize<'_>` is not implemented for `Event`
[INFO] [stdout]      |
[INFO] [stdout]      = help: the following other types implement trait `serde::de::Deserialize<'de>`:
[INFO] [stdout]                bool
[INFO] [stdout]                char
[INFO] [stdout]                isize
[INFO] [stdout]                i8
[INFO] [stdout]                i16
[INFO] [stdout]                i32
[INFO] [stdout]                i64
[INFO] [stdout]                i128
[INFO] [stdout]              and 130 others
[INFO] [stdout] note: required by a bound in `serde_json::from_str`
[INFO] [stdout]     --> /opt/rustwide/cargo-home/registry/src/index.crates.io-6f17d22bba15001f/serde_json-1.0.108/src/de.rs:2675:8
[INFO] [stdout]      |
[INFO] [stdout] 2673 | pub fn from_str<'a, T>(s: &'a str) -> Result<T>
[INFO] [stdout]      |        -------- required by a bound in this function
[INFO] [stdout] 2674 | where
[INFO] [stdout] 2675 |     T: de::Deserialize<'a>,
[INFO] [stdout]      |        ^^^^^^^^^^^^^^^^^^^ required by this bound in `from_str`
[INFO] [stdout] 
[INFO] [stdout] 
[INFO] [stderr] error: could not compile `watchexec-events` (example "parse-and-print") due to 2 previous errors
[INFO] [stdout] error[E0277]: the trait bound `Event: serde::ser::Serialize` is not satisfied
[INFO] [stdout]     --> tests/json.rs:57:32
[INFO] [stdout]      |
[INFO] [stdout] 57   |         serde_json::to_string_pretty(array).unwrap(),
[INFO] [stdout]      |         ---------------------------- ^^^^^ the trait `serde::ser::Serialize` is not implemented for `Event`
[INFO] [stdout]      |         |
[INFO] [stdout]      |         required by a bound introduced by this call
[INFO] [stdout]      |
[INFO] [stdout]      = help: the following other types implement trait `serde::ser::Serialize`:
[INFO] [stdout]                bool
[INFO] [stdout]                char
[INFO] [stdout]                isize
[INFO] [stdout]                i8
[INFO] [stdout]                i16
[INFO] [stdout]                i32
[INFO] [stdout]                i64
[INFO] [stdout]                i128
[INFO] [stdout]              and 130 others
[INFO] [stdout]      = note: required for `[Event; 3]` to implement `serde::ser::Serialize`
[INFO] [stdout] note: required by a bound in `to_string_pretty`
[INFO] [stdout]     --> /opt/rustwide/cargo-home/registry/src/index.crates.io-6f17d22bba15001f/serde_json-1.0.108/src/ser.rs:2228:17
[INFO] [stdout]      |
[INFO] [stdout] 2226 | pub fn to_string_pretty<T>(value: &T) -> Result<String>
[INFO] [stdout]      |        ---------------- required by a bound in this function
[INFO] [stdout] 2227 | where
[INFO] [stdout] 2228 |     T: ?Sized + Serialize,
[INFO] [stdout]      |                 ^^^^^^^^^ required by this bound in `to_string_pretty`
[INFO] [stdout] 
[INFO] [stdout] 
[INFO] [stderr] warning: build failed, waiting for other jobs to finish...
[INFO] [stdout] error[E0277]: the trait bound `Event: serde::ser::Serialize` is not satisfied
[INFO] [stdout]     --> tests/json.rs:76:32
[INFO] [stdout]      |
[INFO] [stdout] 76   |         serde_json::to_string_pretty(metadata).unwrap(),
[INFO] [stdout]      |         ---------------------------- ^^^^^^^^ the trait `serde::ser::Serialize` is not implemented for `Event`
[INFO] [stdout]      |         |
[INFO] [stdout]      |         required by a bound introduced by this call
[INFO] [stdout]      |
[INFO] [stdout]      = help: the following other types implement trait `serde::ser::Serialize`:
[INFO] [stdout]                bool
[INFO] [stdout]                char
[INFO] [stdout]                isize
[INFO] [stdout]                i8
[INFO] [stdout]                i16
[INFO] [stdout]                i32
[INFO] [stdout]                i64
[INFO] [stdout]                i128
[INFO] [stdout]              and 130 others
[INFO] [stdout]      = note: required for `[Event; 1]` to implement `serde::ser::Serialize`
[INFO] [stdout] note: required by a bound in `to_string_pretty`
[INFO] [stdout]     --> /opt/rustwide/cargo-home/registry/src/index.crates.io-6f17d22bba15001f/serde_json-1.0.108/src/ser.rs:2228:17
[INFO] [stdout]      |
[INFO] [stdout] 2226 | pub fn to_string_pretty<T>(value: &T) -> Result<String>
[INFO] [stdout]      |        ---------------- required by a bound in this function
[INFO] [stdout] 2227 | where
[INFO] [stdout] 2228 |     T: ?Sized + Serialize,
[INFO] [stdout]      |                 ^^^^^^^^^ required by this bound in `to_string_pretty`
[INFO] [stdout] 
[INFO] [stdout] 
[INFO] [stdout] error[E0599]: no variant or associated item named `Unknown` found for enum `Tag` in the current scope
[INFO] [stdout]   --> tests/json.rs:99:11
[INFO] [stdout]    |
[INFO] [stdout] 99 |                     Tag::Unknown,
[INFO] [stdout]    |                          ^^^^^^^ variant or associated item not found in `Tag`
[INFO] [stdout] 
[INFO] [stdout] 
[INFO] [stdout] error[E0277]: the trait bound `Event: serde::ser::Serialize` is not satisfied
[INFO] [stdout]     --> tests/json.rs:139:32
[INFO] [stdout]      |
[INFO] [stdout] 139  |         serde_json::to_string_pretty(&sources).unwrap(),
[INFO] [stdout]      |         ---------------------------- ^^^^^^^^ the trait `serde::ser::Serialize` is not implemented for `Event`
[INFO] [stdout]      |         |
[INFO] [stdout]      |         required by a bound introduced by this call
[INFO] [stdout]      |
[INFO] [stdout]      = help: the following other types implement trait `serde::ser::Serialize`:
[INFO] [stdout]                bool
[INFO] [stdout]                char
[INFO] [stdout]                isize
[INFO] [stdout]                i8
[INFO] [stdout]                i16
[INFO] [stdout]                i32
[INFO] [stdout]                i64
[INFO] [stdout]                i128
[INFO] [stdout]              and 130 others
[INFO] [stdout]      = note: required for `Vec<Event>` to implement `serde::ser::Serialize`
[INFO] [stdout] note: required by a bound in `to_string_pretty`
[INFO] [stdout]     --> /opt/rustwide/cargo-home/registry/src/index.crates.io-6f17d22bba15001f/serde_json-1.0.108/src/ser.rs:2228:17
[INFO] [stdout]      |
[INFO] [stdout] 2226 | pub fn to_string_pretty<T>(value: &T) -> Result<String>
[INFO] [stdout]      |        ---------------- required by a bound in this function
[INFO] [stdout] 2227 | where
[INFO] [stdout] 2228 |     T: ?Sized + Serialize,
[INFO] [stdout]      |                 ^^^^^^^^^ required by this bound in `to_string_pretty`
[INFO] [stdout] 
[INFO] [stdout] 
[INFO] [stdout] error[E0277]: the trait bound `Event: serde::ser::Serialize` is not satisfied
[INFO] [stdout]     --> tests/json.rs:167:32
[INFO] [stdout]      |
[INFO] [stdout] 167  |         serde_json::to_string_pretty(&signals).unwrap(),
[INFO] [stdout]      |         ---------------------------- ^^^^^^^^ the trait `serde::ser::Serialize` is not implemented for `Event`
[INFO] [stdout]      |         |
[INFO] [stdout]      |         required by a bound introduced by this call
[INFO] [stdout]      |
[INFO] [stdout]      = help: the following other types implement trait `serde::ser::Serialize`:
[INFO] [stdout]                bool
[INFO] [stdout]                char
[INFO] [stdout]                isize
[INFO] [stdout]                i8
[INFO] [stdout]                i16
[INFO] [stdout]                i32
[INFO] [stdout]                i64
[INFO] [stdout]                i128
[INFO] [stdout]              and 130 others
[INFO] [stdout]      = note: required for `Vec<Event>` to implement `serde::ser::Serialize`
[INFO] [stdout] note: required by a bound in `to_string_pretty`
[INFO] [stdout]     --> /opt/rustwide/cargo-home/registry/src/index.crates.io-6f17d22bba15001f/serde_json-1.0.108/src/ser.rs:2228:17
[INFO] [stdout]      |
[INFO] [stdout] 2226 | pub fn to_string_pretty<T>(value: &T) -> Result<String>
[INFO] [stdout]      |        ---------------- required by a bound in this function
[INFO] [stdout] 2227 | where
[INFO] [stdout] 2228 |     T: ?Sized + Serialize,
[INFO] [stdout]      |                 ^^^^^^^^^ required by this bound in `to_string_pretty`
[INFO] [stdout] 
[INFO] [stdout] 
[INFO] [stdout] error[E0277]: the trait bound `Event: serde::ser::Serialize` is not satisfied
[INFO] [stdout]     --> tests/json.rs:198:32
[INFO] [stdout]      |
[INFO] [stdout] 198  |         serde_json::to_string_pretty(&completions).unwrap(),
[INFO] [stdout]      |         ---------------------------- ^^^^^^^^^^^^ the trait `serde::ser::Serialize` is not implemented for `Event`
[INFO] [stdout]      |         |
[INFO] [stdout]      |         required by a bound introduced by this call
[INFO] [stdout]      |
[INFO] [stdout]      = help: the following other types implement trait `serde::ser::Serialize`:
[INFO] [stdout]                bool
[INFO] [stdout]                char
[INFO] [stdout]                isize
[INFO] [stdout]                i8
[INFO] [stdout]                i16
[INFO] [stdout]                i32
[INFO] [stdout]                i64
[INFO] [stdout]                i128
[INFO] [stdout]              and 130 others
[INFO] [stdout]      = note: required for `Vec<Event>` to implement `serde::ser::Serialize`
[INFO] [stdout] note: required by a bound in `to_string_pretty`
[INFO] [stdout]     --> /opt/rustwide/cargo-home/registry/src/index.crates.io-6f17d22bba15001f/serde_json-1.0.108/src/ser.rs:2228:17
[INFO] [stdout]      |
[INFO] [stdout] 2226 | pub fn to_string_pretty<T>(value: &T) -> Result<String>
[INFO] [stdout]      |        ---------------- required by a bound in this function
[INFO] [stdout] 2227 | where
[INFO] [stdout] 2228 |     T: ?Sized + Serialize,
[INFO] [stdout]      |                 ^^^^^^^^^ required by this bound in `to_string_pretty`
[INFO] [stdout] 
[INFO] [stdout] 
[INFO] [stdout] error[E0277]: the trait bound `Event: serde::ser::Serialize` is not satisfied
[INFO] [stdout]     --> tests/json.rs:249:32
[INFO] [stdout]      |
[INFO] [stdout] 249  |         serde_json::to_string_pretty(&paths).unwrap(),
[INFO] [stdout]      |         ---------------------------- ^^^^^^ the trait `serde::ser::Serialize` is not implemented for `Event`
[INFO] [stdout]      |         |
[INFO] [stdout]      |         required by a bound introduced by this call
[INFO] [stdout]      |
[INFO] [stdout]      = help: the following other types implement trait `serde::ser::Serialize`:
[INFO] [stdout]                bool
[INFO] [stdout]                char
[INFO] [stdout]                isize
[INFO] [stdout]                i8
[INFO] [stdout]                i16
[INFO] [stdout]                i32
[INFO] [stdout]                i64
[INFO] [stdout]                i128
[INFO] [stdout]              and 130 others
[INFO] [stdout]      = note: required for `Vec<Event>` to implement `serde::ser::Serialize`
[INFO] [stdout] note: required by a bound in `to_string_pretty`
[INFO] [stdout]     --> /opt/rustwide/cargo-home/registry/src/index.crates.io-6f17d22bba15001f/serde_json-1.0.108/src/ser.rs:2228:17
[INFO] [stdout]      |
[INFO] [stdout] 2226 | pub fn to_string_pretty<T>(value: &T) -> Result<String>
[INFO] [stdout]      |        ---------------- required by a bound in this function
[INFO] [stdout] 2227 | where
[INFO] [stdout] 2228 |     T: ?Sized + Serialize,
[INFO] [stdout]      |                 ^^^^^^^^^ required by this bound in `to_string_pretty`
[INFO] [stdout] 
[INFO] [stdout] 
[INFO] [stdout] error: aborting due to 10 previous errors
[INFO] [stdout] 
[INFO] [stdout] 
[INFO] [stdout] Some errors have detailed explanations: E0277, E0599.
[INFO] [stdout] 
[INFO] [stdout] For more information about an error, try `rustc --explain E0277`.
[INFO] [stdout] 
[INFO] [stderr] error: could not compile `watchexec-events` (test "json") due to 11 previous errors
[INFO] running `Command { std: "docker" "inspect" "956530e8bfb0adf14387994dcf65425523830ca85af1e5e54700c7ca72559bed", kill_on_drop: false }`
[INFO] running `Command { std: "docker" "rm" "-f" "956530e8bfb0adf14387994dcf65425523830ca85af1e5e54700c7ca72559bed", kill_on_drop: false }`
[INFO] [stdout] 956530e8bfb0adf14387994dcf65425523830ca85af1e5e54700c7ca72559bed
