[INFO] fetching crate wasmtime-component-macro 15.0.1...
[INFO] testing wasmtime-component-macro-15.0.1 against 1.75.0 for beta-1.76-1
[INFO] extracting crate wasmtime-component-macro 15.0.1 into /workspace/builds/worker-5-tc1/source
[INFO] validating manifest of crates.io crate wasmtime-component-macro 15.0.1 on toolchain 1.75.0
[INFO] running `Command { std: CARGO_HOME="/workspace/cargo-home" RUSTUP_HOME="/workspace/rustup-home" "/workspace/cargo-home/bin/cargo" "+1.75.0" "metadata" "--manifest-path" "Cargo.toml" "--no-deps", kill_on_drop: false }`
[INFO] started tweaking crates.io crate wasmtime-component-macro 15.0.1
[INFO] finished tweaking crates.io crate wasmtime-component-macro 15.0.1
[INFO] tweaked toml for crates.io crate wasmtime-component-macro 15.0.1 written to /workspace/builds/worker-5-tc1/source/Cargo.toml
[INFO] running `Command { std: CARGO_HOME="/workspace/cargo-home" RUSTUP_HOME="/workspace/rustup-home" "/workspace/cargo-home/bin/cargo" "+1.75.0" "generate-lockfile" "--manifest-path" "Cargo.toml", kill_on_drop: false }`
[INFO] [stderr]     Updating crates.io index
[INFO] running `Command { std: CARGO_HOME="/workspace/cargo-home" RUSTUP_HOME="/workspace/rustup-home" "/workspace/cargo-home/bin/cargo" "+1.75.0" "fetch" "--manifest-path" "Cargo.toml", kill_on_drop: false }`
[INFO] [stderr]  Downloading crates ...
[INFO] [stderr]   Downloaded wasmtime-wit-bindgen v15.0.1
[INFO] [stderr]   Downloaded wasmtime-component-util v15.0.1
[INFO] [stderr]   Downloaded wit-parser v0.13.0
[INFO] running `Command { std: "docker" "create" "-v" "/var/lib/crater-agent-workspace/builds/worker-5-tc1/target:/opt/rustwide/target:rw,Z" "-v" "/var/lib/crater-agent-workspace/builds/worker-5-tc1/source:/opt/rustwide/workdir:ro,Z" "-v" "/var/lib/crater-agent-workspace/cargo-home:/opt/rustwide/cargo-home:ro,Z" "-v" "/var/lib/crater-agent-workspace/rustup-home:/opt/rustwide/rustup-home:ro,Z" "-e" "SOURCE_DIR=/opt/rustwide/workdir" "-e" "CARGO_TARGET_DIR=/opt/rustwide/target" "-e" "CARGO_HOME=/opt/rustwide/cargo-home" "-e" "RUSTUP_HOME=/opt/rustwide/rustup-home" "-w" "/opt/rustwide/workdir" "-m" "1610612736" "--user" "0:0" "--network" "none" "ghcr.io/rust-lang/crates-build-env/linux@sha256:2788e3201cd34a07e3172128adcd8b3090168a8e3bcc40d7c032b9dda1df7d1c" "/opt/rustwide/cargo-home/bin/cargo" "+1.75.0" "metadata" "--no-deps" "--format-version=1", kill_on_drop: false }`
[INFO] [stdout] 62236a81447ac2d94779be78803ead99ef18cca1f26f2258003d600024764175
[INFO] running `Command { std: "docker" "start" "-a" "62236a81447ac2d94779be78803ead99ef18cca1f26f2258003d600024764175", kill_on_drop: false }`
[INFO] running `Command { std: "docker" "inspect" "62236a81447ac2d94779be78803ead99ef18cca1f26f2258003d600024764175", kill_on_drop: false }`
[INFO] running `Command { std: "docker" "rm" "-f" "62236a81447ac2d94779be78803ead99ef18cca1f26f2258003d600024764175", kill_on_drop: false }`
[INFO] [stdout] 62236a81447ac2d94779be78803ead99ef18cca1f26f2258003d600024764175
[INFO] running `Command { std: "docker" "create" "-v" "/var/lib/crater-agent-workspace/builds/worker-5-tc1/target:/opt/rustwide/target:rw,Z" "-v" "/var/lib/crater-agent-workspace/builds/worker-5-tc1/source:/opt/rustwide/workdir:ro,Z" "-v" "/var/lib/crater-agent-workspace/cargo-home:/opt/rustwide/cargo-home:ro,Z" "-v" "/var/lib/crater-agent-workspace/rustup-home:/opt/rustwide/rustup-home:ro,Z" "-e" "SOURCE_DIR=/opt/rustwide/workdir" "-e" "CARGO_TARGET_DIR=/opt/rustwide/target" "-e" "CARGO_INCREMENTAL=0" "-e" "RUST_BACKTRACE=full" "-e" "RUSTFLAGS=--cap-lints=warn" "-e" "RUSTDOCFLAGS=--cap-lints=warn" "-e" "CARGO_HOME=/opt/rustwide/cargo-home" "-e" "RUSTUP_HOME=/opt/rustwide/rustup-home" "-w" "/opt/rustwide/workdir" "-m" "1610612736" "--user" "0:0" "--network" "none" "ghcr.io/rust-lang/crates-build-env/linux@sha256:2788e3201cd34a07e3172128adcd8b3090168a8e3bcc40d7c032b9dda1df7d1c" "/opt/rustwide/cargo-home/bin/cargo" "+1.75.0" "build" "--frozen" "--message-format=json", kill_on_drop: false }`
[INFO] [stdout] 3261c0e4969b0434049f3ffc7ad816cb8ed5d9959489cd902ce826adcd5be393
[INFO] running `Command { std: "docker" "start" "-a" "3261c0e4969b0434049f3ffc7ad816cb8ed5d9959489cd902ce826adcd5be393", kill_on_drop: false }`
[INFO] [stderr]    Compiling serde v1.0.194
[INFO] [stderr]    Compiling semver v1.0.21
[INFO] [stderr]    Compiling anyhow v1.0.79
[INFO] [stderr]    Compiling equivalent v1.0.1
[INFO] [stderr]    Compiling hashbrown v0.14.3
[INFO] [stderr]    Compiling ryu v1.0.16
[INFO] [stderr]    Compiling itoa v1.0.10
[INFO] [stderr]    Compiling unicode-xid v0.2.4
[INFO] [stderr]    Compiling log v0.4.20
[INFO] [stderr]    Compiling id-arena v2.2.1
[INFO] [stderr]    Compiling wasmtime-component-util v15.0.1
[INFO] [stderr]    Compiling serde_json v1.0.111
[INFO] [stderr]    Compiling syn v2.0.48
[INFO] [stderr]    Compiling serde_derive v1.0.194
[INFO] [stderr]    Compiling indexmap v2.1.0
[INFO] [stderr]    Compiling wit-parser v0.13.0
[INFO] [stderr]    Compiling wasmtime-wit-bindgen v15.0.1
[INFO] [stderr]    Compiling wasmtime-component-macro v15.0.1 (/opt/rustwide/workdir)
[INFO] [stderr]     Finished dev [unoptimized + debuginfo] target(s) in 10.45s
[INFO] running `Command { std: "docker" "inspect" "3261c0e4969b0434049f3ffc7ad816cb8ed5d9959489cd902ce826adcd5be393", kill_on_drop: false }`
[INFO] running `Command { std: "docker" "rm" "-f" "3261c0e4969b0434049f3ffc7ad816cb8ed5d9959489cd902ce826adcd5be393", kill_on_drop: false }`
[INFO] [stdout] 3261c0e4969b0434049f3ffc7ad816cb8ed5d9959489cd902ce826adcd5be393
[INFO] running `Command { std: "docker" "create" "-v" "/var/lib/crater-agent-workspace/builds/worker-5-tc1/target:/opt/rustwide/target:rw,Z" "-v" "/var/lib/crater-agent-workspace/builds/worker-5-tc1/source:/opt/rustwide/workdir:ro,Z" "-v" "/var/lib/crater-agent-workspace/cargo-home:/opt/rustwide/cargo-home:ro,Z" "-v" "/var/lib/crater-agent-workspace/rustup-home:/opt/rustwide/rustup-home:ro,Z" "-e" "SOURCE_DIR=/opt/rustwide/workdir" "-e" "CARGO_TARGET_DIR=/opt/rustwide/target" "-e" "CARGO_INCREMENTAL=0" "-e" "RUST_BACKTRACE=full" "-e" "RUSTFLAGS=--cap-lints=warn" "-e" "RUSTDOCFLAGS=--cap-lints=warn" "-e" "CARGO_HOME=/opt/rustwide/cargo-home" "-e" "RUSTUP_HOME=/opt/rustwide/rustup-home" "-w" "/opt/rustwide/workdir" "-m" "1610612736" "--user" "0:0" "--network" "none" "ghcr.io/rust-lang/crates-build-env/linux@sha256:2788e3201cd34a07e3172128adcd8b3090168a8e3bcc40d7c032b9dda1df7d1c" "/opt/rustwide/cargo-home/bin/cargo" "+1.75.0" "test" "--frozen" "--no-run" "--message-format=json", kill_on_drop: false }`
[INFO] [stdout] dcd2baefc23b0d665b55bab76bfb5646c881b358c484ade0b544b62429420823
[INFO] running `Command { std: "docker" "start" "-a" "dcd2baefc23b0d665b55bab76bfb5646c881b358c484ade0b544b62429420823", kill_on_drop: false }`
[INFO] [stderr]    Compiling hashbrown v0.14.3
[INFO] [stderr]    Compiling serde v1.0.194
[INFO] [stderr]    Compiling anyhow v1.0.79
[INFO] [stderr]    Compiling semver v1.0.21
[INFO] [stderr]    Compiling id-arena v2.2.1
[INFO] [stderr]    Compiling heck v0.4.1
[INFO] [stderr]    Compiling wasmtime-component-util v15.0.1
[INFO] [stderr]    Compiling syn v2.0.48
[INFO] [stderr]    Compiling indexmap v2.1.0
[INFO] [stderr]    Compiling serde_json v1.0.111
[INFO] [stderr]    Compiling serde_derive v1.0.194
[INFO] [stderr]    Compiling tracing-attributes v0.1.27
[INFO] [stderr]    Compiling tracing v0.1.40
[INFO] [stderr]    Compiling wit-parser v0.13.0
[INFO] [stderr]    Compiling wasmtime-wit-bindgen v15.0.1
[INFO] [stderr]    Compiling wasmtime-component-macro v15.0.1 (/opt/rustwide/workdir)
[INFO] [stdout] error[E0433]: failed to resolve: use of undeclared crate or module `wasmtime`
[INFO] [stdout]   --> tests/codegen.rs:30:9
[INFO] [stdout]    |
[INFO] [stdout] 30 |     use wasmtime::component::Resource;
[INFO] [stdout]    |         ^^^^^^^^ use of undeclared crate or module `wasmtime`
[INFO] [stdout] 
[INFO] [stdout] 
[INFO] [stdout] error[E0433]: failed to resolve: use of undeclared crate or module `wasmtime`
[INFO] [stdout]    --> tests/codegen.rs:111:5
[INFO] [stdout]     |
[INFO] [stdout] 111 |     wasmtime::component::bindgen!({
[INFO] [stdout]     |     ^^^^^^^^ use of undeclared crate or module `wasmtime`
[INFO] [stdout] 
[INFO] [stdout] 
[INFO] [stdout] error[E0433]: failed to resolve: use of undeclared crate or module `wasmtime`
[INFO] [stdout]   --> tests/codegen.rs:32:5
[INFO] [stdout]    |
[INFO] [stdout] 32 |     wasmtime::component::bindgen!({
[INFO] [stdout]    |     ^^^^^^^^ use of undeclared crate or module `wasmtime`
[INFO] [stdout] 
[INFO] [stdout] 
[INFO] [stdout] error[E0433]: failed to resolve: use of undeclared crate or module `component_macro_test_helpers`
[INFO] [stdout]   --> tests/codegen.rs:26:1
[INFO] [stdout]    |
[INFO] [stdout] 26 | component_macro_test_helpers::foreach!(gentest);
[INFO] [stdout]    | ^^^^^^^^^^^^^^^^^^^^^^^^^^^^ use of undeclared crate or module `component_macro_test_helpers`
[INFO] [stdout] 
[INFO] [stdout] 
[INFO] [stdout] error[E0433]: failed to resolve: use of undeclared crate or module `demo`
[INFO] [stdout]   --> tests/codegen.rs:95:10
[INFO] [stdout]    |
[INFO] [stdout] 95 |     impl demo::pkg::bar::Host for MyComponent {}
[INFO] [stdout]    |          ^^^^ use of undeclared crate or module `demo`
[INFO] [stdout] 
[INFO] [stdout] 
[INFO] [stdout] error[E0433]: failed to resolve: use of undeclared crate or module `demo`
[INFO] [stdout]   --> tests/codegen.rs:97:10
[INFO] [stdout]    |
[INFO] [stdout] 97 |     impl demo::pkg::bar::HostA for MyComponent {
[INFO] [stdout]    |          ^^^^ use of undeclared crate or module `demo`
[INFO] [stdout] 
[INFO] [stdout] 
[INFO] [stdout] error[E0433]: failed to resolve: use of undeclared crate or module `demo`
[INFO] [stdout]    --> tests/codegen.rs:103:10
[INFO] [stdout]     |
[INFO] [stdout] 103 |     impl demo::pkg::bar::HostB for MyComponent {
[INFO] [stdout]     |          ^^^^ use of undeclared crate or module `demo`
[INFO] [stdout] 
[INFO] [stdout] 
[INFO] [stdout] error[E0405]: cannot find trait `FooImports` in this scope
[INFO] [stdout]   --> tests/codegen.rs:67:10
[INFO] [stdout]    |
[INFO] [stdout] 67 |     impl FooImports for MyComponent {}
[INFO] [stdout]    |          ^^^^^^^^^^ not found in this scope
[INFO] [stdout] 
[INFO] [stdout] 
[INFO] [stdout] error[E0405]: cannot find trait `HostA` in this scope
[INFO] [stdout]   --> tests/codegen.rs:69:10
[INFO] [stdout]    |
[INFO] [stdout] 69 |     impl HostA for MyComponent {
[INFO] [stdout]    |          ^^^^^ not found in this scope
[INFO] [stdout] 
[INFO] [stdout] 
[INFO] [stdout] error[E0405]: cannot find trait `HostB` in this scope
[INFO] [stdout]   --> tests/codegen.rs:75:10
[INFO] [stdout]    |
[INFO] [stdout] 75 |     impl HostB for MyComponent {
[INFO] [stdout]    |          ^^^^^ not found in this scope
[INFO] [stdout] 
[INFO] [stdout] 
[INFO] [stdout] warning: unused macro definition: `gentest`
[INFO] [stdout]  --> tests/codegen.rs:1:14
[INFO] [stdout]   |
[INFO] [stdout] 1 | macro_rules! gentest {
[INFO] [stdout]   |              ^^^^^^^
[INFO] [stdout]   |
[INFO] [stdout]   = note: `#[warn(unused_macros)]` on by default
[INFO] [stdout] 
[INFO] [stdout] 
[INFO] [stdout] error[E0433]: failed to resolve: use of undeclared crate or module `foo`
[INFO] [stdout]   --> tests/codegen.rs:81:10
[INFO] [stdout]    |
[INFO] [stdout] 81 |     impl foo::Host for MyComponent {}
[INFO] [stdout]    |          ^^^ use of undeclared crate or module `foo`
[INFO] [stdout] 
[INFO] [stdout] 
[INFO] [stdout] error[E0433]: failed to resolve: use of undeclared crate or module `foo`
[INFO] [stdout]   --> tests/codegen.rs:83:10
[INFO] [stdout]    |
[INFO] [stdout] 83 |     impl foo::HostA for MyComponent {
[INFO] [stdout]    |          ^^^ use of undeclared crate or module `foo`
[INFO] [stdout] 
[INFO] [stdout] 
[INFO] [stdout] error[E0433]: failed to resolve: use of undeclared crate or module `foo`
[INFO] [stdout]   --> tests/codegen.rs:89:10
[INFO] [stdout]    |
[INFO] [stdout] 89 |     impl foo::HostB for MyComponent {
[INFO] [stdout]    |          ^^^ use of undeclared crate or module `foo`
[INFO] [stdout] 
[INFO] [stdout] 
[INFO] [stdout] error: aborting due to 13 previous errors; 1 warning emitted
[INFO] [stdout] 
[INFO] [stdout] 
[INFO] [stdout] Some errors have detailed explanations: E0405, E0433.
[INFO] [stdout] 
[INFO] [stdout] For more information about an error, try `rustc --explain E0405`.
[INFO] [stdout] 
[INFO] [stderr] error: could not compile `wasmtime-component-macro` (test "codegen") due to 14 previous errors; 1 warning emitted
[INFO] running `Command { std: "docker" "inspect" "dcd2baefc23b0d665b55bab76bfb5646c881b358c484ade0b544b62429420823", kill_on_drop: false }`
[INFO] running `Command { std: "docker" "rm" "-f" "dcd2baefc23b0d665b55bab76bfb5646c881b358c484ade0b544b62429420823", kill_on_drop: false }`
[INFO] [stdout] dcd2baefc23b0d665b55bab76bfb5646c881b358c484ade0b544b62429420823
