[INFO] fetching crate wasmer-wit-parser 0.1.1...
[INFO] testing wasmer-wit-parser-0.1.1 against 1.75.0 for beta-1.76-1
[INFO] extracting crate wasmer-wit-parser 0.1.1 into /workspace/builds/worker-3-tc1/source
[INFO] validating manifest of crates.io crate wasmer-wit-parser 0.1.1 on toolchain 1.75.0
[INFO] running `Command { std: CARGO_HOME="/workspace/cargo-home" RUSTUP_HOME="/workspace/rustup-home" "/workspace/cargo-home/bin/cargo" "+1.75.0" "metadata" "--manifest-path" "Cargo.toml" "--no-deps", kill_on_drop: false }`
[INFO] started tweaking crates.io crate wasmer-wit-parser 0.1.1
[INFO] removed 0 missing tests
[INFO] finished tweaking crates.io crate wasmer-wit-parser 0.1.1
[INFO] tweaked toml for crates.io crate wasmer-wit-parser 0.1.1 written to /workspace/builds/worker-3-tc1/source/Cargo.toml
[INFO] running `Command { std: CARGO_HOME="/workspace/cargo-home" RUSTUP_HOME="/workspace/rustup-home" "/workspace/cargo-home/bin/cargo" "+1.75.0" "generate-lockfile" "--manifest-path" "Cargo.toml", kill_on_drop: false }`
[INFO] [stderr]     Updating crates.io index
[INFO] running `Command { std: CARGO_HOME="/workspace/cargo-home" RUSTUP_HOME="/workspace/rustup-home" "/workspace/cargo-home/bin/cargo" "+1.75.0" "fetch" "--manifest-path" "Cargo.toml", kill_on_drop: false }`
[INFO] [stderr]  Downloading crates ...
[INFO] [stderr]   Downloaded wast v33.0.0
[INFO] running `Command { std: "docker" "create" "-v" "/var/lib/crater-agent-workspace/builds/worker-3-tc1/target:/opt/rustwide/target:rw,Z" "-v" "/var/lib/crater-agent-workspace/builds/worker-3-tc1/source:/opt/rustwide/workdir:ro,Z" "-v" "/var/lib/crater-agent-workspace/cargo-home:/opt/rustwide/cargo-home:ro,Z" "-v" "/var/lib/crater-agent-workspace/rustup-home:/opt/rustwide/rustup-home:ro,Z" "-e" "SOURCE_DIR=/opt/rustwide/workdir" "-e" "CARGO_TARGET_DIR=/opt/rustwide/target" "-e" "CARGO_HOME=/opt/rustwide/cargo-home" "-e" "RUSTUP_HOME=/opt/rustwide/rustup-home" "-w" "/opt/rustwide/workdir" "-m" "1610612736" "--user" "0:0" "--network" "none" "ghcr.io/rust-lang/crates-build-env/linux@sha256:2788e3201cd34a07e3172128adcd8b3090168a8e3bcc40d7c032b9dda1df7d1c" "/opt/rustwide/cargo-home/bin/cargo" "+1.75.0" "metadata" "--no-deps" "--format-version=1", kill_on_drop: false }`
[INFO] [stdout] 9fa84f406a2e8b7fe66914bacda26789510900b5260e693416d06009e74d8483
[INFO] running `Command { std: "docker" "start" "-a" "9fa84f406a2e8b7fe66914bacda26789510900b5260e693416d06009e74d8483", kill_on_drop: false }`
[INFO] running `Command { std: "docker" "inspect" "9fa84f406a2e8b7fe66914bacda26789510900b5260e693416d06009e74d8483", kill_on_drop: false }`
[INFO] running `Command { std: "docker" "rm" "-f" "9fa84f406a2e8b7fe66914bacda26789510900b5260e693416d06009e74d8483", kill_on_drop: false }`
[INFO] [stdout] 9fa84f406a2e8b7fe66914bacda26789510900b5260e693416d06009e74d8483
[INFO] running `Command { std: "docker" "create" "-v" "/var/lib/crater-agent-workspace/builds/worker-3-tc1/target:/opt/rustwide/target:rw,Z" "-v" "/var/lib/crater-agent-workspace/builds/worker-3-tc1/source:/opt/rustwide/workdir:ro,Z" "-v" "/var/lib/crater-agent-workspace/cargo-home:/opt/rustwide/cargo-home:ro,Z" "-v" "/var/lib/crater-agent-workspace/rustup-home:/opt/rustwide/rustup-home:ro,Z" "-e" "SOURCE_DIR=/opt/rustwide/workdir" "-e" "CARGO_TARGET_DIR=/opt/rustwide/target" "-e" "CARGO_INCREMENTAL=0" "-e" "RUST_BACKTRACE=full" "-e" "RUSTFLAGS=--cap-lints=warn" "-e" "RUSTDOCFLAGS=--cap-lints=warn" "-e" "CARGO_HOME=/opt/rustwide/cargo-home" "-e" "RUSTUP_HOME=/opt/rustwide/rustup-home" "-w" "/opt/rustwide/workdir" "-m" "1610612736" "--user" "0:0" "--network" "none" "ghcr.io/rust-lang/crates-build-env/linux@sha256:2788e3201cd34a07e3172128adcd8b3090168a8e3bcc40d7c032b9dda1df7d1c" "/opt/rustwide/cargo-home/bin/cargo" "+1.75.0" "build" "--frozen" "--message-format=json", kill_on_drop: false }`
[INFO] [stdout] 53e754f6a3def1dcb17808523999cf090b1b19b95fd2468b97efa14d8d1c740b
[INFO] running `Command { std: "docker" "start" "-a" "53e754f6a3def1dcb17808523999cf090b1b19b95fd2468b97efa14d8d1c740b", kill_on_drop: false }`
[INFO] [stderr]    Compiling unicase v2.7.0
[INFO] [stderr]    Compiling pulldown-cmark v0.8.0
[INFO] [stderr]    Compiling unicode-xid v0.2.4
[INFO] [stderr]    Compiling unicode-normalization v0.1.22
[INFO] [stderr]    Compiling wasmer-wit-parser v0.1.1 (/opt/rustwide/workdir)
[INFO] [stderr]     Finished dev [unoptimized + debuginfo] target(s) in 2.44s
[INFO] running `Command { std: "docker" "inspect" "53e754f6a3def1dcb17808523999cf090b1b19b95fd2468b97efa14d8d1c740b", kill_on_drop: false }`
[INFO] running `Command { std: "docker" "rm" "-f" "53e754f6a3def1dcb17808523999cf090b1b19b95fd2468b97efa14d8d1c740b", kill_on_drop: false }`
[INFO] [stdout] 53e754f6a3def1dcb17808523999cf090b1b19b95fd2468b97efa14d8d1c740b
[INFO] running `Command { std: "docker" "create" "-v" "/var/lib/crater-agent-workspace/builds/worker-3-tc1/target:/opt/rustwide/target:rw,Z" "-v" "/var/lib/crater-agent-workspace/builds/worker-3-tc1/source:/opt/rustwide/workdir:ro,Z" "-v" "/var/lib/crater-agent-workspace/cargo-home:/opt/rustwide/cargo-home:ro,Z" "-v" "/var/lib/crater-agent-workspace/rustup-home:/opt/rustwide/rustup-home:ro,Z" "-e" "SOURCE_DIR=/opt/rustwide/workdir" "-e" "CARGO_TARGET_DIR=/opt/rustwide/target" "-e" "CARGO_INCREMENTAL=0" "-e" "RUST_BACKTRACE=full" "-e" "RUSTFLAGS=--cap-lints=warn" "-e" "RUSTDOCFLAGS=--cap-lints=warn" "-e" "CARGO_HOME=/opt/rustwide/cargo-home" "-e" "RUSTUP_HOME=/opt/rustwide/rustup-home" "-w" "/opt/rustwide/workdir" "-m" "1610612736" "--user" "0:0" "--network" "none" "ghcr.io/rust-lang/crates-build-env/linux@sha256:2788e3201cd34a07e3172128adcd8b3090168a8e3bcc40d7c032b9dda1df7d1c" "/opt/rustwide/cargo-home/bin/cargo" "+1.75.0" "test" "--frozen" "--no-run" "--message-format=json", kill_on_drop: false }`
[INFO] [stdout] 9688da1bd30443da1e1afff9545fdd8f602557cd1e4cfb968feee713d9f34f3f
[INFO] running `Command { std: "docker" "start" "-a" "9688da1bd30443da1e1afff9545fdd8f602557cd1e4cfb968feee713d9f34f3f", kill_on_drop: false }`
[INFO] [stderr]    Compiling crossbeam-utils v0.8.18
[INFO] [stderr]    Compiling serde v1.0.194
[INFO] [stderr]    Compiling rayon-core v1.12.0
[INFO] [stderr]    Compiling either v1.9.0
[INFO] [stderr]    Compiling serde_derive v1.0.194
[INFO] [stderr]    Compiling crossbeam-epoch v0.9.17
[INFO] [stderr]    Compiling crossbeam-deque v0.8.4
[INFO] [stderr]    Compiling rayon v1.8.0
[INFO] [stderr]    Compiling serde_json v1.0.111
[INFO] [stderr]    Compiling wasmer-wit-parser v0.1.1 (/opt/rustwide/workdir)
[INFO] [stdout] error[E0433]: failed to resolve: use of undeclared crate or module `wit_parser`
[INFO] [stdout]    --> tests/all.rs:280:31
[INFO] [stdout]     |
[INFO] [stdout] 280 |     fn translate_typedef(ty: &wit_parser::TypeDef) -> Type {
[INFO] [stdout]     |                               ^^^^^^^^^^ use of undeclared crate or module `wit_parser`
[INFO] [stdout] 
[INFO] [stdout] 
[INFO] [stdout] error[E0433]: failed to resolve: use of undeclared crate or module `wit_parser`
[INFO] [stdout]    --> tests/all.rs:323:28
[INFO] [stdout]     |
[INFO] [stdout] 323 |     fn translate_type(ty: &wit_parser::Type) -> String {
[INFO] [stdout]     |                            ^^^^^^^^^^ use of undeclared crate or module `wit_parser`
[INFO] [stdout] 
[INFO] [stdout] 
[INFO] [stdout] error: aborting due to 2 previous errors
[INFO] [stdout] 
[INFO] [stdout] 
[INFO] [stdout] For more information about this error, try `rustc --explain E0433`.
[INFO] [stdout] 
[INFO] [stderr] error: could not compile `wasmer-wit-parser` (test "all") due to 3 previous errors
[INFO] [stderr] warning: build failed, waiting for other jobs to finish...
[INFO] running `Command { std: "docker" "inspect" "9688da1bd30443da1e1afff9545fdd8f602557cd1e4cfb968feee713d9f34f3f", kill_on_drop: false }`
[INFO] running `Command { std: "docker" "rm" "-f" "9688da1bd30443da1e1afff9545fdd8f602557cd1e4cfb968feee713d9f34f3f", kill_on_drop: false }`
[INFO] [stdout] 9688da1bd30443da1e1afff9545fdd8f602557cd1e4cfb968feee713d9f34f3f
[INFO] testing wasmer-wit-parser-0.1.1 against beta-2023-12-22 for beta-1.76-1
[INFO] extracting crate wasmer-wit-parser 0.1.1 into /workspace/builds/worker-3-tc2/source
[INFO] validating manifest of crates.io crate wasmer-wit-parser 0.1.1 on toolchain beta-2023-12-22
[INFO] running `Command { std: CARGO_HOME="/workspace/cargo-home" RUSTUP_HOME="/workspace/rustup-home" "/workspace/cargo-home/bin/cargo" "+beta-2023-12-22" "metadata" "--manifest-path" "Cargo.toml" "--no-deps", kill_on_drop: false }`
[INFO] started tweaking crates.io crate wasmer-wit-parser 0.1.1
[INFO] removed 0 missing tests
[INFO] finished tweaking crates.io crate wasmer-wit-parser 0.1.1
[INFO] tweaked toml for crates.io crate wasmer-wit-parser 0.1.1 written to /workspace/builds/worker-3-tc2/source/Cargo.toml
[INFO] running `Command { std: CARGO_HOME="/workspace/cargo-home" RUSTUP_HOME="/workspace/rustup-home" "/workspace/cargo-home/bin/cargo" "+beta-2023-12-22" "generate-lockfile" "--manifest-path" "Cargo.toml", kill_on_drop: false }`
[INFO] [stderr]     Updating crates.io index
[INFO] running `Command { std: CARGO_HOME="/workspace/cargo-home" RUSTUP_HOME="/workspace/rustup-home" "/workspace/cargo-home/bin/cargo" "+beta-2023-12-22" "fetch" "--manifest-path" "Cargo.toml", kill_on_drop: false }`
[INFO] running `Command { std: "docker" "create" "-v" "/var/lib/crater-agent-workspace/builds/worker-3-tc2/target:/opt/rustwide/target:rw,Z" "-v" "/var/lib/crater-agent-workspace/builds/worker-3-tc2/source:/opt/rustwide/workdir:ro,Z" "-v" "/var/lib/crater-agent-workspace/cargo-home:/opt/rustwide/cargo-home:ro,Z" "-v" "/var/lib/crater-agent-workspace/rustup-home:/opt/rustwide/rustup-home:ro,Z" "-e" "SOURCE_DIR=/opt/rustwide/workdir" "-e" "CARGO_TARGET_DIR=/opt/rustwide/target" "-e" "CARGO_HOME=/opt/rustwide/cargo-home" "-e" "RUSTUP_HOME=/opt/rustwide/rustup-home" "-w" "/opt/rustwide/workdir" "-m" "1610612736" "--user" "0:0" "--network" "none" "ghcr.io/rust-lang/crates-build-env/linux@sha256:2788e3201cd34a07e3172128adcd8b3090168a8e3bcc40d7c032b9dda1df7d1c" "/opt/rustwide/cargo-home/bin/cargo" "+beta-2023-12-22" "metadata" "--no-deps" "--format-version=1", kill_on_drop: false }`
[INFO] [stdout] b85b9f6cf8dc432e324350db2f044bc9bc4b6bb83e952cf77e0ff83a6e40503d
[INFO] running `Command { std: "docker" "start" "-a" "b85b9f6cf8dc432e324350db2f044bc9bc4b6bb83e952cf77e0ff83a6e40503d", kill_on_drop: false }`
[INFO] running `Command { std: "docker" "inspect" "b85b9f6cf8dc432e324350db2f044bc9bc4b6bb83e952cf77e0ff83a6e40503d", kill_on_drop: false }`
[INFO] running `Command { std: "docker" "rm" "-f" "b85b9f6cf8dc432e324350db2f044bc9bc4b6bb83e952cf77e0ff83a6e40503d", kill_on_drop: false }`
[INFO] [stdout] b85b9f6cf8dc432e324350db2f044bc9bc4b6bb83e952cf77e0ff83a6e40503d
[INFO] running `Command { std: "docker" "create" "-v" "/var/lib/crater-agent-workspace/builds/worker-3-tc2/target:/opt/rustwide/target:rw,Z" "-v" "/var/lib/crater-agent-workspace/builds/worker-3-tc2/source:/opt/rustwide/workdir:ro,Z" "-v" "/var/lib/crater-agent-workspace/cargo-home:/opt/rustwide/cargo-home:ro,Z" "-v" "/var/lib/crater-agent-workspace/rustup-home:/opt/rustwide/rustup-home:ro,Z" "-e" "SOURCE_DIR=/opt/rustwide/workdir" "-e" "CARGO_TARGET_DIR=/opt/rustwide/target" "-e" "CARGO_INCREMENTAL=0" "-e" "RUST_BACKTRACE=full" "-e" "RUSTFLAGS=--cap-lints=warn" "-e" "RUSTDOCFLAGS=--cap-lints=warn" "-e" "CARGO_HOME=/opt/rustwide/cargo-home" "-e" "RUSTUP_HOME=/opt/rustwide/rustup-home" "-w" "/opt/rustwide/workdir" "-m" "1610612736" "--user" "0:0" "--network" "none" "ghcr.io/rust-lang/crates-build-env/linux@sha256:2788e3201cd34a07e3172128adcd8b3090168a8e3bcc40d7c032b9dda1df7d1c" "/opt/rustwide/cargo-home/bin/cargo" "+beta-2023-12-22" "build" "--frozen" "--message-format=json", kill_on_drop: false }`
[INFO] [stdout] 43709bf8f6337a1e32a7bcd6130af34a73a76a36bd96368e78b339af14c5959e
[INFO] running `Command { std: "docker" "start" "-a" "43709bf8f6337a1e32a7bcd6130af34a73a76a36bd96368e78b339af14c5959e", kill_on_drop: false }`
[INFO] [stderr]    Compiling unicase v2.7.0
[INFO] [stderr]    Compiling pulldown-cmark v0.8.0
[INFO] [stderr]    Compiling unicode-xid v0.2.4
[INFO] [stderr]    Compiling unicode-normalization v0.1.22
[INFO] [stderr]    Compiling wasmer-wit-parser v0.1.1 (/opt/rustwide/workdir)
[INFO] [stderr]     Finished dev [unoptimized + debuginfo] target(s) in 2.09s
[INFO] running `Command { std: "docker" "inspect" "43709bf8f6337a1e32a7bcd6130af34a73a76a36bd96368e78b339af14c5959e", kill_on_drop: false }`
[INFO] running `Command { std: "docker" "rm" "-f" "43709bf8f6337a1e32a7bcd6130af34a73a76a36bd96368e78b339af14c5959e", kill_on_drop: false }`
[INFO] [stdout] 43709bf8f6337a1e32a7bcd6130af34a73a76a36bd96368e78b339af14c5959e
[INFO] running `Command { std: "docker" "create" "-v" "/var/lib/crater-agent-workspace/builds/worker-3-tc2/target:/opt/rustwide/target:rw,Z" "-v" "/var/lib/crater-agent-workspace/builds/worker-3-tc2/source:/opt/rustwide/workdir:ro,Z" "-v" "/var/lib/crater-agent-workspace/cargo-home:/opt/rustwide/cargo-home:ro,Z" "-v" "/var/lib/crater-agent-workspace/rustup-home:/opt/rustwide/rustup-home:ro,Z" "-e" "SOURCE_DIR=/opt/rustwide/workdir" "-e" "CARGO_TARGET_DIR=/opt/rustwide/target" "-e" "CARGO_INCREMENTAL=0" "-e" "RUST_BACKTRACE=full" "-e" "RUSTFLAGS=--cap-lints=warn" "-e" "RUSTDOCFLAGS=--cap-lints=warn" "-e" "CARGO_HOME=/opt/rustwide/cargo-home" "-e" "RUSTUP_HOME=/opt/rustwide/rustup-home" "-w" "/opt/rustwide/workdir" "-m" "1610612736" "--user" "0:0" "--network" "none" "ghcr.io/rust-lang/crates-build-env/linux@sha256:2788e3201cd34a07e3172128adcd8b3090168a8e3bcc40d7c032b9dda1df7d1c" "/opt/rustwide/cargo-home/bin/cargo" "+beta-2023-12-22" "test" "--frozen" "--no-run" "--message-format=json", kill_on_drop: false }`
[INFO] [stdout] cb86b37c1646bdcf7e03646e3a5679c4959df7560c0d5e408327d96c217583d4
[INFO] running `Command { std: "docker" "start" "-a" "cb86b37c1646bdcf7e03646e3a5679c4959df7560c0d5e408327d96c217583d4", kill_on_drop: false }`
[INFO] [stderr]    Compiling crossbeam-utils v0.8.18
[INFO] [stderr]    Compiling serde v1.0.194
[INFO] [stderr]    Compiling rayon-core v1.12.0
[INFO] [stderr]    Compiling either v1.9.0
[INFO] [stderr]    Compiling serde_derive v1.0.194
[INFO] [stderr]    Compiling crossbeam-epoch v0.9.17
[INFO] [stderr]    Compiling crossbeam-deque v0.8.4
[INFO] [stderr]    Compiling rayon v1.8.0
[INFO] [stderr]    Compiling serde_json v1.0.111
[INFO] [stderr]    Compiling wasmer-wit-parser v0.1.1 (/opt/rustwide/workdir)
[INFO] [stdout] error[E0433]: failed to resolve: use of undeclared crate or module `wit_parser`
[INFO] [stdout]    --> tests/all.rs:280:31
[INFO] [stdout]     |
[INFO] [stdout] 280 |     fn translate_typedef(ty: &wit_parser::TypeDef) -> Type {
[INFO] [stdout]     |                               ^^^^^^^^^^ use of undeclared crate or module `wit_parser`
[INFO] [stdout] 
[INFO] [stdout] 
[INFO] [stdout] error[E0433]: failed to resolve: use of undeclared crate or module `wit_parser`
[INFO] [stdout]    --> tests/all.rs:323:28
[INFO] [stdout]     |
[INFO] [stdout] 323 |     fn translate_type(ty: &wit_parser::Type) -> String {
[INFO] [stdout]     |                            ^^^^^^^^^^ use of undeclared crate or module `wit_parser`
[INFO] [stdout] 
[INFO] [stdout] 
[INFO] [stdout] error: aborting due to 2 previous errors
[INFO] [stdout] 
[INFO] [stdout] 
[INFO] [stdout] For more information about this error, try `rustc --explain E0433`.
[INFO] [stdout] 
[INFO] [stderr] error: could not compile `wasmer-wit-parser` (test "all") due to 3 previous errors
[INFO] [stderr] warning: build failed, waiting for other jobs to finish...
[INFO] running `Command { std: "docker" "inspect" "cb86b37c1646bdcf7e03646e3a5679c4959df7560c0d5e408327d96c217583d4", kill_on_drop: false }`
[INFO] running `Command { std: "docker" "rm" "-f" "cb86b37c1646bdcf7e03646e3a5679c4959df7560c0d5e408327d96c217583d4", kill_on_drop: false }`
[INFO] [stdout] cb86b37c1646bdcf7e03646e3a5679c4959df7560c0d5e408327d96c217583d4
