[INFO] fetching crate wasmer-wasix 0.17.0...
[INFO] testing wasmer-wasix-0.17.0 against 1.75.0 for beta-1.76-1
[INFO] extracting crate wasmer-wasix 0.17.0 into /workspace/builds/worker-0-tc1/source
[INFO] validating manifest of crates.io crate wasmer-wasix 0.17.0 on toolchain 1.75.0
[INFO] running `Command { std: CARGO_HOME="/workspace/cargo-home" RUSTUP_HOME="/workspace/rustup-home" "/workspace/cargo-home/bin/cargo" "+1.75.0" "metadata" "--manifest-path" "Cargo.toml" "--no-deps", kill_on_drop: false }`
[INFO] started tweaking crates.io crate wasmer-wasix 0.17.0
[INFO] finished tweaking crates.io crate wasmer-wasix 0.17.0
[INFO] tweaked toml for crates.io crate wasmer-wasix 0.17.0 written to /workspace/builds/worker-0-tc1/source/Cargo.toml
[INFO] running `Command { std: CARGO_HOME="/workspace/cargo-home" RUSTUP_HOME="/workspace/rustup-home" "/workspace/cargo-home/bin/cargo" "+1.75.0" "generate-lockfile" "--manifest-path" "Cargo.toml", kill_on_drop: false }`
[INFO] [stderr]     Updating crates.io index
[INFO] running `Command { std: CARGO_HOME="/workspace/cargo-home" RUSTUP_HOME="/workspace/rustup-home" "/workspace/cargo-home/bin/cargo" "+1.75.0" "fetch" "--manifest-path" "Cargo.toml", kill_on_drop: false }`
[INFO] [stderr]  Downloading crates ...
[INFO] [stderr]   Downloaded wasmer-derive v4.2.4
[INFO] [stderr]   Downloaded wasmer v4.2.4
[INFO] [stderr]   Downloaded cranelift-codegen-shared v0.91.1
[INFO] [stderr]   Downloaded wai-bindgen-rust-impl v0.2.3
[INFO] [stderr]   Downloaded wcgi-host v0.1.2
[INFO] [stderr]   Downloaded wai-bindgen-wasmer-impl v0.2.3
[INFO] [stderr]   Downloaded wcgi v0.1.2
[INFO] [stderr]   Downloaded virtual-mio v0.3.0
[INFO] [stderr]   Downloaded wai-bindgen-gen-core v0.2.3
[INFO] [stderr]   Downloaded wai-bindgen-gen-rust v0.2.3
[INFO] [stderr]   Downloaded wasmer-toml v0.9.2
[INFO] [stderr]   Downloaded wat v1.0.71
[INFO] [stderr]   Downloaded shared-buffer v0.1.4
[INFO] [stderr]   Downloaded cranelift-bforest v0.91.1
[INFO] [stderr]   Downloaded cranelift-frontend v0.91.1
[INFO] [stderr]   Downloaded wasmer-compiler v4.2.4
[INFO] [stderr]   Downloaded wasmer-vm v4.2.4
[INFO] [stderr]   Downloaded regalloc2 v0.5.1
[INFO] [stderr]   Downloaded wast v64.0.0
[INFO] [stderr]   Downloaded windows_i686_gnu v0.33.0
[INFO] [stderr]   Downloaded windows-sys v0.33.0
[INFO] [stderr]   Downloaded wasmer-emscripten v4.2.4
[INFO] [stderr]   Downloaded virtual-net v0.6.2
[INFO] [stderr]   Downloaded wai-bindgen-wasmer v0.17.0
[INFO] [stderr]   Downloaded wasmer-wasix-types v0.17.0
[INFO] [stderr]   Downloaded windows_i686_msvc v0.33.0
[INFO] [stderr]   Downloaded virtual-fs v0.10.0
[INFO] [stderr]   Downloaded windows_aarch64_msvc v0.33.0
[INFO] [stderr]   Downloaded windows_x86_64_msvc v0.33.0
[INFO] [stderr]   Downloaded webc v5.8.1
[INFO] [stderr]   Downloaded windows_x86_64_gnu v0.33.0
[INFO] [stderr]   Downloaded cranelift-codegen v0.91.1
[INFO] [stderr]   Downloaded any_ascii v0.1.7
[INFO] [stderr]   Downloaded cranelift-codegen-meta v0.91.1
[INFO] [stderr]   Downloaded cranelift-isle v0.91.1
[INFO] [stderr]   Downloaded wasm-encoder v0.32.0
[INFO] [stderr]   Downloaded cranelift-entity v0.91.1
[INFO] [stderr]   Downloaded wai-parser v0.2.3
[INFO] [stderr]   Downloaded corosensei v0.1.4
[INFO] [stderr]   Downloaded wasmer-types v4.2.4
[INFO] [stderr]   Downloaded wasmparser v0.95.0
[INFO] [stderr]   Downloaded wasmer-compiler-cranelift v4.2.4
[INFO] [stderr]   Downloaded rusty_pool v0.7.0
[INFO] [stderr]   Downloaded wai-bindgen-gen-wasmer v0.2.3
[INFO] [stderr]   Downloaded wai-bindgen-gen-rust-wasm v0.2.3
[INFO] [stderr]   Downloaded wai-bindgen-rust v0.2.3
[INFO] [stderr]   Downloaded cranelift-egraph v0.91.1
[INFO] [stderr]   Downloaded lexical-sort v0.3.1
[INFO] running `Command { std: "docker" "create" "-v" "/var/lib/crater-agent-workspace/builds/worker-0-tc1/target:/opt/rustwide/target:rw,Z" "-v" "/var/lib/crater-agent-workspace/builds/worker-0-tc1/source:/opt/rustwide/workdir:ro,Z" "-v" "/var/lib/crater-agent-workspace/cargo-home:/opt/rustwide/cargo-home:ro,Z" "-v" "/var/lib/crater-agent-workspace/rustup-home:/opt/rustwide/rustup-home:ro,Z" "-e" "SOURCE_DIR=/opt/rustwide/workdir" "-e" "CARGO_TARGET_DIR=/opt/rustwide/target" "-e" "CARGO_HOME=/opt/rustwide/cargo-home" "-e" "RUSTUP_HOME=/opt/rustwide/rustup-home" "-w" "/opt/rustwide/workdir" "-m" "1610612736" "--user" "0:0" "--network" "none" "ghcr.io/rust-lang/crates-build-env/linux@sha256:2788e3201cd34a07e3172128adcd8b3090168a8e3bcc40d7c032b9dda1df7d1c" "/opt/rustwide/cargo-home/bin/cargo" "+1.75.0" "metadata" "--no-deps" "--format-version=1", kill_on_drop: false }`
[INFO] [stdout] 8accfcf4bf774dd9b30067e6cbea3bed4672e3d5106e4c45ee021a03d8fb834c
[INFO] running `Command { std: "docker" "start" "-a" "8accfcf4bf774dd9b30067e6cbea3bed4672e3d5106e4c45ee021a03d8fb834c", kill_on_drop: false }`
[INFO] running `Command { std: "docker" "inspect" "8accfcf4bf774dd9b30067e6cbea3bed4672e3d5106e4c45ee021a03d8fb834c", kill_on_drop: false }`
[INFO] running `Command { std: "docker" "rm" "-f" "8accfcf4bf774dd9b30067e6cbea3bed4672e3d5106e4c45ee021a03d8fb834c", kill_on_drop: false }`
[INFO] [stdout] 8accfcf4bf774dd9b30067e6cbea3bed4672e3d5106e4c45ee021a03d8fb834c
[INFO] running `Command { std: "docker" "create" "-v" "/var/lib/crater-agent-workspace/builds/worker-0-tc1/target:/opt/rustwide/target:rw,Z" "-v" "/var/lib/crater-agent-workspace/builds/worker-0-tc1/source:/opt/rustwide/workdir:ro,Z" "-v" "/var/lib/crater-agent-workspace/cargo-home:/opt/rustwide/cargo-home:ro,Z" "-v" "/var/lib/crater-agent-workspace/rustup-home:/opt/rustwide/rustup-home:ro,Z" "-e" "SOURCE_DIR=/opt/rustwide/workdir" "-e" "CARGO_TARGET_DIR=/opt/rustwide/target" "-e" "CARGO_INCREMENTAL=0" "-e" "RUST_BACKTRACE=full" "-e" "RUSTFLAGS=--cap-lints=warn" "-e" "RUSTDOCFLAGS=--cap-lints=warn" "-e" "CARGO_HOME=/opt/rustwide/cargo-home" "-e" "RUSTUP_HOME=/opt/rustwide/rustup-home" "-w" "/opt/rustwide/workdir" "-m" "1610612736" "--user" "0:0" "--network" "none" "ghcr.io/rust-lang/crates-build-env/linux@sha256:2788e3201cd34a07e3172128adcd8b3090168a8e3bcc40d7c032b9dda1df7d1c" "/opt/rustwide/cargo-home/bin/cargo" "+1.75.0" "build" "--frozen" "--message-format=json", kill_on_drop: false }`
[INFO] [stdout] 72f138d2f5d1ba7886a892aa70daada1c81bc4e52b987a0ce727a660d5fe9211
[INFO] running `Command { std: "docker" "start" "-a" "72f138d2f5d1ba7886a892aa70daada1c81bc4e52b987a0ce727a660d5fe9211", kill_on_drop: false }`
[INFO] [stderr]    Compiling libc v0.2.151
[INFO] [stderr]    Compiling serde v1.0.194
[INFO] [stderr]    Compiling version_check v0.9.4
[INFO] [stderr]    Compiling syn v1.0.109
[INFO] [stderr]    Compiling fnv v1.0.7
[INFO] [stderr]    Compiling ident_case v1.0.1
[INFO] [stderr]    Compiling pin-project-lite v0.2.13
[INFO] [stderr]    Compiling lock_api v0.4.11
[INFO] [stderr]    Compiling scopeguard v1.2.0
[INFO] [stderr]    Compiling tinyvec_macros v0.1.1
[INFO] [stderr]    Compiling bitflags v1.3.2
[INFO] [stderr]    Compiling itoa v1.0.10
[INFO] [stderr]    Compiling slab v0.4.9
[INFO] [stderr]    Compiling syn v2.0.48
[INFO] [stderr]    Compiling futures-core v0.3.30
[INFO] [stderr]    Compiling tinyvec v1.6.0
[INFO] [stderr]    Compiling futures-sink v0.3.30
[INFO] [stderr]    Compiling indexmap v1.9.3
[INFO] [stderr]    Compiling pulldown-cmark v0.8.0
[INFO] [stderr]    Compiling winnow v0.5.32
[INFO] [stderr]    Compiling tracing-core v0.1.32
[INFO] [stderr]    Compiling futures-channel v0.3.30
[INFO] [stderr]    Compiling pin-utils v0.1.0
[INFO] [stderr]    Compiling futures-task v0.3.30
[INFO] [stderr]    Compiling futures-io v0.3.30
[INFO] [stderr]    Compiling crossbeam-utils v0.8.18
[INFO] [stderr]    Compiling unicode-xid v0.2.4
[INFO] [stderr]    Compiling bytecheck v0.6.11
[INFO] [stderr]    Compiling ahash v0.7.7
[INFO] [stderr]    Compiling unicase v2.7.0
[INFO] [stderr]    Compiling adler v1.0.2
[INFO] [stderr]    Compiling id-arena v2.2.1
[INFO] [stderr]    Compiling unicode-segmentation v1.10.1
[INFO] [stderr]    Compiling miniz_oxide v0.7.1
[INFO] [stderr]    Compiling rend v0.4.1
[INFO] [stderr]    Compiling strsim v0.10.0
[INFO] [stderr]    Compiling simdutf8 v0.1.4
[INFO] [stderr]    Compiling typenum v1.17.0
[INFO] [stderr]    Compiling spin v0.9.8
[INFO] [stderr]    Compiling generic-array v0.14.7
[INFO] [stderr]    Compiling cc v1.0.83
[INFO] [stderr]    Compiling unicode-normalization v0.1.22
[INFO] [stderr]    Compiling heck v0.3.3
[INFO] [stderr]    Compiling rkyv v0.7.43
[INFO] [stderr]    Compiling target-lexicon v0.12.13
[INFO] [stderr]    Compiling ryu v1.0.16
[INFO] [stderr]    Compiling parking_lot_core v0.9.9
[INFO] [stderr]    Compiling proc-macro-error-attr v1.0.4
[INFO] [stderr]    Compiling getrandom v0.2.11
[INFO] [stderr]    Compiling num_cpus v1.16.0
[INFO] [stderr]    Compiling mio v0.8.10
[INFO] [stderr]    Compiling socket2 v0.5.5
[INFO] [stderr]    Compiling memmap2 v0.6.2
[INFO] [stderr]    Compiling corosensei v0.1.4
[INFO] [stderr]    Compiling memoffset v0.9.0
[INFO] [stderr]    Compiling untrusted v0.9.0
[INFO] [stderr]    Compiling hashbrown v0.12.3
[INFO] [stderr]    Compiling rustix v0.38.28
[INFO] [stderr]    Compiling gimli v0.28.1
[INFO] [stderr]    Compiling seahash v4.1.0
[INFO] [stderr]    Compiling proc-macro-error v1.0.4
[INFO] [stderr]    Compiling object v0.32.2
[INFO] [stderr]    Compiling more-asserts v0.2.2
[INFO] [stderr]    Compiling wai-parser v0.2.3
[INFO] [stderr]    Compiling serde_json v1.0.111
[INFO] [stderr]    Compiling percent-encoding v2.3.1
[INFO] [stderr]    Compiling bitflags v2.4.1
[INFO] [stderr]    Compiling linux-raw-sys v0.4.12
[INFO] [stderr]    Compiling lazy_static v1.4.0
[INFO] [stderr]    Compiling rustc-demangle v0.1.23
[INFO] [stderr]    Compiling form_urlencoded v1.2.1
[INFO] [stderr]    Compiling semver v1.0.21
[INFO] [stderr]    Compiling dashmap v5.5.3
[INFO] [stderr]    Compiling region v3.0.0
[INFO] [stderr]    Compiling crossbeam-queue v0.3.10
[INFO] [stderr]    Compiling wasm-encoder v0.32.0
[INFO] [stderr]    Compiling ring v0.17.7
[INFO] [stderr]    Compiling backtrace v0.3.69
[INFO] [stderr]    Compiling indexmap v2.1.0
[INFO] [stderr]    Compiling wai-bindgen-gen-rust-wasm v0.2.3
[INFO] [stderr]    Compiling wai-bindgen-gen-core v0.2.3
[INFO] [stderr]    Compiling rustls v0.21.10
[INFO] [stderr]    Compiling httparse v1.8.0
[INFO] [stderr]    Compiling crc32fast v1.3.2
[INFO] [stderr]    Compiling unicode-width v0.1.11
[INFO] [stderr]    Compiling wai-bindgen-gen-rust v0.2.3
[INFO] [stderr]    Compiling async-trait v0.1.77
[INFO] [stderr]    Compiling base64 v0.21.5
[INFO] [stderr]    Compiling byteorder v1.5.0
[INFO] [stderr]    Compiling unicode-bidi v0.3.14
[INFO] [stderr]    Compiling toml_datetime v0.6.5
[INFO] [stderr]    Compiling wast v64.0.0
[INFO] [stderr]    Compiling block-buffer v0.10.4
[INFO] [stderr]    Compiling crypto-common v0.1.6
[INFO] [stderr]    Compiling toml_edit v0.19.15
[INFO] [stderr]    Compiling idna v0.5.0
[INFO] [stderr]    Compiling rand_core v0.6.4
[INFO] [stderr]    Compiling memmap2 v0.5.10
[INFO] [stderr]    Compiling darling_core v0.20.3
[INFO] [stderr]    Compiling unsafe-libyaml v0.2.10
[INFO] [stderr]    Compiling try-lock v0.2.5
[INFO] [stderr]    Compiling wai-bindgen-gen-wasmer v0.2.3
[INFO] [stderr]    Compiling self_cell v1.0.3
[INFO] [stderr]    Compiling half v1.8.2
[INFO] [stderr]    Compiling addr2line v0.21.0
[INFO] [stderr]    Compiling rand_chacha v0.3.1
[INFO] [stderr]    Compiling want v0.3.1
[INFO] [stderr]    Compiling darling_core v0.14.4
[INFO] [stderr]    Compiling xattr v1.2.0
[INFO] [stderr]    Compiling rustc_version v0.4.0
[INFO] [stderr]    Compiling digest v0.10.7
[INFO] [stderr]    Compiling filetime v0.2.23
[INFO] [stderr]    Compiling powerfmt v0.2.0
[INFO] [stderr]    Compiling httpdate v1.0.3
[INFO] [stderr]    Compiling same-file v1.0.6
[INFO] [stderr]    Compiling tower-service v0.3.2
[INFO] [stderr]    Compiling proc-macro-crate v1.3.1
[INFO] [stderr]    Compiling fastrand v2.0.1
[INFO] [stderr]    Compiling cpufeatures v0.2.12
[INFO] [stderr]    Compiling linked-hash-map v0.5.6
[INFO] [stderr]    Compiling any_ascii v0.1.7
[INFO] [stderr]    Compiling tempfile v3.9.0
[INFO] [stderr]    Compiling sha2 v0.10.8
[INFO] [stderr]    Compiling lexical-sort v0.3.1
[INFO] [stderr]    Compiling tar v0.4.40
[INFO] [stderr]    Compiling walkdir v2.4.0
[INFO] [stderr]    Compiling deranged v0.3.11
[INFO] [stderr]    Compiling heapless v0.7.17
[INFO] [stderr]    Compiling flate2 v1.0.28
[INFO] [stderr]    Compiling rand v0.8.5
[INFO] [stderr]    Compiling socket2 v0.4.10
[INFO] [stderr]    Compiling path-clean v1.0.1
[INFO] [stderr]    Compiling time-core v0.1.2
[INFO] [stderr]    Compiling yaml-rust v0.4.5
[INFO] [stderr]    Compiling hash32 v0.2.1
[INFO] [stderr]    Compiling time v0.3.31
[INFO] [stderr]    Compiling rustls-pemfile v1.0.4
[INFO] [stderr]    Compiling serde_derive v1.0.194
[INFO] [stderr]    Compiling thiserror-impl v1.0.56
[INFO] [stderr]    Compiling tracing-attributes v0.1.27
[INFO] [stderr]    Compiling futures-macro v0.3.30
[INFO] [stderr]    Compiling darling_macro v0.20.3
[INFO] [stderr]    Compiling tokio-macros v2.2.0
[INFO] [stderr]    Compiling pin-project-internal v1.1.3
[INFO] [stderr]    Compiling ptr_meta_derive v0.1.4
[INFO] [stderr]    Compiling bytecheck_derive v0.6.11
[INFO] [stderr]    Compiling derivative v2.2.0
[INFO] [stderr]    Compiling darling_macro v0.14.4
[INFO] [stderr]    Compiling darling v0.20.3
[INFO] [stderr]    Compiling enumset_derive v0.8.1
[INFO] [stderr]    Compiling enum-iterator-derive v0.7.0
[INFO] [stderr]    Compiling rkyv_derive v0.7.43
[INFO] [stderr]    Compiling ptr_meta v0.1.4
[INFO] [stderr]    Compiling futures-util v0.3.30
[INFO] [stderr]    Compiling sct v0.7.1
[INFO] [stderr]    Compiling rustls-webpki v0.101.7
[INFO] [stderr]    Compiling wat v1.0.71
[INFO] [stderr]    Compiling thiserror v1.0.56
[INFO] [stderr]    Compiling enum-iterator v0.7.0
[INFO] [stderr]    Compiling wasmer-derive v4.2.4
[INFO] [stderr]    Compiling wai-bindgen-rust-impl v0.2.3
[INFO] [stderr]    Compiling num_enum_derive v0.5.11
[INFO] [stderr]    Compiling darling v0.14.4
[INFO] [stderr]    Compiling tracing v0.1.40
[INFO] [stderr]    Compiling derive_builder_core v0.12.0
[INFO] [stderr]    Compiling wai-bindgen-wasmer-impl v0.2.3
[INFO] [stderr]    Compiling crossbeam-channel v0.5.10
[INFO] [stderr]    Compiling encoding_rs v0.8.33
[INFO] [stderr]    Compiling enumset v1.1.3
[INFO] [stderr]    Compiling fs_extra v1.3.0
[INFO] [stderr]    Compiling replace_with v0.1.7
[INFO] [stderr]    Compiling webpki-roots v0.25.3
[INFO] [stderr]    Compiling mime v0.3.17
[INFO] [stderr]    Compiling fixedbitset v0.4.2
[INFO] [stderr]    Compiling ipnet v2.9.0
[INFO] [stderr]    Compiling stable_deref_trait v1.2.0
[INFO] [stderr]    Compiling pin-project v1.1.3
[INFO] [stderr]    Compiling linked_hash_set v0.1.4
[INFO] [stderr]    Compiling term_size v0.3.2
[INFO] [stderr]    Compiling derive_builder_macro v0.12.0
[INFO] [stderr]    Compiling termios v0.3.3
[INFO] [stderr]    Compiling waker-fn v1.1.1
[INFO] [stderr]    Compiling hex v0.4.3
[INFO] [stderr]    Compiling cooked-waker v5.0.0
[INFO] [stderr]    Compiling urlencoding v2.1.3
[INFO] [stderr] error: could not compile `wast` (lib)
[INFO] [stderr] 
[INFO] [stderr] Caused by:
[INFO] [stderr]   process didn't exit successfully: `/opt/rustwide/rustup-home/toolchains/1.75.0-x86_64-unknown-linux-gnu/bin/rustc --crate-name wast --edition=2021 /opt/rustwide/cargo-home/registry/src/index.crates.io-6f17d22bba15001f/wast-64.0.0/src/lib.rs --error-format=json --json=diagnostic-rendered-ansi,artifacts,future-incompat --crate-type lib --emit=dep-info,metadata,link -C embed-bitcode=no -C debuginfo=2 --cfg 'feature="default"' --cfg 'feature="wasm-module"' -C metadata=6b519f2da38a630d -C extra-filename=-6b519f2da38a630d --out-dir /opt/rustwide/target/debug/deps -L dependency=/opt/rustwide/target/debug/deps --extern leb128=/opt/rustwide/target/debug/deps/libleb128-fa96e8afb3197617.rmeta --extern memchr=/opt/rustwide/target/debug/deps/libmemchr-94009dd89ebb9d8d.rmeta --extern unicode_width=/opt/rustwide/target/debug/deps/libunicode_width-a645f17db2f885de.rmeta --extern wasm_encoder=/opt/rustwide/target/debug/deps/libwasm_encoder-542af0cd768fff5b.rmeta --cap-lints allow --cap-lints=warn` (signal: 9, SIGKILL: kill)
[INFO] [stderr] warning: build failed, waiting for other jobs to finish...
[INFO] running `Command { std: "docker" "inspect" "72f138d2f5d1ba7886a892aa70daada1c81bc4e52b987a0ce727a660d5fe9211", kill_on_drop: false }`
[INFO] running `Command { std: "docker" "rm" "-f" "72f138d2f5d1ba7886a892aa70daada1c81bc4e52b987a0ce727a660d5fe9211", kill_on_drop: false }`
[INFO] [stdout] 72f138d2f5d1ba7886a892aa70daada1c81bc4e52b987a0ce727a660d5fe9211
[INFO] testing wasmer-wasix-0.17.0 against beta-2023-12-22 for beta-1.76-1
[INFO] extracting crate wasmer-wasix 0.17.0 into /workspace/builds/worker-0-tc2/source
[INFO] validating manifest of crates.io crate wasmer-wasix 0.17.0 on toolchain beta-2023-12-22
[INFO] running `Command { std: CARGO_HOME="/workspace/cargo-home" RUSTUP_HOME="/workspace/rustup-home" "/workspace/cargo-home/bin/cargo" "+beta-2023-12-22" "metadata" "--manifest-path" "Cargo.toml" "--no-deps", kill_on_drop: false }`
[INFO] started tweaking crates.io crate wasmer-wasix 0.17.0
[INFO] finished tweaking crates.io crate wasmer-wasix 0.17.0
[INFO] tweaked toml for crates.io crate wasmer-wasix 0.17.0 written to /workspace/builds/worker-0-tc2/source/Cargo.toml
[INFO] running `Command { std: CARGO_HOME="/workspace/cargo-home" RUSTUP_HOME="/workspace/rustup-home" "/workspace/cargo-home/bin/cargo" "+beta-2023-12-22" "generate-lockfile" "--manifest-path" "Cargo.toml", kill_on_drop: false }`
[INFO] [stderr]     Updating crates.io index
[INFO] running `Command { std: CARGO_HOME="/workspace/cargo-home" RUSTUP_HOME="/workspace/rustup-home" "/workspace/cargo-home/bin/cargo" "+beta-2023-12-22" "fetch" "--manifest-path" "Cargo.toml", kill_on_drop: false }`
[INFO] running `Command { std: "docker" "create" "-v" "/var/lib/crater-agent-workspace/builds/worker-0-tc2/target:/opt/rustwide/target:rw,Z" "-v" "/var/lib/crater-agent-workspace/builds/worker-0-tc2/source:/opt/rustwide/workdir:ro,Z" "-v" "/var/lib/crater-agent-workspace/cargo-home:/opt/rustwide/cargo-home:ro,Z" "-v" "/var/lib/crater-agent-workspace/rustup-home:/opt/rustwide/rustup-home:ro,Z" "-e" "SOURCE_DIR=/opt/rustwide/workdir" "-e" "CARGO_TARGET_DIR=/opt/rustwide/target" "-e" "CARGO_HOME=/opt/rustwide/cargo-home" "-e" "RUSTUP_HOME=/opt/rustwide/rustup-home" "-w" "/opt/rustwide/workdir" "-m" "1610612736" "--user" "0:0" "--network" "none" "ghcr.io/rust-lang/crates-build-env/linux@sha256:2788e3201cd34a07e3172128adcd8b3090168a8e3bcc40d7c032b9dda1df7d1c" "/opt/rustwide/cargo-home/bin/cargo" "+beta-2023-12-22" "metadata" "--no-deps" "--format-version=1", kill_on_drop: false }`
[INFO] [stdout] e2891d49bcd3067a202e3e490ee44f769d720d953dad576c7bcd73ba26794837
[INFO] running `Command { std: "docker" "start" "-a" "e2891d49bcd3067a202e3e490ee44f769d720d953dad576c7bcd73ba26794837", kill_on_drop: false }`
[INFO] running `Command { std: "docker" "inspect" "e2891d49bcd3067a202e3e490ee44f769d720d953dad576c7bcd73ba26794837", kill_on_drop: false }`
[INFO] running `Command { std: "docker" "rm" "-f" "e2891d49bcd3067a202e3e490ee44f769d720d953dad576c7bcd73ba26794837", kill_on_drop: false }`
[INFO] [stdout] e2891d49bcd3067a202e3e490ee44f769d720d953dad576c7bcd73ba26794837
[INFO] running `Command { std: "docker" "create" "-v" "/var/lib/crater-agent-workspace/builds/worker-0-tc2/target:/opt/rustwide/target:rw,Z" "-v" "/var/lib/crater-agent-workspace/builds/worker-0-tc2/source:/opt/rustwide/workdir:ro,Z" "-v" "/var/lib/crater-agent-workspace/cargo-home:/opt/rustwide/cargo-home:ro,Z" "-v" "/var/lib/crater-agent-workspace/rustup-home:/opt/rustwide/rustup-home:ro,Z" "-e" "SOURCE_DIR=/opt/rustwide/workdir" "-e" "CARGO_TARGET_DIR=/opt/rustwide/target" "-e" "CARGO_INCREMENTAL=0" "-e" "RUST_BACKTRACE=full" "-e" "RUSTFLAGS=--cap-lints=warn" "-e" "RUSTDOCFLAGS=--cap-lints=warn" "-e" "CARGO_HOME=/opt/rustwide/cargo-home" "-e" "RUSTUP_HOME=/opt/rustwide/rustup-home" "-w" "/opt/rustwide/workdir" "-m" "1610612736" "--user" "0:0" "--network" "none" "ghcr.io/rust-lang/crates-build-env/linux@sha256:2788e3201cd34a07e3172128adcd8b3090168a8e3bcc40d7c032b9dda1df7d1c" "/opt/rustwide/cargo-home/bin/cargo" "+beta-2023-12-22" "build" "--frozen" "--message-format=json", kill_on_drop: false }`
[INFO] [stdout] 4737da38b721e33c6cf22d7dbc9adce89369c7fbb5cbedb3c10a4ed5c3139c72
[INFO] running `Command { std: "docker" "start" "-a" "4737da38b721e33c6cf22d7dbc9adce89369c7fbb5cbedb3c10a4ed5c3139c72", kill_on_drop: false }`
[INFO] [stderr]    Compiling libc v0.2.151
[INFO] [stderr]    Compiling serde v1.0.194
[INFO] [stderr]    Compiling version_check v0.9.4
[INFO] [stderr]    Compiling syn v1.0.109
[INFO] [stderr]    Compiling fnv v1.0.7
[INFO] [stderr]    Compiling ident_case v1.0.1
[INFO] [stderr]    Compiling pin-project-lite v0.2.13
[INFO] [stderr]    Compiling lock_api v0.4.11
[INFO] [stderr]    Compiling scopeguard v1.2.0
[INFO] [stderr]    Compiling tinyvec_macros v0.1.1
[INFO] [stderr]    Compiling bitflags v1.3.2
[INFO] [stderr]    Compiling itoa v1.0.10
[INFO] [stderr]    Compiling slab v0.4.9
[INFO] [stderr]    Compiling syn v2.0.48
[INFO] [stderr]    Compiling futures-sink v0.3.30
[INFO] [stderr]    Compiling tinyvec v1.6.0
[INFO] [stderr]    Compiling futures-core v0.3.30
[INFO] [stderr]    Compiling indexmap v1.9.3
[INFO] [stderr]    Compiling winnow v0.5.32
[INFO] [stderr]    Compiling pulldown-cmark v0.8.0
[INFO] [stderr]    Compiling tracing-core v0.1.32
[INFO] [stderr]    Compiling futures-task v0.3.30
[INFO] [stderr]    Compiling pin-utils v0.1.0
[INFO] [stderr]    Compiling futures-channel v0.3.30
[INFO] [stderr]    Compiling futures-io v0.3.30
[INFO] [stderr]    Compiling unicode-xid v0.2.4
[INFO] [stderr]    Compiling crossbeam-utils v0.8.18
[INFO] [stderr]    Compiling bytecheck v0.6.11
[INFO] [stderr]    Compiling adler v1.0.2
[INFO] [stderr]    Compiling id-arena v2.2.1
[INFO] [stderr]    Compiling ahash v0.7.7
[INFO] [stderr]    Compiling unicase v2.7.0
[INFO] [stderr]    Compiling miniz_oxide v0.7.1
[INFO] [stderr]    Compiling rend v0.4.1
[INFO] [stderr]    Compiling typenum v1.17.0
[INFO] [stderr]    Compiling unicode-segmentation v1.10.1
[INFO] [stderr]    Compiling strsim v0.10.0
[INFO] [stderr]    Compiling simdutf8 v0.1.4
[INFO] [stderr]    Compiling spin v0.9.8
[INFO] [stderr]    Compiling cc v1.0.83
[INFO] [stderr]    Compiling generic-array v0.14.7
[INFO] [stderr]    Compiling heck v0.3.3
[INFO] [stderr]    Compiling target-lexicon v0.12.13
[INFO] [stderr]    Compiling unicode-normalization v0.1.22
[INFO] [stderr]    Compiling parking_lot_core v0.9.9
[INFO] [stderr]    Compiling ryu v1.0.16
[INFO] [stderr]    Compiling rkyv v0.7.43
[INFO] [stderr]    Compiling proc-macro-error-attr v1.0.4
[INFO] [stderr]    Compiling memoffset v0.9.0
[INFO] [stderr]    Compiling corosensei v0.1.4
[INFO] [stderr]    Compiling getrandom v0.2.11
[INFO] [stderr]    Compiling num_cpus v1.16.0
[INFO] [stderr]    Compiling mio v0.8.10
[INFO] [stderr]    Compiling socket2 v0.5.5
[INFO] [stderr]    Compiling memmap2 v0.6.2
[INFO] [stderr]    Compiling gimli v0.28.1
[INFO] [stderr]    Compiling seahash v4.1.0
[INFO] [stderr]    Compiling hashbrown v0.12.3
[INFO] [stderr]    Compiling rustix v0.38.28
[INFO] [stderr]    Compiling untrusted v0.9.0
[INFO] [stderr]    Compiling proc-macro-error v1.0.4
[INFO] [stderr]    Compiling wai-parser v0.2.3
[INFO] [stderr]    Compiling object v0.32.2
[INFO] [stderr]    Compiling percent-encoding v2.3.1
[INFO] [stderr]    Compiling bitflags v2.4.1
[INFO] [stderr]    Compiling lazy_static v1.4.0
[INFO] [stderr]    Compiling linux-raw-sys v0.4.12
[INFO] [stderr]    Compiling rustc-demangle v0.1.23
[INFO] [stderr]    Compiling serde_json v1.0.111
[INFO] [stderr]    Compiling more-asserts v0.2.2
[INFO] [stderr]    Compiling form_urlencoded v1.2.1
[INFO] [stderr]    Compiling semver v1.0.21
[INFO] [stderr]    Compiling dashmap v5.5.3
[INFO] [stderr]    Compiling crossbeam-queue v0.3.10
[INFO] [stderr]    Compiling region v3.0.0
[INFO] [stderr]    Compiling ring v0.17.7
[INFO] [stderr]    Compiling backtrace v0.3.69
[INFO] [stderr]    Compiling wasm-encoder v0.32.0
[INFO] [stderr]    Compiling indexmap v2.1.0
[INFO] [stderr]    Compiling wai-bindgen-gen-core v0.2.3
[INFO] [stderr]    Compiling base64 v0.21.5
[INFO] [stderr]    Compiling crc32fast v1.3.2
[INFO] [stderr]    Compiling wai-bindgen-gen-rust-wasm v0.2.3
[INFO] [stderr]    Compiling httparse v1.8.0
[INFO] [stderr]    Compiling wai-bindgen-gen-rust v0.2.3
[INFO] [stderr]    Compiling byteorder v1.5.0
[INFO] [stderr]    Compiling rustls v0.21.10
[INFO] [stderr]    Compiling toml_datetime v0.6.5
[INFO] [stderr]    Compiling async-trait v0.1.77
[INFO] [stderr]    Compiling unicode-width v0.1.11
[INFO] [stderr]    Compiling unicode-bidi v0.3.14
[INFO] [stderr]    Compiling toml_edit v0.19.15
[INFO] [stderr]    Compiling crypto-common v0.1.6
[INFO] [stderr]    Compiling block-buffer v0.10.4
[INFO] [stderr]    Compiling wast v64.0.0
[INFO] [stderr]    Compiling rand_core v0.6.4
[INFO] [stderr]    Compiling memmap2 v0.5.10
[INFO] [stderr]    Compiling wai-bindgen-gen-wasmer v0.2.3
[INFO] [stderr]    Compiling unsafe-libyaml v0.2.10
[INFO] [stderr]    Compiling try-lock v0.2.5
[INFO] [stderr]    Compiling idna v0.5.0
[INFO] [stderr]    Compiling darling_core v0.20.3
[INFO] [stderr]    Compiling self_cell v1.0.3
[INFO] [stderr]    Compiling half v1.8.2
[INFO] [stderr]    Compiling want v0.3.1
[INFO] [stderr]    Compiling rustc_version v0.4.0
[INFO] [stderr]    Compiling rand_chacha v0.3.1
[INFO] [stderr]    Compiling digest v0.10.7
[INFO] [stderr]    Compiling addr2line v0.21.0
[INFO] [stderr]    Compiling darling_core v0.14.4
[INFO] [stderr]    Compiling xattr v1.2.0
[INFO] [stderr]    Compiling filetime v0.2.23
[INFO] [stderr]    Compiling proc-macro-crate v1.3.1
[INFO] [stderr]    Compiling tower-service v0.3.2
[INFO] [stderr]    Compiling fastrand v2.0.1
[INFO] [stderr]    Compiling powerfmt v0.2.0
[INFO] [stderr]    Compiling same-file v1.0.6
[INFO] [stderr]    Compiling linked-hash-map v0.5.6
[INFO] [stderr]    Compiling cpufeatures v0.2.12
[INFO] [stderr]    Compiling httpdate v1.0.3
[INFO] [stderr]    Compiling any_ascii v0.1.7
[INFO] [stderr]    Compiling sha2 v0.10.8
[INFO] [stderr]    Compiling deranged v0.3.11
[INFO] [stderr]    Compiling lexical-sort v0.3.1
[INFO] [stderr]    Compiling tempfile v3.9.0
[INFO] [stderr]    Compiling walkdir v2.4.0
[INFO] [stderr]    Compiling tar v0.4.40
[INFO] [stderr]    Compiling flate2 v1.0.28
[INFO] [stderr]    Compiling heapless v0.7.17
[INFO] [stderr]    Compiling rand v0.8.5
[INFO] [stderr]    Compiling socket2 v0.4.10
[INFO] [stderr]    Compiling path-clean v1.0.1
[INFO] [stderr]    Compiling time-core v0.1.2
[INFO] [stderr]    Compiling yaml-rust v0.4.5
[INFO] [stderr]    Compiling hash32 v0.2.1
[INFO] [stderr]    Compiling time v0.3.31
[INFO] [stderr]    Compiling rustls-pemfile v1.0.4
[INFO] [stderr]    Compiling crossbeam-channel v0.5.10
[INFO] [stderr]    Compiling encoding_rs v0.8.33
[INFO] [stderr]    Compiling mime v0.3.17
[INFO] [stderr]    Compiling fixedbitset v0.4.2
[INFO] [stderr]    Compiling replace_with v0.1.7
[INFO] [stderr]    Compiling serde_derive v1.0.194
[INFO] [stderr]    Compiling thiserror-impl v1.0.56
[INFO] [stderr]    Compiling tracing-attributes v0.1.27
[INFO] [stderr]    Compiling futures-macro v0.3.30
[INFO] [stderr]    Compiling darling_macro v0.20.3
[INFO] [stderr]    Compiling tokio-macros v2.2.0
[INFO] [stderr]    Compiling pin-project-internal v1.1.3
[INFO] [stderr]    Compiling rustls-webpki v0.101.7
[INFO] [stderr]    Compiling ptr_meta_derive v0.1.4
[INFO] [stderr]    Compiling bytecheck_derive v0.6.11
[INFO] [stderr]    Compiling darling v0.20.3
[INFO] [stderr]    Compiling derivative v2.2.0
[INFO] [stderr]    Compiling enumset_derive v0.8.1
[INFO] [stderr]    Compiling darling_macro v0.14.4
[INFO] [stderr]    Compiling ptr_meta v0.1.4
[INFO] [stderr]    Compiling futures-util v0.3.30
[INFO] [stderr]    Compiling enum-iterator-derive v0.7.0
[INFO] [stderr]    Compiling rkyv_derive v0.7.43
[INFO] [stderr]    Compiling thiserror v1.0.56
[INFO] [stderr]    Compiling sct v0.7.1
[INFO] [stderr]    Compiling wat v1.0.71
[INFO] [stderr]    Compiling wasmer-derive v4.2.4
[INFO] [stderr]    Compiling wai-bindgen-rust-impl v0.2.3
[INFO] [stderr]    Compiling num_enum_derive v0.5.11
[INFO] [stderr]    Compiling tracing v0.1.40
[INFO] [stderr]    Compiling enum-iterator v0.7.0
[INFO] [stderr]    Compiling darling v0.14.4
[INFO] [stderr]    Compiling derive_builder_core v0.12.0
[INFO] [stderr]    Compiling wai-bindgen-wasmer-impl v0.2.3
[INFO] [stderr]    Compiling webpki-roots v0.25.3
[INFO] [stderr]    Compiling ipnet v2.9.0
[INFO] [stderr]    Compiling stable_deref_trait v1.2.0
[INFO] [stderr]    Compiling enumset v1.1.3
[INFO] [stderr]    Compiling fs_extra v1.3.0
[INFO] [stderr]    Compiling pin-project v1.1.3
[INFO] [stderr]    Compiling linked_hash_set v0.1.4
[INFO] [stderr]    Compiling term_size v0.3.2
[INFO] [stderr]    Compiling termios v0.3.3
[INFO] [stderr]    Compiling hex v0.4.3
[INFO] [stderr]    Compiling waker-fn v1.1.1
[INFO] [stderr]    Compiling cooked-waker v5.0.0
[INFO] [stderr]    Compiling weezl v0.1.7
[INFO] [stderr]    Compiling urlencoding v2.1.3
[INFO] [stderr]    Compiling derive_builder_macro v0.12.0
[INFO] [stderr]    Compiling wai-bindgen-rust v0.2.3
[INFO] [stderr]    Compiling derive_builder v0.12.0
[INFO] [stderr]    Compiling num_enum v0.5.11
[INFO] [stderr]    Compiling futures-executor v0.3.30
[INFO] [stderr]    Compiling futures v0.3.30
[INFO] [stderr]    Compiling rusty_pool v0.7.0
[INFO] [stderr]    Compiling bytes v1.5.0
[INFO] [stderr]    Compiling serde_spanned v0.6.5
[INFO] [stderr]    Compiling serde_cbor v0.11.2
[INFO] [stderr]    Compiling url v2.5.0
[INFO] [stderr]    Compiling bincode v1.3.3
[INFO] [stderr]    Compiling serde_urlencoded v0.7.1
[INFO] [stderr]    Compiling tokio v1.35.1
[INFO] [stderr]    Compiling shared-buffer v0.1.4
[INFO] [stderr]    Compiling http v0.2.11
[INFO] [stderr]    Compiling virtual-mio v0.3.0
[INFO] [stderr]    Compiling serde_yaml v0.8.26
[INFO] [stderr]    Compiling toml_edit v0.21.0
[INFO] [stderr]    Compiling serde_yaml v0.9.30
[INFO] [stderr]    Compiling petgraph v0.6.4
[INFO] [stderr]    Compiling http-body v0.4.6
[INFO] [stderr]    Compiling toml v0.7.8
[INFO] [stderr]    Compiling toml v0.8.8
[INFO] [stderr]    Compiling wasmer-types v4.2.4
[INFO] [stderr]    Compiling wasmer-toml v0.9.2
[INFO] [stderr]    Compiling webc v5.8.1
[INFO] [stderr]    Compiling tokio-util v0.7.10
[INFO] [stderr]    Compiling tokio-rustls v0.24.1
[INFO] [stderr]    Compiling virtual-net v0.6.2
[INFO] [stderr]    Compiling wasmer-vm v4.2.4
[INFO] [stderr]    Compiling h2 v0.3.22
[INFO] [stderr]    Compiling wasmer-compiler v4.2.4
[INFO] [stderr]    Compiling wasmer v4.2.4
[INFO] [stdout] error: One of: `sys`, `js` or `jsc` features must be enabled. Please, pick one.
[INFO] [stdout]    --> /opt/rustwide/cargo-home/registry/src/index.crates.io-6f17d22bba15001f/wasmer-4.2.4/src/lib.rs:401:1
[INFO] [stdout]     |
[INFO] [stdout] 401 | compile_error!("One of: `sys`, `js` or `jsc` features must be enabled. Please, pick one.");
[INFO] [stdout]     | ^^^^^^^^^^^^^^^^^^^^^^^^^^^^^^^^^^^^^^^^^^^^^^^^^^^^^^^^^^^^^^^^^^^^^^^^^^^^^^^^^^^^^^^^^^
[INFO] [stdout] 
[INFO] [stdout] 
[INFO] [stdout] error[E0432]: unresolved import `crate::vm::VMExternRef`
[INFO] [stdout]   --> /opt/rustwide/cargo-home/registry/src/index.crates.io-6f17d22bba15001f/wasmer-4.2.4/src/extern_ref.rs:11:5
[INFO] [stdout]    |
[INFO] [stdout] 11 | use crate::vm::VMExternRef;
[INFO] [stdout]    |     ^^^^^^^^^^^^^^^^^^^^^^ no `VMExternRef` in `vm`
[INFO] [stdout]    |
[INFO] [stdout] note: found an item that was configured out
[INFO] [stdout]   --> /opt/rustwide/cargo-home/registry/src/index.crates.io-6f17d22bba15001f/wasmer-4.2.4/src/vm.rs:5:65
[INFO] [stdout]    |
[INFO] [stdout] 5  |     VMExtern, VMExternFunction, VMExternGlobal, VMExternMemory, VMExternRef, VMExternTable,
[INFO] [stdout]    |                                                                 ^^^^^^^^^^^
[INFO] [stdout]    = note: the item is gated behind the `js` feature
[INFO] [stdout] note: found an item that was configured out
[INFO] [stdout]   --> /opt/rustwide/cargo-home/registry/src/index.crates.io-6f17d22bba15001f/wasmer-4.2.4/src/vm.rs:11:65
[INFO] [stdout]    |
[INFO] [stdout] 11 |     VMExtern, VMExternFunction, VMExternGlobal, VMExternMemory, VMExternRef, VMExternTable,
[INFO] [stdout]    |                                                                 ^^^^^^^^^^^
[INFO] [stdout]    = note: the item is gated behind the `jsc` feature
[INFO] [stdout] note: found an item that was configured out
[INFO] [stdout]   --> /opt/rustwide/cargo-home/registry/src/index.crates.io-6f17d22bba15001f/wasmer-4.2.4/src/vm.rs:17:65
[INFO] [stdout]    |
[INFO] [stdout] 17 |     VMExtern, VMExternFunction, VMExternGlobal, VMExternMemory, VMExternRef, VMExternTable,
[INFO] [stdout]    |                                                                 ^^^^^^^^^^^
[INFO] [stdout]    = note: the item is gated behind the `sys` feature
[INFO] [stdout] help: consider importing this struct instead
[INFO] [stdout]    |
[INFO] [stdout] 11 | use wasmer_vm::VMExternRef;
[INFO] [stdout]    |     ~~~~~~~~~~~~~~~~~~~~~~
[INFO] [stdout] 
[INFO] [stdout] 
[INFO] [stdout] error[E0432]: unresolved imports `crate::vm::VMExtern`, `crate::vm::VMExternFunction`, `crate::vm::VMFuncRef`, `crate::vm::VMFunctionCallback`, `crate::vm::VMTrampoline`
[INFO] [stdout]   --> /opt/rustwide/cargo-home/registry/src/index.crates.io-6f17d22bba15001f/wasmer-4.2.4/src/externals/function.rs:10:17
[INFO] [stdout]    |
[INFO] [stdout] 10 | use crate::vm::{VMExtern, VMExternFunction, VMFuncRef, VMFunctionCallback, VMTrampoline};
[INFO] [stdout]    |                 ^^^^^^^^  ^^^^^^^^^^^^^^^^  ^^^^^^^^^  ^^^^^^^^^^^^^^^^^^  ^^^^^^^^^^^^ no `VMTrampoline` in `vm`
[INFO] [stdout]    |                 |         |                 |          |
[INFO] [stdout]    |                 |         |                 |          no `VMFunctionCallback` in `vm`
[INFO] [stdout]    |                 |         |                 no `VMFuncRef` in `vm`
[INFO] [stdout]    |                 |         no `VMExternFunction` in `vm`
[INFO] [stdout]    |                 no `VMExtern` in `vm`
[INFO] [stdout]    |
[INFO] [stdout]    = help: consider importing this enum instead:
[INFO] [stdout]            wasmer_vm::VMExtern
[INFO] [stdout] note: found an item that was configured out
[INFO] [stdout]   --> /opt/rustwide/cargo-home/registry/src/index.crates.io-6f17d22bba15001f/wasmer-4.2.4/src/vm.rs:5:5
[INFO] [stdout]    |
[INFO] [stdout] 5  |     VMExtern, VMExternFunction, VMExternGlobal, VMExternMemory, VMExternRef, VMExternTable,
[INFO] [stdout]    |     ^^^^^^^^
[INFO] [stdout]    = note: the item is gated behind the `js` feature
[INFO] [stdout] note: found an item that was configured out
[INFO] [stdout]   --> /opt/rustwide/cargo-home/registry/src/index.crates.io-6f17d22bba15001f/wasmer-4.2.4/src/vm.rs:11:5
[INFO] [stdout]    |
[INFO] [stdout] 11 |     VMExtern, VMExternFunction, VMExternGlobal, VMExternMemory, VMExternRef, VMExternTable,
[INFO] [stdout]    |     ^^^^^^^^
[INFO] [stdout]    = note: the item is gated behind the `jsc` feature
[INFO] [stdout] note: found an item that was configured out
[INFO] [stdout]   --> /opt/rustwide/cargo-home/registry/src/index.crates.io-6f17d22bba15001f/wasmer-4.2.4/src/vm.rs:17:5
[INFO] [stdout]    |
[INFO] [stdout] 17 |     VMExtern, VMExternFunction, VMExternGlobal, VMExternMemory, VMExternRef, VMExternTable,
[INFO] [stdout]    |     ^^^^^^^^
[INFO] [stdout]    = note: the item is gated behind the `sys` feature
[INFO] [stdout] note: found an item that was configured out
[INFO] [stdout]   --> /opt/rustwide/cargo-home/registry/src/index.crates.io-6f17d22bba15001f/wasmer-4.2.4/src/vm.rs:5:15
[INFO] [stdout]    |
[INFO] [stdout] 5  |     VMExtern, VMExternFunction, VMExternGlobal, VMExternMemory, VMExternRef, VMExternTable,
[INFO] [stdout]    |               ^^^^^^^^^^^^^^^^
[INFO] [stdout]    = note: the item is gated behind the `js` feature
[INFO] [stdout] note: found an item that was configured out
[INFO] [stdout]   --> /opt/rustwide/cargo-home/registry/src/index.crates.io-6f17d22bba15001f/wasmer-4.2.4/src/vm.rs:11:15
[INFO] [stdout]    |
[INFO] [stdout] 11 |     VMExtern, VMExternFunction, VMExternGlobal, VMExternMemory, VMExternRef, VMExternTable,
[INFO] [stdout]    |               ^^^^^^^^^^^^^^^^
[INFO] [stdout]    = note: the item is gated behind the `jsc` feature
[INFO] [stdout] note: found an item that was configured out
[INFO] [stdout]   --> /opt/rustwide/cargo-home/registry/src/index.crates.io-6f17d22bba15001f/wasmer-4.2.4/src/vm.rs:17:15
[INFO] [stdout]    |
[INFO] [stdout] 17 |     VMExtern, VMExternFunction, VMExternGlobal, VMExternMemory, VMExternRef, VMExternTable,
[INFO] [stdout]    |               ^^^^^^^^^^^^^^^^
[INFO] [stdout]    = note: the item is gated behind the `sys` feature
[INFO] [stdout]    = help: consider importing this struct instead:
[INFO] [stdout]            wasmer_vm::VMFuncRef
[INFO] [stdout] note: found an item that was configured out
[INFO] [stdout]   --> /opt/rustwide/cargo-home/registry/src/index.crates.io-6f17d22bba15001f/wasmer-4.2.4/src/vm.rs:6:5
[INFO] [stdout]    |
[INFO] [stdout] 6  |     VMFuncRef, VMFunctionCallback, VMFunctionEnvironment, VMInstance, VMTrampoline,
[INFO] [stdout]    |     ^^^^^^^^^
[INFO] [stdout]    = note: the item is gated behind the `js` feature
[INFO] [stdout] note: found an item that was configured out
[INFO] [stdout]   --> /opt/rustwide/cargo-home/registry/src/index.crates.io-6f17d22bba15001f/wasmer-4.2.4/src/vm.rs:12:5
[INFO] [stdout]    |
[INFO] [stdout] 12 |     VMFuncRef, VMFunctionCallback, VMFunctionEnvironment, VMInstance, VMTrampoline,
[INFO] [stdout]    |     ^^^^^^^^^
[INFO] [stdout]    = note: the item is gated behind the `jsc` feature
[INFO] [stdout] note: found an item that was configured out
[INFO] [stdout]   --> /opt/rustwide/cargo-home/registry/src/index.crates.io-6f17d22bba15001f/wasmer-4.2.4/src/vm.rs:18:5
[INFO] [stdout]    |
[INFO] [stdout] 18 |     VMFuncRef, VMFunctionCallback, VMFunctionEnvironment, VMInstance, VMTrampoline,
[INFO] [stdout]    |     ^^^^^^^^^
[INFO] [stdout]    = note: the item is gated behind the `sys` feature
[INFO] [stdout] note: found an item that was configured out
[INFO] [stdout]   --> /opt/rustwide/cargo-home/registry/src/index.crates.io-6f17d22bba15001f/wasmer-4.2.4/src/vm.rs:6:16
[INFO] [stdout]    |
[INFO] [stdout] 6  |     VMFuncRef, VMFunctionCallback, VMFunctionEnvironment, VMInstance, VMTrampoline,
[INFO] [stdout]    |                ^^^^^^^^^^^^^^^^^^
[INFO] [stdout]    = note: the item is gated behind the `js` feature
[INFO] [stdout] note: found an item that was configured out
[INFO] [stdout]   --> /opt/rustwide/cargo-home/registry/src/index.crates.io-6f17d22bba15001f/wasmer-4.2.4/src/vm.rs:12:16
[INFO] [stdout]    |
[INFO] [stdout] 12 |     VMFuncRef, VMFunctionCallback, VMFunctionEnvironment, VMInstance, VMTrampoline,
[INFO] [stdout]    |                ^^^^^^^^^^^^^^^^^^
[INFO] [stdout]    = note: the item is gated behind the `jsc` feature
[INFO] [stdout] note: found an item that was configured out
[INFO] [stdout]   --> /opt/rustwide/cargo-home/registry/src/index.crates.io-6f17d22bba15001f/wasmer-4.2.4/src/vm.rs:18:16
[INFO] [stdout]    |
[INFO] [stdout] 18 |     VMFuncRef, VMFunctionCallback, VMFunctionEnvironment, VMInstance, VMTrampoline,
[INFO] [stdout]    |                ^^^^^^^^^^^^^^^^^^
[INFO] [stdout]    = note: the item is gated behind the `sys` feature
[INFO] [stdout]    = help: consider importing this type alias instead:
[INFO] [stdout]            wasmer_vm::VMTrampoline
[INFO] [stdout] note: found an item that was configured out
[INFO] [stdout]   --> /opt/rustwide/cargo-home/registry/src/index.crates.io-6f17d22bba15001f/wasmer-4.2.4/src/vm.rs:6:71
[INFO] [stdout]    |
[INFO] [stdout] 6  |     VMFuncRef, VMFunctionCallback, VMFunctionEnvironment, VMInstance, VMTrampoline,
[INFO] [stdout]    |                                                                       ^^^^^^^^^^^^
[INFO] [stdout]    = note: the item is gated behind the `js` feature
[INFO] [stdout] note: found an item that was configured out
[INFO] [stdout]   --> /opt/rustwide/cargo-home/registry/src/index.crates.io-6f17d22bba15001f/wasmer-4.2.4/src/vm.rs:12:71
[INFO] [stdout]    |
[INFO] [stdout] 12 |     VMFuncRef, VMFunctionCallback, VMFunctionEnvironment, VMInstance, VMTrampoline,
[INFO] [stdout]    |                                                                       ^^^^^^^^^^^^
[INFO] [stdout]    = note: the item is gated behind the `jsc` feature
[INFO] [stdout] note: found an item that was configured out
[INFO] [stdout]   --> /opt/rustwide/cargo-home/registry/src/index.crates.io-6f17d22bba15001f/wasmer-4.2.4/src/vm.rs:18:71
[INFO] [stdout]    |
[INFO] [stdout] 18 |     VMFuncRef, VMFunctionCallback, VMFunctionEnvironment, VMInstance, VMTrampoline,
[INFO] [stdout]    |                                                                       ^^^^^^^^^^^^
[INFO] [stdout]    = note: the item is gated behind the `sys` feature
[INFO] [stdout] 
[INFO] [stdout] 
[INFO] [stdout] error[E0432]: unresolved import `crate::vm::VMExtern`
[INFO] [stdout]   --> /opt/rustwide/cargo-home/registry/src/index.crates.io-6f17d22bba15001f/wasmer-4.2.4/src/externals/global.rs:4:5
[INFO] [stdout]    |
[INFO] [stdout] 4  | use crate::vm::VMExtern;
[INFO] [stdout]    |     ^^^^^^^^^^^^^^^^^^^ no `VMExtern` in `vm`
[INFO] [stdout]    |
[INFO] [stdout] note: found an item that was configured out
[INFO] [stdout]   --> /opt/rustwide/cargo-home/registry/src/index.crates.io-6f17d22bba15001f/wasmer-4.2.4/src/vm.rs:5:5
[INFO] [stdout]    |
[INFO] [stdout] 5  |     VMExtern, VMExternFunction, VMExternGlobal, VMExternMemory, VMExternRef, VMExternTable,
[INFO] [stdout]    |     ^^^^^^^^
[INFO] [stdout]    = note: the item is gated behind the `js` feature
[INFO] [stdout] note: found an item that was configured out
[INFO] [stdout]   --> /opt/rustwide/cargo-home/registry/src/index.crates.io-6f17d22bba15001f/wasmer-4.2.4/src/vm.rs:11:5
[INFO] [stdout]    |
[INFO] [stdout] 11 |     VMExtern, VMExternFunction, VMExternGlobal, VMExternMemory, VMExternRef, VMExternTable,
[INFO] [stdout]    |     ^^^^^^^^
[INFO] [stdout]    = note: the item is gated behind the `jsc` feature
[INFO] [stdout] note: found an item that was configured out
[INFO] [stdout]   --> /opt/rustwide/cargo-home/registry/src/index.crates.io-6f17d22bba15001f/wasmer-4.2.4/src/vm.rs:17:5
[INFO] [stdout]    |
[INFO] [stdout] 17 |     VMExtern, VMExternFunction, VMExternGlobal, VMExternMemory, VMExternRef, VMExternTable,
[INFO] [stdout]    |     ^^^^^^^^
[INFO] [stdout]    = note: the item is gated behind the `sys` feature
[INFO] [stdout] help: consider importing this enum instead
[INFO] [stdout]    |
[INFO] [stdout] 4  | use wasmer_vm::VMExtern;
[INFO] [stdout]    |     ~~~~~~~~~~~~~~~~~~~
[INFO] [stdout] 
[INFO] [stdout] 
[INFO] [stdout] error[E0432]: unresolved import `crate::vm::VMExternGlobal`
[INFO] [stdout]   --> /opt/rustwide/cargo-home/registry/src/index.crates.io-6f17d22bba15001f/wasmer-4.2.4/src/externals/global.rs:5:5
[INFO] [stdout]    |
[INFO] [stdout] 5  | use crate::vm::VMExternGlobal;
[INFO] [stdout]    |     ^^^^^^^^^^^^^^^^^^^^^^^^^ no `VMExternGlobal` in `vm`
[INFO] [stdout]    |
[INFO] [stdout] note: found an item that was configured out
[INFO] [stdout]   --> /opt/rustwide/cargo-home/registry/src/index.crates.io-6f17d22bba15001f/wasmer-4.2.4/src/vm.rs:5:33
[INFO] [stdout]    |
[INFO] [stdout] 5  |     VMExtern, VMExternFunction, VMExternGlobal, VMExternMemory, VMExternRef, VMExternTable,
[INFO] [stdout]    |                                 ^^^^^^^^^^^^^^
[INFO] [stdout]    = note: the item is gated behind the `js` feature
[INFO] [stdout] note: found an item that was configured out
[INFO] [stdout]   --> /opt/rustwide/cargo-home/registry/src/index.crates.io-6f17d22bba15001f/wasmer-4.2.4/src/vm.rs:11:33
[INFO] [stdout]    |
[INFO] [stdout] 11 |     VMExtern, VMExternFunction, VMExternGlobal, VMExternMemory, VMExternRef, VMExternTable,
[INFO] [stdout]    |                                 ^^^^^^^^^^^^^^
[INFO] [stdout]    = note: the item is gated behind the `jsc` feature
[INFO] [stdout] note: found an item that was configured out
[INFO] [stdout]   --> /opt/rustwide/cargo-home/registry/src/index.crates.io-6f17d22bba15001f/wasmer-4.2.4/src/vm.rs:17:33
[INFO] [stdout]    |
[INFO] [stdout] 17 |     VMExtern, VMExternFunction, VMExternGlobal, VMExternMemory, VMExternRef, VMExternTable,
[INFO] [stdout]    |                                 ^^^^^^^^^^^^^^
[INFO] [stdout]    = note: the item is gated behind the `sys` feature
[INFO] [stdout] 
[INFO] [stdout] 
[INFO] [stdout] error[E0432]: unresolved imports `crate::vm::VMExtern`, `crate::vm::VMExternMemory`, `crate::vm::VMMemory`
[INFO] [stdout]   --> /opt/rustwide/cargo-home/registry/src/index.crates.io-6f17d22bba15001f/wasmer-4.2.4/src/externals/memory.rs:11:17
[INFO] [stdout]    |
[INFO] [stdout] 11 | use crate::vm::{VMExtern, VMExternMemory, VMMemory};
[INFO] [stdout]    |                 ^^^^^^^^  ^^^^^^^^^^^^^^  ^^^^^^^^ no `VMMemory` in `vm`
[INFO] [stdout]    |                 |         |
[INFO] [stdout]    |                 |         no `VMExternMemory` in `vm`
[INFO] [stdout]    |                 no `VMExtern` in `vm`
[INFO] [stdout]    |
[INFO] [stdout]    = help: consider importing this enum instead:
[INFO] [stdout]            wasmer_vm::VMExtern
[INFO] [stdout] note: found an item that was configured out
[INFO] [stdout]   --> /opt/rustwide/cargo-home/registry/src/index.crates.io-6f17d22bba15001f/wasmer-4.2.4/src/vm.rs:5:5
[INFO] [stdout]    |
[INFO] [stdout] 5  |     VMExtern, VMExternFunction, VMExternGlobal, VMExternMemory, VMExternRef, VMExternTable,
[INFO] [stdout]    |     ^^^^^^^^
[INFO] [stdout]    = note: the item is gated behind the `js` feature
[INFO] [stdout] note: found an item that was configured out
[INFO] [stdout]   --> /opt/rustwide/cargo-home/registry/src/index.crates.io-6f17d22bba15001f/wasmer-4.2.4/src/vm.rs:11:5
[INFO] [stdout]    |
[INFO] [stdout] 11 |     VMExtern, VMExternFunction, VMExternGlobal, VMExternMemory, VMExternRef, VMExternTable,
[INFO] [stdout]    |     ^^^^^^^^
[INFO] [stdout]    = note: the item is gated behind the `jsc` feature
[INFO] [stdout] note: found an item that was configured out
[INFO] [stdout]   --> /opt/rustwide/cargo-home/registry/src/index.crates.io-6f17d22bba15001f/wasmer-4.2.4/src/vm.rs:17:5
[INFO] [stdout]    |
[INFO] [stdout] 17 |     VMExtern, VMExternFunction, VMExternGlobal, VMExternMemory, VMExternRef, VMExternTable,
[INFO] [stdout]    |     ^^^^^^^^
[INFO] [stdout]    = note: the item is gated behind the `sys` feature
[INFO] [stdout] note: found an item that was configured out
[INFO] [stdout]   --> /opt/rustwide/cargo-home/registry/src/index.crates.io-6f17d22bba15001f/wasmer-4.2.4/src/vm.rs:5:49
[INFO] [stdout]    |
[INFO] [stdout] 5  |     VMExtern, VMExternFunction, VMExternGlobal, VMExternMemory, VMExternRef, VMExternTable,
[INFO] [stdout]    |                                                 ^^^^^^^^^^^^^^
[INFO] [stdout]    = note: the item is gated behind the `js` feature
[INFO] [stdout] note: found an item that was configured out
[INFO] [stdout]   --> /opt/rustwide/cargo-home/registry/src/index.crates.io-6f17d22bba15001f/wasmer-4.2.4/src/vm.rs:11:49
[INFO] [stdout]    |
[INFO] [stdout] 11 |     VMExtern, VMExternFunction, VMExternGlobal, VMExternMemory, VMExternRef, VMExternTable,
[INFO] [stdout]    |                                                 ^^^^^^^^^^^^^^
[INFO] [stdout]    = note: the item is gated behind the `jsc` feature
[INFO] [stdout] note: found an item that was configured out
[INFO] [stdout]   --> /opt/rustwide/cargo-home/registry/src/index.crates.io-6f17d22bba15001f/wasmer-4.2.4/src/vm.rs:17:49
[INFO] [stdout]    |
[INFO] [stdout] 17 |     VMExtern, VMExternFunction, VMExternGlobal, VMExternMemory, VMExternRef, VMExternTable,
[INFO] [stdout]    |                                                 ^^^^^^^^^^^^^^
[INFO] [stdout]    = note: the item is gated behind the `sys` feature
[INFO] [stdout]    = help: consider importing this struct instead:
[INFO] [stdout]            wasmer_vm::VMMemory
[INFO] [stdout] note: found an item that was configured out
[INFO] [stdout]   --> /opt/rustwide/cargo-home/registry/src/index.crates.io-6f17d22bba15001f/wasmer-4.2.4/src/vm.rs:22:47
[INFO] [stdout]    |
[INFO] [stdout] 22 | pub use crate::js::vm::{VMFunction, VMGlobal, VMMemory, VMSharedMemory, VMTable};
[INFO] [stdout]    |                                               ^^^^^^^^
[INFO] [stdout]    = note: the item is gated behind the `js` feature
[INFO] [stdout] note: found an item that was configured out
[INFO] [stdout]   --> /opt/rustwide/cargo-home/registry/src/index.crates.io-6f17d22bba15001f/wasmer-4.2.4/src/vm.rs:25:53
[INFO] [stdout]    |
[INFO] [stdout] 25 | pub use wasmer_vm::{VMConfig, VMFunction, VMGlobal, VMMemory, VMSharedMemory, VMTable};
[INFO] [stdout]    |                                                     ^^^^^^^^
[INFO] [stdout]    = note: the item is gated behind the `sys` feature
[INFO] [stdout] note: found an item that was configured out
[INFO] [stdout]   --> /opt/rustwide/cargo-home/registry/src/index.crates.io-6f17d22bba15001f/wasmer-4.2.4/src/vm.rs:28:48
[INFO] [stdout]    |
[INFO] [stdout] 28 | pub use crate::jsc::vm::{VMFunction, VMGlobal, VMMemory, VMSharedMemory, VMTable};
[INFO] [stdout]    |                                                ^^^^^^^^
[INFO] [stdout]    = note: the item is gated behind the `jsc` feature
[INFO] [stdout] 
[INFO] [stdout] 
[INFO] [stdout] error[E0432]: unresolved imports `crate::vm::VMExtern`, `crate::vm::VMExternTable`
[INFO] [stdout]   --> /opt/rustwide/cargo-home/registry/src/index.crates.io-6f17d22bba15001f/wasmer-4.2.4/src/externals/table.rs:10:17
[INFO] [stdout]    |
[INFO] [stdout] 10 | use crate::vm::{VMExtern, VMExternTable};
[INFO] [stdout]    |                 ^^^^^^^^  ^^^^^^^^^^^^^ no `VMExternTable` in `vm`
[INFO] [stdout]    |                 |
[INFO] [stdout]    |                 no `VMExtern` in `vm`
[INFO] [stdout]    |
[INFO] [stdout]    = help: consider importing this enum instead:
[INFO] [stdout]            wasmer_vm::VMExtern
[INFO] [stdout] note: found an item that was configured out
[INFO] [stdout]   --> /opt/rustwide/cargo-home/registry/src/index.crates.io-6f17d22bba15001f/wasmer-4.2.4/src/vm.rs:5:5
[INFO] [stdout]    |
[INFO] [stdout] 5  |     VMExtern, VMExternFunction, VMExternGlobal, VMExternMemory, VMExternRef, VMExternTable,
[INFO] [stdout]    |     ^^^^^^^^
[INFO] [stdout]    = note: the item is gated behind the `js` feature
[INFO] [stdout] note: found an item that was configured out
[INFO] [stdout]   --> /opt/rustwide/cargo-home/registry/src/index.crates.io-6f17d22bba15001f/wasmer-4.2.4/src/vm.rs:11:5
[INFO] [stdout]    |
[INFO] [stdout] 11 |     VMExtern, VMExternFunction, VMExternGlobal, VMExternMemory, VMExternRef, VMExternTable,
[INFO] [stdout]    |     ^^^^^^^^
[INFO] [stdout]    = note: the item is gated behind the `jsc` feature
[INFO] [stdout] note: found an item that was configured out
[INFO] [stdout]   --> /opt/rustwide/cargo-home/registry/src/index.crates.io-6f17d22bba15001f/wasmer-4.2.4/src/vm.rs:17:5
[INFO] [stdout]    |
[INFO] [stdout] 17 |     VMExtern, VMExternFunction, VMExternGlobal, VMExternMemory, VMExternRef, VMExternTable,
[INFO] [stdout]    |     ^^^^^^^^
[INFO] [stdout]    = note: the item is gated behind the `sys` feature
[INFO] [stdout] note: found an item that was configured out
[INFO] [stdout]   --> /opt/rustwide/cargo-home/registry/src/index.crates.io-6f17d22bba15001f/wasmer-4.2.4/src/vm.rs:5:78
[INFO] [stdout]    |
[INFO] [stdout] 5  |     VMExtern, VMExternFunction, VMExternGlobal, VMExternMemory, VMExternRef, VMExternTable,
[INFO] [stdout]    |                                                                              ^^^^^^^^^^^^^
[INFO] [stdout]    = note: the item is gated behind the `js` feature
[INFO] [stdout] note: found an item that was configured out
[INFO] [stdout]   --> /opt/rustwide/cargo-home/registry/src/index.crates.io-6f17d22bba15001f/wasmer-4.2.4/src/vm.rs:11:78
[INFO] [stdout]    |
[INFO] [stdout] 11 |     VMExtern, VMExternFunction, VMExternGlobal, VMExternMemory, VMExternRef, VMExternTable,
[INFO] [stdout]    |                                                                              ^^^^^^^^^^^^^
[INFO] [stdout]    = note: the item is gated behind the `jsc` feature
[INFO] [stdout] note: found an item that was configured out
[INFO] [stdout]   --> /opt/rustwide/cargo-home/registry/src/index.crates.io-6f17d22bba15001f/wasmer-4.2.4/src/vm.rs:17:78
[INFO] [stdout]    |
[INFO] [stdout] 17 |     VMExtern, VMExternFunction, VMExternGlobal, VMExternMemory, VMExternRef, VMExternTable,
[INFO] [stdout]    |                                                                              ^^^^^^^^^^^^^
[INFO] [stdout]    = note: the item is gated behind the `sys` feature
[INFO] [stdout] 
[INFO] [stdout] 
[INFO] [stdout] error[E0432]: unresolved import `crate::vm::VMFunctionEnvironment`
[INFO] [stdout]   --> /opt/rustwide/cargo-home/registry/src/index.crates.io-6f17d22bba15001f/wasmer-4.2.4/src/function_env.rs:3:5
[INFO] [stdout]    |
[INFO] [stdout] 3  | use crate::vm::VMFunctionEnvironment;
[INFO] [stdout]    |     ^^^^^^^^^^^^^^^^^^^^^^^^^^^^^^^^ no `VMFunctionEnvironment` in `vm`
[INFO] [stdout]    |
[INFO] [stdout] note: found an item that was configured out
[INFO] [stdout]   --> /opt/rustwide/cargo-home/registry/src/index.crates.io-6f17d22bba15001f/wasmer-4.2.4/src/vm.rs:6:36
[INFO] [stdout]    |
[INFO] [stdout] 6  |     VMFuncRef, VMFunctionCallback, VMFunctionEnvironment, VMInstance, VMTrampoline,
[INFO] [stdout]    |                                    ^^^^^^^^^^^^^^^^^^^^^
[INFO] [stdout]    = note: the item is gated behind the `js` feature
[INFO] [stdout] note: found an item that was configured out
[INFO] [stdout]   --> /opt/rustwide/cargo-home/registry/src/index.crates.io-6f17d22bba15001f/wasmer-4.2.4/src/vm.rs:12:36
[INFO] [stdout]    |
[INFO] [stdout] 12 |     VMFuncRef, VMFunctionCallback, VMFunctionEnvironment, VMInstance, VMTrampoline,
[INFO] [stdout]    |                                    ^^^^^^^^^^^^^^^^^^^^^
[INFO] [stdout]    = note: the item is gated behind the `jsc` feature
[INFO] [stdout] note: found an item that was configured out
[INFO] [stdout]   --> /opt/rustwide/cargo-home/registry/src/index.crates.io-6f17d22bba15001f/wasmer-4.2.4/src/vm.rs:18:36
[INFO] [stdout]    |
[INFO] [stdout] 18 |     VMFuncRef, VMFunctionCallback, VMFunctionEnvironment, VMInstance, VMTrampoline,
[INFO] [stdout]    |                                    ^^^^^^^^^^^^^^^^^^^^^
[INFO] [stdout]    = note: the item is gated behind the `sys` feature
[INFO] [stdout] help: consider importing this struct instead
[INFO] [stdout]    |
[INFO] [stdout] 3  | use wasmer_vm::VMFunctionEnvironment;
[INFO] [stdout]    |     ~~~~~~~~~~~~~~~~~~~~~~~~~~~~~~~~
[INFO] [stdout] 
[INFO] [stdout] 
[INFO] [stdout] error[E0432]: unresolved imports `crate::vm::VMExternRef`, `crate::vm::VMFuncRef`
[INFO] [stdout]   --> /opt/rustwide/cargo-home/registry/src/index.crates.io-6f17d22bba15001f/wasmer-4.2.4/src/native_type.rs:7:17
[INFO] [stdout]    |
[INFO] [stdout] 7  | use crate::vm::{VMExternRef, VMFuncRef};
[INFO] [stdout]    |                 ^^^^^^^^^^^  ^^^^^^^^^ no `VMFuncRef` in `vm`
[INFO] [stdout]    |                 |
[INFO] [stdout]    |                 no `VMExternRef` in `vm`
[INFO] [stdout]    |
[INFO] [stdout]    = help: consider importing this struct instead:
[INFO] [stdout]            wasmer_vm::VMExternRef
[INFO] [stdout] note: found an item that was configured out
[INFO] [stdout]   --> /opt/rustwide/cargo-home/registry/src/index.crates.io-6f17d22bba15001f/wasmer-4.2.4/src/vm.rs:5:65
[INFO] [stdout]    |
[INFO] [stdout] 5  |     VMExtern, VMExternFunction, VMExternGlobal, VMExternMemory, VMExternRef, VMExternTable,
[INFO] [stdout]    |                                                                 ^^^^^^^^^^^
[INFO] [stdout]    = note: the item is gated behind the `js` feature
[INFO] [stdout] note: found an item that was configured out
[INFO] [stdout]   --> /opt/rustwide/cargo-home/registry/src/index.crates.io-6f17d22bba15001f/wasmer-4.2.4/src/vm.rs:11:65
[INFO] [stdout]    |
[INFO] [stdout] 11 |     VMExtern, VMExternFunction, VMExternGlobal, VMExternMemory, VMExternRef, VMExternTable,
[INFO] [stdout]    |                                                                 ^^^^^^^^^^^
[INFO] [stdout]    = note: the item is gated behind the `jsc` feature
[INFO] [stdout] note: found an item that was configured out
[INFO] [stdout]   --> /opt/rustwide/cargo-home/registry/src/index.crates.io-6f17d22bba15001f/wasmer-4.2.4/src/vm.rs:17:65
[INFO] [stdout]    |
[INFO] [stdout] 17 |     VMExtern, VMExternFunction, VMExternGlobal, VMExternMemory, VMExternRef, VMExternTable,
[INFO] [stdout]    |                                                                 ^^^^^^^^^^^
[INFO] [stdout]    = note: the item is gated behind the `sys` feature
[INFO] [stdout]    = help: consider importing this struct instead:
[INFO] [stdout]            wasmer_vm::VMFuncRef
[INFO] [stdout] note: found an item that was configured out
[INFO] [stdout]   --> /opt/rustwide/cargo-home/registry/src/index.crates.io-6f17d22bba15001f/wasmer-4.2.4/src/vm.rs:6:5
[INFO] [stdout]    |
[INFO] [stdout] 6  |     VMFuncRef, VMFunctionCallback, VMFunctionEnvironment, VMInstance, VMTrampoline,
[INFO] [stdout]    |     ^^^^^^^^^
[INFO] [stdout]    = note: the item is gated behind the `js` feature
[INFO] [stdout] note: found an item that was configured out
[INFO] [stdout]   --> /opt/rustwide/cargo-home/registry/src/index.crates.io-6f17d22bba15001f/wasmer-4.2.4/src/vm.rs:12:5
[INFO] [stdout]    |
[INFO] [stdout] 12 |     VMFuncRef, VMFunctionCallback, VMFunctionEnvironment, VMInstance, VMTrampoline,
[INFO] [stdout]    |     ^^^^^^^^^
[INFO] [stdout]    = note: the item is gated behind the `jsc` feature
[INFO] [stdout] note: found an item that was configured out
[INFO] [stdout]   --> /opt/rustwide/cargo-home/registry/src/index.crates.io-6f17d22bba15001f/wasmer-4.2.4/src/vm.rs:18:5
[INFO] [stdout]    |
[INFO] [stdout] 18 |     VMFuncRef, VMFunctionCallback, VMFunctionEnvironment, VMInstance, VMTrampoline,
[INFO] [stdout]    |     ^^^^^^^^^
[INFO] [stdout]    = note: the item is gated behind the `sys` feature
[INFO] [stdout] 
[INFO] [stdout] 
[INFO] [stdout] error[E0432]: unresolved imports `crate::vm::VMExternRef`, `crate::vm::VMFuncRef`
[INFO] [stdout]   --> /opt/rustwide/cargo-home/registry/src/index.crates.io-6f17d22bba15001f/wasmer-4.2.4/src/value.rs:7:17
[INFO] [stdout]    |
[INFO] [stdout] 7  | use crate::vm::{VMExternRef, VMFuncRef};
[INFO] [stdout]    |                 ^^^^^^^^^^^  ^^^^^^^^^ no `VMFuncRef` in `vm`
[INFO] [stdout]    |                 |
[INFO] [stdout]    |                 no `VMExternRef` in `vm`
[INFO] [stdout]    |
[INFO] [stdout]    = help: consider importing this struct instead:
[INFO] [stdout]            wasmer_vm::VMExternRef
[INFO] [stdout] note: found an item that was configured out
[INFO] [stdout]   --> /opt/rustwide/cargo-home/registry/src/index.crates.io-6f17d22bba15001f/wasmer-4.2.4/src/vm.rs:5:65
[INFO] [stdout]    |
[INFO] [stdout] 5  |     VMExtern, VMExternFunction, VMExternGlobal, VMExternMemory, VMExternRef, VMExternTable,
[INFO] [stdout]    |                                                                 ^^^^^^^^^^^
[INFO] [stdout]    = note: the item is gated behind the `js` feature
[INFO] [stdout] note: found an item that was configured out
[INFO] [stdout]   --> /opt/rustwide/cargo-home/registry/src/index.crates.io-6f17d22bba15001f/wasmer-4.2.4/src/vm.rs:11:65
[INFO] [stdout]    |
[INFO] [stdout] 11 |     VMExtern, VMExternFunction, VMExternGlobal, VMExternMemory, VMExternRef, VMExternTable,
[INFO] [stdout]    |                                                                 ^^^^^^^^^^^
[INFO] [stdout]    = note: the item is gated behind the `jsc` feature
[INFO] [stdout] note: found an item that was configured out
[INFO] [stdout]   --> /opt/rustwide/cargo-home/registry/src/index.crates.io-6f17d22bba15001f/wasmer-4.2.4/src/vm.rs:17:65
[INFO] [stdout]    |
[INFO] [stdout] 17 |     VMExtern, VMExternFunction, VMExternGlobal, VMExternMemory, VMExternRef, VMExternTable,
[INFO] [stdout]    |                                                                 ^^^^^^^^^^^
[INFO] [stdout]    = note: the item is gated behind the `sys` feature
[INFO] [stdout]    = help: consider importing this struct instead:
[INFO] [stdout]            wasmer_vm::VMFuncRef
[INFO] [stdout] note: found an item that was configured out
[INFO] [stdout]   --> /opt/rustwide/cargo-home/registry/src/index.crates.io-6f17d22bba15001f/wasmer-4.2.4/src/vm.rs:6:5
[INFO] [stdout]    |
[INFO] [stdout] 6  |     VMFuncRef, VMFunctionCallback, VMFunctionEnvironment, VMInstance, VMTrampoline,
[INFO] [stdout]    |     ^^^^^^^^^
[INFO] [stdout]    = note: the item is gated behind the `js` feature
[INFO] [stdout] note: found an item that was configured out
[INFO] [stdout]   --> /opt/rustwide/cargo-home/registry/src/index.crates.io-6f17d22bba15001f/wasmer-4.2.4/src/vm.rs:12:5
[INFO] [stdout]    |
[INFO] [stdout] 12 |     VMFuncRef, VMFunctionCallback, VMFunctionEnvironment, VMInstance, VMTrampoline,
[INFO] [stdout]    |     ^^^^^^^^^
[INFO] [stdout]    = note: the item is gated behind the `jsc` feature
[INFO] [stdout] note: found an item that was configured out
[INFO] [stdout]   --> /opt/rustwide/cargo-home/registry/src/index.crates.io-6f17d22bba15001f/wasmer-4.2.4/src/vm.rs:18:5
[INFO] [stdout]    |
[INFO] [stdout] 18 |     VMFuncRef, VMFunctionCallback, VMFunctionEnvironment, VMInstance, VMTrampoline,
[INFO] [stdout]    |     ^^^^^^^^^
[INFO] [stdout]    = note: the item is gated behind the `sys` feature
[INFO] [stdout] 
[INFO] [stdout] 
[INFO] [stdout] error[E0432]: unresolved imports `crate::store::StoreHandle`, `crate::store::StoreObjects`
[INFO] [stdout]   --> /opt/rustwide/cargo-home/registry/src/index.crates.io-6f17d22bba15001f/wasmer-4.2.4/src/function_env.rs:5:44
[INFO] [stdout]    |
[INFO] [stdout] 5  | use crate::store::{AsStoreMut, AsStoreRef, StoreHandle, StoreMut, StoreObjects, StoreRef};
[INFO] [stdout]    |                                            ^^^^^^^^^^^            ^^^^^^^^^^^^ no `StoreObjects` in `store`
[INFO] [stdout]    |                                            |
[INFO] [stdout]    |                                            no `StoreHandle` in `store`
[INFO] [stdout]    |
[INFO] [stdout]    = help: consider importing this struct instead:
[INFO] [stdout]            wasmer_vm::StoreHandle
[INFO] [stdout] note: found an item that was configured out
[INFO] [stdout]   --> /opt/rustwide/cargo-home/registry/src/index.crates.io-6f17d22bba15001f/wasmer-4.2.4/src/store.rs:16:21
[INFO] [stdout]    |
[INFO] [stdout] 16 | pub use wasmer_vm::{StoreHandle, StoreObjects};
[INFO] [stdout]    |                     ^^^^^^^^^^^
[INFO] [stdout]    = note: the item is gated behind the `sys` feature
[INFO] [stdout] note: found an item that was configured out
[INFO] [stdout]   --> /opt/rustwide/cargo-home/registry/src/index.crates.io-6f17d22bba15001f/wasmer-4.2.4/src/store.rs:19:28
[INFO] [stdout]    |
[INFO] [stdout] 19 | pub use crate::js::store::{StoreHandle, StoreObjects};
[INFO] [stdout]    |                            ^^^^^^^^^^^
[INFO] [stdout]    = note: the item is gated behind the `js` feature
[INFO] [stdout] note: found an item that was configured out
[INFO] [stdout]   --> /opt/rustwide/cargo-home/registry/src/index.crates.io-6f17d22bba15001f/wasmer-4.2.4/src/store.rs:22:29
[INFO] [stdout]    |
[INFO] [stdout] 22 | pub use crate::jsc::store::{StoreHandle, StoreObjects};
[INFO] [stdout]    |                             ^^^^^^^^^^^
[INFO] [stdout]    = note: the item is gated behind the `jsc` feature
[INFO] [stdout]    = help: consider importing this struct instead:
[INFO] [stdout]            wasmer_vm::StoreObjects
[INFO] [stdout] note: found an item that was configured out
[INFO] [stdout]   --> /opt/rustwide/cargo-home/registry/src/index.crates.io-6f17d22bba15001f/wasmer-4.2.4/src/store.rs:16:34
[INFO] [stdout]    |
[INFO] [stdout] 16 | pub use wasmer_vm::{StoreHandle, StoreObjects};
[INFO] [stdout]    |                                  ^^^^^^^^^^^^
[INFO] [stdout]    = note: the item is gated behind the `sys` feature
[INFO] [stdout] note: found an item that was configured out
[INFO] [stdout]   --> /opt/rustwide/cargo-home/registry/src/index.crates.io-6f17d22bba15001f/wasmer-4.2.4/src/store.rs:19:41
[INFO] [stdout]    |
[INFO] [stdout] 19 | pub use crate::js::store::{StoreHandle, StoreObjects};
[INFO] [stdout]    |                                         ^^^^^^^^^^^^
[INFO] [stdout]    = note: the item is gated behind the `js` feature
[INFO] [stdout] note: found an item that was configured out
[INFO] [stdout]   --> /opt/rustwide/cargo-home/registry/src/index.crates.io-6f17d22bba15001f/wasmer-4.2.4/src/store.rs:22:42
[INFO] [stdout]    |
[INFO] [stdout] 22 | pub use crate::jsc::store::{StoreHandle, StoreObjects};
[INFO] [stdout]    |                                          ^^^^^^^^^^^^
[INFO] [stdout]    = note: the item is gated behind the `jsc` feature
[INFO] [stdout] 
[INFO] [stdout] 
[INFO] [stdout] error: cannot find attribute `source` in this scope
[INFO] [stdout]   --> /opt/rustwide/cargo-home/registry/src/index.crates.io-6f17d22bba15001f/wasmer-4.2.4/src/errors.rs:30:12
[INFO] [stdout]    |
[INFO] [stdout] 30 |     Trap(#[source] RuntimeError),
[INFO] [stdout]    |            ^^^^^^
[INFO] [stdout] 
[INFO] [stdout] 
[INFO] [stdout] error[E0412]: cannot find type `Trap` in this scope
[INFO] [stdout]    --> /opt/rustwide/cargo-home/registry/src/index.crates.io-6f17d22bba15001f/wasmer-4.2.4/src/errors.rs:103:24
[INFO] [stdout]     |
[INFO] [stdout] 103 |     pub(crate) source: Trap,
[INFO] [stdout]     |                        ^^^^ not found in this scope
[INFO] [stdout]     |
[INFO] [stdout] help: consider importing this enum
[INFO] [stdout]     |
[INFO] [stdout] 5   + use wasmer_vm::Trap;
[INFO] [stdout]     |
[INFO] [stdout] 
[INFO] [stdout] 
[INFO] [stdout] error[E0412]: cannot find type `Trap` in this scope
[INFO] [stdout]    --> /opt/rustwide/cargo-home/registry/src/index.crates.io-6f17d22bba15001f/wasmer-4.2.4/src/errors.rs:139:17
[INFO] [stdout]     |
[INFO] [stdout] 139 |         source: Trap,
[INFO] [stdout]     |                 ^^^^ not found in this scope
[INFO] [stdout]     |
[INFO] [stdout] help: consider importing this enum
[INFO] [stdout]     |
[INFO] [stdout] 5   + use wasmer_vm::Trap;
[INFO] [stdout]     |
[INFO] [stdout] 
[INFO] [stdout] 
[INFO] [stdout] error[E0433]: failed to resolve: use of undeclared type `Trap`
[INFO] [stdout]    --> /opt/rustwide/cargo-home/registry/src/index.crates.io-6f17d22bba15001f/wasmer-4.2.4/src/errors.rs:261:27
[INFO] [stdout]     |
[INFO] [stdout] 261 |             Err(error) => Trap::user(error).into(),
[INFO] [stdout]     |                           ^^^^ use of undeclared type `Trap`
[INFO] [stdout]     |
[INFO] [stdout] help: consider importing this enum
[INFO] [stdout]     |
[INFO] [stdout] 5   + use wasmer_vm::Trap;
[INFO] [stdout]     |
[INFO] [stdout] 
[INFO] [stdout] 
[INFO] [stdout] error[E0433]: failed to resolve: use of undeclared crate or module `extern_ref_imp`
[INFO] [stdout]   --> /opt/rustwide/cargo-home/registry/src/index.crates.io-6f17d22bba15001f/wasmer-4.2.4/src/extern_ref.rs:24:14
[INFO] [stdout]    |
[INFO] [stdout] 24 |         Self(extern_ref_imp::ExternRef::new(store, value))
[INFO] [stdout]    |              ^^^^^^^^^^^^^^ use of undeclared crate or module `extern_ref_imp`
[INFO] [stdout]    |
[INFO] [stdout] help: consider importing this struct through its public re-export
[INFO] [stdout]    |
[INFO] [stdout] 1  + use crate::ExternRef;
[INFO] [stdout]    |
[INFO] [stdout] help: if you import `ExternRef`, refer to it directly
[INFO] [stdout]    |
[INFO] [stdout] 24 -         Self(extern_ref_imp::ExternRef::new(store, value))
[INFO] [stdout] 24 +         Self(ExternRef::new(store, value))
[INFO] [stdout]    |
[INFO] [stdout] 
[INFO] [stdout] 
[INFO] [stdout] error[E0433]: failed to resolve: use of undeclared crate or module `extern_ref_imp`
[INFO] [stdout]   --> /opt/rustwide/cargo-home/registry/src/index.crates.io-6f17d22bba15001f/wasmer-4.2.4/src/extern_ref.rs:43:14
[INFO] [stdout]    |
[INFO] [stdout] 43 |         Self(extern_ref_imp::ExternRef::from_vm_externref(
[INFO] [stdout]    |              ^^^^^^^^^^^^^^ use of undeclared crate or module `extern_ref_imp`
[INFO] [stdout]    |
[INFO] [stdout] help: consider importing this struct through its public re-export
[INFO] [stdout]    |
[INFO] [stdout] 1  + use crate::ExternRef;
[INFO] [stdout]    |
[INFO] [stdout] help: if you import `ExternRef`, refer to it directly
[INFO] [stdout]    |
[INFO] [stdout] 43 -         Self(extern_ref_imp::ExternRef::from_vm_externref(
[INFO] [stdout] 43 +         Self(ExternRef::from_vm_externref(
[INFO] [stdout]    |
[INFO] [stdout] 
[INFO] [stdout] 
[INFO] [stdout] error[E0433]: failed to resolve: use of undeclared crate or module `function_impl`
[INFO] [stdout]    --> /opt/rustwide/cargo-home/registry/src/index.crates.io-6f17d22bba15001f/wasmer-4.2.4/src/externals/function.rs:156:14
[INFO] [stdout]     |
[INFO] [stdout] 156 |         Self(function_impl::Function::new_with_env(store, env, ty, func))
[INFO] [stdout]     |              ^^^^^^^^^^^^^ use of undeclared crate or module `function_impl`
[INFO] [stdout]     |
[INFO] [stdout] help: consider importing this struct through its public re-export
[INFO] [stdout]     |
[INFO] [stdout] 8   + use crate::Function;
[INFO] [stdout]     |
[INFO] [stdout] help: if you import `Function`, refer to it directly
[INFO] [stdout]     |
[INFO] [stdout] 156 -         Self(function_impl::Function::new_with_env(store, env, ty, func))
[INFO] [stdout] 156 +         Self(Function::new_with_env(store, env, ty, func))
[INFO] [stdout]     |
[INFO] [stdout] 
[INFO] [stdout] 
[INFO] [stdout] error[E0433]: failed to resolve: use of undeclared crate or module `function_impl`
[INFO] [stdout]    --> /opt/rustwide/cargo-home/registry/src/index.crates.io-6f17d22bba15001f/wasmer-4.2.4/src/externals/function.rs:166:14
[INFO] [stdout]     |
[INFO] [stdout] 166 |         Self(function_impl::Function::new_typed(store, func))
[INFO] [stdout]     |              ^^^^^^^^^^^^^ use of undeclared crate or module `function_impl`
[INFO] [stdout]     |
[INFO] [stdout] help: consider importing this struct through its public re-export
[INFO] [stdout]     |
[INFO] [stdout] 8   + use crate::Function;
[INFO] [stdout]     |
[INFO] [stdout] help: if you import `Function`, refer to it directly
[INFO] [stdout]     |
[INFO] [stdout] 166 -         Self(function_impl::Function::new_typed(store, func))
[INFO] [stdout] 166 +         Self(Function::new_typed(store, func))
[INFO] [stdout]     |
[INFO] [stdout] 
[INFO] [stdout] 
[INFO] [stdout] error[E0433]: failed to resolve: use of undeclared crate or module `function_impl`
[INFO] [stdout]    --> /opt/rustwide/cargo-home/registry/src/index.crates.io-6f17d22bba15001f/wasmer-4.2.4/src/externals/function.rs:197:14
[INFO] [stdout]     |
[INFO] [stdout] 197 |         Self(function_impl::Function::new_typed_with_env(
[INFO] [stdout]     |              ^^^^^^^^^^^^^ use of undeclared crate or module `function_impl`
[INFO] [stdout]     |
[INFO] [stdout] help: consider importing this struct through its public re-export
[INFO] [stdout]     |
[INFO] [stdout] 8   + use crate::Function;
[INFO] [stdout]     |
[INFO] [stdout] help: if you import `Function`, refer to it directly
[INFO] [stdout]     |
[INFO] [stdout] 197 -         Self(function_impl::Function::new_typed_with_env(
[INFO] [stdout] 197 +         Self(Function::new_typed_with_env(
[INFO] [stdout]     |
[INFO] [stdout] 
[INFO] [stdout] 
[INFO] [stdout] error[E0433]: failed to resolve: use of undeclared crate or module `function_impl`
[INFO] [stdout]    --> /opt/rustwide/cargo-home/registry/src/index.crates.io-6f17d22bba15001f/wasmer-4.2.4/src/externals/function.rs:320:14
[INFO] [stdout]     |
[INFO] [stdout] 320 |         Self(function_impl::Function::from_vm_funcref(store, funcref))
[INFO] [stdout]     |              ^^^^^^^^^^^^^ use of undeclared crate or module `function_impl`
[INFO] [stdout]     |
[INFO] [stdout] help: consider importing this struct through its public re-export
[INFO] [stdout]     |
[INFO] [stdout] 8   + use crate::Function;
[INFO] [stdout]     |
[INFO] [stdout] help: if you import `Function`, refer to it directly
[INFO] [stdout]     |
[INFO] [stdout] 320 -         Self(function_impl::Function::from_vm_funcref(store, funcref))
[INFO] [stdout] 320 +         Self(Function::from_vm_funcref(store, funcref))
[INFO] [stdout]     |
[INFO] [stdout] 
[INFO] [stdout] 
[INFO] [stdout] error[E0433]: failed to resolve: use of undeclared crate or module `function_impl`
[INFO] [stdout]    --> /opt/rustwide/cargo-home/registry/src/index.crates.io-6f17d22bba15001f/wasmer-4.2.4/src/externals/function.rs:446:14
[INFO] [stdout]     |
[INFO] [stdout] 446 |         Self(function_impl::Function::from_vm_extern(store, vm_extern))
[INFO] [stdout]     |              ^^^^^^^^^^^^^ use of undeclared crate or module `function_impl`
[INFO] [stdout]     |
[INFO] [stdout] help: consider importing this struct through its public re-export
[INFO] [stdout]     |
[INFO] [stdout] 8   + use crate::Function;
[INFO] [stdout]     |
[INFO] [stdout] help: if you import `Function`, refer to it directly
[INFO] [stdout]     |
[INFO] [stdout] 446 -         Self(function_impl::Function::from_vm_extern(store, vm_extern))
[INFO] [stdout] 446 +         Self(Function::from_vm_extern(store, vm_extern))
[INFO] [stdout]     |
[INFO] [stdout] 
[INFO] [stdout] 
[INFO] [stdout] error[E0433]: failed to resolve: use of undeclared crate or module `global_impl`
[INFO] [stdout]   --> /opt/rustwide/cargo-home/registry/src/index.crates.io-6f17d22bba15001f/wasmer-4.2.4/src/externals/global.rs:68:17
[INFO] [stdout]    |
[INFO] [stdout] 68 |         Ok(Self(global_impl::Global::from_value(
[INFO] [stdout]    |                 ^^^^^^^^^^^ use of undeclared crate or module `global_impl`
[INFO] [stdout]    |
[INFO] [stdout] help: consider importing one of these items
[INFO] [stdout]    |
[INFO] [stdout] 1  + use crate::Global;
[INFO] [stdout]    |
[INFO] [stdout] 1  + use std::alloc::Global;
[INFO] [stdout]    |
[INFO] [stdout] help: if you import `Global`, refer to it directly
[INFO] [stdout]    |
[INFO] [stdout] 68 -         Ok(Self(global_impl::Global::from_value(
[INFO] [stdout] 68 +         Ok(Self(Global::from_value(
[INFO] [stdout]    |
[INFO] [stdout] 
[INFO] [stdout] 
[INFO] [stdout] error[E0433]: failed to resolve: use of undeclared crate or module `global_impl`
[INFO] [stdout]    --> /opt/rustwide/cargo-home/registry/src/index.crates.io-6f17d22bba15001f/wasmer-4.2.4/src/externals/global.rs:153:14
[INFO] [stdout]     |
[INFO] [stdout] 153 |         Self(global_impl::Global::from_vm_extern(store, vm_extern))
[INFO] [stdout]     |              ^^^^^^^^^^^ use of undeclared crate or module `global_impl`
[INFO] [stdout]     |
[INFO] [stdout] help: consider importing one of these items
[INFO] [stdout]     |
[INFO] [stdout] 1   + use crate::Global;
[INFO] [stdout]     |
[INFO] [stdout] 1   + use std::alloc::Global;
[INFO] [stdout]     |
[INFO] [stdout] help: if you import `Global`, refer to it directly
[INFO] [stdout]     |
[INFO] [stdout] 153 -         Self(global_impl::Global::from_vm_extern(store, vm_extern))
[INFO] [stdout] 153 +         Self(Global::from_vm_extern(store, vm_extern))
[INFO] [stdout]     |
[INFO] [stdout] 
[INFO] [stdout] 
[INFO] [stdout] error[E0433]: failed to resolve: use of undeclared crate or module `memory_impl`
[INFO] [stdout]   --> /opt/rustwide/cargo-home/registry/src/index.crates.io-6f17d22bba15001f/wasmer-4.2.4/src/externals/memory.rs:50:17
[INFO] [stdout]    |
[INFO] [stdout] 50 |         Ok(Self(memory_impl::Memory::new(store, ty)?))
[INFO] [stdout]    |                 ^^^^^^^^^^^ use of undeclared crate or module `memory_impl`
[INFO] [stdout]    |
[INFO] [stdout] help: consider importing this struct through its public re-export
[INFO] [stdout]    |
[INFO] [stdout] 8  + use crate::Memory;
[INFO] [stdout]    |
[INFO] [stdout] help: if you import `Memory`, refer to it directly
[INFO] [stdout]    |
[INFO] [stdout] 50 -         Ok(Self(memory_impl::Memory::new(store, ty)?))
[INFO] [stdout] 50 +         Ok(Self(Memory::new(store, ty)?))
[INFO] [stdout]    |
[INFO] [stdout] 
[INFO] [stdout] 
[INFO] [stdout] error[E0433]: failed to resolve: use of undeclared crate or module `memory_impl`
[INFO] [stdout]   --> /opt/rustwide/cargo-home/registry/src/index.crates.io-6f17d22bba15001f/wasmer-4.2.4/src/externals/memory.rs:55:14
[INFO] [stdout]    |
[INFO] [stdout] 55 |         Self(memory_impl::Memory::new_from_existing(new_store, memory))
[INFO] [stdout]    |              ^^^^^^^^^^^ use of undeclared crate or module `memory_impl`
[INFO] [stdout]    |
[INFO] [stdout] help: consider importing this struct through its public re-export
[INFO] [stdout]    |
[INFO] [stdout] 8  + use crate::Memory;
[INFO] [stdout]    |
[INFO] [stdout] help: if you import `Memory`, refer to it directly
[INFO] [stdout]    |
[INFO] [stdout] 55 -         Self(memory_impl::Memory::new_from_existing(new_store, memory))
[INFO] [stdout] 55 +         Self(Memory::new_from_existing(new_store, memory))
[INFO] [stdout]    |
[INFO] [stdout] 
[INFO] [stdout] 
[INFO] [stdout] error[E0433]: failed to resolve: use of undeclared crate or module `memory_impl`
[INFO] [stdout]    --> /opt/rustwide/cargo-home/registry/src/index.crates.io-6f17d22bba15001f/wasmer-4.2.4/src/externals/memory.rs:143:14
[INFO] [stdout]     |
[INFO] [stdout] 143 |         Self(memory_impl::Memory::from_vm_extern(store, vm_extern))
[INFO] [stdout]     |              ^^^^^^^^^^^ use of undeclared crate or module `memory_impl`
[INFO] [stdout]     |
[INFO] [stdout] help: consider importing this struct through its public re-export
[INFO] [stdout]     |
[INFO] [stdout] 8   + use crate::Memory;
[INFO] [stdout]     |
[INFO] [stdout] help: if you import `Memory`, refer to it directly
[INFO] [stdout]     |
[INFO] [stdout] 143 -         Self(memory_impl::Memory::from_vm_extern(store, vm_extern))
[INFO] [stdout] 143 +         Self(Memory::from_vm_extern(store, vm_extern))
[INFO] [stdout]     |
[INFO] [stdout] 
[INFO] [stdout] 
[INFO] [stdout] error[E0433]: failed to resolve: use of undeclared crate or module `memory_view_impl`
[INFO] [stdout]   --> /opt/rustwide/cargo-home/registry/src/index.crates.io-6f17d22bba15001f/wasmer-4.2.4/src/externals/memory_view.rs:25:20
[INFO] [stdout]    |
[INFO] [stdout] 25 |         MemoryView(memory_view_impl::MemoryView::new(&memory.0, store))
[INFO] [stdout]    |                    ^^^^^^^^^^^^^^^^ use of undeclared crate or module `memory_view_impl`
[INFO] [stdout]    |
[INFO] [stdout] help: consider importing this struct through its public re-export
[INFO] [stdout]    |
[INFO] [stdout] 1  + use crate::MemoryView;
[INFO] [stdout]    |
[INFO] [stdout] help: if you import `MemoryView`, refer to it directly
[INFO] [stdout]    |
[INFO] [stdout] 25 -         MemoryView(memory_view_impl::MemoryView::new(&memory.0, store))
[INFO] [stdout] 25 +         MemoryView(MemoryView::new(&memory.0, store))
[INFO] [stdout]    |
[INFO] [stdout] 
[INFO] [stdout] 
[INFO] [stdout] error[E0433]: failed to resolve: use of undeclared crate or module `table_impl`
[INFO] [stdout]   --> /opt/rustwide/cargo-home/registry/src/index.crates.io-6f17d22bba15001f/wasmer-4.2.4/src/externals/table.rs:39:17
[INFO] [stdout]    |
[INFO] [stdout] 39 |         Ok(Self(table_impl::Table::new(store, ty, init)?))
[INFO] [stdout]    |                 ^^^^^^^^^^ use of undeclared crate or module `table_impl`
[INFO] [stdout]    |
[INFO] [stdout] help: consider importing this struct through its public re-export
[INFO] [stdout]    |
[INFO] [stdout] 8  + use crate::Table;
[INFO] [stdout]    |
[INFO] [stdout] help: if you import `Table`, refer to it directly
[INFO] [stdout]    |
[INFO] [stdout] 39 -         Ok(Self(table_impl::Table::new(store, ty, init)?))
[INFO] [stdout] 39 +         Ok(Self(Table::new(store, ty, init)?))
[INFO] [stdout]    |
[INFO] [stdout] 
[INFO] [stdout] 
[INFO] [stdout] error[E0433]: failed to resolve: use of undeclared crate or module `table_impl`
[INFO] [stdout]    --> /opt/rustwide/cargo-home/registry/src/index.crates.io-6f17d22bba15001f/wasmer-4.2.4/src/externals/table.rs:100:9
[INFO] [stdout]     |
[INFO] [stdout] 100 |         table_impl::Table::copy(store, &dst_table.0, dst_index, &src_table.0, src_index, len)
[INFO] [stdout]     |         ^^^^^^^^^^ use of undeclared crate or module `table_impl`
[INFO] [stdout]     |
[INFO] [stdout] help: consider importing this struct through its public re-export
[INFO] [stdout]     |
[INFO] [stdout] 8   + use crate::Table;
[INFO] [stdout]     |
[INFO] [stdout] help: if you import `Table`, refer to it directly
[INFO] [stdout]     |
[INFO] [stdout] 100 -         table_impl::Table::copy(store, &dst_table.0, dst_index, &src_table.0, src_index, len)
[INFO] [stdout] 100 +         Table::copy(store, &dst_table.0, dst_index, &src_table.0, src_index, len)
[INFO] [stdout]     |
[INFO] [stdout] 
[INFO] [stdout] 
[INFO] [stdout] error[E0433]: failed to resolve: use of undeclared crate or module `table_impl`
[INFO] [stdout]    --> /opt/rustwide/cargo-home/registry/src/index.crates.io-6f17d22bba15001f/wasmer-4.2.4/src/externals/table.rs:104:14
[INFO] [stdout]     |
[INFO] [stdout] 104 |         Self(table_impl::Table::from_vm_extern(store, extern_))
[INFO] [stdout]     |              ^^^^^^^^^^ use of undeclared crate or module `table_impl`
[INFO] [stdout]     |
[INFO] [stdout] help: consider importing this struct through its public re-export
[INFO] [stdout]     |
[INFO] [stdout] 8   + use crate::Table;
[INFO] [stdout]     |
[INFO] [stdout] help: if you import `Table`, refer to it directly
[INFO] [stdout]     |
[INFO] [stdout] 104 -         Self(table_impl::Table::from_vm_extern(store, extern_))
[INFO] [stdout] 104 +         Self(Table::from_vm_extern(store, extern_))
[INFO] [stdout]     |
[INFO] [stdout] 
[INFO] [stdout] 
[INFO] [stdout] error[E0412]: cannot find type `VMExtern` in this scope
[INFO] [stdout]   --> /opt/rustwide/cargo-home/registry/src/index.crates.io-6f17d22bba15001f/wasmer-4.2.4/src/externals/mod.rs:54:67
[INFO] [stdout]    |
[INFO] [stdout] 31 | pub enum Extern {
[INFO] [stdout]    | --------------- similarly named enum `Extern` defined here
[INFO] [stdout] ...
[INFO] [stdout] 54 |     pub fn from_vm_extern(store: &mut impl AsStoreMut, vm_extern: VMExtern) -> Self {
[INFO] [stdout]    |                                                                   ^^^^^^^^
[INFO] [stdout]    |
[INFO] [stdout] help: an enum with a similar name exists
[INFO] [stdout]    |
[INFO] [stdout] 54 |     pub fn from_vm_extern(store: &mut impl AsStoreMut, vm_extern: Extern) -> Self {
[INFO] [stdout]    |                                                                   ~~~~~~
[INFO] [stdout] help: consider importing this enum
[INFO] [stdout]    |
[INFO] [stdout] 7  + use wasmer_vm::VMExtern;
[INFO] [stdout]    |
[INFO] [stdout] 
[INFO] [stdout] 
[INFO] [stdout] error[E0433]: failed to resolve: use of undeclared type `VMExtern`
[INFO] [stdout]   --> /opt/rustwide/cargo-home/registry/src/index.crates.io-6f17d22bba15001f/wasmer-4.2.4/src/externals/mod.rs:56:13
[INFO] [stdout]    |
[INFO] [stdout] 56 |             VMExtern::Function(f) => Self::Function(Function::from_vm_extern(store, f)),
[INFO] [stdout]    |             ^^^^^^^^ use of undeclared type `VMExtern`
[INFO] [stdout]    |
[INFO] [stdout] help: an enum with a similar name exists
[INFO] [stdout]    |
[INFO] [stdout] 56 |             Extern::Function(f) => Self::Function(Function::from_vm_extern(store, f)),
[INFO] [stdout]    |             ~~~~~~
[INFO] [stdout] help: consider importing this enum
[INFO] [stdout]    |
[INFO] [stdout] 7  + use wasmer_vm::VMExtern;
[INFO] [stdout]    |
[INFO] [stdout] 
[INFO] [stdout] 
[INFO] [stdout] error[E0433]: failed to resolve: use of undeclared type `VMExtern`
[INFO] [stdout]   --> /opt/rustwide/cargo-home/registry/src/index.crates.io-6f17d22bba15001f/wasmer-4.2.4/src/externals/mod.rs:57:13
[INFO] [stdout]    |
[INFO] [stdout] 57 |             VMExtern::Memory(m) => Self::Memory(Memory::from_vm_extern(store, m)),
[INFO] [stdout]    |             ^^^^^^^^ use of undeclared type `VMExtern`
[INFO] [stdout]    |
[INFO] [stdout] help: an enum with a similar name exists
[INFO] [stdout]    |
[INFO] [stdout] 57 |             Extern::Memory(m) => Self::Memory(Memory::from_vm_extern(store, m)),
[INFO] [stdout]    |             ~~~~~~
[INFO] [stdout] help: consider importing this enum
[INFO] [stdout]    |
[INFO] [stdout] 7  + use wasmer_vm::VMExtern;
[INFO] [stdout]    |
[INFO] [stdout] 
[INFO] [stdout] 
[INFO] [stdout] error[E0433]: failed to resolve: use of undeclared type `VMExtern`
[INFO] [stdout]   --> /opt/rustwide/cargo-home/registry/src/index.crates.io-6f17d22bba15001f/wasmer-4.2.4/src/externals/mod.rs:58:13
[INFO] [stdout]    |
[INFO] [stdout] 58 |             VMExtern::Global(g) => Self::Global(Global::from_vm_extern(store, g)),
[INFO] [stdout]    |             ^^^^^^^^ use of undeclared type `VMExtern`
[INFO] [stdout]    |
[INFO] [stdout] help: an enum with a similar name exists
[INFO] [stdout]    |
[INFO] [stdout] 58 |             Extern::Global(g) => Self::Global(Global::from_vm_extern(store, g)),
[INFO] [stdout]    |             ~~~~~~
[INFO] [stdout] help: consider importing this enum
[INFO] [stdout]    |
[INFO] [stdout] 7  + use wasmer_vm::VMExtern;
[INFO] [stdout]    |
[INFO] [stdout] 
[INFO] [stdout] 
[INFO] [stdout] error[E0433]: failed to resolve: use of undeclared type `VMExtern`
[INFO] [stdout]   --> /opt/rustwide/cargo-home/registry/src/index.crates.io-6f17d22bba15001f/wasmer-4.2.4/src/externals/mod.rs:59:13
[INFO] [stdout]    |
[INFO] [stdout] 59 |             VMExtern::Table(t) => Self::Table(Table::from_vm_extern(store, t)),
[INFO] [stdout]    |             ^^^^^^^^ use of undeclared type `VMExtern`
[INFO] [stdout]    |
[INFO] [stdout] help: an enum with a similar name exists
[INFO] [stdout]    |
[INFO] [stdout] 59 |             Extern::Table(t) => Self::Table(Table::from_vm_extern(store, t)),
[INFO] [stdout]    |             ~~~~~~
[INFO] [stdout] help: consider importing this enum
[INFO] [stdout]    |
[INFO] [stdout] 7  + use wasmer_vm::VMExtern;
[INFO] [stdout]    |
[INFO] [stdout] 
[INFO] [stdout] 
[INFO] [stdout] error[E0412]: cannot find type `VMExtern` in this scope
[INFO] [stdout]   --> /opt/rustwide/cargo-home/registry/src/index.crates.io-6f17d22bba15001f/wasmer-4.2.4/src/externals/mod.rs:74:35
[INFO] [stdout]    |
[INFO] [stdout] 31 | pub enum Extern {
[INFO] [stdout]    | --------------- similarly named enum `Extern` defined here
[INFO] [stdout] ...
[INFO] [stdout] 74 |     pub fn to_vm_extern(&self) -> VMExtern {
[INFO] [stdout]    |                                   ^^^^^^^^
[INFO] [stdout]    |
[INFO] [stdout] help: an enum with a similar name exists
[INFO] [stdout]    |
[INFO] [stdout] 74 |     pub fn to_vm_extern(&self) -> Extern {
[INFO] [stdout]    |                                   ~~~~~~
[INFO] [stdout] help: consider importing this enum
[INFO] [stdout]    |
[INFO] [stdout] 7  + use wasmer_vm::VMExtern;
[INFO] [stdout]    |
[INFO] [stdout] 
[INFO] [stdout] 
[INFO] [stdout] error[E0433]: failed to resolve: use of undeclared crate or module `instance_imp`
[INFO] [stdout]   --> /opt/rustwide/cargo-home/registry/src/index.crates.io-6f17d22bba15001f/wasmer-4.2.4/src/instance.rs:69:33
[INFO] [stdout]    |
[INFO] [stdout] 69 |         let (_inner, exports) = instance_imp::Instance::new(store, module, imports)?;
[INFO] [stdout]    |                                 ^^^^^^^^^^^^ use of undeclared crate or module `instance_imp`
[INFO] [stdout]    |
[INFO] [stdout] help: consider importing this struct through its public re-export
[INFO] [stdout]    |
[INFO] [stdout] 1  + use crate::Instance;
[INFO] [stdout]    |
[INFO] [stdout] help: if you import `Instance`, refer to it directly
[INFO] [stdout]    |
[INFO] [stdout] 69 -         let (_inner, exports) = instance_imp::Instance::new(store, module, imports)?;
[INFO] [stdout] 69 +         let (_inner, exports) = Instance::new(store, module, imports)?;
[INFO] [stdout]    |
[INFO] [stdout] 
[INFO] [stdout] 
[INFO] [stdout] error[E0433]: failed to resolve: use of undeclared crate or module `instance_imp`
[INFO] [stdout]   --> /opt/rustwide/cargo-home/registry/src/index.crates.io-6f17d22bba15001f/wasmer-4.2.4/src/instance.rs:93:33
[INFO] [stdout]    |
[INFO] [stdout] 93 |         let (_inner, exports) = instance_imp::Instance::new_by_index(store, module, externs)?;
[INFO] [stdout]    |                                 ^^^^^^^^^^^^ use of undeclared crate or module `instance_imp`
[INFO] [stdout]    |
[INFO] [stdout] help: consider importing this struct through its public re-export
[INFO] [stdout]    |
[INFO] [stdout] 1  + use crate::Instance;
[INFO] [stdout]    |
[INFO] [stdout] help: if you import `Instance`, refer to it directly
[INFO] [stdout]    |
[INFO] [stdout] 93 -         let (_inner, exports) = instance_imp::Instance::new_by_index(store, module, externs)?;
[INFO] [stdout] 93 +         let (_inner, exports) = Instance::new_by_index(store, module, externs)?;
[INFO] [stdout]    |
[INFO] [stdout] 
[INFO] [stdout] 
[INFO] [stdout] error[E0433]: failed to resolve: use of undeclared crate or module `module_imp`
[INFO] [stdout]    --> /opt/rustwide/cargo-home/registry/src/index.crates.io-6f17d22bba15001f/wasmer-4.2.4/src/module.rs:149:17
[INFO] [stdout]     |
[INFO] [stdout] 149 |         Ok(Self(module_imp::Module::from_binary(engine, binary)?))
[INFO] [stdout]     |                 ^^^^^^^^^^ use of undeclared crate or module `module_imp`
[INFO] [stdout]     |
[INFO] [stdout] help: consider importing this struct through its public re-export
[INFO] [stdout]     |
[INFO] [stdout] 1   + use crate::Module;
[INFO] [stdout]     |
[INFO] [stdout] help: if you import `Module`, refer to it directly
[INFO] [stdout]     |
[INFO] [stdout] 149 -         Ok(Self(module_imp::Module::from_binary(engine, binary)?))
[INFO] [stdout] 149 +         Ok(Self(Module::from_binary(engine, binary)?))
[INFO] [stdout]     |
[INFO] [stdout] 
[INFO] [stdout] 
[INFO] [stdout] error[E0433]: failed to resolve: use of undeclared crate or module `module_imp`
[INFO] [stdout]    --> /opt/rustwide/cargo-home/registry/src/index.crates.io-6f17d22bba15001f/wasmer-4.2.4/src/module.rs:164:17
[INFO] [stdout]     |
[INFO] [stdout] 164 |         Ok(Self(module_imp::Module::from_binary_unchecked(
[INFO] [stdout]     |                 ^^^^^^^^^^ use of undeclared crate or module `module_imp`
[INFO] [stdout]     |
[INFO] [stdout] help: consider importing this struct through its public re-export
[INFO] [stdout]     |
[INFO] [stdout] 1   + use crate::Module;
[INFO] [stdout]     |
[INFO] [stdout] help: if you import `Module`, refer to it directly
[INFO] [stdout]     |
[INFO] [stdout] 164 -         Ok(Self(module_imp::Module::from_binary_unchecked(
[INFO] [stdout] 164 +         Ok(Self(Module::from_binary_unchecked(
[INFO] [stdout]     |
[INFO] [stdout] 
[INFO] [stdout] 
[INFO] [stdout] error[E0433]: failed to resolve: use of undeclared crate or module `module_imp`
[INFO] [stdout]    --> /opt/rustwide/cargo-home/registry/src/index.crates.io-6f17d22bba15001f/wasmer-4.2.4/src/module.rs:176:9
[INFO] [stdout]     |
[INFO] [stdout] 176 |         module_imp::Module::validate(engine, binary)
[INFO] [stdout]     |         ^^^^^^^^^^ use of undeclared crate or module `module_imp`
[INFO] [stdout]     |
[INFO] [stdout] help: consider importing this struct through its public re-export
[INFO] [stdout]     |
[INFO] [stdout] 1   + use crate::Module;
[INFO] [stdout]     |
[INFO] [stdout] help: if you import `Module`, refer to it directly
[INFO] [stdout]     |
[INFO] [stdout] 176 -         module_imp::Module::validate(engine, binary)
[INFO] [stdout] 176 +         Module::validate(engine, binary)
[INFO] [stdout]     |
[INFO] [stdout] 
[INFO] [stdout] 
[INFO] [stdout] error[E0433]: failed to resolve: use of undeclared crate or module `module_imp`
[INFO] [stdout]    --> /opt/rustwide/cargo-home/registry/src/index.crates.io-6f17d22bba15001f/wasmer-4.2.4/src/module.rs:257:17
[INFO] [stdout]     |
[INFO] [stdout] 257 |         Ok(Self(module_imp::Module::deserialize_unchecked(
[INFO] [stdout]     |                 ^^^^^^^^^^ use of undeclared crate or module `module_imp`
[INFO] [stdout]     |
[INFO] [stdout] help: consider importing this struct through its public re-export
[INFO] [stdout]     |
[INFO] [stdout] 1   + use crate::Module;
[INFO] [stdout]     |
[INFO] [stdout] help: if you import `Module`, refer to it directly
[INFO] [stdout]     |
[INFO] [stdout] 257 -         Ok(Self(module_imp::Module::deserialize_unchecked(
[INFO] [stdout] 257 +         Ok(Self(Module::deserialize_unchecked(
[INFO] [stdout]     |
[INFO] [stdout] 
[INFO] [stdout] 
[INFO] [stdout] error[E0433]: failed to resolve: use of undeclared crate or module `module_imp`
[INFO] [stdout]    --> /opt/rustwide/cargo-home/registry/src/index.crates.io-6f17d22bba15001f/wasmer-4.2.4/src/module.rs:291:17
[INFO] [stdout]     |
[INFO] [stdout] 291 |         Ok(Self(module_imp::Module::deserialize(engine, bytes)?))
[INFO] [stdout]     |                 ^^^^^^^^^^ use of undeclared crate or module `module_imp`
[INFO] [stdout]     |
[INFO] [stdout] help: consider importing this struct through its public re-export
[INFO] [stdout]     |
[INFO] [stdout] 1   + use crate::Module;
[INFO] [stdout]     |
[INFO] [stdout] help: if you import `Module`, refer to it directly
[INFO] [stdout]     |
[INFO] [stdout] 291 -         Ok(Self(module_imp::Module::deserialize(engine, bytes)?))
[INFO] [stdout] 291 +         Ok(Self(Module::deserialize(engine, bytes)?))
[INFO] [stdout]     |
[INFO] [stdout] 
[INFO] [stdout] 
[INFO] [stdout] error[E0433]: failed to resolve: use of undeclared crate or module `module_imp`
[INFO] [stdout]    --> /opt/rustwide/cargo-home/registry/src/index.crates.io-6f17d22bba15001f/wasmer-4.2.4/src/module.rs:315:17
[INFO] [stdout]     |
[INFO] [stdout] 315 |         Ok(Self(module_imp::Module::deserialize_from_file(
[INFO] [stdout]     |                 ^^^^^^^^^^ use of undeclared crate or module `module_imp`
[INFO] [stdout]     |
[INFO] [stdout] help: consider importing this struct through its public re-export
[INFO] [stdout]     |
[INFO] [stdout] 1   + use crate::Module;
[INFO] [stdout]     |
[INFO] [stdout] help: if you import `Module`, refer to it directly
[INFO] [stdout]     |
[INFO] [stdout] 315 -         Ok(Self(module_imp::Module::deserialize_from_file(
[INFO] [stdout] 315 +         Ok(Self(Module::deserialize_from_file(
[INFO] [stdout]     |
[INFO] [stdout] 
[INFO] [stdout] 
[INFO] [stdout] error[E0433]: failed to resolve: use of undeclared crate or module `module_imp`
[INFO] [stdout]    --> /opt/rustwide/cargo-home/registry/src/index.crates.io-6f17d22bba15001f/wasmer-4.2.4/src/module.rs:343:17
[INFO] [stdout]     |
[INFO] [stdout] 343 |         Ok(Self(module_imp::Module::deserialize_from_file_unchecked(
[INFO] [stdout]     |                 ^^^^^^^^^^ use of undeclared crate or module `module_imp`
[INFO] [stdout]     |
[INFO] [stdout] help: consider importing this struct through its public re-export
[INFO] [stdout]     |
[INFO] [stdout] 1   + use crate::Module;
[INFO] [stdout]     |
[INFO] [stdout] help: if you import `Module`, refer to it directly
[INFO] [stdout]     |
[INFO] [stdout] 343 -         Ok(Self(module_imp::Module::deserialize_from_file_unchecked(
[INFO] [stdout] 343 +         Ok(Self(Module::deserialize_from_file_unchecked(
[INFO] [stdout]     |
[INFO] [stdout] 
[INFO] [stdout] 
[INFO] [stdout] error[E0412]: cannot find type `StoreObjects` in this scope
[INFO] [stdout]   --> /opt/rustwide/cargo-home/registry/src/index.crates.io-6f17d22bba15001f/wasmer-4.2.4/src/store.rs:36:25
[INFO] [stdout]    |
[INFO] [stdout] 36 |     pub(crate) objects: StoreObjects,
[INFO] [stdout]    |                         ^^^^^^^^^^^^ not found in this scope
[INFO] [stdout]    |
[INFO] [stdout] help: consider importing this struct
[INFO] [stdout]    |
[INFO] [stdout] 1  + use wasmer_vm::StoreObjects;
[INFO] [stdout]    |
[INFO] [stdout] 
[INFO] [stdout] 
[INFO] [stdout] error[E0412]: cannot find type `StoreObjects` in this scope
[INFO] [stdout]    --> /opt/rustwide/cargo-home/registry/src/index.crates.io-6f17d22bba15001f/wasmer-4.2.4/src/store.rs:129:39
[INFO] [stdout]     |
[INFO] [stdout] 129 |     fn objects_mut(&mut self) -> &mut StoreObjects {
[INFO] [stdout]     |                                       ^^^^^^^^^^^^ not found in this scope
[INFO] [stdout]     |
[INFO] [stdout] help: consider importing this struct
[INFO] [stdout]     |
[INFO] [stdout] 1   + use wasmer_vm::StoreObjects;
[INFO] [stdout]     |
[INFO] [stdout] 
[INFO] [stdout] 
[INFO] [stdout] error[E0412]: cannot find type `StoreObjects` in this scope
[INFO] [stdout]    --> /opt/rustwide/cargo-home/registry/src/index.crates.io-6f17d22bba15001f/wasmer-4.2.4/src/store.rs:165:41
[INFO] [stdout]     |
[INFO] [stdout] 165 |     pub(crate) fn objects(&self) -> &'a StoreObjects {
[INFO] [stdout]     |                                         ^^^^^^^^^^^^ not found in this scope
[INFO] [stdout]     |
[INFO] [stdout] help: consider importing this struct
[INFO] [stdout]     |
[INFO] [stdout] 1   + use wasmer_vm::StoreObjects;
[INFO] [stdout]     |
[INFO] [stdout] 
[INFO] [stdout] 
[INFO] [stdout] error[E0412]: cannot find type `StoreObjects` in this scope
[INFO] [stdout]    --> /opt/rustwide/cargo-home/registry/src/index.crates.io-6f17d22bba15001f/wasmer-4.2.4/src/store.rs:209:71
[INFO] [stdout]     |
[INFO] [stdout] 209 |     pub(crate) fn engine_and_objects_mut(&mut self) -> (&Engine, &mut StoreObjects) {
[INFO] [stdout]     |                                                                       ^^^^^^^^^^^^ not found in this scope
[INFO] [stdout]     |
[INFO] [stdout] help: consider importing this struct
[INFO] [stdout]     |
[INFO] [stdout] 1   + use wasmer_vm::StoreObjects;
[INFO] [stdout]     |
[INFO] [stdout] 
[INFO] [stdout] 
[INFO] [stdout] error[E0412]: cannot find type `StoreObjects` in this scope
[INFO] [stdout]    --> /opt/rustwide/cargo-home/registry/src/index.crates.io-6f17d22bba15001f/wasmer-4.2.4/src/store.rs:246:39
[INFO] [stdout]     |
[INFO] [stdout] 246 |     fn objects_mut(&mut self) -> &mut StoreObjects;
[INFO] [stdout]     |                                       ^^^^^^^^^^^^ not found in this scope
[INFO] [stdout]     |
[INFO] [stdout] help: consider importing this struct
[INFO] [stdout]     |
[INFO] [stdout] 1   + use wasmer_vm::StoreObjects;
[INFO] [stdout]     |
[INFO] [stdout] 
[INFO] [stdout] 
[INFO] [stdout] error[E0412]: cannot find type `StoreObjects` in this scope
[INFO] [stdout]    --> /opt/rustwide/cargo-home/registry/src/index.crates.io-6f17d22bba15001f/wasmer-4.2.4/src/store.rs:264:39
[INFO] [stdout]     |
[INFO] [stdout] 264 |     fn objects_mut(&mut self) -> &mut StoreObjects {
[INFO] [stdout]     |                                       ^^^^^^^^^^^^ not found in this scope
[INFO] [stdout]     |
[INFO] [stdout] help: consider importing this struct
[INFO] [stdout]     |
[INFO] [stdout] 1   + use wasmer_vm::StoreObjects;
[INFO] [stdout]     |
[INFO] [stdout] 
[INFO] [stdout] 
[INFO] [stdout] error[E0412]: cannot find type `StoreObjects` in this scope
[INFO] [stdout]    --> /opt/rustwide/cargo-home/registry/src/index.crates.io-6f17d22bba15001f/wasmer-4.2.4/src/store.rs:288:39
[INFO] [stdout]     |
[INFO] [stdout] 288 |     fn objects_mut(&mut self) -> &mut StoreObjects {
[INFO] [stdout]     |                                       ^^^^^^^^^^^^ not found in this scope
[INFO] [stdout]     |
[INFO] [stdout] help: consider importing this struct
[INFO] [stdout]     |
[INFO] [stdout] 1   + use wasmer_vm::StoreObjects;
[INFO] [stdout]     |
[INFO] [stdout] 
[INFO] [stdout] 
[INFO] [stderr]    Compiling virtual-fs v0.10.0
[INFO] [stdout] error[E0119]: conflicting implementations of trait `From<Engine>` for type `Engine`
[INFO] [stdout]    --> /opt/rustwide/cargo-home/registry/src/index.crates.io-6f17d22bba15001f/wasmer-4.2.4/src/engine.rs:120:1
[INFO] [stdout]     |
[INFO] [stdout] 120 | impl<T: Into<engine_imp::Engine>> From<T> for Engine {
[INFO] [stdout]     | ^^^^^^^^^^^^^^^^^^^^^^^^^^^^^^^^^^^^^^^^^^^^^^^^^^^^
[INFO] [stdout]     |
[INFO] [stdout]     = note: conflicting implementation in crate `core`:
[INFO] [stdout]             - impl<T> From<T> for T;
[INFO] [stdout] 
[INFO] [stdout] 
[INFO] [stdout] error[E0433]: failed to resolve: use of undeclared crate or module `engine_imp`
[INFO] [stdout]   --> /opt/rustwide/cargo-home/registry/src/index.crates.io-6f17d22bba15001f/wasmer-4.2.4/src/engine.rs:32:30
[INFO] [stdout]    |
[INFO] [stdout] 32 | pub struct Engine(pub(crate) engine_imp::Engine);
[INFO] [stdout]    |                              ^^^^^^^^^^ use of undeclared crate or module `engine_imp`
[INFO] [stdout] 
[INFO] [stdout] 
[INFO] [stdout] error[E0433]: failed to resolve: use of undeclared crate or module `engine_imp`
[INFO] [stdout]    --> /opt/rustwide/cargo-home/registry/src/index.crates.io-6f17d22bba15001f/wasmer-4.2.4/src/engine.rs:120:14
[INFO] [stdout]     |
[INFO] [stdout] 120 | impl<T: Into<engine_imp::Engine>> From<T> for Engine {
[INFO] [stdout]     |              ^^^^^^^^^^ use of undeclared crate or module `engine_imp`
[INFO] [stdout] 
[INFO] [stdout] 
[INFO] [stdout] error[E0433]: failed to resolve: use of undeclared crate or module `extern_ref_imp`
[INFO] [stdout]   --> /opt/rustwide/cargo-home/registry/src/index.crates.io-6f17d22bba15001f/wasmer-4.2.4/src/extern_ref.rs:16:33
[INFO] [stdout]    |
[INFO] [stdout] 16 | pub struct ExternRef(pub(crate) extern_ref_imp::ExternRef);
[INFO] [stdout]    |                                 ^^^^^^^^^^^^^^ use of undeclared crate or module `extern_ref_imp`
[INFO] [stdout] 
[INFO] [stdout] 
[INFO] [stdout] error[E0433]: failed to resolve: use of undeclared crate or module `function_impl`
[INFO] [stdout]   --> /opt/rustwide/cargo-home/registry/src/index.crates.io-6f17d22bba15001f/wasmer-4.2.4/src/externals/function.rs:87:32
[INFO] [stdout]    |
[INFO] [stdout] 87 | pub struct Function(pub(crate) function_impl::Function);
[INFO] [stdout]    |                                ^^^^^^^^^^^^^ use of undeclared crate or module `function_impl`
[INFO] [stdout] 
[INFO] [stdout] 
[INFO] [stdout] error[E0433]: failed to resolve: use of undeclared crate or module `global_impl`
[INFO] [stdout]   --> /opt/rustwide/cargo-home/registry/src/index.crates.io-6f17d22bba15001f/wasmer-4.2.4/src/externals/global.rs:25:30
[INFO] [stdout]    |
[INFO] [stdout] 25 | pub struct Global(pub(crate) global_impl::Global);
[INFO] [stdout]    |                              ^^^^^^^^^^^ use of undeclared crate or module `global_impl`
[INFO] [stdout] 
[INFO] [stdout] 
[INFO] [stdout] error[E0433]: failed to resolve: use of undeclared crate or module `memory_impl`
[INFO] [stdout]   --> /opt/rustwide/cargo-home/registry/src/index.crates.io-6f17d22bba15001f/wasmer-4.2.4/src/externals/memory.rs:33:30
[INFO] [stdout]    |
[INFO] [stdout] 33 | pub struct Memory(pub(crate) memory_impl::Memory);
[INFO] [stdout]    |                              ^^^^^^^^^^^ use of undeclared crate or module `memory_impl`
[INFO] [stdout] 
[INFO] [stdout] 
[INFO] [stdout] error[E0433]: failed to resolve: use of undeclared crate or module `memory_impl`
[INFO] [stdout]    --> /opt/rustwide/cargo-home/registry/src/index.crates.io-6f17d22bba15001f/wasmer-4.2.4/src/externals/memory.rs:193:47
[INFO] [stdout]     |
[INFO] [stdout] 193 | pub(crate) struct MemoryBuffer<'a>(pub(crate) memory_impl::MemoryBuffer<'a>);
[INFO] [stdout]     |                                               ^^^^^^^^^^^ use of undeclared crate or module `memory_impl`
[INFO] [stdout] 
[INFO] [stdout] 
[INFO] [stdout] error[E0433]: failed to resolve: use of undeclared crate or module `memory_view_impl`
[INFO] [stdout]   --> /opt/rustwide/cargo-home/registry/src/index.crates.io-6f17d22bba15001f/wasmer-4.2.4/src/externals/memory_view.rs:21:38
[INFO] [stdout]    |
[INFO] [stdout] 21 | pub struct MemoryView<'a>(pub(crate) memory_view_impl::MemoryView<'a>);
[INFO] [stdout]    |                                      ^^^^^^^^^^^^^^^^ use of undeclared crate or module `memory_view_impl`
[INFO] [stdout] 
[INFO] [stdout] 
[INFO] [stdout] error[E0433]: failed to resolve: use of undeclared crate or module `table_impl`
[INFO] [stdout]   --> /opt/rustwide/cargo-home/registry/src/index.crates.io-6f17d22bba15001f/wasmer-4.2.4/src/externals/table.rs:26:29
[INFO] [stdout]    |
[INFO] [stdout] 26 | pub struct Table(pub(crate) table_impl::Table);
[INFO] [stdout]    |                             ^^^^^^^^^^ use of undeclared crate or module `table_impl`
[INFO] [stdout] 
[INFO] [stdout] 
[INFO] [stdout] error[E0433]: failed to resolve: use of undeclared crate or module `instance_imp`
[INFO] [stdout]   --> /opt/rustwide/cargo-home/registry/src/index.crates.io-6f17d22bba15001f/wasmer-4.2.4/src/instance.rs:26:24
[INFO] [stdout]    |
[INFO] [stdout] 26 |     pub(crate) _inner: instance_imp::Instance,
[INFO] [stdout]    |                        ^^^^^^^^^^^^ use of undeclared crate or module `instance_imp`
[INFO] [stdout] 
[INFO] [stdout] 
[INFO] [stdout] error[E0433]: failed to resolve: use of undeclared crate or module `module_imp`
[INFO] [stdout]   --> /opt/rustwide/cargo-home/registry/src/index.crates.io-6f17d22bba15001f/wasmer-4.2.4/src/module.rs:45:30
[INFO] [stdout]    |
[INFO] [stdout] 45 | pub struct Module(pub(crate) module_imp::Module);
[INFO] [stdout]    |                              ^^^^^^^^^^ use of undeclared crate or module `module_imp`
[INFO] [stdout] 
[INFO] [stdout] 
[INFO] [stdout] error[E0425]: cannot find function `default_engine` in this scope
[INFO] [stdout]    --> /opt/rustwide/cargo-home/registry/src/index.crates.io-6f17d22bba15001f/wasmer-4.2.4/src/engine.rs:116:14
[INFO] [stdout]     |
[INFO] [stdout] 116 |         Self(default_engine())
[INFO] [stdout]     |              ^^^^^^^^^^^^^^ not found in this scope
[INFO] [stdout] 
[INFO] [stdout] 
[INFO] [stdout] error: aborting due to 66 previous errors
[INFO] [stdout] 
[INFO] [stdout] 
[INFO] [stdout] Some errors have detailed explanations: E0119, E0412, E0425, E0432, E0433.
[INFO] [stdout] 
[INFO] [stdout] For more information about an error, try `rustc --explain E0119`.
[INFO] [stdout] 
[INFO] [stderr] error: could not compile `wasmer` (lib) due to 67 previous errors
[INFO] [stderr] warning: build failed, waiting for other jobs to finish...
[INFO] running `Command { std: "docker" "inspect" "4737da38b721e33c6cf22d7dbc9adce89369c7fbb5cbedb3c10a4ed5c3139c72", kill_on_drop: false }`
[INFO] running `Command { std: "docker" "rm" "-f" "4737da38b721e33c6cf22d7dbc9adce89369c7fbb5cbedb3c10a4ed5c3139c72", kill_on_drop: false }`
[INFO] [stdout] 4737da38b721e33c6cf22d7dbc9adce89369c7fbb5cbedb3c10a4ed5c3139c72
