[INFO] fetching crate wasmer-emscripten-asml-fork 1.0.2...
[INFO] testing wasmer-emscripten-asml-fork-1.0.2 against 1.75.0 for beta-1.76-1
[INFO] extracting crate wasmer-emscripten-asml-fork 1.0.2 into /workspace/builds/worker-5-tc1/source
[INFO] validating manifest of crates.io crate wasmer-emscripten-asml-fork 1.0.2 on toolchain 1.75.0
[INFO] running `Command { std: CARGO_HOME="/workspace/cargo-home" RUSTUP_HOME="/workspace/rustup-home" "/workspace/cargo-home/bin/cargo" "+1.75.0" "metadata" "--manifest-path" "Cargo.toml" "--no-deps", kill_on_drop: false }`
[INFO] started tweaking crates.io crate wasmer-emscripten-asml-fork 1.0.2
[INFO] finished tweaking crates.io crate wasmer-emscripten-asml-fork 1.0.2
[INFO] tweaked toml for crates.io crate wasmer-emscripten-asml-fork 1.0.2 written to /workspace/builds/worker-5-tc1/source/Cargo.toml
[INFO] running `Command { std: CARGO_HOME="/workspace/cargo-home" RUSTUP_HOME="/workspace/rustup-home" "/workspace/cargo-home/bin/cargo" "+1.75.0" "generate-lockfile" "--manifest-path" "Cargo.toml", kill_on_drop: false }`
[INFO] [stderr]     Updating crates.io index
[INFO] running `Command { std: CARGO_HOME="/workspace/cargo-home" RUSTUP_HOME="/workspace/rustup-home" "/workspace/cargo-home/bin/cargo" "+1.75.0" "fetch" "--manifest-path" "Cargo.toml", kill_on_drop: false }`
[INFO] [stderr]  Downloading crates ...
[INFO] [stderr]   Downloaded wasmer-types v1.0.2
[INFO] [stderr]   Downloaded wasmer-vm v1.0.2
[INFO] [stderr]   Downloaded cranelift-entity v0.68.0
[INFO] [stderr]   Downloaded wasmer-engine v1.0.2
[INFO] [stderr]   Downloaded wasmer-compiler v1.0.2
[INFO] [stderr]   Downloaded memmap2 v0.2.3
[INFO] [stderr]   Downloaded wasmer-derive-asml-fork v1.0.2
[INFO] [stderr]   Downloaded wasmer-asml-fork v1.0.2
[INFO] running `Command { std: "docker" "create" "-v" "/var/lib/crater-agent-workspace/builds/worker-5-tc1/target:/opt/rustwide/target:rw,Z" "-v" "/var/lib/crater-agent-workspace/builds/worker-5-tc1/source:/opt/rustwide/workdir:ro,Z" "-v" "/var/lib/crater-agent-workspace/cargo-home:/opt/rustwide/cargo-home:ro,Z" "-v" "/var/lib/crater-agent-workspace/rustup-home:/opt/rustwide/rustup-home:ro,Z" "-e" "SOURCE_DIR=/opt/rustwide/workdir" "-e" "CARGO_TARGET_DIR=/opt/rustwide/target" "-e" "CARGO_HOME=/opt/rustwide/cargo-home" "-e" "RUSTUP_HOME=/opt/rustwide/rustup-home" "-w" "/opt/rustwide/workdir" "-m" "1610612736" "--user" "0:0" "--network" "none" "ghcr.io/rust-lang/crates-build-env/linux@sha256:2788e3201cd34a07e3172128adcd8b3090168a8e3bcc40d7c032b9dda1df7d1c" "/opt/rustwide/cargo-home/bin/cargo" "+1.75.0" "metadata" "--no-deps" "--format-version=1", kill_on_drop: false }`
[INFO] [stdout] 1148b8a9f6483a68fc07c77269bb04d7084eb483bbc028f58c4f8109e89b5df7
[INFO] running `Command { std: "docker" "start" "-a" "1148b8a9f6483a68fc07c77269bb04d7084eb483bbc028f58c4f8109e89b5df7", kill_on_drop: false }`
[INFO] running `Command { std: "docker" "inspect" "1148b8a9f6483a68fc07c77269bb04d7084eb483bbc028f58c4f8109e89b5df7", kill_on_drop: false }`
[INFO] running `Command { std: "docker" "rm" "-f" "1148b8a9f6483a68fc07c77269bb04d7084eb483bbc028f58c4f8109e89b5df7", kill_on_drop: false }`
[INFO] [stdout] 1148b8a9f6483a68fc07c77269bb04d7084eb483bbc028f58c4f8109e89b5df7
[INFO] running `Command { std: "docker" "create" "-v" "/var/lib/crater-agent-workspace/builds/worker-5-tc1/target:/opt/rustwide/target:rw,Z" "-v" "/var/lib/crater-agent-workspace/builds/worker-5-tc1/source:/opt/rustwide/workdir:ro,Z" "-v" "/var/lib/crater-agent-workspace/cargo-home:/opt/rustwide/cargo-home:ro,Z" "-v" "/var/lib/crater-agent-workspace/rustup-home:/opt/rustwide/rustup-home:ro,Z" "-e" "SOURCE_DIR=/opt/rustwide/workdir" "-e" "CARGO_TARGET_DIR=/opt/rustwide/target" "-e" "CARGO_INCREMENTAL=0" "-e" "RUST_BACKTRACE=full" "-e" "RUSTFLAGS=--cap-lints=warn" "-e" "RUSTDOCFLAGS=--cap-lints=warn" "-e" "CARGO_HOME=/opt/rustwide/cargo-home" "-e" "RUSTUP_HOME=/opt/rustwide/rustup-home" "-w" "/opt/rustwide/workdir" "-m" "1610612736" "--user" "0:0" "--network" "none" "ghcr.io/rust-lang/crates-build-env/linux@sha256:2788e3201cd34a07e3172128adcd8b3090168a8e3bcc40d7c032b9dda1df7d1c" "/opt/rustwide/cargo-home/bin/cargo" "+1.75.0" "build" "--frozen" "--message-format=json", kill_on_drop: false }`
[INFO] [stdout] 82278f86d82207e4a8c16408720d3325ccb932c76982af3f4c03cc983b2f3684
[INFO] running `Command { std: "docker" "start" "-a" "82278f86d82207e4a8c16408720d3325ccb932c76982af3f4c03cc983b2f3684", kill_on_drop: false }`
[INFO] [stderr]    Compiling libc v0.2.151
[INFO] [stderr]    Compiling serde v1.0.194
[INFO] [stderr]    Compiling ident_case v1.0.1
[INFO] [stderr]    Compiling fnv v1.0.7
[INFO] [stderr]    Compiling memchr v2.7.1
[INFO] [stderr]    Compiling gimli v0.28.1
[INFO] [stderr]    Compiling adler v1.0.2
[INFO] [stderr]    Compiling rustc-demangle v0.1.23
[INFO] [stderr]    Compiling hashbrown v0.12.3
[INFO] [stderr]    Compiling indexmap v1.9.3
[INFO] [stderr]    Compiling memoffset v0.6.5
[INFO] [stderr]    Compiling proc-macro-error-attr v1.0.4
[INFO] [stderr]    Compiling target-lexicon v0.11.2
[INFO] [stderr]    Compiling proc-macro-error v1.0.4
[INFO] [stderr]    Compiling syn v2.0.48
[INFO] [stderr]    Compiling cfg-if v0.1.10
[INFO] [stderr]    Compiling more-asserts v0.2.2
[INFO] [stderr]    Compiling miniz_oxide v0.7.1
[INFO] [stderr]    Compiling crossbeam-utils v0.8.18
[INFO] [stderr]    Compiling object v0.32.2
[INFO] [stderr]    Compiling wasmer-derive-asml-fork v1.0.2
[INFO] [stderr]    Compiling cc v1.0.83
[INFO] [stderr]    Compiling region v2.2.0
[INFO] [stderr]    Compiling memmap2 v0.2.3
[INFO] [stderr]    Compiling time v0.1.45
[INFO] [stdout] error[E0277]: `syn::LitStr` doesn't implement `Debug`
[INFO] [stdout]   --> /opt/rustwide/cargo-home/registry/src/index.crates.io-6f17d22bba15001f/wasmer-derive-asml-fork-1.0.2/src/parse.rs:22:5
[INFO] [stdout]    |
[INFO] [stdout] 20 | #[derive(Debug)]
[INFO] [stdout]    |          ----- in this derive macro expansion
[INFO] [stdout] 21 | struct ExportExpr {
[INFO] [stdout] 22 |     name: Option<LitStr>,
[INFO] [stdout]    |     ^^^^^^^^^^^^^^^^^^^^ `syn::LitStr` cannot be formatted using `{:?}` because it doesn't implement `Debug`
[INFO] [stdout]    |
[INFO] [stdout]    = help: the trait `Debug` is not implemented for `syn::LitStr`
[INFO] [stdout]    = help: the trait `Debug` is implemented for `Option<T>`
[INFO] [stdout]    = note: this error originates in the derive macro `Debug` (in Nightly builds, run with -Z macro-backtrace for more info)
[INFO] [stdout] 
[INFO] [stdout] 
[INFO] [stdout] error[E0277]: `syn::LitStr` doesn't implement `Debug`
[INFO] [stdout]   --> /opt/rustwide/cargo-home/registry/src/index.crates.io-6f17d22bba15001f/wasmer-derive-asml-fork-1.0.2/src/parse.rs:29:5
[INFO] [stdout]    |
[INFO] [stdout] 27 | #[derive(Debug)]
[INFO] [stdout]    |          ----- in this derive macro expansion
[INFO] [stdout] 28 | struct ExportOptions {
[INFO] [stdout] 29 |     name: Option<LitStr>,
[INFO] [stdout]    |     ^^^^^^^^^^^^^^^^^^^^ `syn::LitStr` cannot be formatted using `{:?}` because it doesn't implement `Debug`
[INFO] [stdout]    |
[INFO] [stdout]    = help: the trait `Debug` is not implemented for `syn::LitStr`
[INFO] [stdout]    = help: the trait `Debug` is implemented for `Option<T>`
[INFO] [stdout]    = note: this error originates in the derive macro `Debug` (in Nightly builds, run with -Z macro-backtrace for more info)
[INFO] [stdout] 
[INFO] [stdout] 
[INFO] [stdout] error: aborting due to 2 previous errors
[INFO] [stdout] 
[INFO] [stdout] 
[INFO] [stdout] For more information about this error, try `rustc --explain E0277`.
[INFO] [stdout] 
[INFO] [stderr] error: could not compile `wasmer-derive-asml-fork` (lib) due to 3 previous errors
[INFO] [stderr] warning: build failed, waiting for other jobs to finish...
[INFO] running `Command { std: "docker" "inspect" "82278f86d82207e4a8c16408720d3325ccb932c76982af3f4c03cc983b2f3684", kill_on_drop: false }`
[INFO] running `Command { std: "docker" "rm" "-f" "82278f86d82207e4a8c16408720d3325ccb932c76982af3f4c03cc983b2f3684", kill_on_drop: false }`
[INFO] [stdout] 82278f86d82207e4a8c16408720d3325ccb932c76982af3f4c03cc983b2f3684
[INFO] testing wasmer-emscripten-asml-fork-1.0.2 against beta-2023-12-22 for beta-1.76-1
[INFO] extracting crate wasmer-emscripten-asml-fork 1.0.2 into /workspace/builds/worker-5-tc2/source
[INFO] validating manifest of crates.io crate wasmer-emscripten-asml-fork 1.0.2 on toolchain beta-2023-12-22
[INFO] running `Command { std: CARGO_HOME="/workspace/cargo-home" RUSTUP_HOME="/workspace/rustup-home" "/workspace/cargo-home/bin/cargo" "+beta-2023-12-22" "metadata" "--manifest-path" "Cargo.toml" "--no-deps", kill_on_drop: false }`
[INFO] started tweaking crates.io crate wasmer-emscripten-asml-fork 1.0.2
[INFO] finished tweaking crates.io crate wasmer-emscripten-asml-fork 1.0.2
[INFO] tweaked toml for crates.io crate wasmer-emscripten-asml-fork 1.0.2 written to /workspace/builds/worker-5-tc2/source/Cargo.toml
[INFO] running `Command { std: CARGO_HOME="/workspace/cargo-home" RUSTUP_HOME="/workspace/rustup-home" "/workspace/cargo-home/bin/cargo" "+beta-2023-12-22" "generate-lockfile" "--manifest-path" "Cargo.toml", kill_on_drop: false }`
[INFO] [stderr]     Updating crates.io index
[INFO] running `Command { std: CARGO_HOME="/workspace/cargo-home" RUSTUP_HOME="/workspace/rustup-home" "/workspace/cargo-home/bin/cargo" "+beta-2023-12-22" "fetch" "--manifest-path" "Cargo.toml", kill_on_drop: false }`
[INFO] running `Command { std: "docker" "create" "-v" "/var/lib/crater-agent-workspace/builds/worker-5-tc2/target:/opt/rustwide/target:rw,Z" "-v" "/var/lib/crater-agent-workspace/builds/worker-5-tc2/source:/opt/rustwide/workdir:ro,Z" "-v" "/var/lib/crater-agent-workspace/cargo-home:/opt/rustwide/cargo-home:ro,Z" "-v" "/var/lib/crater-agent-workspace/rustup-home:/opt/rustwide/rustup-home:ro,Z" "-e" "SOURCE_DIR=/opt/rustwide/workdir" "-e" "CARGO_TARGET_DIR=/opt/rustwide/target" "-e" "CARGO_HOME=/opt/rustwide/cargo-home" "-e" "RUSTUP_HOME=/opt/rustwide/rustup-home" "-w" "/opt/rustwide/workdir" "-m" "1610612736" "--user" "0:0" "--network" "none" "ghcr.io/rust-lang/crates-build-env/linux@sha256:2788e3201cd34a07e3172128adcd8b3090168a8e3bcc40d7c032b9dda1df7d1c" "/opt/rustwide/cargo-home/bin/cargo" "+beta-2023-12-22" "metadata" "--no-deps" "--format-version=1", kill_on_drop: false }`
[INFO] [stdout] de3d06f6bf3304fdf1feccc0ed8db29651a33f57f035aae5e09fd69fbcb64f17
[INFO] running `Command { std: "docker" "start" "-a" "de3d06f6bf3304fdf1feccc0ed8db29651a33f57f035aae5e09fd69fbcb64f17", kill_on_drop: false }`
[INFO] running `Command { std: "docker" "inspect" "de3d06f6bf3304fdf1feccc0ed8db29651a33f57f035aae5e09fd69fbcb64f17", kill_on_drop: false }`
[INFO] running `Command { std: "docker" "rm" "-f" "de3d06f6bf3304fdf1feccc0ed8db29651a33f57f035aae5e09fd69fbcb64f17", kill_on_drop: false }`
[INFO] [stdout] de3d06f6bf3304fdf1feccc0ed8db29651a33f57f035aae5e09fd69fbcb64f17
[INFO] running `Command { std: "docker" "create" "-v" "/var/lib/crater-agent-workspace/builds/worker-5-tc2/target:/opt/rustwide/target:rw,Z" "-v" "/var/lib/crater-agent-workspace/builds/worker-5-tc2/source:/opt/rustwide/workdir:ro,Z" "-v" "/var/lib/crater-agent-workspace/cargo-home:/opt/rustwide/cargo-home:ro,Z" "-v" "/var/lib/crater-agent-workspace/rustup-home:/opt/rustwide/rustup-home:ro,Z" "-e" "SOURCE_DIR=/opt/rustwide/workdir" "-e" "CARGO_TARGET_DIR=/opt/rustwide/target" "-e" "CARGO_INCREMENTAL=0" "-e" "RUST_BACKTRACE=full" "-e" "RUSTFLAGS=--cap-lints=warn" "-e" "RUSTDOCFLAGS=--cap-lints=warn" "-e" "CARGO_HOME=/opt/rustwide/cargo-home" "-e" "RUSTUP_HOME=/opt/rustwide/rustup-home" "-w" "/opt/rustwide/workdir" "-m" "1610612736" "--user" "0:0" "--network" "none" "ghcr.io/rust-lang/crates-build-env/linux@sha256:2788e3201cd34a07e3172128adcd8b3090168a8e3bcc40d7c032b9dda1df7d1c" "/opt/rustwide/cargo-home/bin/cargo" "+beta-2023-12-22" "build" "--frozen" "--message-format=json", kill_on_drop: false }`
[INFO] [stdout] b1c75907208118d56ff0601d08785313d67ab08ddfa73c596b286cf5b31149a0
[INFO] running `Command { std: "docker" "start" "-a" "b1c75907208118d56ff0601d08785313d67ab08ddfa73c596b286cf5b31149a0", kill_on_drop: false }`
[INFO] [stderr]    Compiling libc v0.2.151
[INFO] [stderr]    Compiling serde v1.0.194
[INFO] [stderr]    Compiling fnv v1.0.7
[INFO] [stderr]    Compiling ident_case v1.0.1
[INFO] [stderr]    Compiling gimli v0.28.1
[INFO] [stderr]    Compiling adler v1.0.2
[INFO] [stderr]    Compiling memchr v2.7.1
[INFO] [stderr]    Compiling target-lexicon v0.11.2
[INFO] [stderr]    Compiling rustc-demangle v0.1.23
[INFO] [stderr]    Compiling memoffset v0.6.5
[INFO] [stderr]    Compiling indexmap v1.9.3
[INFO] [stderr]    Compiling proc-macro-error-attr v1.0.4
[INFO] [stderr]    Compiling hashbrown v0.12.3
[INFO] [stderr]    Compiling proc-macro-error v1.0.4
[INFO] [stderr]    Compiling syn v2.0.48
[INFO] [stderr]    Compiling cfg-if v0.1.10
[INFO] [stderr]    Compiling more-asserts v0.2.2
[INFO] [stderr]    Compiling miniz_oxide v0.7.1
[INFO] [stderr]    Compiling crossbeam-utils v0.8.18
[INFO] [stderr]    Compiling object v0.32.2
[INFO] [stderr]    Compiling wasmer-derive-asml-fork v1.0.2
[INFO] [stderr]    Compiling cc v1.0.83
[INFO] [stderr]    Compiling region v2.2.0
[INFO] [stderr]    Compiling memmap2 v0.2.3
[INFO] [stderr]    Compiling time v0.1.45
[INFO] [stdout] error[E0277]: `syn::LitStr` doesn't implement `Debug`
[INFO] [stdout]   --> /opt/rustwide/cargo-home/registry/src/index.crates.io-6f17d22bba15001f/wasmer-derive-asml-fork-1.0.2/src/parse.rs:22:5
[INFO] [stdout]    |
[INFO] [stdout] 20 | #[derive(Debug)]
[INFO] [stdout]    |          ----- in this derive macro expansion
[INFO] [stdout] 21 | struct ExportExpr {
[INFO] [stdout] 22 |     name: Option<LitStr>,
[INFO] [stdout]    |     ^^^^^^^^^^^^^^^^^^^^ `syn::LitStr` cannot be formatted using `{:?}` because it doesn't implement `Debug`
[INFO] [stdout]    |
[INFO] [stdout]    = help: the trait `Debug` is not implemented for `syn::LitStr`
[INFO] [stdout]    = help: the trait `Debug` is implemented for `Option<T>`
[INFO] [stdout]    = note: this error originates in the derive macro `Debug` (in Nightly builds, run with -Z macro-backtrace for more info)
[INFO] [stdout] 
[INFO] [stdout] 
[INFO] [stdout] error[E0277]: `syn::LitStr` doesn't implement `Debug`
[INFO] [stdout]   --> /opt/rustwide/cargo-home/registry/src/index.crates.io-6f17d22bba15001f/wasmer-derive-asml-fork-1.0.2/src/parse.rs:29:5
[INFO] [stdout]    |
[INFO] [stdout] 27 | #[derive(Debug)]
[INFO] [stdout]    |          ----- in this derive macro expansion
[INFO] [stdout] 28 | struct ExportOptions {
[INFO] [stdout] 29 |     name: Option<LitStr>,
[INFO] [stdout]    |     ^^^^^^^^^^^^^^^^^^^^ `syn::LitStr` cannot be formatted using `{:?}` because it doesn't implement `Debug`
[INFO] [stdout]    |
[INFO] [stdout]    = help: the trait `Debug` is not implemented for `syn::LitStr`
[INFO] [stdout]    = help: the trait `Debug` is implemented for `Option<T>`
[INFO] [stdout]    = note: this error originates in the derive macro `Debug` (in Nightly builds, run with -Z macro-backtrace for more info)
[INFO] [stdout] 
[INFO] [stdout] 
[INFO] [stdout] error: aborting due to 2 previous errors
[INFO] [stdout] 
[INFO] [stdout] 
[INFO] [stdout] For more information about this error, try `rustc --explain E0277`.
[INFO] [stdout] 
[INFO] [stderr] error: could not compile `wasmer-derive-asml-fork` (lib) due to 3 previous errors
[INFO] [stderr] warning: build failed, waiting for other jobs to finish...
[INFO] running `Command { std: "docker" "inspect" "b1c75907208118d56ff0601d08785313d67ab08ddfa73c596b286cf5b31149a0", kill_on_drop: false }`
[INFO] running `Command { std: "docker" "rm" "-f" "b1c75907208118d56ff0601d08785313d67ab08ddfa73c596b286cf5b31149a0", kill_on_drop: false }`
[INFO] [stdout] b1c75907208118d56ff0601d08785313d67ab08ddfa73c596b286cf5b31149a0
