[INFO] fetching crate wasmer-compiler-cranelift-near 1.0.1...
[INFO] testing wasmer-compiler-cranelift-near-1.0.1 against 1.75.0 for beta-1.76-1
[INFO] extracting crate wasmer-compiler-cranelift-near 1.0.1 into /workspace/builds/worker-1-tc1/source
[INFO] validating manifest of crates.io crate wasmer-compiler-cranelift-near 1.0.1 on toolchain 1.75.0
[INFO] running `Command { std: CARGO_HOME="/workspace/cargo-home" RUSTUP_HOME="/workspace/rustup-home" "/workspace/cargo-home/bin/cargo" "+1.75.0" "metadata" "--manifest-path" "Cargo.toml" "--no-deps", kill_on_drop: false }`
[INFO] started tweaking crates.io crate wasmer-compiler-cranelift-near 1.0.1
[INFO] finished tweaking crates.io crate wasmer-compiler-cranelift-near 1.0.1
[INFO] tweaked toml for crates.io crate wasmer-compiler-cranelift-near 1.0.1 written to /workspace/builds/worker-1-tc1/source/Cargo.toml
[INFO] running `Command { std: CARGO_HOME="/workspace/cargo-home" RUSTUP_HOME="/workspace/rustup-home" "/workspace/cargo-home/bin/cargo" "+1.75.0" "generate-lockfile" "--manifest-path" "Cargo.toml", kill_on_drop: false }`
[INFO] [stderr]     Updating crates.io index
[INFO] running `Command { std: CARGO_HOME="/workspace/cargo-home" RUSTUP_HOME="/workspace/rustup-home" "/workspace/cargo-home/bin/cargo" "+1.75.0" "fetch" "--manifest-path" "Cargo.toml", kill_on_drop: false }`
[INFO] [stderr]  Downloading crates ...
[INFO] [stderr]   Downloaded wasmer-compiler-near v1.0.1
[INFO] [stderr]   Downloaded cranelift-entity v0.68.0
[INFO] [stderr]   Downloaded wasmer-types-near v1.0.1
[INFO] [stderr]   Downloaded wasmer_enumset_derive v0.5.0
[INFO] [stderr]   Downloaded wasmer_enumset v1.0.1
[INFO] [stderr]   Downloaded target-lexicon v0.11.2
[INFO] [stderr]   Downloaded cranelift-codegen-shared v0.68.0
[INFO] [stderr]   Downloaded wasmer-vm-near v1.0.1
[INFO] [stderr]   Downloaded wasmparser v0.65.0
[INFO] [stderr]   Downloaded cranelift-codegen-shared v0.67.0
[INFO] [stderr]   Downloaded cranelift-entity v0.67.0
[INFO] [stderr]   Downloaded cranelift-bforest v0.67.0
[INFO] [stderr]   Downloaded cranelift-codegen v0.68.0
[INFO] [stderr]   Downloaded cranelift-codegen-meta v0.67.0
[INFO] [stderr]   Downloaded cranelift-codegen-meta v0.68.0
[INFO] [stderr]   Downloaded gimli v0.22.0
[INFO] [stderr]   Downloaded cranelift-codegen v0.67.0
[INFO] [stderr]   Downloaded regalloc v0.0.30
[INFO] [stderr]   Downloaded cranelift-bforest v0.68.0
[INFO] [stderr]   Downloaded cranelift-frontend v0.68.0
[INFO] [stderr]   Downloaded raw-cpuid v7.0.4
[INFO] running `Command { std: "docker" "create" "-v" "/var/lib/crater-agent-workspace/builds/worker-1-tc1/target:/opt/rustwide/target:rw,Z" "-v" "/var/lib/crater-agent-workspace/builds/worker-1-tc1/source:/opt/rustwide/workdir:ro,Z" "-v" "/var/lib/crater-agent-workspace/cargo-home:/opt/rustwide/cargo-home:ro,Z" "-v" "/var/lib/crater-agent-workspace/rustup-home:/opt/rustwide/rustup-home:ro,Z" "-e" "SOURCE_DIR=/opt/rustwide/workdir" "-e" "CARGO_TARGET_DIR=/opt/rustwide/target" "-e" "CARGO_HOME=/opt/rustwide/cargo-home" "-e" "RUSTUP_HOME=/opt/rustwide/rustup-home" "-w" "/opt/rustwide/workdir" "-m" "1610612736" "--user" "0:0" "--network" "none" "ghcr.io/rust-lang/crates-build-env/linux@sha256:2788e3201cd34a07e3172128adcd8b3090168a8e3bcc40d7c032b9dda1df7d1c" "/opt/rustwide/cargo-home/bin/cargo" "+1.75.0" "metadata" "--no-deps" "--format-version=1", kill_on_drop: false }`
[INFO] [stdout] 20eff30b7086af0e211737e2d8430eb53d5dea67f7322545b49135b1772b4921
[INFO] running `Command { std: "docker" "start" "-a" "20eff30b7086af0e211737e2d8430eb53d5dea67f7322545b49135b1772b4921", kill_on_drop: false }`
[INFO] running `Command { std: "docker" "inspect" "20eff30b7086af0e211737e2d8430eb53d5dea67f7322545b49135b1772b4921", kill_on_drop: false }`
[INFO] running `Command { std: "docker" "rm" "-f" "20eff30b7086af0e211737e2d8430eb53d5dea67f7322545b49135b1772b4921", kill_on_drop: false }`
[INFO] [stdout] 20eff30b7086af0e211737e2d8430eb53d5dea67f7322545b49135b1772b4921
[INFO] running `Command { std: "docker" "create" "-v" "/var/lib/crater-agent-workspace/builds/worker-1-tc1/target:/opt/rustwide/target:rw,Z" "-v" "/var/lib/crater-agent-workspace/builds/worker-1-tc1/source:/opt/rustwide/workdir:ro,Z" "-v" "/var/lib/crater-agent-workspace/cargo-home:/opt/rustwide/cargo-home:ro,Z" "-v" "/var/lib/crater-agent-workspace/rustup-home:/opt/rustwide/rustup-home:ro,Z" "-e" "SOURCE_DIR=/opt/rustwide/workdir" "-e" "CARGO_TARGET_DIR=/opt/rustwide/target" "-e" "CARGO_INCREMENTAL=0" "-e" "RUST_BACKTRACE=full" "-e" "RUSTFLAGS=--cap-lints=warn" "-e" "RUSTDOCFLAGS=--cap-lints=warn" "-e" "CARGO_HOME=/opt/rustwide/cargo-home" "-e" "RUSTUP_HOME=/opt/rustwide/rustup-home" "-w" "/opt/rustwide/workdir" "-m" "1610612736" "--user" "0:0" "--network" "none" "ghcr.io/rust-lang/crates-build-env/linux@sha256:2788e3201cd34a07e3172128adcd8b3090168a8e3bcc40d7c032b9dda1df7d1c" "/opt/rustwide/cargo-home/bin/cargo" "+1.75.0" "build" "--frozen" "--message-format=json", kill_on_drop: false }`
[INFO] [stdout] 27608b96e029115495fa8e33978b5f5a0cbe108ad4ed7ec86820210d76a74c19
[INFO] running `Command { std: "docker" "start" "-a" "27608b96e029115495fa8e33978b5f5a0cbe108ad4ed7ec86820210d76a74c19", kill_on_drop: false }`
[INFO] [stderr]    Compiling serde v1.0.194
[INFO] [stderr]    Compiling syn v1.0.109
[INFO] [stderr]    Compiling indexmap v1.9.3
[INFO] [stderr]    Compiling semver-parser v0.7.0
[INFO] [stderr]    Compiling fnv v1.0.7
[INFO] [stderr]    Compiling ident_case v1.0.1
[INFO] [stderr]    Compiling cc v1.0.83
[INFO] [stderr]    Compiling strsim v0.9.3
[INFO] [stderr]    Compiling target-lexicon v0.11.2
[INFO] [stderr]    Compiling cranelift-codegen-shared v0.68.0
[INFO] [stderr]    Compiling semver v0.9.0
[INFO] [stderr]    Compiling memoffset v0.6.5
[INFO] [stderr]    Compiling num-traits v0.2.17
[INFO] [stderr]    Compiling rustc_version v0.2.3
[INFO] [stderr]    Compiling memchr v2.7.1
[INFO] [stderr]    Compiling crossbeam-epoch v0.9.17
[INFO] [stderr]    Compiling rayon-core v1.12.0
[INFO] [stderr]    Compiling stable_deref_trait v1.2.0
[INFO] [stderr]    Compiling fallible-iterator v0.2.0
[INFO] [stderr]    Compiling regalloc v0.0.31
[INFO] [stderr]    Compiling crossbeam-deque v0.8.4
[INFO] [stderr]    Compiling object v0.32.2
[INFO] [stderr]    Compiling backtrace v0.3.69
[INFO] [stderr]    Compiling wasmer-vm-near v1.0.1
[INFO] [stderr]    Compiling raw-cpuid v7.0.4
[INFO] [stderr]    Compiling region v2.2.0
[INFO] [stderr]    Compiling byteorder v1.5.0
[INFO] [stderr]    Compiling more-asserts v0.2.2
[INFO] [stderr]    Compiling wasmparser v0.65.0
[INFO] [stderr]    Compiling either v1.9.0
[INFO] [stderr]    Compiling wasmer-compiler-cranelift-near v1.0.1 (/opt/rustwide/workdir)
[INFO] [stderr]    Compiling rayon v1.8.0
[INFO] [stderr]    Compiling cranelift-entity v0.68.0
[INFO] [stderr]    Compiling cranelift-codegen-meta v0.68.0
[INFO] [stderr]    Compiling darling_core v0.10.2
[INFO] [stderr]    Compiling gimli v0.22.0
[INFO] [stderr]    Compiling cranelift-bforest v0.68.0
[INFO] [stderr]    Compiling wasmer-types-near v1.0.1
[INFO] [stderr]    Compiling serde_bytes v0.11.14
[INFO] [stderr]    Compiling darling_macro v0.10.2
[INFO] [stderr]    Compiling darling v0.10.2
[INFO] [stderr]    Compiling wasmer_enumset_derive v0.5.0
[INFO] [stderr]    Compiling wasmer_enumset v1.0.1
[INFO] [stderr]    Compiling wasmer-compiler-near v1.0.1
[INFO] [stderr]    Compiling cranelift-codegen v0.68.0
[INFO] [stderr]    Compiling cranelift-frontend v0.68.0
[INFO] [stdout] warning: unused import: `cranelift_codegen::print_errors::pretty_error`
[INFO] [stdout]  --> src/trampoline/mod.rs:9:9
[INFO] [stdout]   |
[INFO] [stdout] 9 | pub use cranelift_codegen::print_errors::pretty_error;
[INFO] [stdout]   |         ^^^^^^^^^^^^^^^^^^^^^^^^^^^^^^^^^^^^^^^^^^^^^
[INFO] [stdout]   |
[INFO] [stdout]   = note: `#[warn(unused_imports)]` on by default
[INFO] [stdout] 
[INFO] [stdout] 
[INFO] [stdout] warning: unused import: `cranelift_codegen::Context`
[INFO] [stdout]   --> src/trampoline/mod.rs:10:9
[INFO] [stdout]    |
[INFO] [stdout] 10 | pub use cranelift_codegen::Context;
[INFO] [stdout]    |         ^^^^^^^^^^^^^^^^^^^^^^^^^^
[INFO] [stdout] 
[INFO] [stdout] 
[INFO] [stdout] warning: unused import: `FunctionBuilder`
[INFO] [stdout]   --> src/trampoline/mod.rs:11:30
[INFO] [stdout]    |
[INFO] [stdout] 11 | pub use cranelift_frontend::{FunctionBuilder, FunctionBuilderContext};
[INFO] [stdout]    |                              ^^^^^^^^^^^^^^^
[INFO] [stdout] 
[INFO] [stdout] 
[INFO] [stdout] warning: unused import: `cranelift_codegen::binemit::NullTrapSink`
[INFO] [stdout]   --> src/trampoline/mod.rs:14:13
[INFO] [stdout]    |
[INFO] [stdout] 14 |     pub use cranelift_codegen::binemit::NullTrapSink;
[INFO] [stdout]    |             ^^^^^^^^^^^^^^^^^^^^^^^^^^^^^^^^^^^^^^^^
[INFO] [stdout] 
[INFO] [stdout] 
[INFO] [stdout] warning: unused imports: `CodeOffset`, `NullStackMapSink`, `TrapSink`
[INFO] [stdout]   --> src/trampoline/mod.rs:15:42
[INFO] [stdout]    |
[INFO] [stdout] 15 |     pub use cranelift_codegen::binemit::{CodeOffset, NullStackMapSink, TrapSink};
[INFO] [stdout]    |                                          ^^^^^^^^^^  ^^^^^^^^^^^^^^^^  ^^^^^^^^
[INFO] [stdout] 
[INFO] [stdout] 
[INFO] [stdout] warning: unused import: `ReturnMode`
[INFO] [stdout]   --> src/translator/mod.rs:10:63
[INFO] [stdout]    |
[INFO] [stdout] 10 | pub use self::func_environ::{FuncEnvironment, GlobalVariable, ReturnMode, TargetEnvironment};
[INFO] [stdout]    |                                                               ^^^^^^^^^^
[INFO] [stdout] 
[INFO] [stdout] 
[INFO] [stdout] warning: unused import: `self::func_state::FuncTranslationState`
[INFO] [stdout]   --> src/translator/mod.rs:11:9
[INFO] [stdout]    |
[INFO] [stdout] 11 | pub use self::func_state::FuncTranslationState;
[INFO] [stdout]    |         ^^^^^^^^^^^^^^^^^^^^^^^^^^^^^^^^^^^^^^
[INFO] [stdout] 
[INFO] [stdout] 
[INFO] [stdout] warning: unused import: `get_vmctx_value_label`
[INFO] [stdout]   --> src/translator/mod.rs:14:5
[INFO] [stdout]    |
[INFO] [stdout] 14 |     get_vmctx_value_label, irlibcall_to_libcall, irreloc_to_relocationkind,
[INFO] [stdout]    |     ^^^^^^^^^^^^^^^^^^^^^
[INFO] [stdout] 
[INFO] [stdout] 
[INFO] [stdout] warning: 8 warnings emitted
[INFO] [stdout] 
[INFO] [stdout] 
[INFO] [stderr]     Finished dev [unoptimized + debuginfo] target(s) in 38.58s
[INFO] [stderr] warning: the following packages contain code that will be rejected by a future version of Rust: cranelift-codegen-meta v0.68.0, wasmparser v0.65.0
[INFO] [stderr] note: to see what the problems were, use the option `--future-incompat-report`, or run `cargo report future-incompatibilities --id 1`
[INFO] running `Command { std: "docker" "inspect" "27608b96e029115495fa8e33978b5f5a0cbe108ad4ed7ec86820210d76a74c19", kill_on_drop: false }`
[INFO] running `Command { std: "docker" "rm" "-f" "27608b96e029115495fa8e33978b5f5a0cbe108ad4ed7ec86820210d76a74c19", kill_on_drop: false }`
[INFO] [stdout] 27608b96e029115495fa8e33978b5f5a0cbe108ad4ed7ec86820210d76a74c19
[INFO] running `Command { std: "docker" "create" "-v" "/var/lib/crater-agent-workspace/builds/worker-1-tc1/target:/opt/rustwide/target:rw,Z" "-v" "/var/lib/crater-agent-workspace/builds/worker-1-tc1/source:/opt/rustwide/workdir:ro,Z" "-v" "/var/lib/crater-agent-workspace/cargo-home:/opt/rustwide/cargo-home:ro,Z" "-v" "/var/lib/crater-agent-workspace/rustup-home:/opt/rustwide/rustup-home:ro,Z" "-e" "SOURCE_DIR=/opt/rustwide/workdir" "-e" "CARGO_TARGET_DIR=/opt/rustwide/target" "-e" "CARGO_INCREMENTAL=0" "-e" "RUST_BACKTRACE=full" "-e" "RUSTFLAGS=--cap-lints=warn" "-e" "RUSTDOCFLAGS=--cap-lints=warn" "-e" "CARGO_HOME=/opt/rustwide/cargo-home" "-e" "RUSTUP_HOME=/opt/rustwide/rustup-home" "-w" "/opt/rustwide/workdir" "-m" "1610612736" "--user" "0:0" "--network" "none" "ghcr.io/rust-lang/crates-build-env/linux@sha256:2788e3201cd34a07e3172128adcd8b3090168a8e3bcc40d7c032b9dda1df7d1c" "/opt/rustwide/cargo-home/bin/cargo" "+1.75.0" "test" "--frozen" "--no-run" "--message-format=json", kill_on_drop: false }`
[INFO] [stdout] 2e456b5a1bb8540a69b615fe327196f1f444cbaa7d06ec74a72832e8b937a20e
[INFO] running `Command { std: "docker" "start" "-a" "2e456b5a1bb8540a69b615fe327196f1f444cbaa7d06ec74a72832e8b937a20e", kill_on_drop: false }`
[INFO] [stderr]    Compiling cranelift-entity v0.67.0
[INFO] [stderr]    Compiling cranelift-codegen-shared v0.67.0
[INFO] [stdout] warning: unused import: `cranelift_codegen::print_errors::pretty_error`
[INFO] [stdout]  --> src/trampoline/mod.rs:9:9
[INFO] [stdout]   |
[INFO] [stdout] 9 | pub use cranelift_codegen::print_errors::pretty_error;
[INFO] [stdout]   |         ^^^^^^^^^^^^^^^^^^^^^^^^^^^^^^^^^^^^^^^^^^^^^
[INFO] [stdout]   |
[INFO] [stdout]   = note: `#[warn(unused_imports)]` on by default
[INFO] [stdout] 
[INFO] [stdout] 
[INFO] [stdout] warning: unused import: `cranelift_codegen::Context`
[INFO] [stdout]   --> src/trampoline/mod.rs:10:9
[INFO] [stdout]    |
[INFO] [stdout] 10 | pub use cranelift_codegen::Context;
[INFO] [stdout]    |         ^^^^^^^^^^^^^^^^^^^^^^^^^^
[INFO] [stdout] 
[INFO] [stdout] 
[INFO] [stdout] warning: unused import: `FunctionBuilder`
[INFO] [stdout]   --> src/trampoline/mod.rs:11:30
[INFO] [stdout]    |
[INFO] [stdout] 11 | pub use cranelift_frontend::{FunctionBuilder, FunctionBuilderContext};
[INFO] [stdout]    |                              ^^^^^^^^^^^^^^^
[INFO] [stdout] 
[INFO] [stdout] 
[INFO] [stdout] warning: unused import: `cranelift_codegen::binemit::NullTrapSink`
[INFO] [stdout]   --> src/trampoline/mod.rs:14:13
[INFO] [stdout]    |
[INFO] [stdout] 14 |     pub use cranelift_codegen::binemit::NullTrapSink;
[INFO] [stdout]    |             ^^^^^^^^^^^^^^^^^^^^^^^^^^^^^^^^^^^^^^^^
[INFO] [stdout] 
[INFO] [stdout] 
[INFO] [stdout] warning: unused imports: `CodeOffset`, `NullStackMapSink`, `TrapSink`
[INFO] [stdout]   --> src/trampoline/mod.rs:15:42
[INFO] [stdout]    |
[INFO] [stdout] 15 |     pub use cranelift_codegen::binemit::{CodeOffset, NullStackMapSink, TrapSink};
[INFO] [stdout]    |                                          ^^^^^^^^^^  ^^^^^^^^^^^^^^^^  ^^^^^^^^
[INFO] [stdout] 
[INFO] [stdout] 
[INFO] [stdout] warning: unused import: `ReturnMode`
[INFO] [stdout]   --> src/translator/mod.rs:10:63
[INFO] [stdout]    |
[INFO] [stdout] 10 | pub use self::func_environ::{FuncEnvironment, GlobalVariable, ReturnMode, TargetEnvironment};
[INFO] [stdout]    |                                                               ^^^^^^^^^^
[INFO] [stdout] 
[INFO] [stdout] 
[INFO] [stdout] warning: unused import: `self::func_state::FuncTranslationState`
[INFO] [stdout]   --> src/translator/mod.rs:11:9
[INFO] [stdout]    |
[INFO] [stdout] 11 | pub use self::func_state::FuncTranslationState;
[INFO] [stdout]    |         ^^^^^^^^^^^^^^^^^^^^^^^^^^^^^^^^^^^^^^
[INFO] [stdout] 
[INFO] [stdout] 
[INFO] [stdout] warning: unused import: `get_vmctx_value_label`
[INFO] [stdout]   --> src/translator/mod.rs:14:5
[INFO] [stdout]    |
[INFO] [stdout] 14 |     get_vmctx_value_label, irlibcall_to_libcall, irreloc_to_relocationkind,
[INFO] [stdout]    |     ^^^^^^^^^^^^^^^^^^^^^
[INFO] [stdout] 
[INFO] [stdout] 
[INFO] [stdout] warning: 8 warnings emitted
[INFO] [stdout] 
[INFO] [stdout] 
[INFO] [stderr]    Compiling gimli v0.21.0
[INFO] [stderr]    Compiling regalloc v0.0.30
[INFO] [stderr]    Compiling cranelift-codegen-meta v0.67.0
[INFO] [stderr]    Compiling cranelift-bforest v0.67.0
[INFO] [stderr]    Compiling cranelift-codegen v0.67.0
[INFO] [stdout] error[E0277]: the trait bound `PrimaryMap<StackSlot, StackSlotData>: Serialize` is not satisfied
[INFO] [stdout]     --> /opt/rustwide/cargo-home/registry/src/index.crates.io-6f17d22bba15001f/cranelift-codegen-0.67.0/src/ir/stackslot.rs:186:45
[INFO] [stdout]      |
[INFO] [stdout] 186  | #[cfg_attr(feature = "enable-serde", derive(Serialize, Deserialize))]
[INFO] [stdout]      |                                             ^^^^^^^^^ the trait `Serialize` is not implemented for `PrimaryMap<StackSlot, StackSlotData>`
[INFO] [stdout] 187  | pub struct StackSlots {
[INFO] [stdout] 188  |     /// All allocated stack slots.
[INFO] [stdout]      |     ------------------------------ required by a bound introduced by this call
[INFO] [stdout]      |
[INFO] [stdout]      = help: the following other types implement trait `Serialize`:
[INFO] [stdout]                bool
[INFO] [stdout]                char
[INFO] [stdout]                isize
[INFO] [stdout]                i8
[INFO] [stdout]                i16
[INFO] [stdout]                i32
[INFO] [stdout]                i64
[INFO] [stdout]                i128
[INFO] [stdout]              and 162 others
[INFO] [stdout] note: required by a bound in `binemit::_::_serde::ser::SerializeStruct::serialize_field`
[INFO] [stdout]     --> /opt/rustwide/cargo-home/registry/src/index.crates.io-6f17d22bba15001f/serde-1.0.194/src/ser/mod.rs:1865:12
[INFO] [stdout]      |
[INFO] [stdout] 1859 |     fn serialize_field<T: ?Sized>(
[INFO] [stdout]      |        --------------- required by a bound in this associated function
[INFO] [stdout] ...
[INFO] [stdout] 1865 |         T: Serialize;
[INFO] [stdout]      |            ^^^^^^^^^ required by this bound in `SerializeStruct::serialize_field`
[INFO] [stdout] 
[INFO] [stdout] 
[INFO] [stdout] error[E0277]: the trait bound `PrimaryMap<StackSlot, StackSlotData>: Deserialize<'_>` is not satisfied
[INFO] [stdout]     --> /opt/rustwide/cargo-home/registry/src/index.crates.io-6f17d22bba15001f/cranelift-codegen-0.67.0/src/ir/stackslot.rs:189:12
[INFO] [stdout]      |
[INFO] [stdout] 189  |     slots: PrimaryMap<StackSlot, StackSlotData>,
[INFO] [stdout]      |            ^^^^^^^^^^^^^^^^^^^^^^^^^^^^^^^^^^^^ the trait `Deserialize<'_>` is not implemented for `PrimaryMap<StackSlot, StackSlotData>`
[INFO] [stdout]      |
[INFO] [stdout]      = help: the following other types implement trait `Deserialize<'de>`:
[INFO] [stdout]                bool
[INFO] [stdout]                char
[INFO] [stdout]                isize
[INFO] [stdout]                i8
[INFO] [stdout]                i16
[INFO] [stdout]                i32
[INFO] [stdout]                i64
[INFO] [stdout]                i128
[INFO] [stdout]              and 166 others
[INFO] [stdout] note: required by a bound in `next_element`
[INFO] [stdout]     --> /opt/rustwide/cargo-home/registry/src/index.crates.io-6f17d22bba15001f/serde-1.0.194/src/de/mod.rs:1726:12
[INFO] [stdout]      |
[INFO] [stdout] 1724 |     fn next_element<T>(&mut self) -> Result<Option<T>, Self::Error>
[INFO] [stdout]      |        ------------ required by a bound in this associated function
[INFO] [stdout] 1725 |     where
[INFO] [stdout] 1726 |         T: Deserialize<'de>,
[INFO] [stdout]      |            ^^^^^^^^^^^^^^^^ required by this bound in `SeqAccess::next_element`
[INFO] [stdout] 
[INFO] [stdout] 
[INFO] [stdout] error[E0277]: the trait bound `PrimaryMap<StackSlot, StackSlotData>: Deserialize<'_>` is not satisfied
[INFO] [stdout]     --> /opt/rustwide/cargo-home/registry/src/index.crates.io-6f17d22bba15001f/cranelift-codegen-0.67.0/src/ir/stackslot.rs:189:12
[INFO] [stdout]      |
[INFO] [stdout] 189  |     slots: PrimaryMap<StackSlot, StackSlotData>,
[INFO] [stdout]      |            ^^^^^^^^^^^^^^^^^^^^^^^^^^^^^^^^^^^^ the trait `Deserialize<'_>` is not implemented for `PrimaryMap<StackSlot, StackSlotData>`
[INFO] [stdout]      |
[INFO] [stdout]      = help: the following other types implement trait `Deserialize<'de>`:
[INFO] [stdout]                bool
[INFO] [stdout]                char
[INFO] [stdout]                isize
[INFO] [stdout]                i8
[INFO] [stdout]                i16
[INFO] [stdout]                i32
[INFO] [stdout]                i64
[INFO] [stdout]                i128
[INFO] [stdout]              and 166 others
[INFO] [stdout] note: required by a bound in `next_value`
[INFO] [stdout]     --> /opt/rustwide/cargo-home/registry/src/index.crates.io-6f17d22bba15001f/serde-1.0.194/src/de/mod.rs:1865:12
[INFO] [stdout]      |
[INFO] [stdout] 1863 |     fn next_value<V>(&mut self) -> Result<V, Self::Error>
[INFO] [stdout]      |        ---------- required by a bound in this associated function
[INFO] [stdout] 1864 |     where
[INFO] [stdout] 1865 |         V: Deserialize<'de>,
[INFO] [stdout]      |            ^^^^^^^^^^^^^^^^ required by this bound in `MapAccess::next_value`
[INFO] [stdout] 
[INFO] [stdout] 
[INFO] [stdout] error[E0277]: the trait bound `PrimaryMap<StackSlot, StackSlotData>: Deserialize<'_>` is not satisfied
[INFO] [stdout]    --> /opt/rustwide/cargo-home/registry/src/index.crates.io-6f17d22bba15001f/cranelift-codegen-0.67.0/src/ir/stackslot.rs:188:5
[INFO] [stdout]     |
[INFO] [stdout] 188 |     /// All allocated stack slots.
[INFO] [stdout]     |     ^^^^^^^^^^^^^^^^^^^^^^^^^^^^^^ the trait `Deserialize<'_>` is not implemented for `PrimaryMap<StackSlot, StackSlotData>`
[INFO] [stdout]     |
[INFO] [stdout]     = help: the following other types implement trait `Deserialize<'de>`:
[INFO] [stdout]               bool
[INFO] [stdout]               char
[INFO] [stdout]               isize
[INFO] [stdout]               i8
[INFO] [stdout]               i16
[INFO] [stdout]               i32
[INFO] [stdout]               i64
[INFO] [stdout]               i128
[INFO] [stdout]             and 166 others
[INFO] [stdout] note: required by a bound in `binemit::_::_serde::__private::de::missing_field`
[INFO] [stdout]    --> /opt/rustwide/cargo-home/registry/src/index.crates.io-6f17d22bba15001f/serde-1.0.194/src/private/de.rs:25:8
[INFO] [stdout]     |
[INFO] [stdout] 23  | pub fn missing_field<'de, V, E>(field: &'static str) -> Result<V, E>
[INFO] [stdout]     |        ------------- required by a bound in this function
[INFO] [stdout] 24  | where
[INFO] [stdout] 25  |     V: Deserialize<'de>,
[INFO] [stdout]     |        ^^^^^^^^^^^^^^^^ required by this bound in `missing_field`
[INFO] [stdout] 
[INFO] [stdout] 
[INFO] [stdout] error: aborting due to 4 previous errors
[INFO] [stdout] 
[INFO] [stdout] 
[INFO] [stdout] For more information about this error, try `rustc --explain E0277`.
[INFO] [stdout] 
[INFO] [stderr] error: could not compile `cranelift-codegen` (lib) due to 5 previous errors
[INFO] running `Command { std: "docker" "inspect" "2e456b5a1bb8540a69b615fe327196f1f444cbaa7d06ec74a72832e8b937a20e", kill_on_drop: false }`
[INFO] running `Command { std: "docker" "rm" "-f" "2e456b5a1bb8540a69b615fe327196f1f444cbaa7d06ec74a72832e8b937a20e", kill_on_drop: false }`
[INFO] [stdout] 2e456b5a1bb8540a69b615fe327196f1f444cbaa7d06ec74a72832e8b937a20e
