[INFO] fetching crate wasmer-asml-fork 2.0.0...
[INFO] testing wasmer-asml-fork-2.0.0 against 1.75.0 for beta-1.76-1
[INFO] extracting crate wasmer-asml-fork 2.0.0 into /workspace/builds/worker-7-tc1/source
[INFO] validating manifest of crates.io crate wasmer-asml-fork 2.0.0 on toolchain 1.75.0
[INFO] running `Command { std: CARGO_HOME="/workspace/cargo-home" RUSTUP_HOME="/workspace/rustup-home" "/workspace/cargo-home/bin/cargo" "+1.75.0" "metadata" "--manifest-path" "Cargo.toml" "--no-deps", kill_on_drop: false }`
[INFO] started tweaking crates.io crate wasmer-asml-fork 2.0.0
[INFO] finished tweaking crates.io crate wasmer-asml-fork 2.0.0
[INFO] tweaked toml for crates.io crate wasmer-asml-fork 2.0.0 written to /workspace/builds/worker-7-tc1/source/Cargo.toml
[INFO] running `Command { std: CARGO_HOME="/workspace/cargo-home" RUSTUP_HOME="/workspace/rustup-home" "/workspace/cargo-home/bin/cargo" "+1.75.0" "generate-lockfile" "--manifest-path" "Cargo.toml", kill_on_drop: false }`
[INFO] [stderr]     Updating crates.io index
[INFO] running `Command { std: CARGO_HOME="/workspace/cargo-home" RUSTUP_HOME="/workspace/rustup-home" "/workspace/cargo-home/bin/cargo" "+1.75.0" "fetch" "--manifest-path" "Cargo.toml", kill_on_drop: false }`
[INFO] [stderr]  Downloading crates ...
[INFO] [stderr]   Downloaded inkwell_internals v0.7.0
[INFO] [stderr]   Downloaded llvm-sys v120.3.2
[INFO] [stderr]   Downloaded inkwell v0.1.1
[INFO] [stderr]   Downloaded wasmer-compiler-singlepass v2.3.0
[INFO] [stderr]   Downloaded wasmer-derive-asml-fork v2.0.0
[INFO] [stderr]   Downloaded wasmer-compiler-llvm v2.3.0
[INFO] running `Command { std: "docker" "create" "-v" "/var/lib/crater-agent-workspace/builds/worker-7-tc1/target:/opt/rustwide/target:rw,Z" "-v" "/var/lib/crater-agent-workspace/builds/worker-7-tc1/source:/opt/rustwide/workdir:ro,Z" "-v" "/var/lib/crater-agent-workspace/cargo-home:/opt/rustwide/cargo-home:ro,Z" "-v" "/var/lib/crater-agent-workspace/rustup-home:/opt/rustwide/rustup-home:ro,Z" "-e" "SOURCE_DIR=/opt/rustwide/workdir" "-e" "CARGO_TARGET_DIR=/opt/rustwide/target" "-e" "CARGO_HOME=/opt/rustwide/cargo-home" "-e" "RUSTUP_HOME=/opt/rustwide/rustup-home" "-w" "/opt/rustwide/workdir" "-m" "1610612736" "--user" "0:0" "--network" "none" "ghcr.io/rust-lang/crates-build-env/linux@sha256:2788e3201cd34a07e3172128adcd8b3090168a8e3bcc40d7c032b9dda1df7d1c" "/opt/rustwide/cargo-home/bin/cargo" "+1.75.0" "metadata" "--no-deps" "--format-version=1", kill_on_drop: false }`
[INFO] [stdout] f1880b1690481f6edb1c03537036157fd9d64bef8af7b5e49487f4f133fed3b0
[INFO] running `Command { std: "docker" "start" "-a" "f1880b1690481f6edb1c03537036157fd9d64bef8af7b5e49487f4f133fed3b0", kill_on_drop: false }`
[INFO] running `Command { std: "docker" "inspect" "f1880b1690481f6edb1c03537036157fd9d64bef8af7b5e49487f4f133fed3b0", kill_on_drop: false }`
[INFO] running `Command { std: "docker" "rm" "-f" "f1880b1690481f6edb1c03537036157fd9d64bef8af7b5e49487f4f133fed3b0", kill_on_drop: false }`
[INFO] [stdout] f1880b1690481f6edb1c03537036157fd9d64bef8af7b5e49487f4f133fed3b0
[INFO] running `Command { std: "docker" "create" "-v" "/var/lib/crater-agent-workspace/builds/worker-7-tc1/target:/opt/rustwide/target:rw,Z" "-v" "/var/lib/crater-agent-workspace/builds/worker-7-tc1/source:/opt/rustwide/workdir:ro,Z" "-v" "/var/lib/crater-agent-workspace/cargo-home:/opt/rustwide/cargo-home:ro,Z" "-v" "/var/lib/crater-agent-workspace/rustup-home:/opt/rustwide/rustup-home:ro,Z" "-e" "SOURCE_DIR=/opt/rustwide/workdir" "-e" "CARGO_TARGET_DIR=/opt/rustwide/target" "-e" "CARGO_INCREMENTAL=0" "-e" "RUST_BACKTRACE=full" "-e" "RUSTFLAGS=--cap-lints=warn" "-e" "RUSTDOCFLAGS=--cap-lints=warn" "-e" "CARGO_HOME=/opt/rustwide/cargo-home" "-e" "RUSTUP_HOME=/opt/rustwide/rustup-home" "-w" "/opt/rustwide/workdir" "-m" "1610612736" "--user" "0:0" "--network" "none" "ghcr.io/rust-lang/crates-build-env/linux@sha256:2788e3201cd34a07e3172128adcd8b3090168a8e3bcc40d7c032b9dda1df7d1c" "/opt/rustwide/cargo-home/bin/cargo" "+1.75.0" "build" "--frozen" "--message-format=json", kill_on_drop: false }`
[INFO] [stdout] 13471bb918d6e4d695088cb28d299e6889355420498c3c0e7dc6726a9baf3f24
[INFO] running `Command { std: "docker" "start" "-a" "13471bb918d6e4d695088cb28d299e6889355420498c3c0e7dc6726a9baf3f24", kill_on_drop: false }`
[INFO] [stderr]    Compiling syn v1.0.109
[INFO] [stderr]    Compiling fnv v1.0.7
[INFO] [stderr]    Compiling target-lexicon v0.12.13
[INFO] [stderr]    Compiling rkyv v0.7.43
[INFO] [stderr]    Compiling indexmap v1.9.3
[INFO] [stderr]    Compiling gimli v0.28.1
[INFO] [stderr]    Compiling object v0.32.2
[INFO] [stderr]    Compiling ahash v0.7.7
[INFO] [stderr]    Compiling miniz_oxide v0.7.1
[INFO] [stderr]    Compiling seahash v4.1.0
[INFO] [stderr]    Compiling more-asserts v0.2.2
[INFO] [stderr]    Compiling wasmparser v0.83.0
[INFO] [stderr]    Compiling syn v2.0.48
[INFO] [stderr]    Compiling getrandom v0.2.11
[INFO] [stderr]    Compiling cc v1.0.83
[INFO] [stderr]    Compiling memoffset v0.6.5
[INFO] [stderr]    Compiling corosensei v0.1.4
[INFO] [stderr]    Compiling cranelift-codegen-shared v0.82.3
[INFO] [stderr]    Compiling log v0.4.20
[INFO] [stderr]    Compiling cranelift-codegen-meta v0.82.3
[INFO] [stderr]    Compiling leb128 v0.2.5
[INFO] [stderr]    Compiling crc32fast v1.3.2
[INFO] [stderr]    Compiling rustix v0.38.28
[INFO] [stderr]    Compiling hashbrown v0.12.3
[INFO] [stderr]    Compiling scopeguard v1.2.0
[INFO] [stderr]    Compiling region v3.0.0
[INFO] [stderr]    Compiling proc-macro-error-attr v1.0.4
[INFO] [stderr]    Compiling cranelift-entity v0.82.3
[INFO] [stderr]    Compiling bitflags v2.4.1
[INFO] [stderr]    Compiling linux-raw-sys v0.4.12
[INFO] [stderr]    Compiling fallible-iterator v0.2.0
[INFO] [stderr]    Compiling stable_deref_trait v1.2.0
[INFO] [stderr]    Compiling cranelift-bforest v0.82.3
[INFO] [stderr]    Compiling regalloc v0.0.34
[INFO] [stderr]    Compiling hashbrown v0.11.2
[INFO] [stderr]    Compiling proc-macro-error v1.0.4
[INFO] [stderr]    Compiling wasm-encoder v0.38.1
[INFO] [stderr]    Compiling fastrand v2.0.1
[INFO] [stderr]    Compiling home v0.5.9
[INFO] [stderr]    Compiling unicode-width v0.1.11
[INFO] [stderr]    Compiling wasmer-compiler-cranelift v2.3.0
[INFO] [stderr]    Compiling backtrace v0.3.69
[INFO] [stderr]    Compiling wast v69.0.1
[INFO] [stderr]    Compiling addr2line v0.21.0
[INFO] [stderr]    Compiling cranelift-codegen v0.82.3
[INFO] [stderr]    Compiling tempfile v3.9.0
[INFO] [stderr]    Compiling which v4.4.2
[INFO] [stderr]    Compiling darling_core v0.20.3
[INFO] [stderr]    Compiling ptr_meta_derive v0.1.4
[INFO] [stderr]    Compiling enum-iterator-derive v0.7.0
[INFO] [stderr]    Compiling rkyv_derive v0.7.43
[INFO] [stderr]    Compiling loupe-derive v0.1.3
[INFO] [stderr]    Compiling wasmer-derive-asml-fork v2.0.0
[INFO] [stderr]    Compiling serde_derive v1.0.194
[INFO] [stderr]    Compiling thiserror-impl v1.0.56
[INFO] [stderr]    Compiling tracing-attributes v0.1.27
[INFO] [stderr]    Compiling ptr_meta v0.1.4
[INFO] [stderr]    Compiling enum-iterator v0.7.0
[INFO] [stderr]    Compiling darling_macro v0.20.3
[INFO] [stderr]    Compiling thiserror v1.0.56
[INFO] [stderr]    Compiling darling v0.20.3
[INFO] [stderr]    Compiling tracing v0.1.40
[INFO] [stderr]    Compiling enumset_derive v0.8.1
[INFO] [stderr]    Compiling enumset v1.1.3
[INFO] [stderr]    Compiling wat v1.0.82
[INFO] [stderr]    Compiling serde v1.0.194
[INFO] [stderr]    Compiling serde_bytes v0.11.14
[INFO] [stderr]    Compiling loupe v0.1.3
[INFO] [stderr]    Compiling gimli v0.26.2
[INFO] [stderr]    Compiling object v0.28.4
[INFO] [stderr]    Compiling wasmer-types v2.3.0
[INFO] [stderr]    Compiling wasmer-compiler v2.3.0
[INFO] [stderr]    Compiling wasmer-artifact v2.3.0
[INFO] [stderr]    Compiling wasmer-object v2.3.0
[INFO] [stderr]    Compiling wasmer-vm v2.3.0
[INFO] [stderr]    Compiling wasmer-engine-universal-artifact v2.3.0
[INFO] [stderr]    Compiling wasmer-engine v2.3.0
[INFO] [stderr]    Compiling wasmer-engine-dylib v2.3.0
[INFO] [stderr]    Compiling wasmer-engine-universal v2.3.0
[INFO] [stderr]    Compiling cranelift-frontend v0.82.3
[INFO] [stderr]    Compiling wasmer-asml-fork v2.0.0 (/opt/rustwide/workdir)
[INFO] [stdout] error[E0432]: unresolved import `wasmer_engine::is_wasm_pc`
[INFO] [stdout]  --> src/store.rs:8:21
[INFO] [stdout]   |
[INFO] [stdout] 8 | use wasmer_engine::{is_wasm_pc, Engine, Tunables};
[INFO] [stdout]   |                     ^^^^^^^^^^ no `is_wasm_pc` in the root
[INFO] [stdout] 
[INFO] [stdout] 
[INFO] [stdout] error[E0407]: method `as_any` is not a member of trait `TrapHandler`
[INFO] [stdout]   --> src/store.rs:86:5
[INFO] [stdout]    |
[INFO] [stdout] 86 | /     fn as_any(&self) -> &dyn Any {
[INFO] [stdout] 87 | |         self
[INFO] [stdout] 88 | |     }
[INFO] [stdout]    | |_____^ not a member of trait `TrapHandler`
[INFO] [stdout] 
[INFO] [stdout] 
[INFO] [stdout] error[E0277]: the trait bound `u64: From<usize>` is not satisfied
[INFO] [stdout]    --> src/externals/memory.rs:134:28
[INFO] [stdout]     |
[INFO] [stdout] 134 |         def.current_length.into()
[INFO] [stdout]     |                            ^^^^ the trait `From<usize>` is not implemented for `u64`
[INFO] [stdout]     |
[INFO] [stdout]     = help: the following other types implement trait `From<T>`:
[INFO] [stdout]               <u64 as From<bool>>
[INFO] [stdout]               <u64 as From<char>>
[INFO] [stdout]               <u64 as From<u8>>
[INFO] [stdout]               <u64 as From<u16>>
[INFO] [stdout]               <u64 as From<u32>>
[INFO] [stdout]               <u64 as From<cranelift_codegen::ir::immediates::Uimm64>>
[INFO] [stdout]               <u64 as From<cranelift_codegen::ir::immediates::Uimm32>>
[INFO] [stdout]               <u64 as From<NonZeroU64>>
[INFO] [stdout]     = note: required for `usize` to implement `Into<u64>`
[INFO] [stdout] 
[INFO] [stdout] 
[INFO] [stdout] error[E0061]: this function takes 0 arguments but 1 argument was supplied
[INFO] [stdout]    --> src/store.rs:51:9
[INFO] [stdout]     |
[INFO] [stdout] 51  |         init_traps(is_wasm_pc);
[INFO] [stdout]     |         ^^^^^^^^^^ ----------
[INFO] [stdout]     |                    |
[INFO] [stdout]     |                    unexpected argument
[INFO] [stdout]     |                    help: remove the extra argument
[INFO] [stdout]     |
[INFO] [stdout] note: function defined here
[INFO] [stdout]    --> /opt/rustwide/cargo-home/registry/src/index.crates.io-6f17d22bba15001f/wasmer-vm-2.3.0/src/trap/traphandlers.rs:546:8
[INFO] [stdout]     |
[INFO] [stdout] 546 | pub fn init_traps() {
[INFO] [stdout]     |        ^^^^^^^^^^
[INFO] [stdout] 
[INFO] [stdout] 
[INFO] [stdout] error: aborting due to 4 previous errors
[INFO] [stdout] 
[INFO] [stdout] 
[INFO] [stdout] Some errors have detailed explanations: E0061, E0277, E0407, E0432.
[INFO] [stdout] 
[INFO] [stdout] For more information about an error, try `rustc --explain E0061`.
[INFO] [stdout] 
[INFO] [stderr] error: could not compile `wasmer-asml-fork` (lib) due to 5 previous errors
[INFO] [stderr] warning: build failed, waiting for other jobs to finish...
[INFO] running `Command { std: "docker" "inspect" "13471bb918d6e4d695088cb28d299e6889355420498c3c0e7dc6726a9baf3f24", kill_on_drop: false }`
[INFO] running `Command { std: "docker" "rm" "-f" "13471bb918d6e4d695088cb28d299e6889355420498c3c0e7dc6726a9baf3f24", kill_on_drop: false }`
[INFO] [stdout] 13471bb918d6e4d695088cb28d299e6889355420498c3c0e7dc6726a9baf3f24
