[INFO] fetching crate wasmcloud-redisgraph 0.3.3...
[INFO] testing wasmcloud-redisgraph-0.3.3 against 1.75.0 for beta-1.76-1
[INFO] extracting crate wasmcloud-redisgraph 0.3.3 into /workspace/builds/worker-2-tc1/source
[INFO] validating manifest of crates.io crate wasmcloud-redisgraph 0.3.3 on toolchain 1.75.0
[INFO] running `Command { std: CARGO_HOME="/workspace/cargo-home" RUSTUP_HOME="/workspace/rustup-home" "/workspace/cargo-home/bin/cargo" "+1.75.0" "metadata" "--manifest-path" "Cargo.toml" "--no-deps", kill_on_drop: false }`
[INFO] started tweaking crates.io crate wasmcloud-redisgraph 0.3.3
[INFO] finished tweaking crates.io crate wasmcloud-redisgraph 0.3.3
[INFO] tweaked toml for crates.io crate wasmcloud-redisgraph 0.3.3 written to /workspace/builds/worker-2-tc1/source/Cargo.toml
[INFO] running `Command { std: CARGO_HOME="/workspace/cargo-home" RUSTUP_HOME="/workspace/rustup-home" "/workspace/cargo-home/bin/cargo" "+1.75.0" "generate-lockfile" "--manifest-path" "Cargo.toml", kill_on_drop: false }`
[INFO] [stderr]     Updating crates.io index
[INFO] running `Command { std: CARGO_HOME="/workspace/cargo-home" RUSTUP_HOME="/workspace/rustup-home" "/workspace/cargo-home/bin/cargo" "+1.75.0" "fetch" "--manifest-path" "Cargo.toml", kill_on_drop: false }`
[INFO] [stderr]  Downloading crates ...
[INFO] [stderr]   Downloaded wasmcloud-actor-core v0.2.3
[INFO] [stderr]   Downloaded rmp-serde v0.14.4
[INFO] [stderr]   Downloaded redis v0.16.0
[INFO] [stderr]   Downloaded wasmcloud-provider-core v0.1.1
[INFO] [stderr]   Downloaded wasmcloud-actor-graphdb v0.1.3
[INFO] [stderr]   Downloaded redisgraph v0.5.0
[INFO] running `Command { std: "docker" "create" "-v" "/var/lib/crater-agent-workspace/builds/worker-2-tc1/target:/opt/rustwide/target:rw,Z" "-v" "/var/lib/crater-agent-workspace/builds/worker-2-tc1/source:/opt/rustwide/workdir:ro,Z" "-v" "/var/lib/crater-agent-workspace/cargo-home:/opt/rustwide/cargo-home:ro,Z" "-v" "/var/lib/crater-agent-workspace/rustup-home:/opt/rustwide/rustup-home:ro,Z" "-e" "SOURCE_DIR=/opt/rustwide/workdir" "-e" "CARGO_TARGET_DIR=/opt/rustwide/target" "-e" "CARGO_HOME=/opt/rustwide/cargo-home" "-e" "RUSTUP_HOME=/opt/rustwide/rustup-home" "-w" "/opt/rustwide/workdir" "-m" "1610612736" "--user" "0:0" "--network" "none" "ghcr.io/rust-lang/crates-build-env/linux@sha256:2788e3201cd34a07e3172128adcd8b3090168a8e3bcc40d7c032b9dda1df7d1c" "/opt/rustwide/cargo-home/bin/cargo" "+1.75.0" "metadata" "--no-deps" "--format-version=1", kill_on_drop: false }`
[INFO] [stdout] 99ab900593eebc9622d2f7091656d577e51f4e392d33381a4ba988725ce7daa0
[INFO] running `Command { std: "docker" "start" "-a" "99ab900593eebc9622d2f7091656d577e51f4e392d33381a4ba988725ce7daa0", kill_on_drop: false }`
[INFO] running `Command { std: "docker" "inspect" "99ab900593eebc9622d2f7091656d577e51f4e392d33381a4ba988725ce7daa0", kill_on_drop: false }`
[INFO] running `Command { std: "docker" "rm" "-f" "99ab900593eebc9622d2f7091656d577e51f4e392d33381a4ba988725ce7daa0", kill_on_drop: false }`
[INFO] [stdout] 99ab900593eebc9622d2f7091656d577e51f4e392d33381a4ba988725ce7daa0
[INFO] running `Command { std: "docker" "create" "-v" "/var/lib/crater-agent-workspace/builds/worker-2-tc1/target:/opt/rustwide/target:rw,Z" "-v" "/var/lib/crater-agent-workspace/builds/worker-2-tc1/source:/opt/rustwide/workdir:ro,Z" "-v" "/var/lib/crater-agent-workspace/cargo-home:/opt/rustwide/cargo-home:ro,Z" "-v" "/var/lib/crater-agent-workspace/rustup-home:/opt/rustwide/rustup-home:ro,Z" "-e" "SOURCE_DIR=/opt/rustwide/workdir" "-e" "CARGO_TARGET_DIR=/opt/rustwide/target" "-e" "CARGO_INCREMENTAL=0" "-e" "RUST_BACKTRACE=full" "-e" "RUSTFLAGS=--cap-lints=warn" "-e" "RUSTDOCFLAGS=--cap-lints=warn" "-e" "CARGO_HOME=/opt/rustwide/cargo-home" "-e" "RUSTUP_HOME=/opt/rustwide/rustup-home" "-w" "/opt/rustwide/workdir" "-m" "1610612736" "--user" "0:0" "--network" "none" "ghcr.io/rust-lang/crates-build-env/linux@sha256:2788e3201cd34a07e3172128adcd8b3090168a8e3bcc40d7c032b9dda1df7d1c" "/opt/rustwide/cargo-home/bin/cargo" "+1.75.0" "build" "--frozen" "--message-format=json", kill_on_drop: false }`
[INFO] [stdout] e067c4db312397cae2ba6082e4ad72bf2fb71bbe6f4bd895000ccfd630ed9a48
[INFO] running `Command { std: "docker" "start" "-a" "e067c4db312397cae2ba6082e4ad72bf2fb71bbe6f4bd895000ccfd630ed9a48", kill_on_drop: false }`
[INFO] [stderr]    Compiling crossbeam-utils v0.8.18
[INFO] [stderr]    Compiling num-traits v0.2.17
[INFO] [stderr]    Compiling parking v2.2.0
[INFO] [stderr]    Compiling value-bag v1.4.3
[INFO] [stderr]    Compiling futures-io v0.3.30
[INFO] [stderr]    Compiling fastrand v2.0.1
[INFO] [stderr]    Compiling tracing-core v0.1.32
[INFO] [stderr]    Compiling cfg-if v0.1.10
[INFO] [stderr]    Compiling paste v1.0.14
[INFO] [stderr]    Compiling rustix v0.38.28
[INFO] [stderr]    Compiling io-lifetimes v1.0.11
[INFO] [stderr]    Compiling iovec v0.1.4
[INFO] [stderr]    Compiling linux-raw-sys v0.4.12
[INFO] [stderr]    Compiling polling v2.8.0
[INFO] [stderr]    Compiling syn v2.0.48
[INFO] [stderr]    Compiling event-listener v2.5.3
[INFO] [stderr]    Compiling net2 v0.2.39
[INFO] [stderr]    Compiling rustix v0.37.27
[INFO] [stderr]    Compiling async-task v4.7.0
[INFO] [stderr]    Compiling futures-lite v2.1.0
[INFO] [stderr]    Compiling byteorder v1.5.0
[INFO] [stderr]    Compiling atomic-waker v1.1.2
[INFO] [stderr]    Compiling piper v0.2.1
[INFO] [stderr]    Compiling num-bigint v0.2.6
[INFO] [stderr]    Compiling async-io v1.13.0
[INFO] [stderr]    Compiling tracing v0.1.40
[INFO] [stderr]    Compiling pin-project-lite v0.1.12
[INFO] [stderr]    Compiling bytes v0.5.6
[INFO] [stderr]    Compiling waker-fn v1.1.1
[INFO] [stderr]    Compiling fastrand v1.9.0
[INFO] [stderr]    Compiling async-lock v2.8.0
[INFO] [stderr]    Compiling socket2 v0.4.10
[INFO] [stderr]    Compiling num-complex v0.2.4
[INFO] [stderr]    Compiling num-rational v0.2.4
[INFO] [stderr]    Compiling num-iter v0.1.43
[INFO] [stderr]    Compiling syn v1.0.109
[INFO] [stderr]    Compiling aho-corasick v1.1.2
[INFO] [stderr]    Compiling concurrent-queue v2.4.0
[INFO] [stderr]    Compiling futures-lite v1.13.0
[INFO] [stderr]    Compiling regex-syntax v0.8.2
[INFO] [stderr]    Compiling sha1_smol v1.0.0
[INFO] [stderr]    Compiling futures-util v0.3.30
[INFO] [stderr]    Compiling event-listener v4.0.2
[INFO] [stderr]    Compiling async-channel v1.9.0
[INFO] [stderr]    Compiling dtoa v0.4.8
[INFO] [stderr]    Compiling atty v0.2.14
[INFO] [stderr]    Compiling sha1 v0.6.1
[INFO] [stderr]    Compiling termcolor v1.4.0
[INFO] [stderr]    Compiling event-listener-strategy v0.4.0
[INFO] [stderr]    Compiling rmp v0.8.12
[INFO] [stderr]    Compiling num-integer v0.1.45
[INFO] [stderr]    Compiling async-lock v3.2.0
[INFO] [stderr]    Compiling async-channel v2.1.1
[INFO] [stderr]    Compiling blocking v1.5.1
[INFO] [stderr]    Compiling async-executor v1.8.0
[INFO] [stderr]    Compiling regex-automata v0.4.3
[INFO] [stderr]    Compiling num v0.2.1
[INFO] [stderr]    Compiling num-derive v0.3.3
[INFO] [stderr]    Compiling serde_derive v1.0.194
[INFO] [stderr]    Compiling async-trait v0.1.77
[INFO] [stderr]    Compiling regex v1.10.2
[INFO] [stderr]    Compiling polling v3.3.1
[INFO] [stderr]    Compiling async-io v2.2.2
[INFO] [stderr]    Compiling async-global-executor v2.4.1
[INFO] [stderr]    Compiling serde v1.0.194
[INFO] [stderr]    Compiling log v0.4.20
[INFO] [stderr]    Compiling rmp-serde v0.15.5
[INFO] [stderr]    Compiling serde_bytes v0.11.14
[INFO] [stderr]    Compiling serde_json v1.0.111
[INFO] [stderr]    Compiling rmp-serde v0.14.4
[INFO] [stderr]    Compiling mio v0.6.23
[INFO] [stderr]    Compiling kv-log-macro v1.0.7
[INFO] [stderr]    Compiling env_logger v0.8.4
[INFO] [stderr]    Compiling wasmcloud-provider-core v0.1.1
[INFO] [stderr]    Compiling async-std v1.12.0
[INFO] [stderr]    Compiling mio-uds v0.6.8
[INFO] [stderr]    Compiling wasmcloud-actor-graphdb v0.1.3
[INFO] [stderr]    Compiling wasmcloud-actor-core v0.2.3
[INFO] [stderr]    Compiling tokio v0.2.25
[INFO] [stderr]    Compiling combine v4.6.6
[INFO] [stderr]    Compiling tokio-util v0.3.1
[INFO] [stderr]    Compiling redis v0.16.0
[INFO] [stdout] error[E0412]: cannot find type `BoxFuture` in module `futures_util::future`
[INFO] [stdout]    --> /opt/rustwide/cargo-home/registry/src/index.crates.io-6f17d22bba15001f/redis-0.16.0/src/types.rs:452:53
[INFO] [stdout]     |
[INFO] [stdout] 452 | pub type RedisFuture<'a, T> = futures_util::future::BoxFuture<'a, RedisResult<T>>;
[INFO] [stdout]     |                                                     ^^^^^^^^^ help: a trait with a similar name exists: `Future`
[INFO] [stdout]    --> /rustc/82e1608dfa6e0b5569232559e3d385fea5a93112/library/core/src/future/future.rs:37:1
[INFO] [stdout]     |
[INFO] [stdout]     = note: similarly named trait `Future` defined here
[INFO] [stdout]     |
[INFO] [stdout] note: found an item that was configured out
[INFO] [stdout]    --> /opt/rustwide/cargo-home/registry/src/index.crates.io-6f17d22bba15001f/futures-util-0.3.30/src/future/mod.rs:16:32
[INFO] [stdout]     |
[INFO] [stdout] 16  | pub use futures_core::future::{BoxFuture, LocalBoxFuture};
[INFO] [stdout]     |                                ^^^^^^^^^
[INFO] [stdout]     = note: the item is gated behind the `alloc` feature
[INFO] [stdout] 
[INFO] [stdout] 
[INFO] [stdout] error[E0599]: no method named `boxed` found for `async` block `{async block@/opt/rustwide/cargo-home/registry/src/index.crates.io-6f17d22bba15001f/redis-0.16.0/src/aio.rs:447:10: 455:10}` in the current scope
[INFO] [stdout]    --> /opt/rustwide/cargo-home/registry/src/index.crates.io-6f17d22bba15001f/redis-0.16.0/src/aio.rs:456:10
[INFO] [stdout]     |
[INFO] [stdout] 447 | /         (async move {
[INFO] [stdout] 448 | |             if self.pubsub {
[INFO] [stdout] 449 | |                 self.exit_pubsub().await?;
[INFO] [stdout] 450 | |             }
[INFO] [stdout] ...   |
[INFO] [stdout] 455 | |         })
[INFO] [stdout] 456 | |         .boxed()
[INFO] [stdout]     | |         -^^^^^ method not found in `{async block@/opt/rustwide/cargo-home/registry/src/index.crates.io-6f17d22bba15001f/redis-0.16.0/src/aio.rs:447:10: 455:10}`
[INFO] [stdout]     | |_________|
[INFO] [stdout]     | 
[INFO] [stdout]     |
[INFO] [stdout]     = help: items from traits can only be used if the trait is in scope
[INFO] [stdout] help: the following traits are implemented but not in scope; perhaps add a `use` for one of them:
[INFO] [stdout]     |
[INFO] [stdout] 2   + use combine::Parser;
[INFO] [stdout]     |
[INFO] [stdout] 2   + use futures_lite::future::FutureExt;
[INFO] [stdout]     |
[INFO] [stdout] 2   + use futures_lite::future::FutureExt;
[INFO] [stdout]     |
[INFO] [stdout] 2   + use futures_lite::stream::StreamExt;
[INFO] [stdout]     |
[INFO] [stdout]       and 1 other candidate
[INFO] [stdout] 
[INFO] [stdout] 
[INFO] [stdout] error[E0599]: no method named `boxed` found for `async` block `{async block@/opt/rustwide/cargo-home/registry/src/index.crates.io-6f17d22bba15001f/redis-0.16.0/src/aio.rs:465:10: 484:10}` in the current scope
[INFO] [stdout]    --> /opt/rustwide/cargo-home/registry/src/index.crates.io-6f17d22bba15001f/redis-0.16.0/src/aio.rs:485:10
[INFO] [stdout]     |
[INFO] [stdout] 465 | /         (async move {
[INFO] [stdout] 466 | |             if self.pubsub {
[INFO] [stdout] 467 | |                 self.exit_pubsub().await?;
[INFO] [stdout] 468 | |             }
[INFO] [stdout] ...   |
[INFO] [stdout] 484 | |         })
[INFO] [stdout] 485 | |         .boxed()
[INFO] [stdout]     | |         -^^^^^ method not found in `{async block@/opt/rustwide/cargo-home/registry/src/index.crates.io-6f17d22bba15001f/redis-0.16.0/src/aio.rs:465:10: 484:10}`
[INFO] [stdout]     | |_________|
[INFO] [stdout]     | 
[INFO] [stdout]     |
[INFO] [stdout]     = help: items from traits can only be used if the trait is in scope
[INFO] [stdout] help: the following traits are implemented but not in scope; perhaps add a `use` for one of them:
[INFO] [stdout]     |
[INFO] [stdout] 2   + use combine::Parser;
[INFO] [stdout]     |
[INFO] [stdout] 2   + use futures_lite::future::FutureExt;
[INFO] [stdout]     |
[INFO] [stdout] 2   + use futures_lite::future::FutureExt;
[INFO] [stdout]     |
[INFO] [stdout] 2   + use futures_lite::stream::StreamExt;
[INFO] [stdout]     |
[INFO] [stdout]       and 1 other candidate
[INFO] [stdout] 
[INFO] [stdout] 
[INFO] [stdout] error[E0599]: no method named `boxed` found for `async` block `{async block@/opt/rustwide/cargo-home/registry/src/index.crates.io-6f17d22bba15001f/redis-0.16.0/src/aio.rs:808:10: 819:10}` in the current scope
[INFO] [stdout]    --> /opt/rustwide/cargo-home/registry/src/index.crates.io-6f17d22bba15001f/redis-0.16.0/src/aio.rs:820:10
[INFO] [stdout]     |
[INFO] [stdout] 808 | /         (async move {
[INFO] [stdout] 809 | |             let value = self
[INFO] [stdout] 810 | |                 .pipeline
[INFO] [stdout] 811 | |                 .send(cmd.get_packed_command())
[INFO] [stdout] ...   |
[INFO] [stdout] 819 | |         })
[INFO] [stdout] 820 | |         .boxed()
[INFO] [stdout]     | |         -^^^^^ method not found in `{async block@/opt/rustwide/cargo-home/registry/src/index.crates.io-6f17d22bba15001f/redis-0.16.0/src/aio.rs:808:10: 819:10}`
[INFO] [stdout]     | |_________|
[INFO] [stdout]     | 
[INFO] [stdout]     |
[INFO] [stdout]     = help: items from traits can only be used if the trait is in scope
[INFO] [stdout] help: the following traits are implemented but not in scope; perhaps add a `use` for one of them:
[INFO] [stdout]     |
[INFO] [stdout] 2   + use combine::Parser;
[INFO] [stdout]     |
[INFO] [stdout] 2   + use futures_lite::future::FutureExt;
[INFO] [stdout]     |
[INFO] [stdout] 2   + use futures_lite::future::FutureExt;
[INFO] [stdout]     |
[INFO] [stdout] 2   + use futures_lite::stream::StreamExt;
[INFO] [stdout]     |
[INFO] [stdout]       and 1 other candidate
[INFO] [stdout] 
[INFO] [stdout] 
[INFO] [stdout] error[E0599]: no method named `boxed` found for `async` block `{async block@/opt/rustwide/cargo-home/registry/src/index.crates.io-6f17d22bba15001f/redis-0.16.0/src/aio.rs:829:10: 842:10}` in the current scope
[INFO] [stdout]    --> /opt/rustwide/cargo-home/registry/src/index.crates.io-6f17d22bba15001f/redis-0.16.0/src/aio.rs:843:10
[INFO] [stdout]     |
[INFO] [stdout] 829 | /         (async move {
[INFO] [stdout] 830 | |             let mut value = self
[INFO] [stdout] 831 | |                 .pipeline
[INFO] [stdout] 832 | |                 .send_recv_multiple(cmd.get_packed_pipeline(), offset + count)
[INFO] [stdout] ...   |
[INFO] [stdout] 842 | |         })
[INFO] [stdout] 843 | |         .boxed()
[INFO] [stdout]     | |         -^^^^^ method not found in `{async block@/opt/rustwide/cargo-home/registry/src/index.crates.io-6f17d22bba15001f/redis-0.16.0/src/aio.rs:829:10: 842:10}`
[INFO] [stdout]     | |_________|
[INFO] [stdout]     | 
[INFO] [stdout]     |
[INFO] [stdout]     = help: items from traits can only be used if the trait is in scope
[INFO] [stdout] help: the following traits are implemented but not in scope; perhaps add a `use` for one of them:
[INFO] [stdout]     |
[INFO] [stdout] 2   + use combine::Parser;
[INFO] [stdout]     |
[INFO] [stdout] 2   + use futures_lite::future::FutureExt;
[INFO] [stdout]     |
[INFO] [stdout] 2   + use futures_lite::future::FutureExt;
[INFO] [stdout]     |
[INFO] [stdout] 2   + use futures_lite::stream::StreamExt;
[INFO] [stdout]     |
[INFO] [stdout]       and 1 other candidate
[INFO] [stdout] 
[INFO] [stdout] 
[INFO] [stdout] error: aborting due to 5 previous errors
[INFO] [stdout] 
[INFO] [stdout] 
[INFO] [stdout] Some errors have detailed explanations: E0412, E0599.
[INFO] [stdout] 
[INFO] [stdout] For more information about an error, try `rustc --explain E0412`.
[INFO] [stdout] 
[INFO] [stderr] error: could not compile `redis` (lib) due to 6 previous errors; 7 warnings emitted
[INFO] running `Command { std: "docker" "inspect" "e067c4db312397cae2ba6082e4ad72bf2fb71bbe6f4bd895000ccfd630ed9a48", kill_on_drop: false }`
[INFO] running `Command { std: "docker" "rm" "-f" "e067c4db312397cae2ba6082e4ad72bf2fb71bbe6f4bd895000ccfd630ed9a48", kill_on_drop: false }`
[INFO] [stdout] e067c4db312397cae2ba6082e4ad72bf2fb71bbe6f4bd895000ccfd630ed9a48
[INFO] testing wasmcloud-redisgraph-0.3.3 against beta-2023-12-22 for beta-1.76-1
[INFO] extracting crate wasmcloud-redisgraph 0.3.3 into /workspace/builds/worker-2-tc2/source
[INFO] validating manifest of crates.io crate wasmcloud-redisgraph 0.3.3 on toolchain beta-2023-12-22
[INFO] running `Command { std: CARGO_HOME="/workspace/cargo-home" RUSTUP_HOME="/workspace/rustup-home" "/workspace/cargo-home/bin/cargo" "+beta-2023-12-22" "metadata" "--manifest-path" "Cargo.toml" "--no-deps", kill_on_drop: false }`
[INFO] started tweaking crates.io crate wasmcloud-redisgraph 0.3.3
[INFO] finished tweaking crates.io crate wasmcloud-redisgraph 0.3.3
[INFO] tweaked toml for crates.io crate wasmcloud-redisgraph 0.3.3 written to /workspace/builds/worker-2-tc2/source/Cargo.toml
[INFO] running `Command { std: CARGO_HOME="/workspace/cargo-home" RUSTUP_HOME="/workspace/rustup-home" "/workspace/cargo-home/bin/cargo" "+beta-2023-12-22" "generate-lockfile" "--manifest-path" "Cargo.toml", kill_on_drop: false }`
[INFO] [stderr]     Updating crates.io index
[INFO] running `Command { std: CARGO_HOME="/workspace/cargo-home" RUSTUP_HOME="/workspace/rustup-home" "/workspace/cargo-home/bin/cargo" "+beta-2023-12-22" "fetch" "--manifest-path" "Cargo.toml", kill_on_drop: false }`
[INFO] running `Command { std: "docker" "create" "-v" "/var/lib/crater-agent-workspace/builds/worker-2-tc2/target:/opt/rustwide/target:rw,Z" "-v" "/var/lib/crater-agent-workspace/builds/worker-2-tc2/source:/opt/rustwide/workdir:ro,Z" "-v" "/var/lib/crater-agent-workspace/cargo-home:/opt/rustwide/cargo-home:ro,Z" "-v" "/var/lib/crater-agent-workspace/rustup-home:/opt/rustwide/rustup-home:ro,Z" "-e" "SOURCE_DIR=/opt/rustwide/workdir" "-e" "CARGO_TARGET_DIR=/opt/rustwide/target" "-e" "CARGO_HOME=/opt/rustwide/cargo-home" "-e" "RUSTUP_HOME=/opt/rustwide/rustup-home" "-w" "/opt/rustwide/workdir" "-m" "1610612736" "--user" "0:0" "--network" "none" "ghcr.io/rust-lang/crates-build-env/linux@sha256:2788e3201cd34a07e3172128adcd8b3090168a8e3bcc40d7c032b9dda1df7d1c" "/opt/rustwide/cargo-home/bin/cargo" "+beta-2023-12-22" "metadata" "--no-deps" "--format-version=1", kill_on_drop: false }`
[INFO] [stdout] 6167b15c6222073000bb7f23fb1dd96890371c479416fff6c712adc8fd38c469
[INFO] running `Command { std: "docker" "start" "-a" "6167b15c6222073000bb7f23fb1dd96890371c479416fff6c712adc8fd38c469", kill_on_drop: false }`
[INFO] running `Command { std: "docker" "inspect" "6167b15c6222073000bb7f23fb1dd96890371c479416fff6c712adc8fd38c469", kill_on_drop: false }`
[INFO] running `Command { std: "docker" "rm" "-f" "6167b15c6222073000bb7f23fb1dd96890371c479416fff6c712adc8fd38c469", kill_on_drop: false }`
[INFO] [stdout] 6167b15c6222073000bb7f23fb1dd96890371c479416fff6c712adc8fd38c469
[INFO] running `Command { std: "docker" "create" "-v" "/var/lib/crater-agent-workspace/builds/worker-2-tc2/target:/opt/rustwide/target:rw,Z" "-v" "/var/lib/crater-agent-workspace/builds/worker-2-tc2/source:/opt/rustwide/workdir:ro,Z" "-v" "/var/lib/crater-agent-workspace/cargo-home:/opt/rustwide/cargo-home:ro,Z" "-v" "/var/lib/crater-agent-workspace/rustup-home:/opt/rustwide/rustup-home:ro,Z" "-e" "SOURCE_DIR=/opt/rustwide/workdir" "-e" "CARGO_TARGET_DIR=/opt/rustwide/target" "-e" "CARGO_INCREMENTAL=0" "-e" "RUST_BACKTRACE=full" "-e" "RUSTFLAGS=--cap-lints=warn" "-e" "RUSTDOCFLAGS=--cap-lints=warn" "-e" "CARGO_HOME=/opt/rustwide/cargo-home" "-e" "RUSTUP_HOME=/opt/rustwide/rustup-home" "-w" "/opt/rustwide/workdir" "-m" "1610612736" "--user" "0:0" "--network" "none" "ghcr.io/rust-lang/crates-build-env/linux@sha256:2788e3201cd34a07e3172128adcd8b3090168a8e3bcc40d7c032b9dda1df7d1c" "/opt/rustwide/cargo-home/bin/cargo" "+beta-2023-12-22" "build" "--frozen" "--message-format=json", kill_on_drop: false }`
[INFO] [stdout] e458ead5075fb5c4189bccdcaecd3572a4f462742af3b26f756e417b56878170
[INFO] running `Command { std: "docker" "start" "-a" "e458ead5075fb5c4189bccdcaecd3572a4f462742af3b26f756e417b56878170", kill_on_drop: false }`
[INFO] [stderr]    Compiling crossbeam-utils v0.8.18
[INFO] [stderr]    Compiling num-traits v0.2.17
[INFO] [stderr]    Compiling parking v2.2.0
[INFO] [stderr]    Compiling value-bag v1.4.3
[INFO] [stderr]    Compiling futures-io v0.3.30
[INFO] [stderr]    Compiling fastrand v2.0.1
[INFO] [stderr]    Compiling paste v1.0.14
[INFO] [stderr]    Compiling cfg-if v0.1.10
[INFO] [stderr]    Compiling rustix v0.38.28
[INFO] [stderr]    Compiling tracing-core v0.1.32
[INFO] [stderr]    Compiling linux-raw-sys v0.4.12
[INFO] [stderr]    Compiling io-lifetimes v1.0.11
[INFO] [stderr]    Compiling iovec v0.1.4
[INFO] [stderr]    Compiling polling v2.8.0
[INFO] [stderr]    Compiling syn v2.0.48
[INFO] [stderr]    Compiling async-task v4.7.0
[INFO] [stderr]    Compiling net2 v0.2.39
[INFO] [stderr]    Compiling atomic-waker v1.1.2
[INFO] [stderr]    Compiling byteorder v1.5.0
[INFO] [stderr]    Compiling rustix v0.37.27
[INFO] [stderr]    Compiling event-listener v2.5.3
[INFO] [stderr]    Compiling num-bigint v0.2.6
[INFO] [stderr]    Compiling async-io v1.13.0
[INFO] [stderr]    Compiling futures-lite v2.1.0
[INFO] [stderr]    Compiling piper v0.2.1
[INFO] [stderr]    Compiling waker-fn v1.1.1
[INFO] [stderr]    Compiling pin-project-lite v0.1.12
[INFO] [stderr]    Compiling bytes v0.5.6
[INFO] [stderr]    Compiling fastrand v1.9.0
[INFO] [stderr]    Compiling async-lock v2.8.0
[INFO] [stderr]    Compiling socket2 v0.4.10
[INFO] [stderr]    Compiling tracing v0.1.40
[INFO] [stderr]    Compiling futures-lite v1.13.0
[INFO] [stderr]    Compiling num-complex v0.2.4
[INFO] [stderr]    Compiling num-rational v0.2.4
[INFO] [stderr]    Compiling concurrent-queue v2.4.0
[INFO] [stderr]    Compiling num-iter v0.1.43
[INFO] [stderr]    Compiling syn v1.0.109
[INFO] [stderr]    Compiling event-listener v4.0.2
[INFO] [stderr]    Compiling async-channel v1.9.0
[INFO] [stderr]    Compiling aho-corasick v1.1.2
[INFO] [stderr]    Compiling sha1_smol v1.0.0
[INFO] [stderr]    Compiling regex-syntax v0.8.2
[INFO] [stderr]    Compiling futures-util v0.3.30
[INFO] [stderr]    Compiling sha1 v0.6.1
[INFO] [stderr]    Compiling dtoa v0.4.8
[INFO] [stderr]    Compiling atty v0.2.14
[INFO] [stderr]    Compiling event-listener-strategy v0.4.0
[INFO] [stderr]    Compiling termcolor v1.4.0
[INFO] [stderr]    Compiling async-lock v3.2.0
[INFO] [stderr]    Compiling async-channel v2.1.1
[INFO] [stderr]    Compiling blocking v1.5.1
[INFO] [stderr]    Compiling async-executor v1.8.0
[INFO] [stderr]    Compiling rmp v0.8.12
[INFO] [stderr]    Compiling num-integer v0.1.45
[INFO] [stderr]    Compiling regex-automata v0.4.3
[INFO] [stderr]    Compiling num-derive v0.3.3
[INFO] [stderr]    Compiling num v0.2.1
[INFO] [stderr]    Compiling serde_derive v1.0.194
[INFO] [stderr]    Compiling async-trait v0.1.77
[INFO] [stderr]    Compiling regex v1.10.2
[INFO] [stderr]    Compiling polling v3.3.1
[INFO] [stderr]    Compiling async-io v2.2.2
[INFO] [stderr]    Compiling async-global-executor v2.4.1
[INFO] [stderr]    Compiling serde v1.0.194
[INFO] [stderr]    Compiling log v0.4.20
[INFO] [stderr]    Compiling serde_json v1.0.111
[INFO] [stderr]    Compiling rmp-serde v0.15.5
[INFO] [stderr]    Compiling serde_bytes v0.11.14
[INFO] [stderr]    Compiling rmp-serde v0.14.4
[INFO] [stderr]    Compiling mio v0.6.23
[INFO] [stderr]    Compiling kv-log-macro v1.0.7
[INFO] [stderr]    Compiling env_logger v0.8.4
[INFO] [stderr]    Compiling wasmcloud-provider-core v0.1.1
[INFO] [stderr]    Compiling async-std v1.12.0
[INFO] [stderr]    Compiling wasmcloud-actor-graphdb v0.1.3
[INFO] [stderr]    Compiling wasmcloud-actor-core v0.2.3
[INFO] [stderr]    Compiling mio-uds v0.6.8
[INFO] [stderr]    Compiling tokio v0.2.25
[INFO] [stderr]    Compiling combine v4.6.6
[INFO] [stderr]    Compiling tokio-util v0.3.1
[INFO] [stderr]    Compiling redis v0.16.0
[INFO] [stdout] error[E0412]: cannot find type `BoxFuture` in module `futures_util::future`
[INFO] [stdout]    --> /opt/rustwide/cargo-home/registry/src/index.crates.io-6f17d22bba15001f/redis-0.16.0/src/types.rs:452:53
[INFO] [stdout]     |
[INFO] [stdout] 452 | pub type RedisFuture<'a, T> = futures_util::future::BoxFuture<'a, RedisResult<T>>;
[INFO] [stdout]     |                                                     ^^^^^^^^^ help: a trait with a similar name exists: `Future`
[INFO] [stdout]    --> /rustc/0e09125c6c3c2fd70d7de961bcf0e51575235fad/library/core/src/future/future.rs:36:1
[INFO] [stdout]     |
[INFO] [stdout]     = note: similarly named trait `Future` defined here
[INFO] [stdout]     |
[INFO] [stdout] note: found an item that was configured out
[INFO] [stdout]    --> /opt/rustwide/cargo-home/registry/src/index.crates.io-6f17d22bba15001f/futures-util-0.3.30/src/future/mod.rs:16:32
[INFO] [stdout]     |
[INFO] [stdout] 16  | pub use futures_core::future::{BoxFuture, LocalBoxFuture};
[INFO] [stdout]     |                                ^^^^^^^^^
[INFO] [stdout]     = note: the item is gated behind the `alloc` feature
[INFO] [stdout] 
[INFO] [stdout] 
[INFO] [stdout] error[E0599]: no method named `boxed` found for `async` block `{async block@/opt/rustwide/cargo-home/registry/src/index.crates.io-6f17d22bba15001f/redis-0.16.0/src/aio.rs:447:10: 455:10}` in the current scope
[INFO] [stdout]    --> /opt/rustwide/cargo-home/registry/src/index.crates.io-6f17d22bba15001f/redis-0.16.0/src/aio.rs:456:10
[INFO] [stdout]     |
[INFO] [stdout] 447 | /         (async move {
[INFO] [stdout] 448 | |             if self.pubsub {
[INFO] [stdout] 449 | |                 self.exit_pubsub().await?;
[INFO] [stdout] 450 | |             }
[INFO] [stdout] ...   |
[INFO] [stdout] 455 | |         })
[INFO] [stdout] 456 | |         .boxed()
[INFO] [stdout]     | |         -^^^^^ method not found in `{async block@/opt/rustwide/cargo-home/registry/src/index.crates.io-6f17d22bba15001f/redis-0.16.0/src/aio.rs:447:10: 455:10}`
[INFO] [stdout]     | |_________|
[INFO] [stdout]     | 
[INFO] [stdout]     |
[INFO] [stdout]     = help: items from traits can only be used if the trait is in scope
[INFO] [stdout] help: the following traits are implemented but not in scope; perhaps add a `use` for one of them:
[INFO] [stdout]     |
[INFO] [stdout] 2   + use combine::Parser;
[INFO] [stdout]     |
[INFO] [stdout] 2   + use futures_lite::future::FutureExt;
[INFO] [stdout]     |
[INFO] [stdout] 2   + use futures_lite::future::FutureExt;
[INFO] [stdout]     |
[INFO] [stdout] 2   + use futures_lite::stream::StreamExt;
[INFO] [stdout]     |
[INFO] [stdout]       and 1 other candidate
[INFO] [stdout] 
[INFO] [stdout] 
[INFO] [stdout] error[E0599]: no method named `boxed` found for `async` block `{async block@/opt/rustwide/cargo-home/registry/src/index.crates.io-6f17d22bba15001f/redis-0.16.0/src/aio.rs:465:10: 484:10}` in the current scope
[INFO] [stdout]    --> /opt/rustwide/cargo-home/registry/src/index.crates.io-6f17d22bba15001f/redis-0.16.0/src/aio.rs:485:10
[INFO] [stdout]     |
[INFO] [stdout] 465 | /         (async move {
[INFO] [stdout] 466 | |             if self.pubsub {
[INFO] [stdout] 467 | |                 self.exit_pubsub().await?;
[INFO] [stdout] 468 | |             }
[INFO] [stdout] ...   |
[INFO] [stdout] 484 | |         })
[INFO] [stdout] 485 | |         .boxed()
[INFO] [stdout]     | |         -^^^^^ method not found in `{async block@/opt/rustwide/cargo-home/registry/src/index.crates.io-6f17d22bba15001f/redis-0.16.0/src/aio.rs:465:10: 484:10}`
[INFO] [stdout]     | |_________|
[INFO] [stdout]     | 
[INFO] [stdout]     |
[INFO] [stdout]     = help: items from traits can only be used if the trait is in scope
[INFO] [stdout] help: the following traits are implemented but not in scope; perhaps add a `use` for one of them:
[INFO] [stdout]     |
[INFO] [stdout] 2   + use combine::Parser;
[INFO] [stdout]     |
[INFO] [stdout] 2   + use futures_lite::future::FutureExt;
[INFO] [stdout]     |
[INFO] [stdout] 2   + use futures_lite::future::FutureExt;
[INFO] [stdout]     |
[INFO] [stdout] 2   + use futures_lite::stream::StreamExt;
[INFO] [stdout]     |
[INFO] [stdout]       and 1 other candidate
[INFO] [stdout] 
[INFO] [stdout] 
[INFO] [stdout] error[E0599]: no method named `boxed` found for `async` block `{async block@/opt/rustwide/cargo-home/registry/src/index.crates.io-6f17d22bba15001f/redis-0.16.0/src/aio.rs:808:10: 819:10}` in the current scope
[INFO] [stdout]    --> /opt/rustwide/cargo-home/registry/src/index.crates.io-6f17d22bba15001f/redis-0.16.0/src/aio.rs:820:10
[INFO] [stdout]     |
[INFO] [stdout] 808 | /         (async move {
[INFO] [stdout] 809 | |             let value = self
[INFO] [stdout] 810 | |                 .pipeline
[INFO] [stdout] 811 | |                 .send(cmd.get_packed_command())
[INFO] [stdout] ...   |
[INFO] [stdout] 819 | |         })
[INFO] [stdout] 820 | |         .boxed()
[INFO] [stdout]     | |         -^^^^^ method not found in `{async block@/opt/rustwide/cargo-home/registry/src/index.crates.io-6f17d22bba15001f/redis-0.16.0/src/aio.rs:808:10: 819:10}`
[INFO] [stdout]     | |_________|
[INFO] [stdout]     | 
[INFO] [stdout]     |
[INFO] [stdout]     = help: items from traits can only be used if the trait is in scope
[INFO] [stdout] help: the following traits are implemented but not in scope; perhaps add a `use` for one of them:
[INFO] [stdout]     |
[INFO] [stdout] 2   + use combine::Parser;
[INFO] [stdout]     |
[INFO] [stdout] 2   + use futures_lite::future::FutureExt;
[INFO] [stdout]     |
[INFO] [stdout] 2   + use futures_lite::future::FutureExt;
[INFO] [stdout]     |
[INFO] [stdout] 2   + use futures_lite::stream::StreamExt;
[INFO] [stdout]     |
[INFO] [stdout]       and 1 other candidate
[INFO] [stdout] 
[INFO] [stdout] 
[INFO] [stdout] error[E0599]: no method named `boxed` found for `async` block `{async block@/opt/rustwide/cargo-home/registry/src/index.crates.io-6f17d22bba15001f/redis-0.16.0/src/aio.rs:829:10: 842:10}` in the current scope
[INFO] [stdout]    --> /opt/rustwide/cargo-home/registry/src/index.crates.io-6f17d22bba15001f/redis-0.16.0/src/aio.rs:843:10
[INFO] [stdout]     |
[INFO] [stdout] 829 | /         (async move {
[INFO] [stdout] 830 | |             let mut value = self
[INFO] [stdout] 831 | |                 .pipeline
[INFO] [stdout] 832 | |                 .send_recv_multiple(cmd.get_packed_pipeline(), offset + count)
[INFO] [stdout] ...   |
[INFO] [stdout] 842 | |         })
[INFO] [stdout] 843 | |         .boxed()
[INFO] [stdout]     | |         -^^^^^ method not found in `{async block@/opt/rustwide/cargo-home/registry/src/index.crates.io-6f17d22bba15001f/redis-0.16.0/src/aio.rs:829:10: 842:10}`
[INFO] [stdout]     | |_________|
[INFO] [stdout]     | 
[INFO] [stdout]     |
[INFO] [stdout]     = help: items from traits can only be used if the trait is in scope
[INFO] [stdout] help: the following traits are implemented but not in scope; perhaps add a `use` for one of them:
[INFO] [stdout]     |
[INFO] [stdout] 2   + use combine::Parser;
[INFO] [stdout]     |
[INFO] [stdout] 2   + use futures_lite::future::FutureExt;
[INFO] [stdout]     |
[INFO] [stdout] 2   + use futures_lite::future::FutureExt;
[INFO] [stdout]     |
[INFO] [stdout] 2   + use futures_lite::stream::StreamExt;
[INFO] [stdout]     |
[INFO] [stdout]       and 1 other candidate
[INFO] [stdout] 
[INFO] [stdout] 
[INFO] [stdout] error: aborting due to 5 previous errors
[INFO] [stdout] 
[INFO] [stdout] 
[INFO] [stdout] Some errors have detailed explanations: E0412, E0599.
[INFO] [stdout] 
[INFO] [stdout] For more information about an error, try `rustc --explain E0412`.
[INFO] [stdout] 
[INFO] [stderr] error: could not compile `redis` (lib) due to 6 previous errors; 7 warnings emitted
[INFO] running `Command { std: "docker" "inspect" "e458ead5075fb5c4189bccdcaecd3572a4f462742af3b26f756e417b56878170", kill_on_drop: false }`
[INFO] running `Command { std: "docker" "rm" "-f" "e458ead5075fb5c4189bccdcaecd3572a4f462742af3b26f756e417b56878170", kill_on_drop: false }`
[INFO] [stdout] e458ead5075fb5c4189bccdcaecd3572a4f462742af3b26f756e417b56878170
