[INFO] fetching crate wasmcloud-httpserver 0.12.3...
[INFO] testing wasmcloud-httpserver-0.12.3 against 1.75.0 for beta-1.76-1
[INFO] extracting crate wasmcloud-httpserver 0.12.3 into /workspace/builds/worker-0-tc1/source
[INFO] validating manifest of crates.io crate wasmcloud-httpserver 0.12.3 on toolchain 1.75.0
[INFO] running `Command { std: CARGO_HOME="/workspace/cargo-home" RUSTUP_HOME="/workspace/rustup-home" "/workspace/cargo-home/bin/cargo" "+1.75.0" "metadata" "--manifest-path" "Cargo.toml" "--no-deps", kill_on_drop: false }`
[INFO] started tweaking crates.io crate wasmcloud-httpserver 0.12.3
[INFO] finished tweaking crates.io crate wasmcloud-httpserver 0.12.3
[INFO] tweaked toml for crates.io crate wasmcloud-httpserver 0.12.3 written to /workspace/builds/worker-0-tc1/source/Cargo.toml
[INFO] running `Command { std: CARGO_HOME="/workspace/cargo-home" RUSTUP_HOME="/workspace/rustup-home" "/workspace/cargo-home/bin/cargo" "+1.75.0" "generate-lockfile" "--manifest-path" "Cargo.toml", kill_on_drop: false }`
[INFO] [stderr]     Updating crates.io index
[INFO] running `Command { std: CARGO_HOME="/workspace/cargo-home" RUSTUP_HOME="/workspace/rustup-home" "/workspace/cargo-home/bin/cargo" "+1.75.0" "fetch" "--manifest-path" "Cargo.toml", kill_on_drop: false }`
[INFO] [stderr]     Blocking waiting for file lock on package cache
[INFO] [stderr]  Downloading crates ...
[INFO] [stderr]   Downloaded wasmcloud-actor-http-server v0.1.2
[INFO] [stderr]   Downloaded wasmcloud-actor-core v0.2.3
[INFO] [stderr]   Downloaded wasmcloud-provider-core v0.1.1
[INFO] running `Command { std: "docker" "create" "-v" "/var/lib/crater-agent-workspace/builds/worker-0-tc1/target:/opt/rustwide/target:rw,Z" "-v" "/var/lib/crater-agent-workspace/builds/worker-0-tc1/source:/opt/rustwide/workdir:ro,Z" "-v" "/var/lib/crater-agent-workspace/cargo-home:/opt/rustwide/cargo-home:ro,Z" "-v" "/var/lib/crater-agent-workspace/rustup-home:/opt/rustwide/rustup-home:ro,Z" "-e" "SOURCE_DIR=/opt/rustwide/workdir" "-e" "CARGO_TARGET_DIR=/opt/rustwide/target" "-e" "CARGO_HOME=/opt/rustwide/cargo-home" "-e" "RUSTUP_HOME=/opt/rustwide/rustup-home" "-w" "/opt/rustwide/workdir" "-m" "1610612736" "--user" "0:0" "--network" "none" "ghcr.io/rust-lang/crates-build-env/linux@sha256:2788e3201cd34a07e3172128adcd8b3090168a8e3bcc40d7c032b9dda1df7d1c" "/opt/rustwide/cargo-home/bin/cargo" "+1.75.0" "metadata" "--no-deps" "--format-version=1", kill_on_drop: false }`
[INFO] [stdout] be50dcc86a3ab5390044a2305b39c239a173a6724a8b52b35f8872798445c4af
[INFO] running `Command { std: "docker" "start" "-a" "be50dcc86a3ab5390044a2305b39c239a173a6724a8b52b35f8872798445c4af", kill_on_drop: false }`
[INFO] running `Command { std: "docker" "inspect" "be50dcc86a3ab5390044a2305b39c239a173a6724a8b52b35f8872798445c4af", kill_on_drop: false }`
[INFO] running `Command { std: "docker" "rm" "-f" "be50dcc86a3ab5390044a2305b39c239a173a6724a8b52b35f8872798445c4af", kill_on_drop: false }`
[INFO] [stdout] be50dcc86a3ab5390044a2305b39c239a173a6724a8b52b35f8872798445c4af
[INFO] running `Command { std: "docker" "create" "-v" "/var/lib/crater-agent-workspace/builds/worker-0-tc1/target:/opt/rustwide/target:rw,Z" "-v" "/var/lib/crater-agent-workspace/builds/worker-0-tc1/source:/opt/rustwide/workdir:ro,Z" "-v" "/var/lib/crater-agent-workspace/cargo-home:/opt/rustwide/cargo-home:ro,Z" "-v" "/var/lib/crater-agent-workspace/rustup-home:/opt/rustwide/rustup-home:ro,Z" "-e" "SOURCE_DIR=/opt/rustwide/workdir" "-e" "CARGO_TARGET_DIR=/opt/rustwide/target" "-e" "CARGO_INCREMENTAL=0" "-e" "RUST_BACKTRACE=full" "-e" "RUSTFLAGS=--cap-lints=warn" "-e" "RUSTDOCFLAGS=--cap-lints=warn" "-e" "CARGO_HOME=/opt/rustwide/cargo-home" "-e" "RUSTUP_HOME=/opt/rustwide/rustup-home" "-w" "/opt/rustwide/workdir" "-m" "1610612736" "--user" "0:0" "--network" "none" "ghcr.io/rust-lang/crates-build-env/linux@sha256:2788e3201cd34a07e3172128adcd8b3090168a8e3bcc40d7c032b9dda1df7d1c" "/opt/rustwide/cargo-home/bin/cargo" "+1.75.0" "build" "--frozen" "--message-format=json", kill_on_drop: false }`
[INFO] [stdout] 526e8079920e5caddd6929f9225749295017550129415625cbf37ed0aa5996a5
[INFO] running `Command { std: "docker" "start" "-a" "526e8079920e5caddd6929f9225749295017550129415625cbf37ed0aa5996a5", kill_on_drop: false }`
[INFO] [stderr]    Compiling serde v1.0.194
[INFO] [stderr]    Compiling memchr v2.7.1
[INFO] [stderr]    Compiling generic-array v0.14.7
[INFO] [stderr]    Compiling num-traits v0.2.17
[INFO] [stderr]    Compiling parking_lot_core v0.9.9
[INFO] [stderr]    Compiling jobserver v0.1.27
[INFO] [stderr]    Compiling socket2 v0.5.5
[INFO] [stderr]    Compiling signal-hook-registry v1.4.1
[INFO] [stderr]    Compiling syn v2.0.48
[INFO] [stderr]    Compiling syn v1.0.109
[INFO] [stderr]    Compiling zstd-safe v7.0.0
[INFO] [stderr]    Compiling local-waker v0.1.4
[INFO] [stderr]    Compiling futures-util v0.3.30
[INFO] [stderr]    Compiling bytestring v1.3.1
[INFO] [stderr]    Compiling time-core v0.1.2
[INFO] [stderr]    Compiling byteorder v1.5.0
[INFO] [stderr]    Compiling powerfmt v0.2.0
[INFO] [stderr]    Compiling time-macros v0.2.16
[INFO] [stderr]    Compiling parking_lot v0.12.1
[INFO] [stderr]    Compiling cc v1.0.83
[INFO] [stderr]    Compiling deranged v0.3.11
[INFO] [stderr]    Compiling actix-utils v3.0.1
[INFO] [stderr]    Compiling rand_chacha v0.3.1
[INFO] [stderr]    Compiling unicode-normalization v0.1.22
[INFO] [stderr]    Compiling actix-service v2.0.2
[INFO] [stderr]    Compiling cookie v0.16.2
[INFO] [stderr]    Compiling convert_case v0.4.0
[INFO] [stderr]    Compiling aho-corasick v1.1.2
[INFO] [stderr]    Compiling ahash v0.8.7
[INFO] [stderr]    Compiling rand v0.8.5
[INFO] [stderr]    Compiling brotli v3.4.0
[INFO] [stderr]    Compiling block-buffer v0.10.4
[INFO] [stderr]    Compiling crypto-common v0.1.6
[INFO] [stderr]    Compiling local-channel v0.1.5
[INFO] [stderr]    Compiling bitflags v2.4.1
[INFO] [stderr]    Compiling digest v0.10.7
[INFO] [stderr]    Compiling idna v0.5.0
[INFO] [stderr]    Compiling language-tags v0.3.2
[INFO] [stderr]    Compiling atty v0.2.14
[INFO] [stderr]    Compiling sha1 v0.10.6
[INFO] [stderr]    Compiling zstd-sys v2.0.9+zstd.1.5.5
[INFO] [stderr]    Compiling time v0.3.31
[INFO] [stderr]    Compiling url v2.5.0
[INFO] [stderr]    Compiling rmp v0.8.12
[INFO] [stderr]    Compiling regex-automata v0.4.3
[INFO] [stderr]    Compiling derive_more v0.99.17
[INFO] [stderr]    Compiling serde_derive v1.0.194
[INFO] [stderr]    Compiling actix-macros v0.2.4
[INFO] [stderr]    Compiling regex v1.10.2
[INFO] [stderr]    Compiling zstd v0.13.0
[INFO] [stderr]    Compiling log v0.4.20
[INFO] [stderr]    Compiling serde_json v1.0.111
[INFO] [stderr]    Compiling rmp-serde v0.15.5
[INFO] [stderr]    Compiling serde_bytes v0.11.14
[INFO] [stderr]    Compiling serde_urlencoded v0.7.1
[INFO] [stderr]    Compiling mio v0.8.10
[INFO] [stderr]    Compiling tracing v0.1.40
[INFO] [stderr]    Compiling env_logger v0.8.4
[INFO] [stderr]    Compiling wasmcloud-provider-core v0.1.1
[INFO] [stderr]    Compiling actix-router v0.5.2
[INFO] [stderr]    Compiling tokio v1.35.1
[INFO] [stderr]    Compiling wasmcloud-actor-core v0.2.3
[INFO] [stderr]    Compiling wasmcloud-actor-http-server v0.1.2
[INFO] [stderr]    Compiling actix-web-codegen v4.2.2
[INFO] [stderr]    Compiling tokio-util v0.7.10
[INFO] [stderr]    Compiling actix-rt v2.9.0
[INFO] [stderr]    Compiling actix-server v2.3.0
[INFO] [stderr]    Compiling h2 v0.3.22
[INFO] [stderr]    Compiling actix-codec v0.5.1
[INFO] [stderr]    Compiling actix-http v3.5.1
[INFO] [stderr]    Compiling actix-web v4.4.1
[INFO] [stderr]    Compiling actix-cors v0.6.5
[INFO] [stderr]    Compiling wasmcloud-httpserver v0.12.3 (/opt/rustwide/workdir)
[INFO] [stdout] error[E0432]: unresolved import `actix_web::dev::Body`
[INFO] [stdout]  --> src/lib.rs:3:5
[INFO] [stdout]   |
[INFO] [stdout] 3 | use actix_web::dev::Body;
[INFO] [stdout]   |     ^^^^^^^^^^^^^^^^^^^^ no `Body` in `dev`
[INFO] [stdout]   |
[INFO] [stdout] help: consider importing one of these items instead
[INFO] [stdout]   |
[INFO] [stdout] 3 | use actix_web::error::DispatchError::Body;
[INFO] [stdout]   |     ~~~~~~~~~~~~~~~~~~~~~~~~~~~~~~~~~~~~~
[INFO] [stdout] 3 | use actix_web::web::JsonBody::Body;
[INFO] [stdout]   |     ~~~~~~~~~~~~~~~~~~~~~~~~~~~~~~
[INFO] [stdout] 3 | use crate::web::JsonBody::Body;
[INFO] [stdout]   |     ~~~~~~~~~~~~~~~~~~~~~~~~~~
[INFO] [stdout] 
[INFO] [stdout] 
[INFO] [stdout] error[E0432]: unresolved imports `actix_web::http::HeaderName`, `actix_web::http::HeaderValue`
[INFO] [stdout]  --> src/lib.rs:4:23
[INFO] [stdout]   |
[INFO] [stdout] 4 | use actix_web::http::{HeaderName, HeaderValue, StatusCode};
[INFO] [stdout]   |                       ^^^^^^^^^^  ^^^^^^^^^^^ no `HeaderValue` in `http`
[INFO] [stdout]   |                       |
[INFO] [stdout]   |                       no `HeaderName` in `http`
[INFO] [stdout]   |
[INFO] [stdout]   = help: consider importing this struct instead:
[INFO] [stdout]           actix_web::http::header::HeaderName
[INFO] [stdout]   = help: consider importing this struct instead:
[INFO] [stdout]           actix_web::http::header::HeaderValue
[INFO] [stdout] 
[INFO] [stdout] 
[INFO] [stdout] error[E0599]: no method named `stop` found for struct `Server` in the current scope
[INFO] [stdout]    --> src/lib.rs:208:28
[INFO] [stdout]     |
[INFO] [stdout] 208 |                     server.stop(true).await;
[INFO] [stdout]     |                            ^^^^ method not found in `Server`
[INFO] [stdout] 
[INFO] [stdout] 
[INFO] [stdout] error: aborting due to 3 previous errors
[INFO] [stdout] 
[INFO] [stdout] 
[INFO] [stdout] Some errors have detailed explanations: E0432, E0599.
[INFO] [stdout] 
[INFO] [stdout] For more information about an error, try `rustc --explain E0432`.
[INFO] [stdout] 
[INFO] [stderr] error: could not compile `wasmcloud-httpserver` (lib) due to 4 previous errors
[INFO] running `Command { std: "docker" "inspect" "526e8079920e5caddd6929f9225749295017550129415625cbf37ed0aa5996a5", kill_on_drop: false }`
[INFO] running `Command { std: "docker" "rm" "-f" "526e8079920e5caddd6929f9225749295017550129415625cbf37ed0aa5996a5", kill_on_drop: false }`
[INFO] [stdout] 526e8079920e5caddd6929f9225749295017550129415625cbf37ed0aa5996a5
