[INFO] fetching crate wasm-shrink 0.1.44...
[INFO] testing wasm-shrink-0.1.44 against 1.75.0 for beta-1.76-1
[INFO] extracting crate wasm-shrink 0.1.44 into /workspace/builds/worker-4-tc1/source
[INFO] validating manifest of crates.io crate wasm-shrink 0.1.44 on toolchain 1.75.0
[INFO] running `Command { std: CARGO_HOME="/workspace/cargo-home" RUSTUP_HOME="/workspace/rustup-home" "/workspace/cargo-home/bin/cargo" "+1.75.0" "metadata" "--manifest-path" "Cargo.toml" "--no-deps", kill_on_drop: false }`
[INFO] started tweaking crates.io crate wasm-shrink 0.1.44
[INFO] finished tweaking crates.io crate wasm-shrink 0.1.44
[INFO] tweaked toml for crates.io crate wasm-shrink 0.1.44 written to /workspace/builds/worker-4-tc1/source/Cargo.toml
[INFO] running `Command { std: CARGO_HOME="/workspace/cargo-home" RUSTUP_HOME="/workspace/rustup-home" "/workspace/cargo-home/bin/cargo" "+1.75.0" "generate-lockfile" "--manifest-path" "Cargo.toml", kill_on_drop: false }`
[INFO] [stderr]     Updating crates.io index
[INFO] running `Command { std: CARGO_HOME="/workspace/cargo-home" RUSTUP_HOME="/workspace/rustup-home" "/workspace/cargo-home/bin/cargo" "+1.75.0" "fetch" "--manifest-path" "Cargo.toml", kill_on_drop: false }`
[INFO] [stderr]  Downloading crates ...
[INFO] [stderr]   Downloaded symbolic_expressions v5.0.3
[INFO] [stderr]   Downloaded egg v0.6.0
[INFO] [stderr]   Downloaded wasmparser v0.118.1
[INFO] [stderr]   Downloaded wasm-mutate v0.2.43
[INFO] running `Command { std: "docker" "create" "-v" "/var/lib/crater-agent-workspace/builds/worker-4-tc1/target:/opt/rustwide/target:rw,Z" "-v" "/var/lib/crater-agent-workspace/builds/worker-4-tc1/source:/opt/rustwide/workdir:ro,Z" "-v" "/var/lib/crater-agent-workspace/cargo-home:/opt/rustwide/cargo-home:ro,Z" "-v" "/var/lib/crater-agent-workspace/rustup-home:/opt/rustwide/rustup-home:ro,Z" "-e" "SOURCE_DIR=/opt/rustwide/workdir" "-e" "CARGO_TARGET_DIR=/opt/rustwide/target" "-e" "CARGO_HOME=/opt/rustwide/cargo-home" "-e" "RUSTUP_HOME=/opt/rustwide/rustup-home" "-w" "/opt/rustwide/workdir" "-m" "1610612736" "--user" "0:0" "--network" "none" "ghcr.io/rust-lang/crates-build-env/linux@sha256:2788e3201cd34a07e3172128adcd8b3090168a8e3bcc40d7c032b9dda1df7d1c" "/opt/rustwide/cargo-home/bin/cargo" "+1.75.0" "metadata" "--no-deps" "--format-version=1", kill_on_drop: false }`
[INFO] [stdout] c811d4f4bfee0abd3751e577d2f39b07808d41dd4e016cfae1c8f13d240701bf
[INFO] running `Command { std: "docker" "start" "-a" "c811d4f4bfee0abd3751e577d2f39b07808d41dd4e016cfae1c8f13d240701bf", kill_on_drop: false }`
[INFO] running `Command { std: "docker" "inspect" "c811d4f4bfee0abd3751e577d2f39b07808d41dd4e016cfae1c8f13d240701bf", kill_on_drop: false }`
[INFO] running `Command { std: "docker" "rm" "-f" "c811d4f4bfee0abd3751e577d2f39b07808d41dd4e016cfae1c8f13d240701bf", kill_on_drop: false }`
[INFO] [stdout] c811d4f4bfee0abd3751e577d2f39b07808d41dd4e016cfae1c8f13d240701bf
[INFO] running `Command { std: "docker" "create" "-v" "/var/lib/crater-agent-workspace/builds/worker-4-tc1/target:/opt/rustwide/target:rw,Z" "-v" "/var/lib/crater-agent-workspace/builds/worker-4-tc1/source:/opt/rustwide/workdir:ro,Z" "-v" "/var/lib/crater-agent-workspace/cargo-home:/opt/rustwide/cargo-home:ro,Z" "-v" "/var/lib/crater-agent-workspace/rustup-home:/opt/rustwide/rustup-home:ro,Z" "-e" "SOURCE_DIR=/opt/rustwide/workdir" "-e" "CARGO_TARGET_DIR=/opt/rustwide/target" "-e" "CARGO_INCREMENTAL=0" "-e" "RUST_BACKTRACE=full" "-e" "RUSTFLAGS=--cap-lints=warn" "-e" "RUSTDOCFLAGS=--cap-lints=warn" "-e" "CARGO_HOME=/opt/rustwide/cargo-home" "-e" "RUSTUP_HOME=/opt/rustwide/rustup-home" "-w" "/opt/rustwide/workdir" "-m" "1610612736" "--user" "0:0" "--network" "none" "ghcr.io/rust-lang/crates-build-env/linux@sha256:2788e3201cd34a07e3172128adcd8b3090168a8e3bcc40d7c032b9dda1df7d1c" "/opt/rustwide/cargo-home/bin/cargo" "+1.75.0" "build" "--frozen" "--message-format=json", kill_on_drop: false }`
[INFO] [stdout] f22f749b977b3cfa9296de0bdf2a51ec2b044ef4aa06c8bcce1d692181ddd67f
[INFO] running `Command { std: "docker" "start" "-a" "f22f749b977b3cfa9296de0bdf2a51ec2b044ef4aa06c8bcce1d692181ddd67f", kill_on_drop: false }`
[INFO] [stderr]    Compiling libc v0.2.151
[INFO] [stderr]    Compiling semver v1.0.21
[INFO] [stderr]    Compiling ppv-lite86 v0.2.17
[INFO] [stderr]    Compiling thiserror v1.0.56
[INFO] [stderr]    Compiling hashbrown v0.14.3
[INFO] [stderr]    Compiling instant v0.1.12
[INFO] [stderr]    Compiling syn v2.0.48
[INFO] [stderr]    Compiling anyhow v1.0.79
[INFO] [stderr]    Compiling symbolic_expressions v5.0.3
[INFO] [stderr]    Compiling leb128 v0.2.5
[INFO] [stderr]    Compiling smallvec v1.11.2
[INFO] [stderr]    Compiling wasm-encoder v0.38.1
[INFO] [stderr]    Compiling arrayvec v0.7.4
[INFO] [stderr]    Compiling egg v0.6.0
[INFO] [stderr]    Compiling arrayref v0.3.7
[INFO] [stderr]    Compiling indexmap v2.1.0
[INFO] [stderr]    Compiling constant_time_eq v0.3.0
[INFO] [stderr]    Compiling getrandom v0.2.11
[INFO] [stderr]    Compiling cc v1.0.83
[INFO] [stderr]    Compiling rand_core v0.6.4
[INFO] [stderr]    Compiling wasmparser v0.118.1
[INFO] [stderr]    Compiling rand_chacha v0.3.1
[INFO] [stderr]    Compiling rand v0.8.5
[INFO] [stderr]    Compiling blake3 v1.5.0
[INFO] [stderr]    Compiling thiserror-impl v1.0.56
[INFO] [stderr]    Compiling wasm-mutate v0.2.43
[INFO] [stderr]    Compiling wasm-shrink v0.1.44 (/opt/rustwide/workdir)
[INFO] [stderr]     Finished dev [unoptimized + debuginfo] target(s) in 18.72s
[INFO] running `Command { std: "docker" "inspect" "f22f749b977b3cfa9296de0bdf2a51ec2b044ef4aa06c8bcce1d692181ddd67f", kill_on_drop: false }`
[INFO] running `Command { std: "docker" "rm" "-f" "f22f749b977b3cfa9296de0bdf2a51ec2b044ef4aa06c8bcce1d692181ddd67f", kill_on_drop: false }`
[INFO] [stdout] f22f749b977b3cfa9296de0bdf2a51ec2b044ef4aa06c8bcce1d692181ddd67f
[INFO] running `Command { std: "docker" "create" "-v" "/var/lib/crater-agent-workspace/builds/worker-4-tc1/target:/opt/rustwide/target:rw,Z" "-v" "/var/lib/crater-agent-workspace/builds/worker-4-tc1/source:/opt/rustwide/workdir:ro,Z" "-v" "/var/lib/crater-agent-workspace/cargo-home:/opt/rustwide/cargo-home:ro,Z" "-v" "/var/lib/crater-agent-workspace/rustup-home:/opt/rustwide/rustup-home:ro,Z" "-e" "SOURCE_DIR=/opt/rustwide/workdir" "-e" "CARGO_TARGET_DIR=/opt/rustwide/target" "-e" "CARGO_INCREMENTAL=0" "-e" "RUST_BACKTRACE=full" "-e" "RUSTFLAGS=--cap-lints=warn" "-e" "RUSTDOCFLAGS=--cap-lints=warn" "-e" "CARGO_HOME=/opt/rustwide/cargo-home" "-e" "RUSTUP_HOME=/opt/rustwide/rustup-home" "-w" "/opt/rustwide/workdir" "-m" "1610612736" "--user" "0:0" "--network" "none" "ghcr.io/rust-lang/crates-build-env/linux@sha256:2788e3201cd34a07e3172128adcd8b3090168a8e3bcc40d7c032b9dda1df7d1c" "/opt/rustwide/cargo-home/bin/cargo" "+1.75.0" "test" "--frozen" "--no-run" "--message-format=json", kill_on_drop: false }`
[INFO] [stdout] acb62097cff58abe64e917cdb537c21cadc56cdd9e4d510d972e6c348684d089
[INFO] running `Command { std: "docker" "start" "-a" "acb62097cff58abe64e917cdb537c21cadc56cdd9e4d510d972e6c348684d089", kill_on_drop: false }`
[INFO] [stderr]    Compiling log v0.4.20
[INFO] [stderr]    Compiling aho-corasick v1.1.2
[INFO] [stderr]    Compiling regex-syntax v0.8.2
[INFO] [stderr]    Compiling atty v0.2.14
[INFO] [stderr]    Compiling humantime v2.1.0
[INFO] [stderr]    Compiling termcolor v1.4.0
[INFO] [stderr]    Compiling egg v0.6.0
[INFO] [stderr]    Compiling wasm-mutate v0.2.43
[INFO] [stderr]    Compiling regex-automata v0.4.3
[INFO] [stderr]    Compiling regex v1.10.2
[INFO] [stderr]    Compiling wasm-shrink v0.1.44 (/opt/rustwide/workdir)
[INFO] [stderr]    Compiling env_logger v0.9.3
[INFO] [stdout] error[E0433]: failed to resolve: use of undeclared crate or module `wat`
[INFO] [stdout]  --> tests/tests.rs:6:5
[INFO] [stdout]   |
[INFO] [stdout] 6 |     wat::parse_str(
[INFO] [stdout]   |     ^^^ use of undeclared crate or module `wat`
[INFO] [stdout] 
[INFO] [stdout] 
[INFO] [stdout] error[E0433]: failed to resolve: use of undeclared crate or module `wasmprinter`
[INFO] [stdout]   --> tests/tests.rs:47:19
[INFO] [stdout]    |
[INFO] [stdout] 47 |         let wat = wasmprinter::print_bytes(&wasm)?;
[INFO] [stdout]    |                   ^^^^^^^^^^^ use of undeclared crate or module `wasmprinter`
[INFO] [stdout] 
[INFO] [stdout] 
[INFO] [stdout] error[E0433]: failed to resolve: use of undeclared crate or module `wasmprinter`
[INFO] [stdout]   --> tests/tests.rs:53:15
[INFO] [stdout]    |
[INFO] [stdout] 53 |     let wat = wasmprinter::print_bytes(&info.output)?;
[INFO] [stdout]    |               ^^^^^^^^^^^ use of undeclared crate or module `wasmprinter`
[INFO] [stdout] 
[INFO] [stdout] 
[INFO] [stdout] error: aborting due to 3 previous errors
[INFO] [stdout] 
[INFO] [stdout] 
[INFO] [stdout] For more information about this error, try `rustc --explain E0433`.
[INFO] [stdout] 
[INFO] [stderr] error: could not compile `wasm-shrink` (test "tests") due to 4 previous errors
[INFO] [stderr] warning: build failed, waiting for other jobs to finish...
[INFO] running `Command { std: "docker" "inspect" "acb62097cff58abe64e917cdb537c21cadc56cdd9e4d510d972e6c348684d089", kill_on_drop: false }`
[INFO] running `Command { std: "docker" "rm" "-f" "acb62097cff58abe64e917cdb537c21cadc56cdd9e4d510d972e6c348684d089", kill_on_drop: false }`
[INFO] [stdout] acb62097cff58abe64e917cdb537c21cadc56cdd9e4d510d972e6c348684d089
