[INFO] fetching crate wasm-mutate 0.2.43...
[INFO] testing wasm-mutate-0.2.43 against 1.75.0 for beta-1.76-1
[INFO] extracting crate wasm-mutate 0.2.43 into /workspace/builds/worker-0-tc1/source
[INFO] validating manifest of crates.io crate wasm-mutate 0.2.43 on toolchain 1.75.0
[INFO] running `Command { std: CARGO_HOME="/workspace/cargo-home" RUSTUP_HOME="/workspace/rustup-home" "/workspace/cargo-home/bin/cargo" "+1.75.0" "metadata" "--manifest-path" "Cargo.toml" "--no-deps", kill_on_drop: false }`
[INFO] started tweaking crates.io crate wasm-mutate 0.2.43
[INFO] finished tweaking crates.io crate wasm-mutate 0.2.43
[INFO] tweaked toml for crates.io crate wasm-mutate 0.2.43 written to /workspace/builds/worker-0-tc1/source/Cargo.toml
[INFO] running `Command { std: CARGO_HOME="/workspace/cargo-home" RUSTUP_HOME="/workspace/rustup-home" "/workspace/cargo-home/bin/cargo" "+1.75.0" "generate-lockfile" "--manifest-path" "Cargo.toml", kill_on_drop: false }`
[INFO] [stderr]     Updating crates.io index
[INFO] running `Command { std: CARGO_HOME="/workspace/cargo-home" RUSTUP_HOME="/workspace/rustup-home" "/workspace/cargo-home/bin/cargo" "+1.75.0" "fetch" "--manifest-path" "Cargo.toml", kill_on_drop: false }`
[INFO] [stderr]  Downloading crates ...
[INFO] [stderr]   Downloaded symbolic_expressions v5.0.3
[INFO] [stderr]   Downloaded egg v0.6.0
[INFO] [stderr]   Downloaded wasmparser v0.118.1
[INFO] running `Command { std: "docker" "create" "-v" "/var/lib/crater-agent-workspace/builds/worker-0-tc1/target:/opt/rustwide/target:rw,Z" "-v" "/var/lib/crater-agent-workspace/builds/worker-0-tc1/source:/opt/rustwide/workdir:ro,Z" "-v" "/var/lib/crater-agent-workspace/cargo-home:/opt/rustwide/cargo-home:ro,Z" "-v" "/var/lib/crater-agent-workspace/rustup-home:/opt/rustwide/rustup-home:ro,Z" "-e" "SOURCE_DIR=/opt/rustwide/workdir" "-e" "CARGO_TARGET_DIR=/opt/rustwide/target" "-e" "CARGO_HOME=/opt/rustwide/cargo-home" "-e" "RUSTUP_HOME=/opt/rustwide/rustup-home" "-w" "/opt/rustwide/workdir" "-m" "1610612736" "--user" "0:0" "--network" "none" "ghcr.io/rust-lang/crates-build-env/linux@sha256:2788e3201cd34a07e3172128adcd8b3090168a8e3bcc40d7c032b9dda1df7d1c" "/opt/rustwide/cargo-home/bin/cargo" "+1.75.0" "metadata" "--no-deps" "--format-version=1", kill_on_drop: false }`
[INFO] [stdout] 77e487c04258d16057ed89cd83e27e241bd1a934b036402923e3e7d68030bc3c
[INFO] running `Command { std: "docker" "start" "-a" "77e487c04258d16057ed89cd83e27e241bd1a934b036402923e3e7d68030bc3c", kill_on_drop: false }`
[INFO] running `Command { std: "docker" "inspect" "77e487c04258d16057ed89cd83e27e241bd1a934b036402923e3e7d68030bc3c", kill_on_drop: false }`
[INFO] running `Command { std: "docker" "rm" "-f" "77e487c04258d16057ed89cd83e27e241bd1a934b036402923e3e7d68030bc3c", kill_on_drop: false }`
[INFO] [stdout] 77e487c04258d16057ed89cd83e27e241bd1a934b036402923e3e7d68030bc3c
[INFO] running `Command { std: "docker" "create" "-v" "/var/lib/crater-agent-workspace/builds/worker-0-tc1/target:/opt/rustwide/target:rw,Z" "-v" "/var/lib/crater-agent-workspace/builds/worker-0-tc1/source:/opt/rustwide/workdir:ro,Z" "-v" "/var/lib/crater-agent-workspace/cargo-home:/opt/rustwide/cargo-home:ro,Z" "-v" "/var/lib/crater-agent-workspace/rustup-home:/opt/rustwide/rustup-home:ro,Z" "-e" "SOURCE_DIR=/opt/rustwide/workdir" "-e" "CARGO_TARGET_DIR=/opt/rustwide/target" "-e" "CARGO_INCREMENTAL=0" "-e" "RUST_BACKTRACE=full" "-e" "RUSTFLAGS=--cap-lints=warn" "-e" "RUSTDOCFLAGS=--cap-lints=warn" "-e" "CARGO_HOME=/opt/rustwide/cargo-home" "-e" "RUSTUP_HOME=/opt/rustwide/rustup-home" "-w" "/opt/rustwide/workdir" "-m" "1610612736" "--user" "0:0" "--network" "none" "ghcr.io/rust-lang/crates-build-env/linux@sha256:2788e3201cd34a07e3172128adcd8b3090168a8e3bcc40d7c032b9dda1df7d1c" "/opt/rustwide/cargo-home/bin/cargo" "+1.75.0" "build" "--frozen" "--message-format=json", kill_on_drop: false }`
[INFO] [stdout] 6b272eee51de0d84a7ff6e4008808a57a92f02154d88696123e73b310e4da8d8
[INFO] running `Command { std: "docker" "start" "-a" "6b272eee51de0d84a7ff6e4008808a57a92f02154d88696123e73b310e4da8d8", kill_on_drop: false }`
[INFO] [stderr]    Compiling proc-macro2 v1.0.75
[INFO] [stderr]    Compiling cfg-if v1.0.0
[INFO] [stderr]    Compiling libc v0.2.151
[INFO] [stderr]    Compiling unicode-ident v1.0.12
[INFO] [stderr]    Compiling autocfg v1.1.0
[INFO] [stderr]    Compiling semver v1.0.21
[INFO] [stderr]    Compiling hashbrown v0.12.3
[INFO] [stderr]    Compiling ppv-lite86 v0.2.17
[INFO] [stderr]    Compiling thiserror v1.0.56
[INFO] [stderr]    Compiling equivalent v1.0.1
[INFO] [stderr]    Compiling hashbrown v0.14.3
[INFO] [stderr]    Compiling log v0.4.20
[INFO] [stderr]    Compiling symbolic_expressions v5.0.3
[INFO] [stderr]    Compiling leb128 v0.2.5
[INFO] [stderr]    Compiling once_cell v1.19.0
[INFO] [stderr]    Compiling smallvec v1.11.2
[INFO] [stderr]    Compiling instant v0.1.12
[INFO] [stderr]    Compiling wasm-encoder v0.38.1
[INFO] [stderr]    Compiling indexmap v1.9.3
[INFO] [stderr]    Compiling quote v1.0.35
[INFO] [stderr]    Compiling indexmap v2.1.0
[INFO] [stderr]    Compiling syn v2.0.48
[INFO] [stderr]    Compiling egg v0.6.0
[INFO] [stderr]    Compiling getrandom v0.2.11
[INFO] [stderr]    Compiling rand_core v0.6.4
[INFO] [stderr]    Compiling rand_chacha v0.3.1
[INFO] [stderr]    Compiling wasmparser v0.118.1
[INFO] [stderr]    Compiling rand v0.8.5
[INFO] [stderr]    Compiling thiserror-impl v1.0.56
[INFO] [stderr]    Compiling wasm-mutate v0.2.43 (/opt/rustwide/workdir)
[INFO] [stderr]     Finished dev [unoptimized + debuginfo] target(s) in 6.57s
[INFO] running `Command { std: "docker" "inspect" "6b272eee51de0d84a7ff6e4008808a57a92f02154d88696123e73b310e4da8d8", kill_on_drop: false }`
[INFO] running `Command { std: "docker" "rm" "-f" "6b272eee51de0d84a7ff6e4008808a57a92f02154d88696123e73b310e4da8d8", kill_on_drop: false }`
[INFO] [stdout] 6b272eee51de0d84a7ff6e4008808a57a92f02154d88696123e73b310e4da8d8
[INFO] running `Command { std: "docker" "create" "-v" "/var/lib/crater-agent-workspace/builds/worker-0-tc1/target:/opt/rustwide/target:rw,Z" "-v" "/var/lib/crater-agent-workspace/builds/worker-0-tc1/source:/opt/rustwide/workdir:ro,Z" "-v" "/var/lib/crater-agent-workspace/cargo-home:/opt/rustwide/cargo-home:ro,Z" "-v" "/var/lib/crater-agent-workspace/rustup-home:/opt/rustwide/rustup-home:ro,Z" "-e" "SOURCE_DIR=/opt/rustwide/workdir" "-e" "CARGO_TARGET_DIR=/opt/rustwide/target" "-e" "CARGO_INCREMENTAL=0" "-e" "RUST_BACKTRACE=full" "-e" "RUSTFLAGS=--cap-lints=warn" "-e" "RUSTDOCFLAGS=--cap-lints=warn" "-e" "CARGO_HOME=/opt/rustwide/cargo-home" "-e" "RUSTUP_HOME=/opt/rustwide/rustup-home" "-w" "/opt/rustwide/workdir" "-m" "1610612736" "--user" "0:0" "--network" "none" "ghcr.io/rust-lang/crates-build-env/linux@sha256:2788e3201cd34a07e3172128adcd8b3090168a8e3bcc40d7c032b9dda1df7d1c" "/opt/rustwide/cargo-home/bin/cargo" "+1.75.0" "test" "--frozen" "--no-run" "--message-format=json", kill_on_drop: false }`
[INFO] [stdout] 4e1a8f1ebf4689019ee592b5b328955111932cd54dcfd84143ba194ade1656d3
[INFO] running `Command { std: "docker" "start" "-a" "4e1a8f1ebf4689019ee592b5b328955111932cd54dcfd84143ba194ade1656d3", kill_on_drop: false }`
[INFO] [stderr]    Compiling memchr v2.7.1
[INFO] [stderr]    Compiling log v0.4.20
[INFO] [stderr]    Compiling regex-syntax v0.8.2
[INFO] [stderr]    Compiling anyhow v1.0.79
[INFO] [stderr]    Compiling atty v0.2.14
[INFO] [stderr]    Compiling humantime v2.1.0
[INFO] [stderr]    Compiling termcolor v1.4.0
[INFO] [stderr]    Compiling egg v0.6.0
[INFO] [stderr]    Compiling aho-corasick v1.1.2
[INFO] [stderr]    Compiling wasm-mutate v0.2.43 (/opt/rustwide/workdir)
[INFO] [stderr]    Compiling regex-automata v0.4.3
[INFO] [stderr]    Compiling regex v1.10.2
[INFO] [stderr]    Compiling env_logger v0.9.3
[INFO] [stdout] error[E0433]: failed to resolve: use of undeclared crate or module `wasmprinter`
[INFO] [stdout]   --> tests/tests.rs:10:23
[INFO] [stdout]    |
[INFO] [stdout] 10 |     if let Ok(text) = wasmprinter::print_bytes(bytes) {
[INFO] [stdout]    |                       ^^^^^^^^^^^ use of undeclared crate or module `wasmprinter`
[INFO] [stdout] 
[INFO] [stdout] 
[INFO] [stdout] error[E0433]: failed to resolve: use of undeclared crate or module `wat`
[INFO] [stdout]   --> tests/tests.rs:33:21
[INFO] [stdout]    |
[INFO] [stdout] 33 |     let original = &wat::parse_str(wat).unwrap();
[INFO] [stdout]    |                     ^^^ use of undeclared crate or module `wat`
[INFO] [stdout] 
[INFO] [stdout] 
[INFO] [stdout] error[E0433]: failed to resolve: use of undeclared crate or module `wasmprinter`
[INFO] [stdout]   --> tests/tests.rs:55:24
[INFO] [stdout]    |
[INFO] [stdout] 55 |             let text = wasmprinter::print_bytes(&mutated).unwrap();
[INFO] [stdout]    |                        ^^^^^^^^^^^ use of undeclared crate or module `wasmprinter`
[INFO] [stdout] 
[INFO] [stdout] 
[INFO] [stdout] error: aborting due to 3 previous errors
[INFO] [stdout] 
[INFO] [stdout] 
[INFO] [stdout] For more information about this error, try `rustc --explain E0433`.
[INFO] [stdout] 
[INFO] [stderr] error: could not compile `wasm-mutate` (test "tests") due to 4 previous errors
[INFO] [stderr] warning: build failed, waiting for other jobs to finish...
[INFO] [stdout] error[E0433]: failed to resolve: use of undeclared crate or module `wat`
[INFO] [stdout]     --> src/mutators/peephole/dfg.rs:1245:25
[INFO] [stdout]      |
[INFO] [stdout] 1245 |         let original = &wat::parse_str(
[INFO] [stdout]      |                         ^^^ use of undeclared crate or module `wat`
[INFO] [stdout] 
[INFO] [stdout] 
[INFO] [stdout] error[E0433]: failed to resolve: use of undeclared crate or module `wat`
[INFO] [stdout]     --> src/mutators/peephole/dfg.rs:1313:25
[INFO] [stdout]      |
[INFO] [stdout] 1313 |         let original = &wat::parse_str(
[INFO] [stdout]      |                         ^^^ use of undeclared crate or module `wat`
[INFO] [stdout] 
[INFO] [stdout] 
[INFO] [stdout] error[E0433]: failed to resolve: use of undeclared crate or module `wat`
[INFO] [stdout]     --> src/mutators/peephole/dfg.rs:1372:25
[INFO] [stdout]      |
[INFO] [stdout] 1372 |         let original = &wat::parse_str(
[INFO] [stdout]      |                         ^^^ use of undeclared crate or module `wat`
[INFO] [stdout] 
[INFO] [stdout] 
[INFO] [stdout] error[E0433]: failed to resolve: use of undeclared crate or module `wat`
[INFO] [stdout]     --> src/mutators/peephole/dfg.rs:1454:25
[INFO] [stdout]      |
[INFO] [stdout] 1454 |         let original = &wat::parse_str(
[INFO] [stdout]      |                         ^^^ use of undeclared crate or module `wat`
[INFO] [stdout] 
[INFO] [stdout] 
[INFO] [stdout] error[E0433]: failed to resolve: use of undeclared crate or module `wat`
[INFO] [stdout]    --> src/mutators/peephole/eggsy/expr_enumerator.rs:232:26
[INFO] [stdout]     |
[INFO] [stdout] 232 |         let empty_wasm = wat::parse_str("(module)").unwrap();
[INFO] [stdout]     |                          ^^^ use of undeclared crate or module `wat`
[INFO] [stdout] 
[INFO] [stdout] 
[INFO] [stdout] error[E0433]: failed to resolve: use of undeclared crate or module `wat`
[INFO] [stdout]    --> src/mutators/peephole.rs:930:25
[INFO] [stdout]     |
[INFO] [stdout] 930 |         let original = &wat::parse_str(original).unwrap();
[INFO] [stdout]     |                         ^^^ use of undeclared crate or module `wat`
[INFO] [stdout] 
[INFO] [stdout] 
[INFO] [stdout] error[E0433]: failed to resolve: use of undeclared crate or module `wasmprinter`
[INFO] [stdout]    --> src/mutators/peephole.rs:950:25
[INFO] [stdout]     |
[INFO] [stdout] 950 |             let _text = wasmprinter::print_bytes(mutated_bytes).unwrap();
[INFO] [stdout]     |                         ^^^^^^^^^^^ use of undeclared crate or module `wasmprinter`
[INFO] [stdout] 
[INFO] [stdout] 
[INFO] [stdout] error[E0433]: failed to resolve: use of undeclared crate or module `wat`
[INFO] [stdout]    --> src/mutators.rs:129:25
[INFO] [stdout]     |
[INFO] [stdout] 129 |         let original = &wat::parse_str(original).unwrap();
[INFO] [stdout]     |                         ^^^ use of undeclared crate or module `wat`
[INFO] [stdout] 
[INFO] [stdout] 
[INFO] [stdout] error[E0433]: failed to resolve: use of undeclared crate or module `wat`
[INFO] [stdout]    --> src/mutators.rs:131:25
[INFO] [stdout]     |
[INFO] [stdout] 131 |         let expected = &wat::parse_str(expected).unwrap();
[INFO] [stdout]     |                         ^^^ use of undeclared crate or module `wat`
[INFO] [stdout] 
[INFO] [stdout] 
[INFO] [stdout] error[E0433]: failed to resolve: use of undeclared crate or module `wasmprinter`
[INFO] [stdout]    --> src/mutators.rs:132:29
[INFO] [stdout]     |
[INFO] [stdout] 132 |         let expected_text = wasmprinter::print_bytes(expected).unwrap();
[INFO] [stdout]     |                             ^^^^^^^^^^^ use of undeclared crate or module `wasmprinter`
[INFO] [stdout] 
[INFO] [stdout] 
[INFO] [stdout] error[E0433]: failed to resolve: use of undeclared crate or module `wasmprinter`
[INFO] [stdout]    --> src/mutators.rs:162:24
[INFO] [stdout]     |
[INFO] [stdout] 162 |             let text = wasmprinter::print_bytes(mutation_bytes).unwrap();
[INFO] [stdout]     |                        ^^^^^^^^^^^ use of undeclared crate or module `wasmprinter`
[INFO] [stdout] 
[INFO] [stdout] 
[INFO] [stdout] error[E0433]: failed to resolve: use of undeclared crate or module `wasmprinter`
[INFO] [stdout]    --> src/lib.rs:333:23
[INFO] [stdout]     |
[INFO] [stdout] 333 |     if let Ok(text) = wasmprinter::print_bytes(bytes) {
[INFO] [stdout]     |                       ^^^^^^^^^^^ use of undeclared crate or module `wasmprinter`
[INFO] [stdout] 
[INFO] [stdout] 
[INFO] [stdout] error: aborting due to 12 previous errors
[INFO] [stdout] 
[INFO] [stdout] 
[INFO] [stdout] For more information about this error, try `rustc --explain E0433`.
[INFO] [stdout] 
[INFO] [stderr] error: could not compile `wasm-mutate` (lib test) due to 13 previous errors
[INFO] running `Command { std: "docker" "inspect" "4e1a8f1ebf4689019ee592b5b328955111932cd54dcfd84143ba194ade1656d3", kill_on_drop: false }`
[INFO] running `Command { std: "docker" "rm" "-f" "4e1a8f1ebf4689019ee592b5b328955111932cd54dcfd84143ba194ade1656d3", kill_on_drop: false }`
[INFO] [stdout] 4e1a8f1ebf4689019ee592b5b328955111932cd54dcfd84143ba194ade1656d3
