[INFO] fetching crate wasi-types 0.1.6...
[INFO] testing wasi-types-0.1.6 against 1.75.0 for beta-1.76-1
[INFO] extracting crate wasi-types 0.1.6 into /workspace/builds/worker-0-tc1/source
[INFO] validating manifest of crates.io crate wasi-types 0.1.6 on toolchain 1.75.0
[INFO] running `Command { std: CARGO_HOME="/workspace/cargo-home" RUSTUP_HOME="/workspace/rustup-home" "/workspace/cargo-home/bin/cargo" "+1.75.0" "metadata" "--manifest-path" "Cargo.toml" "--no-deps", kill_on_drop: false }`
[INFO] started tweaking crates.io crate wasi-types 0.1.6
[INFO] finished tweaking crates.io crate wasi-types 0.1.6
[INFO] tweaked toml for crates.io crate wasi-types 0.1.6 written to /workspace/builds/worker-0-tc1/source/Cargo.toml
[INFO] running `Command { std: CARGO_HOME="/workspace/cargo-home" RUSTUP_HOME="/workspace/rustup-home" "/workspace/cargo-home/bin/cargo" "+1.75.0" "generate-lockfile" "--manifest-path" "Cargo.toml", kill_on_drop: false }`
[INFO] [stderr]     Updating crates.io index
[INFO] running `Command { std: CARGO_HOME="/workspace/cargo-home" RUSTUP_HOME="/workspace/rustup-home" "/workspace/cargo-home/bin/cargo" "+1.75.0" "fetch" "--manifest-path" "Cargo.toml", kill_on_drop: false }`
[INFO] [stderr]  Downloading crates ...
[INFO] [stderr]   Downloaded proper v0.1.5
[INFO] running `Command { std: "docker" "create" "-v" "/var/lib/crater-agent-workspace/builds/worker-0-tc1/target:/opt/rustwide/target:rw,Z" "-v" "/var/lib/crater-agent-workspace/builds/worker-0-tc1/source:/opt/rustwide/workdir:ro,Z" "-v" "/var/lib/crater-agent-workspace/cargo-home:/opt/rustwide/cargo-home:ro,Z" "-v" "/var/lib/crater-agent-workspace/rustup-home:/opt/rustwide/rustup-home:ro,Z" "-e" "SOURCE_DIR=/opt/rustwide/workdir" "-e" "CARGO_TARGET_DIR=/opt/rustwide/target" "-e" "CARGO_HOME=/opt/rustwide/cargo-home" "-e" "RUSTUP_HOME=/opt/rustwide/rustup-home" "-w" "/opt/rustwide/workdir" "-m" "1610612736" "--user" "0:0" "--network" "none" "ghcr.io/rust-lang/crates-build-env/linux@sha256:2788e3201cd34a07e3172128adcd8b3090168a8e3bcc40d7c032b9dda1df7d1c" "/opt/rustwide/cargo-home/bin/cargo" "+1.75.0" "metadata" "--no-deps" "--format-version=1", kill_on_drop: false }`
[INFO] [stdout] 5a17eb4f66520631e1f3e088b942966a8cfcf71c35a098fc0a76b651974945f6
[INFO] running `Command { std: "docker" "start" "-a" "5a17eb4f66520631e1f3e088b942966a8cfcf71c35a098fc0a76b651974945f6", kill_on_drop: false }`
[INFO] running `Command { std: "docker" "inspect" "5a17eb4f66520631e1f3e088b942966a8cfcf71c35a098fc0a76b651974945f6", kill_on_drop: false }`
[INFO] running `Command { std: "docker" "rm" "-f" "5a17eb4f66520631e1f3e088b942966a8cfcf71c35a098fc0a76b651974945f6", kill_on_drop: false }`
[INFO] [stdout] 5a17eb4f66520631e1f3e088b942966a8cfcf71c35a098fc0a76b651974945f6
[INFO] running `Command { std: "docker" "create" "-v" "/var/lib/crater-agent-workspace/builds/worker-0-tc1/target:/opt/rustwide/target:rw,Z" "-v" "/var/lib/crater-agent-workspace/builds/worker-0-tc1/source:/opt/rustwide/workdir:ro,Z" "-v" "/var/lib/crater-agent-workspace/cargo-home:/opt/rustwide/cargo-home:ro,Z" "-v" "/var/lib/crater-agent-workspace/rustup-home:/opt/rustwide/rustup-home:ro,Z" "-e" "SOURCE_DIR=/opt/rustwide/workdir" "-e" "CARGO_TARGET_DIR=/opt/rustwide/target" "-e" "CARGO_INCREMENTAL=0" "-e" "RUST_BACKTRACE=full" "-e" "RUSTFLAGS=--cap-lints=warn" "-e" "RUSTDOCFLAGS=--cap-lints=warn" "-e" "CARGO_HOME=/opt/rustwide/cargo-home" "-e" "RUSTUP_HOME=/opt/rustwide/rustup-home" "-w" "/opt/rustwide/workdir" "-m" "1610612736" "--user" "0:0" "--network" "none" "ghcr.io/rust-lang/crates-build-env/linux@sha256:2788e3201cd34a07e3172128adcd8b3090168a8e3bcc40d7c032b9dda1df7d1c" "/opt/rustwide/cargo-home/bin/cargo" "+1.75.0" "build" "--frozen" "--message-format=json", kill_on_drop: false }`
[INFO] [stdout] b149d02148ba0f6986cf60298d57dc394d34ae4c41eae08907b68d0439fa5d3e
[INFO] running `Command { std: "docker" "start" "-a" "b149d02148ba0f6986cf60298d57dc394d34ae4c41eae08907b68d0439fa5d3e", kill_on_drop: false }`
[INFO] [stderr]    Compiling proc-macro2 v1.0.75
[INFO] [stderr]    Compiling unicode-ident v1.0.12
[INFO] [stderr]    Compiling syn v1.0.109
[INFO] [stderr]    Compiling bitflags v1.3.2
[INFO] [stderr]    Compiling quote v1.0.35
[INFO] [stderr]    Compiling proper v0.1.5
[INFO] [stdout] error[E0554]: `#![feature]` may not be used on the stable release channel
[INFO] [stdout]   --> /opt/rustwide/cargo-home/registry/src/index.crates.io-6f17d22bba15001f/proper-0.1.5/src/lib.rs:66:1
[INFO] [stdout]    |
[INFO] [stdout] 66 | #![feature(bind_by_move_pattern_guards, proc_macro_diagnostic, proc_macro_span)]
[INFO] [stdout]    | ^^^^^^^^^^^^^^^^^^^^^^^^^^^^^^^^^^^^^^^^^^^^^^^^^^^^^^^^^^^^^^^^^^^^^^^^^^^^^^^^
[INFO] [stdout]    |
[INFO] [stdout]    = help: the feature `bind_by_move_pattern_guards` has been stable since `1.39.0` and no longer requires an attribute to enable
[INFO] [stdout] 
[INFO] [stdout] 
[INFO] [stdout] error[E0554]: `#![feature]` may not be used on the stable release channel
[INFO] [stdout]   --> /opt/rustwide/cargo-home/registry/src/index.crates.io-6f17d22bba15001f/proper-0.1.5/src/lib.rs:66:41
[INFO] [stdout]    |
[INFO] [stdout] 66 | #![feature(bind_by_move_pattern_guards, proc_macro_diagnostic, proc_macro_span)]
[INFO] [stdout]    |                                         ^^^^^^^^^^^^^^^^^^^^^
[INFO] [stdout] 
[INFO] [stdout] 
[INFO] [stdout] error[E0554]: `#![feature]` may not be used on the stable release channel
[INFO] [stdout]   --> /opt/rustwide/cargo-home/registry/src/index.crates.io-6f17d22bba15001f/proper-0.1.5/src/lib.rs:66:64
[INFO] [stdout]    |
[INFO] [stdout] 66 | #![feature(bind_by_move_pattern_guards, proc_macro_diagnostic, proc_macro_span)]
[INFO] [stdout]    |                                                                ^^^^^^^^^^^^^^^
[INFO] [stdout] 
[INFO] [stdout] 
[INFO] [stdout] error: aborting due to 3 previous errors
[INFO] [stdout] 
[INFO] [stdout] 
[INFO] [stdout] For more information about this error, try `rustc --explain E0554`.
[INFO] [stdout] 
[INFO] [stderr] error: could not compile `proper` (lib) due to 4 previous errors
[INFO] running `Command { std: "docker" "inspect" "b149d02148ba0f6986cf60298d57dc394d34ae4c41eae08907b68d0439fa5d3e", kill_on_drop: false }`
[INFO] running `Command { std: "docker" "rm" "-f" "b149d02148ba0f6986cf60298d57dc394d34ae4c41eae08907b68d0439fa5d3e", kill_on_drop: false }`
[INFO] [stdout] b149d02148ba0f6986cf60298d57dc394d34ae4c41eae08907b68d0439fa5d3e
[INFO] testing wasi-types-0.1.6 against beta-2023-12-22 for beta-1.76-1
[INFO] extracting crate wasi-types 0.1.6 into /workspace/builds/worker-0-tc2/source
[INFO] validating manifest of crates.io crate wasi-types 0.1.6 on toolchain beta-2023-12-22
[INFO] running `Command { std: CARGO_HOME="/workspace/cargo-home" RUSTUP_HOME="/workspace/rustup-home" "/workspace/cargo-home/bin/cargo" "+beta-2023-12-22" "metadata" "--manifest-path" "Cargo.toml" "--no-deps", kill_on_drop: false }`
[INFO] started tweaking crates.io crate wasi-types 0.1.6
[INFO] finished tweaking crates.io crate wasi-types 0.1.6
[INFO] tweaked toml for crates.io crate wasi-types 0.1.6 written to /workspace/builds/worker-0-tc2/source/Cargo.toml
[INFO] running `Command { std: CARGO_HOME="/workspace/cargo-home" RUSTUP_HOME="/workspace/rustup-home" "/workspace/cargo-home/bin/cargo" "+beta-2023-12-22" "generate-lockfile" "--manifest-path" "Cargo.toml", kill_on_drop: false }`
[INFO] [stderr]     Updating crates.io index
[INFO] running `Command { std: CARGO_HOME="/workspace/cargo-home" RUSTUP_HOME="/workspace/rustup-home" "/workspace/cargo-home/bin/cargo" "+beta-2023-12-22" "fetch" "--manifest-path" "Cargo.toml", kill_on_drop: false }`
[INFO] running `Command { std: "docker" "create" "-v" "/var/lib/crater-agent-workspace/builds/worker-0-tc2/target:/opt/rustwide/target:rw,Z" "-v" "/var/lib/crater-agent-workspace/builds/worker-0-tc2/source:/opt/rustwide/workdir:ro,Z" "-v" "/var/lib/crater-agent-workspace/cargo-home:/opt/rustwide/cargo-home:ro,Z" "-v" "/var/lib/crater-agent-workspace/rustup-home:/opt/rustwide/rustup-home:ro,Z" "-e" "SOURCE_DIR=/opt/rustwide/workdir" "-e" "CARGO_TARGET_DIR=/opt/rustwide/target" "-e" "CARGO_HOME=/opt/rustwide/cargo-home" "-e" "RUSTUP_HOME=/opt/rustwide/rustup-home" "-w" "/opt/rustwide/workdir" "-m" "1610612736" "--user" "0:0" "--network" "none" "ghcr.io/rust-lang/crates-build-env/linux@sha256:2788e3201cd34a07e3172128adcd8b3090168a8e3bcc40d7c032b9dda1df7d1c" "/opt/rustwide/cargo-home/bin/cargo" "+beta-2023-12-22" "metadata" "--no-deps" "--format-version=1", kill_on_drop: false }`
[INFO] [stdout] 65c58112dffbb71912d55a23f11c132a884f723255a1bc02e8c509e75a47e71e
[INFO] running `Command { std: "docker" "start" "-a" "65c58112dffbb71912d55a23f11c132a884f723255a1bc02e8c509e75a47e71e", kill_on_drop: false }`
[INFO] running `Command { std: "docker" "inspect" "65c58112dffbb71912d55a23f11c132a884f723255a1bc02e8c509e75a47e71e", kill_on_drop: false }`
[INFO] running `Command { std: "docker" "rm" "-f" "65c58112dffbb71912d55a23f11c132a884f723255a1bc02e8c509e75a47e71e", kill_on_drop: false }`
[INFO] [stdout] 65c58112dffbb71912d55a23f11c132a884f723255a1bc02e8c509e75a47e71e
[INFO] running `Command { std: "docker" "create" "-v" "/var/lib/crater-agent-workspace/builds/worker-0-tc2/target:/opt/rustwide/target:rw,Z" "-v" "/var/lib/crater-agent-workspace/builds/worker-0-tc2/source:/opt/rustwide/workdir:ro,Z" "-v" "/var/lib/crater-agent-workspace/cargo-home:/opt/rustwide/cargo-home:ro,Z" "-v" "/var/lib/crater-agent-workspace/rustup-home:/opt/rustwide/rustup-home:ro,Z" "-e" "SOURCE_DIR=/opt/rustwide/workdir" "-e" "CARGO_TARGET_DIR=/opt/rustwide/target" "-e" "CARGO_INCREMENTAL=0" "-e" "RUST_BACKTRACE=full" "-e" "RUSTFLAGS=--cap-lints=warn" "-e" "RUSTDOCFLAGS=--cap-lints=warn" "-e" "CARGO_HOME=/opt/rustwide/cargo-home" "-e" "RUSTUP_HOME=/opt/rustwide/rustup-home" "-w" "/opt/rustwide/workdir" "-m" "1610612736" "--user" "0:0" "--network" "none" "ghcr.io/rust-lang/crates-build-env/linux@sha256:2788e3201cd34a07e3172128adcd8b3090168a8e3bcc40d7c032b9dda1df7d1c" "/opt/rustwide/cargo-home/bin/cargo" "+beta-2023-12-22" "build" "--frozen" "--message-format=json", kill_on_drop: false }`
[INFO] [stdout] 2cef357eff2d6d9835e9d0438b0b3a37f3a78dff2a66e34789972063225e4255
[INFO] running `Command { std: "docker" "start" "-a" "2cef357eff2d6d9835e9d0438b0b3a37f3a78dff2a66e34789972063225e4255", kill_on_drop: false }`
[INFO] [stderr]    Compiling proc-macro2 v1.0.75
[INFO] [stderr]    Compiling unicode-ident v1.0.12
[INFO] [stderr]    Compiling syn v1.0.109
[INFO] [stderr]    Compiling bitflags v1.3.2
[INFO] [stderr]    Compiling quote v1.0.35
[INFO] [stderr]    Compiling proper v0.1.5
[INFO] [stdout] error[E0554]: `#![feature]` may not be used on the beta release channel
[INFO] [stdout]   --> /opt/rustwide/cargo-home/registry/src/index.crates.io-6f17d22bba15001f/proper-0.1.5/src/lib.rs:66:1
[INFO] [stdout]    |
[INFO] [stdout] 66 | #![feature(bind_by_move_pattern_guards, proc_macro_diagnostic, proc_macro_span)]
[INFO] [stdout]    | ^^^^^^^^^^^^^^^^^^^^^^^^^^^^^^^^^^^^^^^^^^^^^^^^^^^^^^^^^^^^^^^^^^^^^^^^^^^^^^^^
[INFO] [stdout]    |
[INFO] [stdout]    = help: the feature `bind_by_move_pattern_guards` has been stable since `1.39.0` and no longer requires an attribute to enable
[INFO] [stdout] 
[INFO] [stdout] 
[INFO] [stdout] error[E0554]: `#![feature]` may not be used on the beta release channel
[INFO] [stdout]   --> /opt/rustwide/cargo-home/registry/src/index.crates.io-6f17d22bba15001f/proper-0.1.5/src/lib.rs:66:41
[INFO] [stdout]    |
[INFO] [stdout] 66 | #![feature(bind_by_move_pattern_guards, proc_macro_diagnostic, proc_macro_span)]
[INFO] [stdout]    |                                         ^^^^^^^^^^^^^^^^^^^^^
[INFO] [stdout] 
[INFO] [stdout] 
[INFO] [stdout] error[E0554]: `#![feature]` may not be used on the beta release channel
[INFO] [stdout]   --> /opt/rustwide/cargo-home/registry/src/index.crates.io-6f17d22bba15001f/proper-0.1.5/src/lib.rs:66:64
[INFO] [stdout]    |
[INFO] [stdout] 66 | #![feature(bind_by_move_pattern_guards, proc_macro_diagnostic, proc_macro_span)]
[INFO] [stdout]    |                                                                ^^^^^^^^^^^^^^^
[INFO] [stdout] 
[INFO] [stdout] 
[INFO] [stdout] error: aborting due to 3 previous errors
[INFO] [stdout] 
[INFO] [stdout] 
[INFO] [stdout] For more information about this error, try `rustc --explain E0554`.
[INFO] [stdout] 
[INFO] [stderr] error: could not compile `proper` (lib) due to 4 previous errors
[INFO] running `Command { std: "docker" "inspect" "2cef357eff2d6d9835e9d0438b0b3a37f3a78dff2a66e34789972063225e4255", kill_on_drop: false }`
[INFO] running `Command { std: "docker" "rm" "-f" "2cef357eff2d6d9835e9d0438b0b3a37f3a78dff2a66e34789972063225e4255", kill_on_drop: false }`
[INFO] [stdout] 2cef357eff2d6d9835e9d0438b0b3a37f3a78dff2a66e34789972063225e4255
