[INFO] fetching crate wasi-nn-safe 0.1.0...
[INFO] testing wasi-nn-safe-0.1.0 against 1.75.0 for beta-1.76-1
[INFO] extracting crate wasi-nn-safe 0.1.0 into /workspace/builds/worker-2-tc1/source
[INFO] validating manifest of crates.io crate wasi-nn-safe 0.1.0 on toolchain 1.75.0
[INFO] running `Command { std: CARGO_HOME="/workspace/cargo-home" RUSTUP_HOME="/workspace/rustup-home" "/workspace/cargo-home/bin/cargo" "+1.75.0" "metadata" "--manifest-path" "Cargo.toml" "--no-deps", kill_on_drop: false }`
[INFO] removed /workspace/builds/worker-2-tc1/source/.cargo/config.toml
[INFO] started tweaking crates.io crate wasi-nn-safe 0.1.0
[INFO] finished tweaking crates.io crate wasi-nn-safe 0.1.0
[INFO] tweaked toml for crates.io crate wasi-nn-safe 0.1.0 written to /workspace/builds/worker-2-tc1/source/Cargo.toml
[INFO] running `Command { std: CARGO_HOME="/workspace/cargo-home" RUSTUP_HOME="/workspace/rustup-home" "/workspace/cargo-home/bin/cargo" "+1.75.0" "generate-lockfile" "--manifest-path" "Cargo.toml", kill_on_drop: false }`
[INFO] [stderr]     Updating crates.io index
[INFO] running `Command { std: CARGO_HOME="/workspace/cargo-home" RUSTUP_HOME="/workspace/rustup-home" "/workspace/cargo-home/bin/cargo" "+1.75.0" "fetch" "--manifest-path" "Cargo.toml", kill_on_drop: false }`
[INFO] [stderr]  Downloading crates ...
[INFO] [stderr]   Downloaded wasi-nn v0.3.0
[INFO] running `Command { std: "docker" "create" "-v" "/var/lib/crater-agent-workspace/builds/worker-2-tc1/target:/opt/rustwide/target:rw,Z" "-v" "/var/lib/crater-agent-workspace/builds/worker-2-tc1/source:/opt/rustwide/workdir:ro,Z" "-v" "/var/lib/crater-agent-workspace/cargo-home:/opt/rustwide/cargo-home:ro,Z" "-v" "/var/lib/crater-agent-workspace/rustup-home:/opt/rustwide/rustup-home:ro,Z" "-e" "SOURCE_DIR=/opt/rustwide/workdir" "-e" "CARGO_TARGET_DIR=/opt/rustwide/target" "-e" "CARGO_HOME=/opt/rustwide/cargo-home" "-e" "RUSTUP_HOME=/opt/rustwide/rustup-home" "-w" "/opt/rustwide/workdir" "-m" "1610612736" "--user" "0:0" "--network" "none" "ghcr.io/rust-lang/crates-build-env/linux@sha256:2788e3201cd34a07e3172128adcd8b3090168a8e3bcc40d7c032b9dda1df7d1c" "/opt/rustwide/cargo-home/bin/cargo" "+1.75.0" "metadata" "--no-deps" "--format-version=1", kill_on_drop: false }`
[INFO] [stdout] deaecf1ba32bf63e53185422d405c6c4695d19e4f000604e24acf6d4cc0115bc
[INFO] running `Command { std: "docker" "start" "-a" "deaecf1ba32bf63e53185422d405c6c4695d19e4f000604e24acf6d4cc0115bc", kill_on_drop: false }`
[INFO] running `Command { std: "docker" "inspect" "deaecf1ba32bf63e53185422d405c6c4695d19e4f000604e24acf6d4cc0115bc", kill_on_drop: false }`
[INFO] running `Command { std: "docker" "rm" "-f" "deaecf1ba32bf63e53185422d405c6c4695d19e4f000604e24acf6d4cc0115bc", kill_on_drop: false }`
[INFO] [stdout] deaecf1ba32bf63e53185422d405c6c4695d19e4f000604e24acf6d4cc0115bc
[INFO] running `Command { std: "docker" "create" "-v" "/var/lib/crater-agent-workspace/builds/worker-2-tc1/target:/opt/rustwide/target:rw,Z" "-v" "/var/lib/crater-agent-workspace/builds/worker-2-tc1/source:/opt/rustwide/workdir:ro,Z" "-v" "/var/lib/crater-agent-workspace/cargo-home:/opt/rustwide/cargo-home:ro,Z" "-v" "/var/lib/crater-agent-workspace/rustup-home:/opt/rustwide/rustup-home:ro,Z" "-e" "SOURCE_DIR=/opt/rustwide/workdir" "-e" "CARGO_TARGET_DIR=/opt/rustwide/target" "-e" "CARGO_INCREMENTAL=0" "-e" "RUST_BACKTRACE=full" "-e" "RUSTFLAGS=--cap-lints=warn" "-e" "RUSTDOCFLAGS=--cap-lints=warn" "-e" "CARGO_HOME=/opt/rustwide/cargo-home" "-e" "RUSTUP_HOME=/opt/rustwide/rustup-home" "-w" "/opt/rustwide/workdir" "-m" "1610612736" "--user" "0:0" "--network" "none" "ghcr.io/rust-lang/crates-build-env/linux@sha256:2788e3201cd34a07e3172128adcd8b3090168a8e3bcc40d7c032b9dda1df7d1c" "/opt/rustwide/cargo-home/bin/cargo" "+1.75.0" "build" "--frozen" "--message-format=json", kill_on_drop: false }`
[INFO] [stdout] 97c5ab2967787f131295e9128694cd64bfe1eb1c030bf614c085be2d72fa6843
[INFO] running `Command { std: "docker" "start" "-a" "97c5ab2967787f131295e9128694cd64bfe1eb1c030bf614c085be2d72fa6843", kill_on_drop: false }`
[INFO] [stderr]    Compiling wasi-nn-safe v0.1.0 (/opt/rustwide/workdir)
[INFO] [stdout] error[E0432]: unresolved import `syscall`
[INFO] [stdout]  --> src/syscall/mod.rs:7:16
[INFO] [stdout]   |
[INFO] [stdout] 7 | pub(crate) use syscall::{compute, get_output, init_execution_context, load, set_input};
[INFO] [stdout]   |                ^^^^^^^ help: a similar path exists: `crate::syscall`
[INFO] [stdout]   |
[INFO] [stdout]   = note: `use` statements changed in Rust 2018; read more at <https://doc.rust-lang.org/edition-guide/rust-2018/module-system/path-clarity.html>
[INFO] [stdout] 
[INFO] [stdout] 
[INFO] [stdout] error[E0432]: unresolved import `syscall`
[INFO] [stdout]  --> src/syscall/mod.rs:8:16
[INFO] [stdout]   |
[INFO] [stdout] 8 | pub(crate) use syscall::{GraphExecutionContextHandle, GraphHandle};
[INFO] [stdout]   |                ^^^^^^^ help: a similar path exists: `crate::syscall`
[INFO] [stdout]   |
[INFO] [stdout]   = note: `use` statements changed in Rust 2018; read more at <https://doc.rust-lang.org/edition-guide/rust-2018/module-system/path-clarity.html>
[INFO] [stdout] 
[INFO] [stdout] 
[INFO] [stdout] error[E0412]: cannot find type `BackendError` in this scope
[INFO] [stdout]   --> src/error/mod.rs:19:26
[INFO] [stdout]    |
[INFO] [stdout] 19 |     BackendError(#[from] BackendError),
[INFO] [stdout]    |                          ^^^^^^^^^^^^ not found in this scope
[INFO] [stdout]    |
[INFO] [stdout] help: there is an enum variant `crate::Error::BackendError`; try using the variant's enum
[INFO] [stdout]    |
[INFO] [stdout] 19 |     BackendError(#[from] crate::Error),
[INFO] [stdout]    |                          ~~~~~~~~~~~~
[INFO] [stdout] 
[INFO] [stdout] 
[INFO] [stdout] error[E0412]: cannot find type `BackendError` in this scope
[INFO] [stdout]   --> src/error/mod.rs:19:26
[INFO] [stdout]    |
[INFO] [stdout] 19 |     BackendError(#[from] BackendError),
[INFO] [stdout]    |                          ^^^^^^^^^^^^ not found in this scope
[INFO] [stdout]    |
[INFO] [stdout] help: there is an enum variant `crate::Error::BackendError`; try using the variant's enum
[INFO] [stdout]    |
[INFO] [stdout] 19 |     BackendError(#[from] crate::Error),
[INFO] [stdout]    |                          ~~~~~~~~~~~~
[INFO] [stdout] help: you might be missing a type parameter
[INFO] [stdout]    |
[INFO] [stdout] 8  | #[derive(thiserror::Error<BackendError>, Debug)]
[INFO] [stdout]    |                          ++++++++++++++
[INFO] [stdout] 
[INFO] [stdout] 
[INFO] [stdout] error: aborting due to 4 previous errors
[INFO] [stdout] 
[INFO] [stdout] 
[INFO] [stdout] Some errors have detailed explanations: E0412, E0432.
[INFO] [stdout] 
[INFO] [stdout] For more information about an error, try `rustc --explain E0412`.
[INFO] [stdout] 
[INFO] [stderr] error: could not compile `wasi-nn-safe` (lib) due to 5 previous errors
[INFO] running `Command { std: "docker" "inspect" "97c5ab2967787f131295e9128694cd64bfe1eb1c030bf614c085be2d72fa6843", kill_on_drop: false }`
[INFO] running `Command { std: "docker" "rm" "-f" "97c5ab2967787f131295e9128694cd64bfe1eb1c030bf614c085be2d72fa6843", kill_on_drop: false }`
[INFO] [stdout] 97c5ab2967787f131295e9128694cd64bfe1eb1c030bf614c085be2d72fa6843
[INFO] testing wasi-nn-safe-0.1.0 against beta-2023-12-22 for beta-1.76-1
[INFO] extracting crate wasi-nn-safe 0.1.0 into /workspace/builds/worker-2-tc2/source
[INFO] validating manifest of crates.io crate wasi-nn-safe 0.1.0 on toolchain beta-2023-12-22
[INFO] running `Command { std: CARGO_HOME="/workspace/cargo-home" RUSTUP_HOME="/workspace/rustup-home" "/workspace/cargo-home/bin/cargo" "+beta-2023-12-22" "metadata" "--manifest-path" "Cargo.toml" "--no-deps", kill_on_drop: false }`
[INFO] removed /workspace/builds/worker-2-tc2/source/.cargo/config.toml
[INFO] started tweaking crates.io crate wasi-nn-safe 0.1.0
[INFO] finished tweaking crates.io crate wasi-nn-safe 0.1.0
[INFO] tweaked toml for crates.io crate wasi-nn-safe 0.1.0 written to /workspace/builds/worker-2-tc2/source/Cargo.toml
[INFO] running `Command { std: CARGO_HOME="/workspace/cargo-home" RUSTUP_HOME="/workspace/rustup-home" "/workspace/cargo-home/bin/cargo" "+beta-2023-12-22" "generate-lockfile" "--manifest-path" "Cargo.toml", kill_on_drop: false }`
[INFO] [stderr]     Updating crates.io index
[INFO] running `Command { std: CARGO_HOME="/workspace/cargo-home" RUSTUP_HOME="/workspace/rustup-home" "/workspace/cargo-home/bin/cargo" "+beta-2023-12-22" "fetch" "--manifest-path" "Cargo.toml", kill_on_drop: false }`
[INFO] running `Command { std: "docker" "create" "-v" "/var/lib/crater-agent-workspace/builds/worker-2-tc2/target:/opt/rustwide/target:rw,Z" "-v" "/var/lib/crater-agent-workspace/builds/worker-2-tc2/source:/opt/rustwide/workdir:ro,Z" "-v" "/var/lib/crater-agent-workspace/cargo-home:/opt/rustwide/cargo-home:ro,Z" "-v" "/var/lib/crater-agent-workspace/rustup-home:/opt/rustwide/rustup-home:ro,Z" "-e" "SOURCE_DIR=/opt/rustwide/workdir" "-e" "CARGO_TARGET_DIR=/opt/rustwide/target" "-e" "CARGO_HOME=/opt/rustwide/cargo-home" "-e" "RUSTUP_HOME=/opt/rustwide/rustup-home" "-w" "/opt/rustwide/workdir" "-m" "1610612736" "--user" "0:0" "--network" "none" "ghcr.io/rust-lang/crates-build-env/linux@sha256:2788e3201cd34a07e3172128adcd8b3090168a8e3bcc40d7c032b9dda1df7d1c" "/opt/rustwide/cargo-home/bin/cargo" "+beta-2023-12-22" "metadata" "--no-deps" "--format-version=1", kill_on_drop: false }`
[INFO] [stdout] c9286a26375481ed4dbf4a26d2f97849f55351844212e076454643b905a62b64
[INFO] running `Command { std: "docker" "start" "-a" "c9286a26375481ed4dbf4a26d2f97849f55351844212e076454643b905a62b64", kill_on_drop: false }`
[INFO] running `Command { std: "docker" "inspect" "c9286a26375481ed4dbf4a26d2f97849f55351844212e076454643b905a62b64", kill_on_drop: false }`
[INFO] running `Command { std: "docker" "rm" "-f" "c9286a26375481ed4dbf4a26d2f97849f55351844212e076454643b905a62b64", kill_on_drop: false }`
[INFO] [stdout] c9286a26375481ed4dbf4a26d2f97849f55351844212e076454643b905a62b64
[INFO] running `Command { std: "docker" "create" "-v" "/var/lib/crater-agent-workspace/builds/worker-2-tc2/target:/opt/rustwide/target:rw,Z" "-v" "/var/lib/crater-agent-workspace/builds/worker-2-tc2/source:/opt/rustwide/workdir:ro,Z" "-v" "/var/lib/crater-agent-workspace/cargo-home:/opt/rustwide/cargo-home:ro,Z" "-v" "/var/lib/crater-agent-workspace/rustup-home:/opt/rustwide/rustup-home:ro,Z" "-e" "SOURCE_DIR=/opt/rustwide/workdir" "-e" "CARGO_TARGET_DIR=/opt/rustwide/target" "-e" "CARGO_INCREMENTAL=0" "-e" "RUST_BACKTRACE=full" "-e" "RUSTFLAGS=--cap-lints=warn" "-e" "RUSTDOCFLAGS=--cap-lints=warn" "-e" "CARGO_HOME=/opt/rustwide/cargo-home" "-e" "RUSTUP_HOME=/opt/rustwide/rustup-home" "-w" "/opt/rustwide/workdir" "-m" "1610612736" "--user" "0:0" "--network" "none" "ghcr.io/rust-lang/crates-build-env/linux@sha256:2788e3201cd34a07e3172128adcd8b3090168a8e3bcc40d7c032b9dda1df7d1c" "/opt/rustwide/cargo-home/bin/cargo" "+beta-2023-12-22" "build" "--frozen" "--message-format=json", kill_on_drop: false }`
[INFO] [stdout] a4a76e062bdc96fb3cc9fd3da25c410d72afbe4134461c54e4206806893e5a1f
[INFO] running `Command { std: "docker" "start" "-a" "a4a76e062bdc96fb3cc9fd3da25c410d72afbe4134461c54e4206806893e5a1f", kill_on_drop: false }`
[INFO] [stderr]    Compiling wasi-nn-safe v0.1.0 (/opt/rustwide/workdir)
[INFO] [stdout] error[E0432]: unresolved import `syscall`
[INFO] [stdout]  --> src/syscall/mod.rs:7:16
[INFO] [stdout]   |
[INFO] [stdout] 7 | pub(crate) use syscall::{compute, get_output, init_execution_context, load, set_input};
[INFO] [stdout]   |                ^^^^^^^ help: a similar path exists: `crate::syscall`
[INFO] [stdout]   |
[INFO] [stdout]   = note: `use` statements changed in Rust 2018; read more at <https://doc.rust-lang.org/edition-guide/rust-2018/module-system/path-clarity.html>
[INFO] [stdout] 
[INFO] [stdout] 
[INFO] [stdout] error[E0432]: unresolved import `syscall`
[INFO] [stdout]  --> src/syscall/mod.rs:8:16
[INFO] [stdout]   |
[INFO] [stdout] 8 | pub(crate) use syscall::{GraphExecutionContextHandle, GraphHandle};
[INFO] [stdout]   |                ^^^^^^^ help: a similar path exists: `crate::syscall`
[INFO] [stdout]   |
[INFO] [stdout]   = note: `use` statements changed in Rust 2018; read more at <https://doc.rust-lang.org/edition-guide/rust-2018/module-system/path-clarity.html>
[INFO] [stdout] 
[INFO] [stdout] 
[INFO] [stdout] error[E0412]: cannot find type `BackendError` in this scope
[INFO] [stdout]   --> src/error/mod.rs:19:26
[INFO] [stdout]    |
[INFO] [stdout] 19 |     BackendError(#[from] BackendError),
[INFO] [stdout]    |                          ^^^^^^^^^^^^ not found in this scope
[INFO] [stdout]    |
[INFO] [stdout] help: there is an enum variant `crate::Error::BackendError`; try using the variant's enum
[INFO] [stdout]    |
[INFO] [stdout] 19 |     BackendError(#[from] crate::Error),
[INFO] [stdout]    |                          ~~~~~~~~~~~~
[INFO] [stdout] 
[INFO] [stdout] 
[INFO] [stdout] error[E0412]: cannot find type `BackendError` in this scope
[INFO] [stdout]   --> src/error/mod.rs:19:26
[INFO] [stdout]    |
[INFO] [stdout] 19 |     BackendError(#[from] BackendError),
[INFO] [stdout]    |                          ^^^^^^^^^^^^ not found in this scope
[INFO] [stdout]    |
[INFO] [stdout] help: there is an enum variant `crate::Error::BackendError`; try using the variant's enum
[INFO] [stdout]    |
[INFO] [stdout] 19 |     BackendError(#[from] crate::Error),
[INFO] [stdout]    |                          ~~~~~~~~~~~~
[INFO] [stdout] help: you might be missing a type parameter
[INFO] [stdout]    |
[INFO] [stdout] 8  | #[derive(thiserror::Error<BackendError>, Debug)]
[INFO] [stdout]    |                          ++++++++++++++
[INFO] [stdout] 
[INFO] [stdout] 
[INFO] [stdout] error: aborting due to 4 previous errors
[INFO] [stdout] 
[INFO] [stdout] 
[INFO] [stdout] Some errors have detailed explanations: E0412, E0432.
[INFO] [stdout] 
[INFO] [stdout] For more information about an error, try `rustc --explain E0412`.
[INFO] [stdout] 
[INFO] [stderr] error: could not compile `wasi-nn-safe` (lib) due to 5 previous errors
[INFO] running `Command { std: "docker" "inspect" "a4a76e062bdc96fb3cc9fd3da25c410d72afbe4134461c54e4206806893e5a1f", kill_on_drop: false }`
[INFO] running `Command { std: "docker" "rm" "-f" "a4a76e062bdc96fb3cc9fd3da25c410d72afbe4134461c54e4206806893e5a1f", kill_on_drop: false }`
[INFO] [stdout] a4a76e062bdc96fb3cc9fd3da25c410d72afbe4134461c54e4206806893e5a1f
