[INFO] fetching crate wasefire-store 0.2.2...
[INFO] testing wasefire-store-0.2.2 against 1.75.0 for beta-1.76-1
[INFO] extracting crate wasefire-store 0.2.2 into /workspace/builds/worker-4-tc1/source
[INFO] validating manifest of crates.io crate wasefire-store 0.2.2 on toolchain 1.75.0
[INFO] running `Command { std: CARGO_HOME="/workspace/cargo-home" RUSTUP_HOME="/workspace/rustup-home" "/workspace/cargo-home/bin/cargo" "+1.75.0" "metadata" "--manifest-path" "Cargo.toml" "--no-deps", kill_on_drop: false }`
[INFO] started tweaking crates.io crate wasefire-store 0.2.2
[INFO] finished tweaking crates.io crate wasefire-store 0.2.2
[INFO] tweaked toml for crates.io crate wasefire-store 0.2.2 written to /workspace/builds/worker-4-tc1/source/Cargo.toml
[INFO] running `Command { std: CARGO_HOME="/workspace/cargo-home" RUSTUP_HOME="/workspace/rustup-home" "/workspace/cargo-home/bin/cargo" "+1.75.0" "generate-lockfile" "--manifest-path" "Cargo.toml", kill_on_drop: false }`
[INFO] [stderr]     Updating crates.io index
[INFO] running `Command { std: CARGO_HOME="/workspace/cargo-home" RUSTUP_HOME="/workspace/rustup-home" "/workspace/cargo-home/bin/cargo" "+1.75.0" "fetch" "--manifest-path" "Cargo.toml", kill_on_drop: false }`
[INFO] running `Command { std: "docker" "create" "-v" "/var/lib/crater-agent-workspace/builds/worker-4-tc1/target:/opt/rustwide/target:rw,Z" "-v" "/var/lib/crater-agent-workspace/builds/worker-4-tc1/source:/opt/rustwide/workdir:ro,Z" "-v" "/var/lib/crater-agent-workspace/cargo-home:/opt/rustwide/cargo-home:ro,Z" "-v" "/var/lib/crater-agent-workspace/rustup-home:/opt/rustwide/rustup-home:ro,Z" "-e" "SOURCE_DIR=/opt/rustwide/workdir" "-e" "CARGO_TARGET_DIR=/opt/rustwide/target" "-e" "CARGO_HOME=/opt/rustwide/cargo-home" "-e" "RUSTUP_HOME=/opt/rustwide/rustup-home" "-w" "/opt/rustwide/workdir" "-m" "1610612736" "--user" "0:0" "--network" "none" "ghcr.io/rust-lang/crates-build-env/linux@sha256:2788e3201cd34a07e3172128adcd8b3090168a8e3bcc40d7c032b9dda1df7d1c" "/opt/rustwide/cargo-home/bin/cargo" "+1.75.0" "metadata" "--no-deps" "--format-version=1", kill_on_drop: false }`
[INFO] [stdout] c82a30550cc07dd1b8e39d6960b45f6a72455169b7bc51c55930e5310b77d367
[INFO] running `Command { std: "docker" "start" "-a" "c82a30550cc07dd1b8e39d6960b45f6a72455169b7bc51c55930e5310b77d367", kill_on_drop: false }`
[INFO] running `Command { std: "docker" "inspect" "c82a30550cc07dd1b8e39d6960b45f6a72455169b7bc51c55930e5310b77d367", kill_on_drop: false }`
[INFO] running `Command { std: "docker" "rm" "-f" "c82a30550cc07dd1b8e39d6960b45f6a72455169b7bc51c55930e5310b77d367", kill_on_drop: false }`
[INFO] [stdout] c82a30550cc07dd1b8e39d6960b45f6a72455169b7bc51c55930e5310b77d367
[INFO] running `Command { std: "docker" "create" "-v" "/var/lib/crater-agent-workspace/builds/worker-4-tc1/target:/opt/rustwide/target:rw,Z" "-v" "/var/lib/crater-agent-workspace/builds/worker-4-tc1/source:/opt/rustwide/workdir:ro,Z" "-v" "/var/lib/crater-agent-workspace/cargo-home:/opt/rustwide/cargo-home:ro,Z" "-v" "/var/lib/crater-agent-workspace/rustup-home:/opt/rustwide/rustup-home:ro,Z" "-e" "SOURCE_DIR=/opt/rustwide/workdir" "-e" "CARGO_TARGET_DIR=/opt/rustwide/target" "-e" "CARGO_INCREMENTAL=0" "-e" "RUST_BACKTRACE=full" "-e" "RUSTFLAGS=--cap-lints=warn" "-e" "RUSTDOCFLAGS=--cap-lints=warn" "-e" "CARGO_HOME=/opt/rustwide/cargo-home" "-e" "RUSTUP_HOME=/opt/rustwide/rustup-home" "-w" "/opt/rustwide/workdir" "-m" "1610612736" "--user" "0:0" "--network" "none" "ghcr.io/rust-lang/crates-build-env/linux@sha256:2788e3201cd34a07e3172128adcd8b3090168a8e3bcc40d7c032b9dda1df7d1c" "/opt/rustwide/cargo-home/bin/cargo" "+1.75.0" "build" "--frozen" "--message-format=json", kill_on_drop: false }`
[INFO] [stdout] 2ccc1e9af51b09950e2992b3db9bd49593ca08681f78f3152365995283b33ac6
[INFO] running `Command { std: "docker" "start" "-a" "2ccc1e9af51b09950e2992b3db9bd49593ca08681f78f3152365995283b33ac6", kill_on_drop: false }`
[INFO] [stderr]    Compiling wasefire-store v0.2.2 (/opt/rustwide/workdir)
[INFO] [stdout] error[E0432]: unresolved import `crate::Nat`
[INFO] [stdout]    --> src/format/bitfield.rs:20:13
[INFO] [stdout]     |
[INFO] [stdout] 20  | use crate::{Nat, StoreError, StoreResult};
[INFO] [stdout]     |             ^^^ no `Nat` in the root
[INFO] [stdout]     |
[INFO] [stdout] note: found an item that was configured out
[INFO] [stdout]    --> src/lib.rs:406:6
[INFO] [stdout]     |
[INFO] [stdout] 406 | type Nat = u32;
[INFO] [stdout]     |      ^^^
[INFO] [stdout] 
[INFO] [stdout] 
[INFO] [stdout] error[E0432]: unresolved import `crate::Nat`
[INFO] [stdout]    --> src/format.rs:28:27
[INFO] [stdout]     |
[INFO] [stdout] 28  | use crate::{usize_to_nat, Nat, Storage, StorageIndex, StoreError, StoreResult, StoreUpdate};
[INFO] [stdout]     |                           ^^^ no `Nat` in the root
[INFO] [stdout]     |
[INFO] [stdout] note: found an item that was configured out
[INFO] [stdout]    --> src/lib.rs:406:6
[INFO] [stdout]     |
[INFO] [stdout] 406 | type Nat = u32;
[INFO] [stdout]     |      ^^^
[INFO] [stdout] 
[INFO] [stdout] 
[INFO] [stdout] error[E0432]: unresolved import `crate::Nat`
[INFO] [stdout]    --> src/store.rs:32:27
[INFO] [stdout]     |
[INFO] [stdout] 32  | use crate::{usize_to_nat, Nat, Storage, StorageError, StorageIndex};
[INFO] [stdout]     |                           ^^^ no `Nat` in the root
[INFO] [stdout]     |
[INFO] [stdout] note: found an item that was configured out
[INFO] [stdout]    --> src/lib.rs:406:6
[INFO] [stdout]     |
[INFO] [stdout] 406 | type Nat = u32;
[INFO] [stdout]     |      ^^^
[INFO] [stdout] 
[INFO] [stdout] 
[INFO] [stdout] error[E0412]: cannot find type `Nat` in this scope
[INFO] [stdout]    --> src/lib.rs:413:30
[INFO] [stdout]     |
[INFO] [stdout] 413 | fn usize_to_nat(x: usize) -> Nat {
[INFO] [stdout]     |                              ^^^ not found in this scope
[INFO] [stdout] 
[INFO] [stdout] 
[INFO] [stdout] error[E0433]: failed to resolve: use of undeclared type `Nat`
[INFO] [stdout]    --> src/lib.rs:414:5
[INFO] [stdout]     |
[INFO] [stdout] 414 |     Nat::try_from(x).unwrap()
[INFO] [stdout]     |     ^^^ use of undeclared type `Nat`
[INFO] [stdout] 
[INFO] [stdout] 
[INFO] [stdout] error: aborting due to 5 previous errors
[INFO] [stdout] 
[INFO] [stdout] 
[INFO] [stdout] Some errors have detailed explanations: E0412, E0432, E0433.
[INFO] [stdout] 
[INFO] [stdout] For more information about an error, try `rustc --explain E0412`.
[INFO] [stdout] 
[INFO] [stderr] error: could not compile `wasefire-store` (lib) due to 6 previous errors
[INFO] running `Command { std: "docker" "inspect" "2ccc1e9af51b09950e2992b3db9bd49593ca08681f78f3152365995283b33ac6", kill_on_drop: false }`
[INFO] running `Command { std: "docker" "rm" "-f" "2ccc1e9af51b09950e2992b3db9bd49593ca08681f78f3152365995283b33ac6", kill_on_drop: false }`
[INFO] [stdout] 2ccc1e9af51b09950e2992b3db9bd49593ca08681f78f3152365995283b33ac6
[INFO] testing wasefire-store-0.2.2 against beta-2023-12-22 for beta-1.76-1
[INFO] extracting crate wasefire-store 0.2.2 into /workspace/builds/worker-4-tc2/source
[INFO] validating manifest of crates.io crate wasefire-store 0.2.2 on toolchain beta-2023-12-22
[INFO] running `Command { std: CARGO_HOME="/workspace/cargo-home" RUSTUP_HOME="/workspace/rustup-home" "/workspace/cargo-home/bin/cargo" "+beta-2023-12-22" "metadata" "--manifest-path" "Cargo.toml" "--no-deps", kill_on_drop: false }`
[INFO] started tweaking crates.io crate wasefire-store 0.2.2
[INFO] finished tweaking crates.io crate wasefire-store 0.2.2
[INFO] tweaked toml for crates.io crate wasefire-store 0.2.2 written to /workspace/builds/worker-4-tc2/source/Cargo.toml
[INFO] running `Command { std: CARGO_HOME="/workspace/cargo-home" RUSTUP_HOME="/workspace/rustup-home" "/workspace/cargo-home/bin/cargo" "+beta-2023-12-22" "generate-lockfile" "--manifest-path" "Cargo.toml", kill_on_drop: false }`
[INFO] [stderr]     Blocking waiting for file lock on package cache
[INFO] [stderr]     Updating crates.io index
[INFO] running `Command { std: CARGO_HOME="/workspace/cargo-home" RUSTUP_HOME="/workspace/rustup-home" "/workspace/cargo-home/bin/cargo" "+beta-2023-12-22" "fetch" "--manifest-path" "Cargo.toml", kill_on_drop: false }`
[INFO] [stderr]     Blocking waiting for file lock on package cache
[INFO] running `Command { std: "docker" "create" "-v" "/var/lib/crater-agent-workspace/builds/worker-4-tc2/target:/opt/rustwide/target:rw,Z" "-v" "/var/lib/crater-agent-workspace/builds/worker-4-tc2/source:/opt/rustwide/workdir:ro,Z" "-v" "/var/lib/crater-agent-workspace/cargo-home:/opt/rustwide/cargo-home:ro,Z" "-v" "/var/lib/crater-agent-workspace/rustup-home:/opt/rustwide/rustup-home:ro,Z" "-e" "SOURCE_DIR=/opt/rustwide/workdir" "-e" "CARGO_TARGET_DIR=/opt/rustwide/target" "-e" "CARGO_HOME=/opt/rustwide/cargo-home" "-e" "RUSTUP_HOME=/opt/rustwide/rustup-home" "-w" "/opt/rustwide/workdir" "-m" "1610612736" "--user" "0:0" "--network" "none" "ghcr.io/rust-lang/crates-build-env/linux@sha256:2788e3201cd34a07e3172128adcd8b3090168a8e3bcc40d7c032b9dda1df7d1c" "/opt/rustwide/cargo-home/bin/cargo" "+beta-2023-12-22" "metadata" "--no-deps" "--format-version=1", kill_on_drop: false }`
[INFO] [stdout] 54980c0f39aaaaf0fe1e768569ac9237dca999f2c2c9c0349b6cf101478b7c60
[INFO] running `Command { std: "docker" "start" "-a" "54980c0f39aaaaf0fe1e768569ac9237dca999f2c2c9c0349b6cf101478b7c60", kill_on_drop: false }`
[INFO] running `Command { std: "docker" "inspect" "54980c0f39aaaaf0fe1e768569ac9237dca999f2c2c9c0349b6cf101478b7c60", kill_on_drop: false }`
[INFO] running `Command { std: "docker" "rm" "-f" "54980c0f39aaaaf0fe1e768569ac9237dca999f2c2c9c0349b6cf101478b7c60", kill_on_drop: false }`
[INFO] [stdout] 54980c0f39aaaaf0fe1e768569ac9237dca999f2c2c9c0349b6cf101478b7c60
[INFO] running `Command { std: "docker" "create" "-v" "/var/lib/crater-agent-workspace/builds/worker-4-tc2/target:/opt/rustwide/target:rw,Z" "-v" "/var/lib/crater-agent-workspace/builds/worker-4-tc2/source:/opt/rustwide/workdir:ro,Z" "-v" "/var/lib/crater-agent-workspace/cargo-home:/opt/rustwide/cargo-home:ro,Z" "-v" "/var/lib/crater-agent-workspace/rustup-home:/opt/rustwide/rustup-home:ro,Z" "-e" "SOURCE_DIR=/opt/rustwide/workdir" "-e" "CARGO_TARGET_DIR=/opt/rustwide/target" "-e" "CARGO_INCREMENTAL=0" "-e" "RUST_BACKTRACE=full" "-e" "RUSTFLAGS=--cap-lints=warn" "-e" "RUSTDOCFLAGS=--cap-lints=warn" "-e" "CARGO_HOME=/opt/rustwide/cargo-home" "-e" "RUSTUP_HOME=/opt/rustwide/rustup-home" "-w" "/opt/rustwide/workdir" "-m" "1610612736" "--user" "0:0" "--network" "none" "ghcr.io/rust-lang/crates-build-env/linux@sha256:2788e3201cd34a07e3172128adcd8b3090168a8e3bcc40d7c032b9dda1df7d1c" "/opt/rustwide/cargo-home/bin/cargo" "+beta-2023-12-22" "build" "--frozen" "--message-format=json", kill_on_drop: false }`
[INFO] [stdout] 8559000f202ed488efa08f384aa6a7a4b2fd38059ddaf1b4564afeb59856e480
[INFO] running `Command { std: "docker" "start" "-a" "8559000f202ed488efa08f384aa6a7a4b2fd38059ddaf1b4564afeb59856e480", kill_on_drop: false }`
[INFO] [stderr]    Compiling wasefire-store v0.2.2 (/opt/rustwide/workdir)
[INFO] [stdout] error[E0432]: unresolved import `crate::Nat`
[INFO] [stdout]    --> src/format/bitfield.rs:20:13
[INFO] [stdout]     |
[INFO] [stdout] 20  | use crate::{Nat, StoreError, StoreResult};
[INFO] [stdout]     |             ^^^ no `Nat` in the root
[INFO] [stdout]     |
[INFO] [stdout] note: found an item that was configured out
[INFO] [stdout]    --> src/lib.rs:406:6
[INFO] [stdout]     |
[INFO] [stdout] 406 | type Nat = u32;
[INFO] [stdout]     |      ^^^
[INFO] [stdout] 
[INFO] [stdout] 
[INFO] [stdout] error[E0432]: unresolved import `crate::Nat`
[INFO] [stdout]    --> src/format.rs:28:27
[INFO] [stdout]     |
[INFO] [stdout] 28  | use crate::{usize_to_nat, Nat, Storage, StorageIndex, StoreError, StoreResult, StoreUpdate};
[INFO] [stdout]     |                           ^^^ no `Nat` in the root
[INFO] [stdout]     |
[INFO] [stdout] note: found an item that was configured out
[INFO] [stdout]    --> src/lib.rs:406:6
[INFO] [stdout]     |
[INFO] [stdout] 406 | type Nat = u32;
[INFO] [stdout]     |      ^^^
[INFO] [stdout] 
[INFO] [stdout] 
[INFO] [stdout] error[E0432]: unresolved import `crate::Nat`
[INFO] [stdout]    --> src/store.rs:32:27
[INFO] [stdout]     |
[INFO] [stdout] 32  | use crate::{usize_to_nat, Nat, Storage, StorageError, StorageIndex};
[INFO] [stdout]     |                           ^^^ no `Nat` in the root
[INFO] [stdout]     |
[INFO] [stdout] note: found an item that was configured out
[INFO] [stdout]    --> src/lib.rs:406:6
[INFO] [stdout]     |
[INFO] [stdout] 406 | type Nat = u32;
[INFO] [stdout]     |      ^^^
[INFO] [stdout] 
[INFO] [stdout] 
[INFO] [stdout] error[E0412]: cannot find type `Nat` in this scope
[INFO] [stdout]    --> src/lib.rs:413:30
[INFO] [stdout]     |
[INFO] [stdout] 413 | fn usize_to_nat(x: usize) -> Nat {
[INFO] [stdout]     |                              ^^^ not found in this scope
[INFO] [stdout] 
[INFO] [stdout] 
[INFO] [stdout] error[E0433]: failed to resolve: use of undeclared type `Nat`
[INFO] [stdout]    --> src/lib.rs:414:5
[INFO] [stdout]     |
[INFO] [stdout] 414 |     Nat::try_from(x).unwrap()
[INFO] [stdout]     |     ^^^ use of undeclared type `Nat`
[INFO] [stdout] 
[INFO] [stdout] 
[INFO] [stdout] error: aborting due to 5 previous errors
[INFO] [stdout] 
[INFO] [stdout] 
[INFO] [stdout] Some errors have detailed explanations: E0412, E0432, E0433.
[INFO] [stdout] 
[INFO] [stdout] For more information about an error, try `rustc --explain E0412`.
[INFO] [stdout] 
[INFO] [stderr] error: could not compile `wasefire-store` (lib) due to 6 previous errors
[INFO] running `Command { std: "docker" "inspect" "8559000f202ed488efa08f384aa6a7a4b2fd38059ddaf1b4564afeb59856e480", kill_on_drop: false }`
[INFO] running `Command { std: "docker" "rm" "-f" "8559000f202ed488efa08f384aa6a7a4b2fd38059ddaf1b4564afeb59856e480", kill_on_drop: false }`
[INFO] [stdout] 8559000f202ed488efa08f384aa6a7a4b2fd38059ddaf1b4564afeb59856e480
