[INFO] fetching crate wasefire-scheduler 0.2.2...
[INFO] testing wasefire-scheduler-0.2.2 against 1.75.0 for beta-1.76-1
[INFO] extracting crate wasefire-scheduler 0.2.2 into /workspace/builds/worker-1-tc1/source
[INFO] validating manifest of crates.io crate wasefire-scheduler 0.2.2 on toolchain 1.75.0
[INFO] running `Command { std: CARGO_HOME="/workspace/cargo-home" RUSTUP_HOME="/workspace/rustup-home" "/workspace/cargo-home/bin/cargo" "+1.75.0" "metadata" "--manifest-path" "Cargo.toml" "--no-deps", kill_on_drop: false }`
[INFO] started tweaking crates.io crate wasefire-scheduler 0.2.2
[INFO] finished tweaking crates.io crate wasefire-scheduler 0.2.2
[INFO] tweaked toml for crates.io crate wasefire-scheduler 0.2.2 written to /workspace/builds/worker-1-tc1/source/Cargo.toml
[INFO] running `Command { std: CARGO_HOME="/workspace/cargo-home" RUSTUP_HOME="/workspace/rustup-home" "/workspace/cargo-home/bin/cargo" "+1.75.0" "generate-lockfile" "--manifest-path" "Cargo.toml", kill_on_drop: false }`
[INFO] [stderr]     Updating crates.io index
[INFO] running `Command { std: CARGO_HOME="/workspace/cargo-home" RUSTUP_HOME="/workspace/rustup-home" "/workspace/cargo-home/bin/cargo" "+1.75.0" "fetch" "--manifest-path" "Cargo.toml", kill_on_drop: false }`
[INFO] [stderr]  Downloading crates ...
[INFO] [stderr]   Downloaded wasefire-applet-api-macro v0.5.0
[INFO] [stderr]   Downloaded usbd-serial v0.1.1
[INFO] [stderr]   Downloaded wasefire-board-api v0.5.0
[INFO] [stderr]   Downloaded wasefire-applet-api v0.5.0
[INFO] [stderr]   Downloaded wasefire-store v0.2.2
[INFO] [stderr]   Downloaded wasefire-interpreter v0.1.4
[INFO] [stderr]   Downloaded wasefire-applet-api-desc v0.1.5
[INFO] [stderr]   Downloaded wasefire-logger v0.1.3
[INFO] running `Command { std: "docker" "create" "-v" "/var/lib/crater-agent-workspace/builds/worker-1-tc1/target:/opt/rustwide/target:rw,Z" "-v" "/var/lib/crater-agent-workspace/builds/worker-1-tc1/source:/opt/rustwide/workdir:ro,Z" "-v" "/var/lib/crater-agent-workspace/cargo-home:/opt/rustwide/cargo-home:ro,Z" "-v" "/var/lib/crater-agent-workspace/rustup-home:/opt/rustwide/rustup-home:ro,Z" "-e" "SOURCE_DIR=/opt/rustwide/workdir" "-e" "CARGO_TARGET_DIR=/opt/rustwide/target" "-e" "CARGO_HOME=/opt/rustwide/cargo-home" "-e" "RUSTUP_HOME=/opt/rustwide/rustup-home" "-w" "/opt/rustwide/workdir" "-m" "1610612736" "--user" "0:0" "--network" "none" "ghcr.io/rust-lang/crates-build-env/linux@sha256:2788e3201cd34a07e3172128adcd8b3090168a8e3bcc40d7c032b9dda1df7d1c" "/opt/rustwide/cargo-home/bin/cargo" "+1.75.0" "metadata" "--no-deps" "--format-version=1", kill_on_drop: false }`
[INFO] [stdout] 6c42f332aa42a9ae0d10ecf4b4dde4eab49cfd1e9d3cb1976382ac7bf3aa1053
[INFO] running `Command { std: "docker" "start" "-a" "6c42f332aa42a9ae0d10ecf4b4dde4eab49cfd1e9d3cb1976382ac7bf3aa1053", kill_on_drop: false }`
[INFO] running `Command { std: "docker" "inspect" "6c42f332aa42a9ae0d10ecf4b4dde4eab49cfd1e9d3cb1976382ac7bf3aa1053", kill_on_drop: false }`
[INFO] running `Command { std: "docker" "rm" "-f" "6c42f332aa42a9ae0d10ecf4b4dde4eab49cfd1e9d3cb1976382ac7bf3aa1053", kill_on_drop: false }`
[INFO] [stdout] 6c42f332aa42a9ae0d10ecf4b4dde4eab49cfd1e9d3cb1976382ac7bf3aa1053
[INFO] running `Command { std: "docker" "create" "-v" "/var/lib/crater-agent-workspace/builds/worker-1-tc1/target:/opt/rustwide/target:rw,Z" "-v" "/var/lib/crater-agent-workspace/builds/worker-1-tc1/source:/opt/rustwide/workdir:ro,Z" "-v" "/var/lib/crater-agent-workspace/cargo-home:/opt/rustwide/cargo-home:ro,Z" "-v" "/var/lib/crater-agent-workspace/rustup-home:/opt/rustwide/rustup-home:ro,Z" "-e" "SOURCE_DIR=/opt/rustwide/workdir" "-e" "CARGO_TARGET_DIR=/opt/rustwide/target" "-e" "CARGO_INCREMENTAL=0" "-e" "RUST_BACKTRACE=full" "-e" "RUSTFLAGS=--cap-lints=warn" "-e" "RUSTDOCFLAGS=--cap-lints=warn" "-e" "CARGO_HOME=/opt/rustwide/cargo-home" "-e" "RUSTUP_HOME=/opt/rustwide/rustup-home" "-w" "/opt/rustwide/workdir" "-m" "1610612736" "--user" "0:0" "--network" "none" "ghcr.io/rust-lang/crates-build-env/linux@sha256:2788e3201cd34a07e3172128adcd8b3090168a8e3bcc40d7c032b9dda1df7d1c" "/opt/rustwide/cargo-home/bin/cargo" "+1.75.0" "build" "--frozen" "--message-format=json", kill_on_drop: false }`
[INFO] [stdout] 977b21c0ca3495a5661b8e31093bd343ff9dcdb66c61b2afe197536d9c250bcf
[INFO] running `Command { std: "docker" "start" "-a" "977b21c0ca3495a5661b8e31093bd343ff9dcdb66c61b2afe197536d9c250bcf", kill_on_drop: false }`
[INFO] [stderr]    Compiling syn v1.0.109
[INFO] [stderr]    Compiling clap_lex v0.6.0
[INFO] [stderr]    Compiling data-encoding v2.5.0
[INFO] [stderr]    Compiling anyhow v1.0.79
[INFO] [stderr]    Compiling anstyle v1.0.4
[INFO] [stderr]    Compiling syn v2.0.48
[INFO] [stderr]    Compiling nb v1.1.0
[INFO] [stderr]    Compiling portable-atomic v1.6.0
[INFO] [stderr]    Compiling nb v0.1.3
[INFO] [stderr]    Compiling void v1.0.2
[INFO] [stderr]    Compiling clap_builder v4.4.12
[INFO] [stderr]    Compiling embedded-hal v0.2.7
[INFO] [stderr]    Compiling usb-device v0.2.9
[INFO] [stderr]    Compiling digest v0.10.7
[INFO] [stderr]    Compiling wasefire-store v0.2.2
[INFO] [stdout] error[E0432]: unresolved import `crate::Nat`
[INFO] [stdout]    --> /opt/rustwide/cargo-home/registry/src/index.crates.io-6f17d22bba15001f/wasefire-store-0.2.2/src/format/bitfield.rs:20:13
[INFO] [stdout]     |
[INFO] [stdout] 20  | use crate::{Nat, StoreError, StoreResult};
[INFO] [stdout]     |             ^^^ no `Nat` in the root
[INFO] [stdout]     |
[INFO] [stdout] note: found an item that was configured out
[INFO] [stdout]    --> /opt/rustwide/cargo-home/registry/src/index.crates.io-6f17d22bba15001f/wasefire-store-0.2.2/src/lib.rs:406:6
[INFO] [stdout]     |
[INFO] [stdout] 406 | type Nat = u32;
[INFO] [stdout]     |      ^^^
[INFO] [stdout] 
[INFO] [stdout] 
[INFO] [stdout] error[E0432]: unresolved import `crate::Nat`
[INFO] [stdout]    --> /opt/rustwide/cargo-home/registry/src/index.crates.io-6f17d22bba15001f/wasefire-store-0.2.2/src/format.rs:28:27
[INFO] [stdout]     |
[INFO] [stdout] 28  | use crate::{usize_to_nat, Nat, Storage, StorageIndex, StoreError, StoreResult, StoreUpdate};
[INFO] [stdout]     |                           ^^^ no `Nat` in the root
[INFO] [stdout]     |
[INFO] [stdout] note: found an item that was configured out
[INFO] [stdout]    --> /opt/rustwide/cargo-home/registry/src/index.crates.io-6f17d22bba15001f/wasefire-store-0.2.2/src/lib.rs:406:6
[INFO] [stdout]     |
[INFO] [stdout] 406 | type Nat = u32;
[INFO] [stdout]     |      ^^^
[INFO] [stdout] 
[INFO] [stdout] 
[INFO] [stdout] error[E0432]: unresolved import `crate::Nat`
[INFO] [stdout]    --> /opt/rustwide/cargo-home/registry/src/index.crates.io-6f17d22bba15001f/wasefire-store-0.2.2/src/store.rs:32:27
[INFO] [stdout]     |
[INFO] [stdout] 32  | use crate::{usize_to_nat, Nat, Storage, StorageError, StorageIndex};
[INFO] [stdout]     |                           ^^^ no `Nat` in the root
[INFO] [stdout]     |
[INFO] [stdout] note: found an item that was configured out
[INFO] [stdout]    --> /opt/rustwide/cargo-home/registry/src/index.crates.io-6f17d22bba15001f/wasefire-store-0.2.2/src/lib.rs:406:6
[INFO] [stdout]     |
[INFO] [stdout] 406 | type Nat = u32;
[INFO] [stdout]     |      ^^^
[INFO] [stdout] 
[INFO] [stdout] 
[INFO] [stdout] error[E0412]: cannot find type `Nat` in this scope
[INFO] [stdout]    --> /opt/rustwide/cargo-home/registry/src/index.crates.io-6f17d22bba15001f/wasefire-store-0.2.2/src/lib.rs:413:30
[INFO] [stdout]     |
[INFO] [stdout] 413 | fn usize_to_nat(x: usize) -> Nat {
[INFO] [stdout]     |                              ^^^ not found in this scope
[INFO] [stdout] 
[INFO] [stdout] 
[INFO] [stderr]    Compiling usbd-serial v0.1.1
[INFO] [stdout] error[E0433]: failed to resolve: use of undeclared type `Nat`
[INFO] [stdout]    --> /opt/rustwide/cargo-home/registry/src/index.crates.io-6f17d22bba15001f/wasefire-store-0.2.2/src/lib.rs:414:5
[INFO] [stdout]     |
[INFO] [stdout] 414 |     Nat::try_from(x).unwrap()
[INFO] [stdout]     |     ^^^ use of undeclared type `Nat`
[INFO] [stdout] 
[INFO] [stdout] 
[INFO] [stdout] error: aborting due to 5 previous errors
[INFO] [stdout] 
[INFO] [stdout] 
[INFO] [stdout] Some errors have detailed explanations: E0412, E0432, E0433.
[INFO] [stdout] 
[INFO] [stdout] For more information about an error, try `rustc --explain E0412`.
[INFO] [stdout] 
[INFO] [stderr] error: could not compile `wasefire-store` (lib) due to 6 previous errors
[INFO] [stderr] warning: build failed, waiting for other jobs to finish...
[INFO] running `Command { std: "docker" "inspect" "977b21c0ca3495a5661b8e31093bd343ff9dcdb66c61b2afe197536d9c250bcf", kill_on_drop: false }`
[INFO] running `Command { std: "docker" "rm" "-f" "977b21c0ca3495a5661b8e31093bd343ff9dcdb66c61b2afe197536d9c250bcf", kill_on_drop: false }`
[INFO] [stdout] 977b21c0ca3495a5661b8e31093bd343ff9dcdb66c61b2afe197536d9c250bcf
