[INFO] fetching crate warped-sampling 0.1.0...
[INFO] testing warped-sampling-0.1.0 against 1.75.0 for beta-1.76-1
[INFO] extracting crate warped-sampling 0.1.0 into /workspace/builds/worker-2-tc1/source
[INFO] validating manifest of crates.io crate warped-sampling 0.1.0 on toolchain 1.75.0
[INFO] running `Command { std: CARGO_HOME="/workspace/cargo-home" RUSTUP_HOME="/workspace/rustup-home" "/workspace/cargo-home/bin/cargo" "+1.75.0" "metadata" "--manifest-path" "Cargo.toml" "--no-deps", kill_on_drop: false }`
[INFO] started tweaking crates.io crate warped-sampling 0.1.0
[INFO] finished tweaking crates.io crate warped-sampling 0.1.0
[INFO] tweaked toml for crates.io crate warped-sampling 0.1.0 written to /workspace/builds/worker-2-tc1/source/Cargo.toml
[INFO] running `Command { std: CARGO_HOME="/workspace/cargo-home" RUSTUP_HOME="/workspace/rustup-home" "/workspace/cargo-home/bin/cargo" "+1.75.0" "generate-lockfile" "--manifest-path" "Cargo.toml", kill_on_drop: false }`
[INFO] [stderr]     Updating crates.io index
[INFO] running `Command { std: CARGO_HOME="/workspace/cargo-home" RUSTUP_HOME="/workspace/rustup-home" "/workspace/cargo-home/bin/cargo" "+1.75.0" "fetch" "--manifest-path" "Cargo.toml", kill_on_drop: false }`
[INFO] [stderr]  Downloading crates ...
[INFO] [stderr]   Downloaded minifb v0.11.2
[INFO] [stderr]   Downloaded x11-dl v2.14.0
[INFO] [stderr]   Downloaded imageproc v0.18.0
[INFO] [stderr]   Downloaded halton v0.1.0
[INFO] running `Command { std: "docker" "create" "-v" "/var/lib/crater-agent-workspace/builds/worker-2-tc1/target:/opt/rustwide/target:rw,Z" "-v" "/var/lib/crater-agent-workspace/builds/worker-2-tc1/source:/opt/rustwide/workdir:ro,Z" "-v" "/var/lib/crater-agent-workspace/cargo-home:/opt/rustwide/cargo-home:ro,Z" "-v" "/var/lib/crater-agent-workspace/rustup-home:/opt/rustwide/rustup-home:ro,Z" "-e" "SOURCE_DIR=/opt/rustwide/workdir" "-e" "CARGO_TARGET_DIR=/opt/rustwide/target" "-e" "CARGO_HOME=/opt/rustwide/cargo-home" "-e" "RUSTUP_HOME=/opt/rustwide/rustup-home" "-w" "/opt/rustwide/workdir" "-m" "1610612736" "--user" "0:0" "--network" "none" "ghcr.io/rust-lang/crates-build-env/linux@sha256:2788e3201cd34a07e3172128adcd8b3090168a8e3bcc40d7c032b9dda1df7d1c" "/opt/rustwide/cargo-home/bin/cargo" "+1.75.0" "metadata" "--no-deps" "--format-version=1", kill_on_drop: false }`
[INFO] [stdout] d5a5186d221b203b525e4d30d8e8939ed0404430ec6e46565295f1e8e5f1a94f
[INFO] running `Command { std: "docker" "start" "-a" "d5a5186d221b203b525e4d30d8e8939ed0404430ec6e46565295f1e8e5f1a94f", kill_on_drop: false }`
[INFO] running `Command { std: "docker" "inspect" "d5a5186d221b203b525e4d30d8e8939ed0404430ec6e46565295f1e8e5f1a94f", kill_on_drop: false }`
[INFO] running `Command { std: "docker" "rm" "-f" "d5a5186d221b203b525e4d30d8e8939ed0404430ec6e46565295f1e8e5f1a94f", kill_on_drop: false }`
[INFO] [stdout] d5a5186d221b203b525e4d30d8e8939ed0404430ec6e46565295f1e8e5f1a94f
[INFO] running `Command { std: "docker" "create" "-v" "/var/lib/crater-agent-workspace/builds/worker-2-tc1/target:/opt/rustwide/target:rw,Z" "-v" "/var/lib/crater-agent-workspace/builds/worker-2-tc1/source:/opt/rustwide/workdir:ro,Z" "-v" "/var/lib/crater-agent-workspace/cargo-home:/opt/rustwide/cargo-home:ro,Z" "-v" "/var/lib/crater-agent-workspace/rustup-home:/opt/rustwide/rustup-home:ro,Z" "-e" "SOURCE_DIR=/opt/rustwide/workdir" "-e" "CARGO_TARGET_DIR=/opt/rustwide/target" "-e" "CARGO_INCREMENTAL=0" "-e" "RUST_BACKTRACE=full" "-e" "RUSTFLAGS=--cap-lints=warn" "-e" "RUSTDOCFLAGS=--cap-lints=warn" "-e" "CARGO_HOME=/opt/rustwide/cargo-home" "-e" "RUSTUP_HOME=/opt/rustwide/rustup-home" "-w" "/opt/rustwide/workdir" "-m" "1610612736" "--user" "0:0" "--network" "none" "ghcr.io/rust-lang/crates-build-env/linux@sha256:2788e3201cd34a07e3172128adcd8b3090168a8e3bcc40d7c032b9dda1df7d1c" "/opt/rustwide/cargo-home/bin/cargo" "+1.75.0" "build" "--frozen" "--message-format=json", kill_on_drop: false }`
[INFO] [stdout] de67cf95f3b546f4182c07a919b2c3dcb4446c98fe20f4b6618c1ee6a1bb4183
[INFO] running `Command { std: "docker" "start" "-a" "de67cf95f3b546f4182c07a919b2c3dcb4446c98fe20f4b6618c1ee6a1bb4183", kill_on_drop: false }`
[INFO] [stderr]    Compiling warped-sampling v0.1.0 (/opt/rustwide/workdir)
[INFO] [stderr]     Finished dev [unoptimized + debuginfo] target(s) in 0.15s
[INFO] running `Command { std: "docker" "inspect" "de67cf95f3b546f4182c07a919b2c3dcb4446c98fe20f4b6618c1ee6a1bb4183", kill_on_drop: false }`
[INFO] running `Command { std: "docker" "rm" "-f" "de67cf95f3b546f4182c07a919b2c3dcb4446c98fe20f4b6618c1ee6a1bb4183", kill_on_drop: false }`
[INFO] [stdout] de67cf95f3b546f4182c07a919b2c3dcb4446c98fe20f4b6618c1ee6a1bb4183
[INFO] running `Command { std: "docker" "create" "-v" "/var/lib/crater-agent-workspace/builds/worker-2-tc1/target:/opt/rustwide/target:rw,Z" "-v" "/var/lib/crater-agent-workspace/builds/worker-2-tc1/source:/opt/rustwide/workdir:ro,Z" "-v" "/var/lib/crater-agent-workspace/cargo-home:/opt/rustwide/cargo-home:ro,Z" "-v" "/var/lib/crater-agent-workspace/rustup-home:/opt/rustwide/rustup-home:ro,Z" "-e" "SOURCE_DIR=/opt/rustwide/workdir" "-e" "CARGO_TARGET_DIR=/opt/rustwide/target" "-e" "CARGO_INCREMENTAL=0" "-e" "RUST_BACKTRACE=full" "-e" "RUSTFLAGS=--cap-lints=warn" "-e" "RUSTDOCFLAGS=--cap-lints=warn" "-e" "CARGO_HOME=/opt/rustwide/cargo-home" "-e" "RUSTUP_HOME=/opt/rustwide/rustup-home" "-w" "/opt/rustwide/workdir" "-m" "1610612736" "--user" "0:0" "--network" "none" "ghcr.io/rust-lang/crates-build-env/linux@sha256:2788e3201cd34a07e3172128adcd8b3090168a8e3bcc40d7c032b9dda1df7d1c" "/opt/rustwide/cargo-home/bin/cargo" "+1.75.0" "test" "--frozen" "--no-run" "--message-format=json", kill_on_drop: false }`
[INFO] [stdout] 66eb9f1dd0b4f79063b621c6bd331e37998f3f27ba0e20f43fae8868c975a464
[INFO] running `Command { std: "docker" "start" "-a" "66eb9f1dd0b4f79063b621c6bd331e37998f3f27ba0e20f43fae8868c975a464", kill_on_drop: false }`
[INFO] [stderr]    Compiling autocfg v1.1.0
[INFO] [stderr]    Compiling libc v0.2.151
[INFO] [stderr]    Compiling rand_core v0.4.2
[INFO] [stderr]    Compiling crossbeam-utils v0.8.18
[INFO] [stderr]    Compiling byteorder v1.5.0
[INFO] [stderr]    Compiling proc-macro2 v0.4.30
[INFO] [stderr]    Compiling cfg-if v1.0.0
[INFO] [stderr]    Compiling unicode-xid v0.1.0
[INFO] [stderr]    Compiling syn v0.15.44
[INFO] [stderr]    Compiling rayon-core v1.12.0
[INFO] [stderr]    Compiling either v1.9.0
[INFO] [stderr]    Compiling adler32 v1.2.0
[INFO] [stderr]    Compiling num-derive v0.2.5
[INFO] [stderr]    Compiling lzw v0.10.0
[INFO] [stderr]    Compiling pkg-config v0.3.28
[INFO] [stderr]    Compiling color_quant v1.1.0
[INFO] [stderr]    Compiling bitflags v1.3.2
[INFO] [stderr]    Compiling inflate v0.4.5
[INFO] [stderr]    Compiling lazy_static v0.2.11
[INFO] [stderr]    Compiling custom_derive v0.1.7
[INFO] [stderr]    Compiling rand_core v0.3.1
[INFO] [stderr]    Compiling autocfg v0.1.8
[INFO] [stderr]    Compiling gif v0.10.3
[INFO] [stderr]    Compiling rand_hc v0.1.0
[INFO] [stderr]    Compiling rand_isaac v0.1.1
[INFO] [stderr]    Compiling stb_truetype v0.3.1
[INFO] [stderr]    Compiling deflate v0.7.20
[INFO] [stderr]    Compiling rand_xorshift v0.1.1
[INFO] [stderr]    Compiling rand_jitter v0.1.4
[INFO] [stderr]    Compiling scoped_threadpool v0.1.9
[INFO] [stderr]    Compiling conv v0.3.3
[INFO] [stderr]    Compiling num-traits v0.2.17
[INFO] [stderr]    Compiling num-integer v0.1.45
[INFO] [stderr]    Compiling num-bigint v0.2.6
[INFO] [stderr]    Compiling num-iter v0.1.43
[INFO] [stderr]    Compiling num-rational v0.2.4
[INFO] [stderr]    Compiling rand_pcg v0.1.2
[INFO] [stderr]    Compiling rand_chacha v0.1.1
[INFO] [stderr]    Compiling num-complex v0.2.4
[INFO] [stderr]    Compiling x11-dl v2.14.0
[INFO] [stderr]    Compiling rand v0.6.5
[INFO] [stderr]    Compiling itertools v0.7.11
[INFO] [stderr]    Compiling halton v0.1.0
[INFO] [stderr]    Compiling quote v0.6.13
[INFO] [stderr]    Compiling crossbeam-epoch v0.9.17
[INFO] [stderr]    Compiling cc v1.0.83
[INFO] [stderr]    Compiling rand_os v0.1.3
[INFO] [stderr]    Compiling time v0.1.45
[INFO] [stderr]    Compiling crossbeam-deque v0.8.4
[INFO] [stderr]    Compiling rayon v1.8.0
[INFO] [stderr]    Compiling ordered-float v1.1.1
[INFO] [stderr]    Compiling approx v0.3.2
[INFO] [stderr]    Compiling rusttype v0.8.3
[INFO] [stderr]    Compiling minifb v0.11.2
[INFO] [stderr]    Compiling png v0.14.1
[INFO] [stderr]    Compiling rusttype v0.7.9
[INFO] [stderr]    Compiling num v0.2.1
[INFO] [stderr]    Compiling jpeg-decoder v0.1.22
[INFO] [stderr]    Compiling tiff v0.2.2
[INFO] [stderr]    Compiling image v0.21.3
[INFO] [stderr]    Compiling imageproc v0.18.0
[INFO] [stdout] error[E0034]: multiple applicable items in scope
[INFO] [stdout]    --> /opt/rustwide/cargo-home/registry/src/index.crates.io-6f17d22bba15001f/imageproc-0.18.0/src/hog.rs:440:33
[INFO] [stdout]     |
[INFO] [stdout] 440 |             let intensity = u8::clamp(hist[bucket]);
[INFO] [stdout]     |                                 ^^^^^ multiple `clamp` found
[INFO] [stdout]     |
[INFO] [stdout]     = note: candidate #1 is defined in an impl of the trait `Ord` for the type `u8`
[INFO] [stdout] note: candidate #2 is defined in the trait `Clamp`
[INFO] [stdout]    --> /opt/rustwide/cargo-home/registry/src/index.crates.io-6f17d22bba15001f/imageproc-0.18.0/src/definitions.rs:68:5
[INFO] [stdout]     |
[INFO] [stdout] 68  |     fn clamp(x: T) -> Self;
[INFO] [stdout]     |     ^^^^^^^^^^^^^^^^^^^^^^^
[INFO] [stdout] help: use fully-qualified syntax to disambiguate
[INFO] [stdout]     |
[INFO] [stdout] 440 |             let intensity = <u8 as Clamp>::clamp(hist[bucket]);
[INFO] [stdout]     |                             ~~~~~~~~~~~~~~~
[INFO] [stdout] 440 |             let intensity = Ord::clamp(hist[bucket]);
[INFO] [stdout]     |                             ~~~~~
[INFO] [stdout] 
[INFO] [stdout] 
[INFO] [stdout] error[E0034]: multiple applicable items in scope
[INFO] [stdout]    --> /opt/rustwide/cargo-home/registry/src/index.crates.io-6f17d22bba15001f/imageproc-0.18.0/src/hog.rs:444:33
[INFO] [stdout]     |
[INFO] [stdout] 444 |             let intensity = u8::clamp(hist[bucket]);
[INFO] [stdout]     |                                 ^^^^^ multiple `clamp` found
[INFO] [stdout]     |
[INFO] [stdout]     = note: candidate #1 is defined in an impl of the trait `Ord` for the type `u8`
[INFO] [stdout] note: candidate #2 is defined in the trait `Clamp`
[INFO] [stdout]    --> /opt/rustwide/cargo-home/registry/src/index.crates.io-6f17d22bba15001f/imageproc-0.18.0/src/definitions.rs:68:5
[INFO] [stdout]     |
[INFO] [stdout] 68  |     fn clamp(x: T) -> Self;
[INFO] [stdout]     |     ^^^^^^^^^^^^^^^^^^^^^^^
[INFO] [stdout] help: use fully-qualified syntax to disambiguate
[INFO] [stdout]     |
[INFO] [stdout] 444 |             let intensity = <u8 as Clamp>::clamp(hist[bucket]);
[INFO] [stdout]     |                             ~~~~~~~~~~~~~~~
[INFO] [stdout] 444 |             let intensity = Ord::clamp(hist[bucket]);
[INFO] [stdout]     |                             ~~~~~
[INFO] [stdout] 
[INFO] [stdout] 
[INFO] [stdout] error: aborting due to 2 previous errors
[INFO] [stdout] 
[INFO] [stdout] 
[INFO] [stdout] For more information about this error, try `rustc --explain E0034`.
[INFO] [stdout] 
[INFO] [stderr] error: could not compile `imageproc` (lib) due to 3 previous errors
[INFO] [stderr] warning: build failed, waiting for other jobs to finish...
[INFO] running `Command { std: "docker" "inspect" "66eb9f1dd0b4f79063b621c6bd331e37998f3f27ba0e20f43fae8868c975a464", kill_on_drop: false }`
[INFO] running `Command { std: "docker" "rm" "-f" "66eb9f1dd0b4f79063b621c6bd331e37998f3f27ba0e20f43fae8868c975a464", kill_on_drop: false }`
[INFO] [stdout] 66eb9f1dd0b4f79063b621c6bd331e37998f3f27ba0e20f43fae8868c975a464
[INFO] testing warped-sampling-0.1.0 against beta-2023-12-22 for beta-1.76-1
[INFO] extracting crate warped-sampling 0.1.0 into /workspace/builds/worker-2-tc2/source
[INFO] validating manifest of crates.io crate warped-sampling 0.1.0 on toolchain beta-2023-12-22
[INFO] running `Command { std: CARGO_HOME="/workspace/cargo-home" RUSTUP_HOME="/workspace/rustup-home" "/workspace/cargo-home/bin/cargo" "+beta-2023-12-22" "metadata" "--manifest-path" "Cargo.toml" "--no-deps", kill_on_drop: false }`
[INFO] started tweaking crates.io crate warped-sampling 0.1.0
[INFO] finished tweaking crates.io crate warped-sampling 0.1.0
[INFO] tweaked toml for crates.io crate warped-sampling 0.1.0 written to /workspace/builds/worker-2-tc2/source/Cargo.toml
[INFO] running `Command { std: CARGO_HOME="/workspace/cargo-home" RUSTUP_HOME="/workspace/rustup-home" "/workspace/cargo-home/bin/cargo" "+beta-2023-12-22" "generate-lockfile" "--manifest-path" "Cargo.toml", kill_on_drop: false }`
[INFO] [stderr]     Updating crates.io index
[INFO] running `Command { std: CARGO_HOME="/workspace/cargo-home" RUSTUP_HOME="/workspace/rustup-home" "/workspace/cargo-home/bin/cargo" "+beta-2023-12-22" "fetch" "--manifest-path" "Cargo.toml", kill_on_drop: false }`
[INFO] running `Command { std: "docker" "create" "-v" "/var/lib/crater-agent-workspace/builds/worker-2-tc2/target:/opt/rustwide/target:rw,Z" "-v" "/var/lib/crater-agent-workspace/builds/worker-2-tc2/source:/opt/rustwide/workdir:ro,Z" "-v" "/var/lib/crater-agent-workspace/cargo-home:/opt/rustwide/cargo-home:ro,Z" "-v" "/var/lib/crater-agent-workspace/rustup-home:/opt/rustwide/rustup-home:ro,Z" "-e" "SOURCE_DIR=/opt/rustwide/workdir" "-e" "CARGO_TARGET_DIR=/opt/rustwide/target" "-e" "CARGO_HOME=/opt/rustwide/cargo-home" "-e" "RUSTUP_HOME=/opt/rustwide/rustup-home" "-w" "/opt/rustwide/workdir" "-m" "1610612736" "--user" "0:0" "--network" "none" "ghcr.io/rust-lang/crates-build-env/linux@sha256:2788e3201cd34a07e3172128adcd8b3090168a8e3bcc40d7c032b9dda1df7d1c" "/opt/rustwide/cargo-home/bin/cargo" "+beta-2023-12-22" "metadata" "--no-deps" "--format-version=1", kill_on_drop: false }`
[INFO] [stdout] 14e4b250aa44235652e24d7bf6d878e37336dc3cf82926213323fb9dcf59e162
[INFO] running `Command { std: "docker" "start" "-a" "14e4b250aa44235652e24d7bf6d878e37336dc3cf82926213323fb9dcf59e162", kill_on_drop: false }`
[INFO] running `Command { std: "docker" "inspect" "14e4b250aa44235652e24d7bf6d878e37336dc3cf82926213323fb9dcf59e162", kill_on_drop: false }`
[INFO] running `Command { std: "docker" "rm" "-f" "14e4b250aa44235652e24d7bf6d878e37336dc3cf82926213323fb9dcf59e162", kill_on_drop: false }`
[INFO] [stdout] 14e4b250aa44235652e24d7bf6d878e37336dc3cf82926213323fb9dcf59e162
[INFO] running `Command { std: "docker" "create" "-v" "/var/lib/crater-agent-workspace/builds/worker-2-tc2/target:/opt/rustwide/target:rw,Z" "-v" "/var/lib/crater-agent-workspace/builds/worker-2-tc2/source:/opt/rustwide/workdir:ro,Z" "-v" "/var/lib/crater-agent-workspace/cargo-home:/opt/rustwide/cargo-home:ro,Z" "-v" "/var/lib/crater-agent-workspace/rustup-home:/opt/rustwide/rustup-home:ro,Z" "-e" "SOURCE_DIR=/opt/rustwide/workdir" "-e" "CARGO_TARGET_DIR=/opt/rustwide/target" "-e" "CARGO_INCREMENTAL=0" "-e" "RUST_BACKTRACE=full" "-e" "RUSTFLAGS=--cap-lints=warn" "-e" "RUSTDOCFLAGS=--cap-lints=warn" "-e" "CARGO_HOME=/opt/rustwide/cargo-home" "-e" "RUSTUP_HOME=/opt/rustwide/rustup-home" "-w" "/opt/rustwide/workdir" "-m" "1610612736" "--user" "0:0" "--network" "none" "ghcr.io/rust-lang/crates-build-env/linux@sha256:2788e3201cd34a07e3172128adcd8b3090168a8e3bcc40d7c032b9dda1df7d1c" "/opt/rustwide/cargo-home/bin/cargo" "+beta-2023-12-22" "build" "--frozen" "--message-format=json", kill_on_drop: false }`
[INFO] [stdout] 8484ec8a9cf67c0b540733870b5f4cfffbb5e3d5771cfd12259e5de1854ae534
[INFO] running `Command { std: "docker" "start" "-a" "8484ec8a9cf67c0b540733870b5f4cfffbb5e3d5771cfd12259e5de1854ae534", kill_on_drop: false }`
[INFO] [stderr]    Compiling warped-sampling v0.1.0 (/opt/rustwide/workdir)
[INFO] [stderr]     Finished dev [unoptimized + debuginfo] target(s) in 0.24s
[INFO] running `Command { std: "docker" "inspect" "8484ec8a9cf67c0b540733870b5f4cfffbb5e3d5771cfd12259e5de1854ae534", kill_on_drop: false }`
[INFO] running `Command { std: "docker" "rm" "-f" "8484ec8a9cf67c0b540733870b5f4cfffbb5e3d5771cfd12259e5de1854ae534", kill_on_drop: false }`
[INFO] [stdout] 8484ec8a9cf67c0b540733870b5f4cfffbb5e3d5771cfd12259e5de1854ae534
[INFO] running `Command { std: "docker" "create" "-v" "/var/lib/crater-agent-workspace/builds/worker-2-tc2/target:/opt/rustwide/target:rw,Z" "-v" "/var/lib/crater-agent-workspace/builds/worker-2-tc2/source:/opt/rustwide/workdir:ro,Z" "-v" "/var/lib/crater-agent-workspace/cargo-home:/opt/rustwide/cargo-home:ro,Z" "-v" "/var/lib/crater-agent-workspace/rustup-home:/opt/rustwide/rustup-home:ro,Z" "-e" "SOURCE_DIR=/opt/rustwide/workdir" "-e" "CARGO_TARGET_DIR=/opt/rustwide/target" "-e" "CARGO_INCREMENTAL=0" "-e" "RUST_BACKTRACE=full" "-e" "RUSTFLAGS=--cap-lints=warn" "-e" "RUSTDOCFLAGS=--cap-lints=warn" "-e" "CARGO_HOME=/opt/rustwide/cargo-home" "-e" "RUSTUP_HOME=/opt/rustwide/rustup-home" "-w" "/opt/rustwide/workdir" "-m" "1610612736" "--user" "0:0" "--network" "none" "ghcr.io/rust-lang/crates-build-env/linux@sha256:2788e3201cd34a07e3172128adcd8b3090168a8e3bcc40d7c032b9dda1df7d1c" "/opt/rustwide/cargo-home/bin/cargo" "+beta-2023-12-22" "test" "--frozen" "--no-run" "--message-format=json", kill_on_drop: false }`
[INFO] [stdout] 61f338a97dadc1b537133f06d49e08f34cfdcf3b9f5d4f8295487eb299be42b2
[INFO] running `Command { std: "docker" "start" "-a" "61f338a97dadc1b537133f06d49e08f34cfdcf3b9f5d4f8295487eb299be42b2", kill_on_drop: false }`
[INFO] [stderr]    Compiling autocfg v1.1.0
[INFO] [stderr]    Compiling libc v0.2.151
[INFO] [stderr]    Compiling rand_core v0.4.2
[INFO] [stderr]    Compiling crossbeam-utils v0.8.18
[INFO] [stderr]    Compiling proc-macro2 v0.4.30
[INFO] [stderr]    Compiling cfg-if v1.0.0
[INFO] [stderr]    Compiling byteorder v1.5.0
[INFO] [stderr]    Compiling unicode-xid v0.1.0
[INFO] [stderr]    Compiling rayon-core v1.12.0
[INFO] [stderr]    Compiling syn v0.15.44
[INFO] [stderr]    Compiling adler32 v1.2.0
[INFO] [stderr]    Compiling either v1.9.0
[INFO] [stderr]    Compiling num-derive v0.2.5
[INFO] [stderr]    Compiling lzw v0.10.0
[INFO] [stderr]    Compiling pkg-config v0.3.28
[INFO] [stderr]    Compiling bitflags v1.3.2
[INFO] [stderr]    Compiling color_quant v1.1.0
[INFO] [stderr]    Compiling inflate v0.4.5
[INFO] [stderr]    Compiling custom_derive v0.1.7
[INFO] [stderr]    Compiling scoped_threadpool v0.1.9
[INFO] [stderr]    Compiling lazy_static v0.2.11
[INFO] [stderr]    Compiling autocfg v0.1.8
[INFO] [stderr]    Compiling gif v0.10.3
[INFO] [stderr]    Compiling rand_core v0.3.1
[INFO] [stderr]    Compiling stb_truetype v0.3.1
[INFO] [stderr]    Compiling deflate v0.7.20
[INFO] [stderr]    Compiling rand_hc v0.1.0
[INFO] [stderr]    Compiling rand_xorshift v0.1.1
[INFO] [stderr]    Compiling rand_isaac v0.1.1
[INFO] [stderr]    Compiling rand_jitter v0.1.4
[INFO] [stderr]    Compiling conv v0.3.3
[INFO] [stderr]    Compiling num-traits v0.2.17
[INFO] [stderr]    Compiling num-integer v0.1.45
[INFO] [stderr]    Compiling num-bigint v0.2.6
[INFO] [stderr]    Compiling num-iter v0.1.43
[INFO] [stderr]    Compiling num-rational v0.2.4
[INFO] [stderr]    Compiling rand_pcg v0.1.2
[INFO] [stderr]    Compiling rand_chacha v0.1.1
[INFO] [stderr]    Compiling num-complex v0.2.4
[INFO] [stderr]    Compiling rand v0.6.5
[INFO] [stderr]    Compiling itertools v0.7.11
[INFO] [stderr]    Compiling quote v0.6.13
[INFO] [stderr]    Compiling x11-dl v2.14.0
[INFO] [stderr]    Compiling halton v0.1.0
[INFO] [stderr]    Compiling crossbeam-epoch v0.9.17
[INFO] [stderr]    Compiling cc v1.0.83
[INFO] [stderr]    Compiling rand_os v0.1.3
[INFO] [stderr]    Compiling time v0.1.45
[INFO] [stderr]    Compiling crossbeam-deque v0.8.4
[INFO] [stderr]    Compiling rayon v1.8.0
[INFO] [stderr]    Compiling approx v0.3.2
[INFO] [stderr]    Compiling ordered-float v1.1.1
[INFO] [stderr]    Compiling rusttype v0.8.3
[INFO] [stderr]    Compiling minifb v0.11.2
[INFO] [stderr]    Compiling rusttype v0.7.9
[INFO] [stderr]    Compiling png v0.14.1
[INFO] [stderr]    Compiling num v0.2.1
[INFO] [stderr]    Compiling jpeg-decoder v0.1.22
[INFO] [stderr]    Compiling tiff v0.2.2
[INFO] [stderr]    Compiling image v0.21.3
[INFO] [stderr]    Compiling imageproc v0.18.0
[INFO] [stdout] error[E0034]: multiple applicable items in scope
[INFO] [stdout]    --> /opt/rustwide/cargo-home/registry/src/index.crates.io-6f17d22bba15001f/imageproc-0.18.0/src/hog.rs:440:33
[INFO] [stdout]     |
[INFO] [stdout] 440 |             let intensity = u8::clamp(hist[bucket]);
[INFO] [stdout]     |                                 ^^^^^ multiple `clamp` found
[INFO] [stdout]     |
[INFO] [stdout]     = note: candidate #1 is defined in an impl of the trait `Ord` for the type `u8`
[INFO] [stdout] note: candidate #2 is defined in the trait `Clamp`
[INFO] [stdout]    --> /opt/rustwide/cargo-home/registry/src/index.crates.io-6f17d22bba15001f/imageproc-0.18.0/src/definitions.rs:68:5
[INFO] [stdout]     |
[INFO] [stdout] 68  |     fn clamp(x: T) -> Self;
[INFO] [stdout]     |     ^^^^^^^^^^^^^^^^^^^^^^^
[INFO] [stdout] help: use fully-qualified syntax to disambiguate
[INFO] [stdout]     |
[INFO] [stdout] 440 |             let intensity = <u8 as Clamp>::clamp(hist[bucket]);
[INFO] [stdout]     |                             ~~~~~~~~~~~~~~~
[INFO] [stdout] 440 |             let intensity = Ord::clamp(hist[bucket]);
[INFO] [stdout]     |                             ~~~~~
[INFO] [stdout] 
[INFO] [stdout] 
[INFO] [stdout] error[E0034]: multiple applicable items in scope
[INFO] [stdout]    --> /opt/rustwide/cargo-home/registry/src/index.crates.io-6f17d22bba15001f/imageproc-0.18.0/src/hog.rs:444:33
[INFO] [stdout]     |
[INFO] [stdout] 444 |             let intensity = u8::clamp(hist[bucket]);
[INFO] [stdout]     |                                 ^^^^^ multiple `clamp` found
[INFO] [stdout]     |
[INFO] [stdout]     = note: candidate #1 is defined in an impl of the trait `Ord` for the type `u8`
[INFO] [stdout] note: candidate #2 is defined in the trait `Clamp`
[INFO] [stdout]    --> /opt/rustwide/cargo-home/registry/src/index.crates.io-6f17d22bba15001f/imageproc-0.18.0/src/definitions.rs:68:5
[INFO] [stdout]     |
[INFO] [stdout] 68  |     fn clamp(x: T) -> Self;
[INFO] [stdout]     |     ^^^^^^^^^^^^^^^^^^^^^^^
[INFO] [stdout] help: use fully-qualified syntax to disambiguate
[INFO] [stdout]     |
[INFO] [stdout] 444 |             let intensity = <u8 as Clamp>::clamp(hist[bucket]);
[INFO] [stdout]     |                             ~~~~~~~~~~~~~~~
[INFO] [stdout] 444 |             let intensity = Ord::clamp(hist[bucket]);
[INFO] [stdout]     |                             ~~~~~
[INFO] [stdout] 
[INFO] [stdout] 
[INFO] [stdout] error: aborting due to 2 previous errors
[INFO] [stdout] 
[INFO] [stdout] 
[INFO] [stdout] For more information about this error, try `rustc --explain E0034`.
[INFO] [stdout] 
[INFO] [stderr] error: could not compile `imageproc` (lib) due to 3 previous errors
[INFO] [stderr] warning: build failed, waiting for other jobs to finish...
[INFO] running `Command { std: "docker" "inspect" "61f338a97dadc1b537133f06d49e08f34cfdcf3b9f5d4f8295487eb299be42b2", kill_on_drop: false }`
[INFO] running `Command { std: "docker" "rm" "-f" "61f338a97dadc1b537133f06d49e08f34cfdcf3b9f5d4f8295487eb299be42b2", kill_on_drop: false }`
[INFO] [stdout] 61f338a97dadc1b537133f06d49e08f34cfdcf3b9f5d4f8295487eb299be42b2
