[INFO] fetching crate warp 0.3.6...
[INFO] testing warp-0.3.6 against 1.75.0 for beta-1.76-1
[INFO] extracting crate warp 0.3.6 into /workspace/builds/worker-1-tc1/source
[INFO] validating manifest of crates.io crate warp 0.3.6 on toolchain 1.75.0
[INFO] running `Command { std: CARGO_HOME="/workspace/cargo-home" RUSTUP_HOME="/workspace/rustup-home" "/workspace/cargo-home/bin/cargo" "+1.75.0" "metadata" "--manifest-path" "Cargo.toml" "--no-deps", kill_on_drop: false }`
[INFO] started tweaking crates.io crate warp 0.3.6
[INFO] removed 0 missing examples
[INFO] removed 0 missing tests
[INFO] finished tweaking crates.io crate warp 0.3.6
[INFO] tweaked toml for crates.io crate warp 0.3.6 written to /workspace/builds/worker-1-tc1/source/Cargo.toml
[INFO] crate crates.io crate warp 0.3.6 already has a lockfile, it will not be regenerated
[INFO] running `Command { std: CARGO_HOME="/workspace/cargo-home" RUSTUP_HOME="/workspace/rustup-home" "/workspace/cargo-home/bin/cargo" "+1.75.0" "fetch" "--manifest-path" "Cargo.toml", kill_on_drop: false }`
[INFO] [stderr]  Downloading crates ...
[INFO] [stderr]   Downloaded listenfd v1.0.1
[INFO] [stderr]   Downloaded handlebars v4.4.0
[INFO] running `Command { std: "docker" "create" "-v" "/var/lib/crater-agent-workspace/builds/worker-1-tc1/target:/opt/rustwide/target:rw,Z" "-v" "/var/lib/crater-agent-workspace/builds/worker-1-tc1/source:/opt/rustwide/workdir:ro,Z" "-v" "/var/lib/crater-agent-workspace/cargo-home:/opt/rustwide/cargo-home:ro,Z" "-v" "/var/lib/crater-agent-workspace/rustup-home:/opt/rustwide/rustup-home:ro,Z" "-e" "SOURCE_DIR=/opt/rustwide/workdir" "-e" "CARGO_TARGET_DIR=/opt/rustwide/target" "-e" "CARGO_HOME=/opt/rustwide/cargo-home" "-e" "RUSTUP_HOME=/opt/rustwide/rustup-home" "-w" "/opt/rustwide/workdir" "-m" "1610612736" "--user" "0:0" "--network" "none" "ghcr.io/rust-lang/crates-build-env/linux@sha256:2788e3201cd34a07e3172128adcd8b3090168a8e3bcc40d7c032b9dda1df7d1c" "/opt/rustwide/cargo-home/bin/cargo" "+1.75.0" "metadata" "--no-deps" "--format-version=1", kill_on_drop: false }`
[INFO] [stdout] e1b5478f20528d3cf17c240742e214464fbd81e6b6bcd5e5dff2156f14fe4355
[INFO] running `Command { std: "docker" "start" "-a" "e1b5478f20528d3cf17c240742e214464fbd81e6b6bcd5e5dff2156f14fe4355", kill_on_drop: false }`
[INFO] running `Command { std: "docker" "inspect" "e1b5478f20528d3cf17c240742e214464fbd81e6b6bcd5e5dff2156f14fe4355", kill_on_drop: false }`
[INFO] running `Command { std: "docker" "rm" "-f" "e1b5478f20528d3cf17c240742e214464fbd81e6b6bcd5e5dff2156f14fe4355", kill_on_drop: false }`
[INFO] [stdout] e1b5478f20528d3cf17c240742e214464fbd81e6b6bcd5e5dff2156f14fe4355
[INFO] running `Command { std: "docker" "create" "-v" "/var/lib/crater-agent-workspace/builds/worker-1-tc1/target:/opt/rustwide/target:rw,Z" "-v" "/var/lib/crater-agent-workspace/builds/worker-1-tc1/source:/opt/rustwide/workdir:ro,Z" "-v" "/var/lib/crater-agent-workspace/cargo-home:/opt/rustwide/cargo-home:ro,Z" "-v" "/var/lib/crater-agent-workspace/rustup-home:/opt/rustwide/rustup-home:ro,Z" "-e" "SOURCE_DIR=/opt/rustwide/workdir" "-e" "CARGO_TARGET_DIR=/opt/rustwide/target" "-e" "CARGO_INCREMENTAL=0" "-e" "RUST_BACKTRACE=full" "-e" "RUSTFLAGS=--cap-lints=warn" "-e" "RUSTDOCFLAGS=--cap-lints=warn" "-e" "CARGO_HOME=/opt/rustwide/cargo-home" "-e" "RUSTUP_HOME=/opt/rustwide/rustup-home" "-w" "/opt/rustwide/workdir" "-m" "1610612736" "--user" "0:0" "--network" "none" "ghcr.io/rust-lang/crates-build-env/linux@sha256:2788e3201cd34a07e3172128adcd8b3090168a8e3bcc40d7c032b9dda1df7d1c" "/opt/rustwide/cargo-home/bin/cargo" "+1.75.0" "build" "--frozen" "--message-format=json", kill_on_drop: false }`
[INFO] [stdout] 5b4ed09747f2fdca36a4e84dff580f3dba0ca54d43f4b7f96e5959da06baf2a2
[INFO] running `Command { std: "docker" "start" "-a" "5b4ed09747f2fdca36a4e84dff580f3dba0ca54d43f4b7f96e5959da06baf2a2", kill_on_drop: false }`
[INFO] [stderr]    Compiling libc v0.2.148
[INFO] [stderr]    Compiling proc-macro2 v1.0.67
[INFO] [stderr]    Compiling unicode-ident v1.0.12
[INFO] [stderr]    Compiling bytes v1.5.0
[INFO] [stderr]    Compiling itoa v1.0.9
[INFO] [stderr]    Compiling typenum v1.17.0
[INFO] [stderr]    Compiling futures-core v0.3.28
[INFO] [stderr]    Compiling pin-project-lite v0.2.13
[INFO] [stderr]    Compiling generic-array v0.14.7
[INFO] [stderr]    Compiling futures-task v0.3.28
[INFO] [stderr]    Compiling log v0.4.20
[INFO] [stderr]    Compiling futures-sink v0.3.28
[INFO] [stderr]    Compiling httparse v1.8.0
[INFO] [stderr]    Compiling slab v0.4.9
[INFO] [stderr]    Compiling futures-util v0.3.28
[INFO] [stderr]    Compiling tinyvec_macros v0.1.1
[INFO] [stderr]    Compiling tinyvec v1.6.0
[INFO] [stderr]    Compiling unicase v2.7.0
[INFO] [stderr]    Compiling percent-encoding v2.3.0
[INFO] [stderr]    Compiling once_cell v1.18.0
[INFO] [stderr]    Compiling indexmap v1.9.3
[INFO] [stderr]    Compiling tracing-core v0.1.31
[INFO] [stderr]    Compiling form_urlencoded v1.2.0
[INFO] [stderr]    Compiling unicode-bidi v0.3.13
[INFO] [stderr]    Compiling serde v1.0.188
[INFO] [stderr]    Compiling thiserror v1.0.49
[INFO] [stderr]    Compiling cpufeatures v0.2.9
[INFO] [stderr]    Compiling http v0.2.9
[INFO] [stderr]    Compiling ppv-lite86 v0.2.17
[INFO] [stderr]    Compiling mime v0.3.17
[INFO] [stderr]    Compiling futures-channel v0.3.28
[INFO] [stderr]    Compiling hashbrown v0.12.3
[INFO] [stderr]    Compiling unicode-normalization v0.1.22
[INFO] [stderr]    Compiling tracing v0.1.37
[INFO] [stderr]    Compiling mime_guess v2.0.4
[INFO] [stderr]    Compiling multer v2.1.0
[INFO] [stderr]    Compiling httpdate v1.0.3
[INFO] [stderr]    Compiling serde_json v1.0.107
[INFO] [stderr]    Compiling quote v1.0.33
[INFO] [stderr]    Compiling try-lock v0.2.4
[INFO] [stderr]    Compiling base64 v0.21.4
[INFO] [stderr]    Compiling data-encoding v2.4.0
[INFO] [stderr]    Compiling ryu v1.0.15
[INFO] [stderr]    Compiling syn v2.0.37
[INFO] [stderr]    Compiling want v0.3.1
[INFO] [stderr]    Compiling idna v0.4.0
[INFO] [stderr]    Compiling encoding_rs v0.8.33
[INFO] [stderr]    Compiling spin v0.9.8
[INFO] [stderr]    Compiling memchr v2.6.3
[INFO] [stderr]    Compiling tower-service v0.3.2
[INFO] [stderr]    Compiling rustls-pemfile v1.0.3
[INFO] [stderr]    Compiling scoped-tls v1.0.1
[INFO] [stderr]    Compiling headers-core v0.2.0
[INFO] [stderr]    Compiling http-body v0.4.5
[INFO] [stderr]    Compiling url v2.4.1
[INFO] [stderr]    Compiling num_cpus v1.16.0
[INFO] [stderr]    Compiling mio v0.8.8
[INFO] [stderr]    Compiling socket2 v0.5.4
[INFO] [stderr]    Compiling getrandom v0.2.10
[INFO] [stderr]    Compiling socket2 v0.4.9
[INFO] [stderr]    Compiling rand_core v0.6.4
[INFO] [stderr]    Compiling crypto-common v0.1.6
[INFO] [stderr]    Compiling block-buffer v0.10.4
[INFO] [stderr]    Compiling digest v0.10.7
[INFO] [stderr]    Compiling rand_chacha v0.3.1
[INFO] [stderr]    Compiling sha1 v0.10.6
[INFO] [stderr]    Compiling rand v0.8.5
[INFO] [stderr]    Compiling headers v0.3.9
[INFO] [stderr]    Compiling serde_urlencoded v0.7.1
[INFO] [stderr]    Compiling tokio-macros v2.1.0
[INFO] [stderr]    Compiling thiserror-impl v1.0.49
[INFO] [stderr]    Compiling pin-project-internal v1.1.3
[INFO] [stderr]    Compiling tokio v1.32.0
[INFO] [stderr]    Compiling pin-project v1.1.3
[INFO] [stderr]    Compiling tungstenite v0.20.1
[INFO] [stderr]    Compiling tokio-util v0.7.9
[INFO] [stderr]    Compiling tokio-tungstenite v0.20.1
[INFO] [stderr]    Compiling tokio-stream v0.1.14
[INFO] [stderr]    Compiling h2 v0.3.21
[INFO] [stderr]    Compiling hyper v0.14.27
[INFO] [stderr]    Compiling warp v0.3.6 (/opt/rustwide/workdir)
[INFO] [stderr]     Finished dev [unoptimized + debuginfo] target(s) in 19.38s
[INFO] running `Command { std: "docker" "inspect" "5b4ed09747f2fdca36a4e84dff580f3dba0ca54d43f4b7f96e5959da06baf2a2", kill_on_drop: false }`
[INFO] running `Command { std: "docker" "rm" "-f" "5b4ed09747f2fdca36a4e84dff580f3dba0ca54d43f4b7f96e5959da06baf2a2", kill_on_drop: false }`
[INFO] [stdout] 5b4ed09747f2fdca36a4e84dff580f3dba0ca54d43f4b7f96e5959da06baf2a2
[INFO] running `Command { std: "docker" "create" "-v" "/var/lib/crater-agent-workspace/builds/worker-1-tc1/target:/opt/rustwide/target:rw,Z" "-v" "/var/lib/crater-agent-workspace/builds/worker-1-tc1/source:/opt/rustwide/workdir:ro,Z" "-v" "/var/lib/crater-agent-workspace/cargo-home:/opt/rustwide/cargo-home:ro,Z" "-v" "/var/lib/crater-agent-workspace/rustup-home:/opt/rustwide/rustup-home:ro,Z" "-e" "SOURCE_DIR=/opt/rustwide/workdir" "-e" "CARGO_TARGET_DIR=/opt/rustwide/target" "-e" "CARGO_INCREMENTAL=0" "-e" "RUST_BACKTRACE=full" "-e" "RUSTFLAGS=--cap-lints=warn" "-e" "RUSTDOCFLAGS=--cap-lints=warn" "-e" "CARGO_HOME=/opt/rustwide/cargo-home" "-e" "RUSTUP_HOME=/opt/rustwide/rustup-home" "-w" "/opt/rustwide/workdir" "-m" "1610612736" "--user" "0:0" "--network" "none" "ghcr.io/rust-lang/crates-build-env/linux@sha256:2788e3201cd34a07e3172128adcd8b3090168a8e3bcc40d7c032b9dda1df7d1c" "/opt/rustwide/cargo-home/bin/cargo" "+1.75.0" "test" "--frozen" "--no-run" "--message-format=json", kill_on_drop: false }`
[INFO] [stdout] 303a75121eea8534c4f36945053af5c4f743b563f9f121dd55248335039566c4
[INFO] running `Command { std: "docker" "start" "-a" "303a75121eea8534c4f36945053af5c4f743b563f9f121dd55248335039566c4", kill_on_drop: false }`
[INFO] [stderr]    Compiling aho-corasick v1.1.1
[INFO] [stderr]    Compiling rustix v0.38.14
[INFO] [stderr]    Compiling ucd-trie v0.1.6
[INFO] [stderr]    Compiling regex-syntax v0.7.5
[INFO] [stderr]    Compiling linux-raw-sys v0.4.7
[INFO] [stderr]    Compiling bitflags v2.4.0
[INFO] [stderr]    Compiling regex-syntax v0.6.29
[INFO] [stderr]    Compiling termcolor v1.3.0
[INFO] [stderr]    Compiling overload v0.1.1
[INFO] [stderr]    Compiling humantime v2.1.0
[INFO] [stderr]    Compiling tracing-log v0.1.3
[INFO] [stderr]    Compiling sharded-slab v0.1.4
[INFO] [stderr]    Compiling thread_local v1.1.7
[INFO] [stderr]    Compiling smallvec v1.11.1
[INFO] [stderr]    Compiling serde_derive v1.0.188
[INFO] [stderr]    Compiling listenfd v1.0.1
[INFO] [stderr]    Compiling nu-ansi-term v0.46.0
[INFO] [stderr]    Compiling pest v2.7.4
[INFO] [stderr]    Compiling is-terminal v0.4.9
[INFO] [stderr]    Compiling pest_meta v2.7.4
[INFO] [stderr]    Compiling regex-automata v0.3.8
[INFO] [stderr]    Compiling regex-automata v0.1.10
[INFO] [stderr]    Compiling pest_generator v2.7.4
[INFO] [stderr]    Compiling matchers v0.1.0
[INFO] [stderr]    Compiling pest_derive v2.7.4
[INFO] [stderr]    Compiling handlebars v4.4.0
[INFO] [stderr]    Compiling regex v1.9.5
[INFO] [stderr]    Compiling env_logger v0.10.0
[INFO] [stderr]    Compiling tracing-subscriber v0.3.17
[INFO] [stderr]    Compiling pretty_env_logger v0.5.0
[INFO] [stderr]    Compiling warp v0.3.6 (/opt/rustwide/workdir)
[INFO] [stderr] error: could not compile `warp` (example "query_string")
[INFO] [stderr] 
[INFO] [stderr] Caused by:
[INFO] [stderr]   process didn't exit successfully: `/opt/rustwide/rustup-home/toolchains/1.75.0-x86_64-unknown-linux-gnu/bin/rustc --crate-name query_string --edition=2018 examples/query_string.rs --error-format=json --json=diagnostic-rendered-ansi,artifacts,future-incompat --crate-type bin --emit=dep-info,link -C embed-bitcode=no -C debuginfo=2 --cfg 'feature="default"' --cfg 'feature="multer"' --cfg 'feature="multipart"' --cfg 'feature="tokio-tungstenite"' --cfg 'feature="websocket"' -C metadata=0cacec3644f85edf -C extra-filename=-0cacec3644f85edf --out-dir /opt/rustwide/target/debug/examples -L dependency=/opt/rustwide/target/debug/deps --extern bytes=/opt/rustwide/target/debug/deps/libbytes-0a052f49710012b1.rlib --extern futures_channel=/opt/rustwide/target/debug/deps/libfutures_channel-b11b4e3e73ae8576.rlib --extern futures_util=/opt/rustwide/target/debug/deps/libfutures_util-8eeb250d02b6b044.rlib --extern handlebars=/opt/rustwide/target/debug/deps/libhandlebars-6fa4bd6a76f77e88.rlib --extern headers=/opt/rustwide/target/debug/deps/libheaders-d4e2b2d056af3c63.rlib --extern http=/opt/rustwide/target/debug/deps/libhttp-f741a19cbfac6912.rlib --extern hyper=/opt/rustwide/target/debug/deps/libhyper-9162cd628d50e077.rlib --extern listenfd=/opt/rustwide/target/debug/deps/liblistenfd-2308b2c80f1e8f26.rlib --extern log=/opt/rustwide/target/debug/deps/liblog-e491f2c1d0b13538.rlib --extern mime=/opt/rustwide/target/debug/deps/libmime-7e306270d8ceb372.rlib --extern mime_guess=/opt/rustwide/target/debug/deps/libmime_guess-b52504f9ddbbfa9c.rlib --extern multer=/opt/rustwide/target/debug/deps/libmulter-3ef52ce54fd01d88.rlib --extern percent_encoding=/opt/rustwide/target/debug/deps/libpercent_encoding-5d42724fd4d173a7.rlib --extern pin_project=/opt/rustwide/target/debug/deps/libpin_project-3f6ce3a03929479b.rlib --extern pretty_env_logger=/opt/rustwide/target/debug/deps/libpretty_env_logger-f4bedaea8306deb0.rlib --extern rustls_pemfile=/opt/rustwide/target/debug/deps/librustls_pemfile-51a69b36c7346bd6.rlib --extern scoped_tls=/opt/rustwide/target/debug/deps/libscoped_tls-169b605071c9f714.rlib --extern serde=/opt/rustwide/target/debug/deps/libserde-ab22d28f3b5ead79.rlib --extern serde_derive=/opt/rustwide/target/debug/deps/libserde_derive-f8a072866b7f4731.so --extern serde_json=/opt/rustwide/target/debug/deps/libserde_json-d41155e76ed64e7d.rlib --extern serde_urlencoded=/opt/rustwide/target/debug/deps/libserde_urlencoded-01bab01a89131f6a.rlib --extern tokio=/opt/rustwide/target/debug/deps/libtokio-cc46eb9cf23e84ed.rlib --extern tokio_stream=/opt/rustwide/target/debug/deps/libtokio_stream-6ee1804aa2090255.rlib --extern tokio_tungstenite=/opt/rustwide/target/debug/deps/libtokio_tungstenite-84ddfd443d54e69e.rlib --extern tokio_util=/opt/rustwide/target/debug/deps/libtokio_util-b9d23f95fc1adc71.rlib --extern tower_service=/opt/rustwide/target/debug/deps/libtower_service-104d6e83d5ce383d.rlib --extern tracing=/opt/rustwide/target/debug/deps/libtracing-785edc8e3203c123.rlib --extern tracing_log=/opt/rustwide/target/debug/deps/libtracing_log-5485707d63e1702e.rlib --extern tracing_subscriber=/opt/rustwide/target/debug/deps/libtracing_subscriber-10816c6fec46f35d.rlib --extern warp=/opt/rustwide/target/debug/deps/libwarp-08d7d2eb57af1623.rlib --cap-lints=warn` (signal: 9, SIGKILL: kill)
[INFO] [stderr] warning: build failed, waiting for other jobs to finish...
[INFO] [stderr] error: could not compile `warp` (example "routing")
[INFO] [stderr] 
[INFO] [stderr] Caused by:
[INFO] [stderr]   process didn't exit successfully: `/opt/rustwide/rustup-home/toolchains/1.75.0-x86_64-unknown-linux-gnu/bin/rustc --crate-name routing --edition=2018 examples/routing.rs --error-format=json --json=diagnostic-rendered-ansi,artifacts,future-incompat --crate-type bin --emit=dep-info,link -C embed-bitcode=no -C debuginfo=2 --cfg 'feature="default"' --cfg 'feature="multer"' --cfg 'feature="multipart"' --cfg 'feature="tokio-tungstenite"' --cfg 'feature="websocket"' -C metadata=d45123961ad88bfc -C extra-filename=-d45123961ad88bfc --out-dir /opt/rustwide/target/debug/examples -L dependency=/opt/rustwide/target/debug/deps --extern bytes=/opt/rustwide/target/debug/deps/libbytes-0a052f49710012b1.rlib --extern futures_channel=/opt/rustwide/target/debug/deps/libfutures_channel-b11b4e3e73ae8576.rlib --extern futures_util=/opt/rustwide/target/debug/deps/libfutures_util-8eeb250d02b6b044.rlib --extern handlebars=/opt/rustwide/target/debug/deps/libhandlebars-6fa4bd6a76f77e88.rlib --extern headers=/opt/rustwide/target/debug/deps/libheaders-d4e2b2d056af3c63.rlib --extern http=/opt/rustwide/target/debug/deps/libhttp-f741a19cbfac6912.rlib --extern hyper=/opt/rustwide/target/debug/deps/libhyper-9162cd628d50e077.rlib --extern listenfd=/opt/rustwide/target/debug/deps/liblistenfd-2308b2c80f1e8f26.rlib --extern log=/opt/rustwide/target/debug/deps/liblog-e491f2c1d0b13538.rlib --extern mime=/opt/rustwide/target/debug/deps/libmime-7e306270d8ceb372.rlib --extern mime_guess=/opt/rustwide/target/debug/deps/libmime_guess-b52504f9ddbbfa9c.rlib --extern multer=/opt/rustwide/target/debug/deps/libmulter-3ef52ce54fd01d88.rlib --extern percent_encoding=/opt/rustwide/target/debug/deps/libpercent_encoding-5d42724fd4d173a7.rlib --extern pin_project=/opt/rustwide/target/debug/deps/libpin_project-3f6ce3a03929479b.rlib --extern pretty_env_logger=/opt/rustwide/target/debug/deps/libpretty_env_logger-f4bedaea8306deb0.rlib --extern rustls_pemfile=/opt/rustwide/target/debug/deps/librustls_pemfile-51a69b36c7346bd6.rlib --extern scoped_tls=/opt/rustwide/target/debug/deps/libscoped_tls-169b605071c9f714.rlib --extern serde=/opt/rustwide/target/debug/deps/libserde-ab22d28f3b5ead79.rlib --extern serde_derive=/opt/rustwide/target/debug/deps/libserde_derive-f8a072866b7f4731.so --extern serde_json=/opt/rustwide/target/debug/deps/libserde_json-d41155e76ed64e7d.rlib --extern serde_urlencoded=/opt/rustwide/target/debug/deps/libserde_urlencoded-01bab01a89131f6a.rlib --extern tokio=/opt/rustwide/target/debug/deps/libtokio-cc46eb9cf23e84ed.rlib --extern tokio_stream=/opt/rustwide/target/debug/deps/libtokio_stream-6ee1804aa2090255.rlib --extern tokio_tungstenite=/opt/rustwide/target/debug/deps/libtokio_tungstenite-84ddfd443d54e69e.rlib --extern tokio_util=/opt/rustwide/target/debug/deps/libtokio_util-b9d23f95fc1adc71.rlib --extern tower_service=/opt/rustwide/target/debug/deps/libtower_service-104d6e83d5ce383d.rlib --extern tracing=/opt/rustwide/target/debug/deps/libtracing-785edc8e3203c123.rlib --extern tracing_log=/opt/rustwide/target/debug/deps/libtracing_log-5485707d63e1702e.rlib --extern tracing_subscriber=/opt/rustwide/target/debug/deps/libtracing_subscriber-10816c6fec46f35d.rlib --extern warp=/opt/rustwide/target/debug/deps/libwarp-08d7d2eb57af1623.rlib --cap-lints=warn` (signal: 9, SIGKILL: kill)
[INFO] [stderr] error: could not compile `warp` (example "tracing")
[INFO] [stderr] 
[INFO] [stderr] Caused by:
[INFO] [stderr]   process didn't exit successfully: `/opt/rustwide/rustup-home/toolchains/1.75.0-x86_64-unknown-linux-gnu/bin/rustc --crate-name tracing --edition=2018 examples/tracing.rs --error-format=json --json=diagnostic-rendered-ansi,artifacts,future-incompat --crate-type bin --emit=dep-info,link -C embed-bitcode=no -C debuginfo=2 --cfg 'feature="default"' --cfg 'feature="multer"' --cfg 'feature="multipart"' --cfg 'feature="tokio-tungstenite"' --cfg 'feature="websocket"' -C metadata=4a9092e62daba3b8 -C extra-filename=-4a9092e62daba3b8 --out-dir /opt/rustwide/target/debug/examples -L dependency=/opt/rustwide/target/debug/deps --extern bytes=/opt/rustwide/target/debug/deps/libbytes-0a052f49710012b1.rlib --extern futures_channel=/opt/rustwide/target/debug/deps/libfutures_channel-b11b4e3e73ae8576.rlib --extern futures_util=/opt/rustwide/target/debug/deps/libfutures_util-8eeb250d02b6b044.rlib --extern handlebars=/opt/rustwide/target/debug/deps/libhandlebars-6fa4bd6a76f77e88.rlib --extern headers=/opt/rustwide/target/debug/deps/libheaders-d4e2b2d056af3c63.rlib --extern http=/opt/rustwide/target/debug/deps/libhttp-f741a19cbfac6912.rlib --extern hyper=/opt/rustwide/target/debug/deps/libhyper-9162cd628d50e077.rlib --extern listenfd=/opt/rustwide/target/debug/deps/liblistenfd-2308b2c80f1e8f26.rlib --extern log=/opt/rustwide/target/debug/deps/liblog-e491f2c1d0b13538.rlib --extern mime=/opt/rustwide/target/debug/deps/libmime-7e306270d8ceb372.rlib --extern mime_guess=/opt/rustwide/target/debug/deps/libmime_guess-b52504f9ddbbfa9c.rlib --extern multer=/opt/rustwide/target/debug/deps/libmulter-3ef52ce54fd01d88.rlib --extern percent_encoding=/opt/rustwide/target/debug/deps/libpercent_encoding-5d42724fd4d173a7.rlib --extern pin_project=/opt/rustwide/target/debug/deps/libpin_project-3f6ce3a03929479b.rlib --extern pretty_env_logger=/opt/rustwide/target/debug/deps/libpretty_env_logger-f4bedaea8306deb0.rlib --extern rustls_pemfile=/opt/rustwide/target/debug/deps/librustls_pemfile-51a69b36c7346bd6.rlib --extern scoped_tls=/opt/rustwide/target/debug/deps/libscoped_tls-169b605071c9f714.rlib --extern serde=/opt/rustwide/target/debug/deps/libserde-ab22d28f3b5ead79.rlib --extern serde_derive=/opt/rustwide/target/debug/deps/libserde_derive-f8a072866b7f4731.so --extern serde_json=/opt/rustwide/target/debug/deps/libserde_json-d41155e76ed64e7d.rlib --extern serde_urlencoded=/opt/rustwide/target/debug/deps/libserde_urlencoded-01bab01a89131f6a.rlib --extern tokio=/opt/rustwide/target/debug/deps/libtokio-cc46eb9cf23e84ed.rlib --extern tokio_stream=/opt/rustwide/target/debug/deps/libtokio_stream-6ee1804aa2090255.rlib --extern tokio_tungstenite=/opt/rustwide/target/debug/deps/libtokio_tungstenite-84ddfd443d54e69e.rlib --extern tokio_util=/opt/rustwide/target/debug/deps/libtokio_util-b9d23f95fc1adc71.rlib --extern tower_service=/opt/rustwide/target/debug/deps/libtower_service-104d6e83d5ce383d.rlib --extern tracing=/opt/rustwide/target/debug/deps/libtracing-785edc8e3203c123.rlib --extern tracing_log=/opt/rustwide/target/debug/deps/libtracing_log-5485707d63e1702e.rlib --extern tracing_subscriber=/opt/rustwide/target/debug/deps/libtracing_subscriber-10816c6fec46f35d.rlib --extern warp=/opt/rustwide/target/debug/deps/libwarp-08d7d2eb57af1623.rlib --cap-lints=warn` (signal: 9, SIGKILL: kill)
[INFO] [stderr] error: could not compile `warp` (example "file")
[INFO] [stderr] 
[INFO] [stderr] Caused by:
[INFO] [stderr]   process didn't exit successfully: `/opt/rustwide/rustup-home/toolchains/1.75.0-x86_64-unknown-linux-gnu/bin/rustc --crate-name file --edition=2018 examples/file.rs --error-format=json --json=diagnostic-rendered-ansi,artifacts,future-incompat --crate-type bin --emit=dep-info,link -C embed-bitcode=no -C debuginfo=2 --cfg 'feature="default"' --cfg 'feature="multer"' --cfg 'feature="multipart"' --cfg 'feature="tokio-tungstenite"' --cfg 'feature="websocket"' -C metadata=bad9a20fdc9022e1 -C extra-filename=-bad9a20fdc9022e1 --out-dir /opt/rustwide/target/debug/examples -L dependency=/opt/rustwide/target/debug/deps --extern bytes=/opt/rustwide/target/debug/deps/libbytes-0a052f49710012b1.rlib --extern futures_channel=/opt/rustwide/target/debug/deps/libfutures_channel-b11b4e3e73ae8576.rlib --extern futures_util=/opt/rustwide/target/debug/deps/libfutures_util-8eeb250d02b6b044.rlib --extern handlebars=/opt/rustwide/target/debug/deps/libhandlebars-6fa4bd6a76f77e88.rlib --extern headers=/opt/rustwide/target/debug/deps/libheaders-d4e2b2d056af3c63.rlib --extern http=/opt/rustwide/target/debug/deps/libhttp-f741a19cbfac6912.rlib --extern hyper=/opt/rustwide/target/debug/deps/libhyper-9162cd628d50e077.rlib --extern listenfd=/opt/rustwide/target/debug/deps/liblistenfd-2308b2c80f1e8f26.rlib --extern log=/opt/rustwide/target/debug/deps/liblog-e491f2c1d0b13538.rlib --extern mime=/opt/rustwide/target/debug/deps/libmime-7e306270d8ceb372.rlib --extern mime_guess=/opt/rustwide/target/debug/deps/libmime_guess-b52504f9ddbbfa9c.rlib --extern multer=/opt/rustwide/target/debug/deps/libmulter-3ef52ce54fd01d88.rlib --extern percent_encoding=/opt/rustwide/target/debug/deps/libpercent_encoding-5d42724fd4d173a7.rlib --extern pin_project=/opt/rustwide/target/debug/deps/libpin_project-3f6ce3a03929479b.rlib --extern pretty_env_logger=/opt/rustwide/target/debug/deps/libpretty_env_logger-f4bedaea8306deb0.rlib --extern rustls_pemfile=/opt/rustwide/target/debug/deps/librustls_pemfile-51a69b36c7346bd6.rlib --extern scoped_tls=/opt/rustwide/target/debug/deps/libscoped_tls-169b605071c9f714.rlib --extern serde=/opt/rustwide/target/debug/deps/libserde-ab22d28f3b5ead79.rlib --extern serde_derive=/opt/rustwide/target/debug/deps/libserde_derive-f8a072866b7f4731.so --extern serde_json=/opt/rustwide/target/debug/deps/libserde_json-d41155e76ed64e7d.rlib --extern serde_urlencoded=/opt/rustwide/target/debug/deps/libserde_urlencoded-01bab01a89131f6a.rlib --extern tokio=/opt/rustwide/target/debug/deps/libtokio-cc46eb9cf23e84ed.rlib --extern tokio_stream=/opt/rustwide/target/debug/deps/libtokio_stream-6ee1804aa2090255.rlib --extern tokio_tungstenite=/opt/rustwide/target/debug/deps/libtokio_tungstenite-84ddfd443d54e69e.rlib --extern tokio_util=/opt/rustwide/target/debug/deps/libtokio_util-b9d23f95fc1adc71.rlib --extern tower_service=/opt/rustwide/target/debug/deps/libtower_service-104d6e83d5ce383d.rlib --extern tracing=/opt/rustwide/target/debug/deps/libtracing-785edc8e3203c123.rlib --extern tracing_log=/opt/rustwide/target/debug/deps/libtracing_log-5485707d63e1702e.rlib --extern tracing_subscriber=/opt/rustwide/target/debug/deps/libtracing_subscriber-10816c6fec46f35d.rlib --extern warp=/opt/rustwide/target/debug/deps/libwarp-08d7d2eb57af1623.rlib --cap-lints=warn` (signal: 9, SIGKILL: kill)
[INFO] [stdout] error: linking with `cc` failed: exit status: 1
[INFO] [stdout]   |
[INFO] [stdout]   = note: LC_ALL="C" PATH="/opt/rustwide/rustup-home/toolchains/1.75.0-x86_64-unknown-linux-gnu/lib/rustlib/x86_64-unknown-linux-gnu/bin:/opt/rustwide/cargo-home/bin:/usr/local/sbin:/usr/local/bin:/usr/sbin:/usr/bin:/sbin:/bin" VSLANG="1033" "cc" "-m64" "/tmp/rustc6fosVk/symbols.o" "/opt/rustwide/target/debug/deps/tracing-4c8a605ba6762334.tracing.f3a8b946f46ca3e0-cgu.0.rcgu.o" "/opt/rustwide/target/debug/deps/tracing-4c8a605ba6762334.tracing.f3a8b946f46ca3e0-cgu.1.rcgu.o" "/opt/rustwide/target/debug/deps/tracing-4c8a605ba6762334.tracing.f3a8b946f46ca3e0-cgu.2.rcgu.o" "/opt/rustwide/target/debug/deps/tracing-4c8a605ba6762334.tracing.f3a8b946f46ca3e0-cgu.3.rcgu.o" "/opt/rustwide/target/debug/deps/tracing-4c8a605ba6762334.2n7dazxaqxq8xvrf.rcgu.o" "-Wl,--as-needed" "-L" "/opt/rustwide/target/debug/deps" "-L" "/opt/rustwide/rustup-home/toolchains/1.75.0-x86_64-unknown-linux-gnu/lib/rustlib/x86_64-unknown-linux-gnu/lib" "-Wl,-Bstatic" "/opt/rustwide/target/debug/deps/libtracing_subscriber-10816c6fec46f35d.rlib" "/opt/rustwide/target/debug/deps/libsmallvec-e348a0178db8b1b8.rlib" "/opt/rustwide/target/debug/deps/libnu_ansi_term-3e05c43b33054704.rlib" "/opt/rustwide/target/debug/deps/liboverload-ed04f4baf105cbd4.rlib" "/opt/rustwide/target/debug/deps/libsharded_slab-02c3102eff4edbd9.rlib" "/opt/rustwide/target/debug/deps/libmatchers-09eec00427944fa1.rlib" "/opt/rustwide/target/debug/deps/libregex_automata-4c60e2b0ad265c6c.rlib" "/opt/rustwide/target/debug/deps/libregex_syntax-0dc2d12e01b76027.rlib" "/opt/rustwide/target/debug/deps/libregex-005755ed8bd2e9de.rlib" "/opt/rustwide/target/debug/deps/libregex_automata-4e02aa8ebbd53f09.rlib" "/opt/rustwide/target/debug/deps/libaho_corasick-55fa5d0d87606d18.rlib" "/opt/rustwide/target/debug/deps/libregex_syntax-1c17a3b21e2deb22.rlib" "/opt/rustwide/target/debug/deps/libthread_local-37974e86c33cb31d.rlib" "/opt/rustwide/target/debug/deps/libtracing_log-5485707d63e1702e.rlib" "/opt/rustwide/target/debug/deps/liblazy_static-591486ebcb9a7ead.rlib" "/opt/rustwide/rustup-home/toolchains/1.75.0-x86_64-unknown-linux-gnu/lib/rustlib/x86_64-unknown-linux-gnu/lib/libtest-3df1bed8075ce1de.rlib" "/opt/rustwide/rustup-home/toolchains/1.75.0-x86_64-unknown-linux-gnu/lib/rustlib/x86_64-unknown-linux-gnu/lib/libgetopts-2076fd86b325cb5d.rlib" "/opt/rustwide/rustup-home/toolchains/1.75.0-x86_64-unknown-linux-gnu/lib/rustlib/x86_64-unknown-linux-gnu/lib/libunicode_width-caa7152ee70c190f.rlib" "/opt/rustwide/rustup-home/toolchains/1.75.0-x86_64-unknown-linux-gnu/lib/rustlib/x86_64-unknown-linux-gnu/lib/librustc_std_workspace_std-04e6425e07f02a3c.rlib" "/opt/rustwide/target/debug/deps/libwarp-08d7d2eb57af1623.rlib" "/opt/rustwide/target/debug/deps/libscoped_tls-169b605071c9f714.rlib" "/opt/rustwide/target/debug/deps/libtokio_tungstenite-84ddfd443d54e69e.rlib" "/opt/rustwide/target/debug/deps/libtungstenite-d0072d63fd6c650c.rlib" "/opt/rustwide/target/debug/deps/libdata_encoding-ee0993e6a6bc4037.rlib" "/opt/rustwide/target/debug/deps/librand-17205bbc62aed508.rlib" "/opt/rustwide/target/debug/deps/librand_chacha-37f4fc9c4878d463.rlib" "/opt/rustwide/target/debug/deps/libppv_lite86-9f808eb911999ef2.rlib" "/opt/rustwide/target/debug/deps/librand_core-1bb03d284c7ed62d.rlib" "/opt/rustwide/target/debug/deps/libgetrandom-9b288811e1d6c264.rlib" "/opt/rustwide/target/debug/deps/libutf8-9b4563d058a684d7.rlib" "/opt/rustwide/target/debug/deps/libbyteorder-b7588b59c1d17615.rlib" "/opt/rustwide/target/debug/deps/libthiserror-d9e9573b6043c085.rlib" "/opt/rustwide/target/debug/deps/liburl-bc0661a5141cbab3.rlib" "/opt/rustwide/target/debug/deps/libidna-35e3e2f202e10859.rlib" "/opt/rustwide/target/debug/deps/libunicode_normalization-e04a0b39935fba30.rlib" "/opt/rustwide/target/debug/deps/libtinyvec-cf6c9f6b792a5507.rlib" "/opt/rustwide/target/debug/deps/libtinyvec_macros-b1cb7f53f58c9f87.rlib" "/opt/rustwide/target/debug/deps/libunicode_bidi-020370784786e57d.rlib" "/opt/rustwide/target/debug/deps/libmulter-3ef52ce54fd01d88.rlib" "/opt/rustwide/target/debug/deps/libmemchr-a76ee3fe84a5d757.rlib" "/opt/rustwide/target/debug/deps/libspin-06cf3734cfe77ab1.rlib" "/opt/rustwide/target/debug/deps/libencoding_rs-000c97fafd38c2ed.rlib" "/opt/rustwide/target/debug/deps/libmime_guess-b52504f9ddbbfa9c.rlib" "/opt/rustwide/target/debug/deps/libunicase-131885e46c9d146d.rlib" "/opt/rustwide/target/debug/deps/libserde_urlencoded-01bab01a89131f6a.rlib" "/opt/rustwide/target/debug/deps/libform_urlencoded-a39e5ffbd9c88c0c.rlib" "/opt/rustwide/target/debug/deps/libpercent_encoding-5d42724fd4d173a7.rlib" "/opt/rustwide/target/debug/deps/libserde_json-d41155e76ed64e7d.rlib" "/opt/rustwide/target/debug/deps/libryu-f8e8abf733224b36.rlib" "/opt/rustwide/target/debug/deps/libserde-ab22d28f3b5ead79.rlib" "/opt/rustwide/target/debug/deps/libheaders-d4e2b2d056af3c63.rlib" "/opt/rustwide/target/debug/deps/libsha1-783b7115c565cb87.rlib" "/opt/rustwide/target/debug/deps/libcpufeatures-2267b67a5a791194.rlib" "/opt/rustwide/target/debug/deps/libdigest-de2dc59efd15c225.rlib" "/opt/rustwide/target/debug/deps/libblock_buffer-7e9270fb9b7ff635.rlib" "/opt/rustwide/target/debug/deps/libcrypto_common-145014adf1649651.rlib" "/opt/rustwide/target/debug/deps/libgeneric_array-18b3188a0c567140.rlib" "/opt/rustwide/target/debug/deps/libtypenum-da95465dc70d2c95.rlib" "/opt/rustwide/target/debug/deps/libmime-7e306270d8ceb372.rlib" "/opt/rustwide/target/debug/deps/libheaders_core-f81cd5460f2ae0e3.rlib" "/opt/rustwide/target/debug/deps/libbase64-3052c0bc8cc540c1.rlib" "/opt/rustwide/target/debug/deps/libhyper-9162cd628d50e077.rlib" "/opt/rustwide/target/debug/deps/libwant-0e59d2771cba3a35.rlib" "/opt/rustwide/target/debug/deps/libtry_lock-51271589248cd7d9.rlib" "/opt/rustwide/target/debug/deps/libsocket2-788f835bc9d0a047.rlib" "/opt/rustwide/target/debug/deps/libhttparse-64f1ffbeda450424.rlib" "/opt/rustwide/target/debug/deps/libh2-366b2a11004b9bc9.rlib" "/opt/rustwide/target/debug/deps/libindexmap-93f72862478380d0.rlib" "/opt/rustwide/target/debug/deps/libhashbrown-567986452cb9bc94.rlib" "/opt/rustwide/target/debug/deps/libtokio_util-b9d23f95fc1adc71.rlib" "/opt/rustwide/target/debug/deps/libtower_service-104d6e83d5ce383d.rlib" "/opt/rustwide/target/debug/deps/libtracing-785edc8e3203c123.rlib" "/opt/rustwide/target/debug/deps/libcfg_if-61dc7a6799e72b18.rlib" "/opt/rustwide/target/debug/deps/liblog-e491f2c1d0b13538.rlib" "/opt/rustwide/target/debug/deps/libtracing_core-9caaf48da55e3332.rlib" "/opt/rustwide/target/debug/deps/libonce_cell-865e1c5018a0303a.rlib" "/opt/rustwide/target/debug/deps/libfutures_channel-b11b4e3e73ae8576.rlib" "/opt/rustwide/target/debug/deps/libhttp_body-6020a10d9659dc54.rlib" "/opt/rustwide/target/debug/deps/libtokio-cc46eb9cf23e84ed.rlib" "/opt/rustwide/target/debug/deps/libnum_cpus-5d4cc2a593edf671.rlib" "/opt/rustwide/target/debug/deps/libsocket2-ecb74b06c5476694.rlib" "/opt/rustwide/target/debug/deps/libmio-d009ac1615f81d45.rlib" "/opt/rustwide/target/debug/deps/liblibc-3d4717d97635189d.rlib" "/opt/rustwide/target/debug/deps/libhttpdate-60c45fdec07c28d7.rlib" "/opt/rustwide/target/debug/deps/libhttp-f741a19cbfac6912.rlib" "/opt/rustwide/target/debug/deps/libitoa-05fb7c91ffbc0a79.rlib" "/opt/rustwide/target/debug/deps/libbytes-0a052f49710012b1.rlib" "/opt/rustwide/target/debug/deps/libfnv-18bf5144d055e772.rlib" "/opt/rustwide/target/debug/deps/libpin_project-3f6ce3a03929479b.rlib" "/opt/rustwide/target/debug/deps/libfutures_util-8eeb250d02b6b044.rlib" "/opt/rustwide/target/debug/deps/libslab-6eb39baadbe9101c.rlib" "/opt/rustwide/target/debug/deps/libpin_project_lite-e0757e0deaa2f8a0.rlib" "/opt/rustwide/target/debug/deps/libfutures_sink-4afe6e57e5588fde.rlib" "/opt/rustwide/target/debug/deps/libfutures_task-ec207c36a8b1b716.rlib" "/opt/rustwide/target/debug/deps/libpin_utils-741f7d9d160e4a16.rlib" "/opt/rustwide/target/debug/deps/libfutures_core-02b74ed2f49284a7.rlib" "/opt/rustwide/rustup-home/toolchains/1.75.0-x86_64-unknown-linux-gnu/lib/rustlib/x86_64-unknown-linux-gnu/lib/libstd-90f6ddbf82de36ec.rlib" "/opt/rustwide/rustup-home/toolchains/1.75.0-x86_64-unknown-linux-gnu/lib/rustlib/x86_64-unknown-linux-gnu/lib/libpanic_unwind-480c41e9d4e1f677.rlib" "/opt/rustwide/rustup-home/toolchains/1.75.0-x86_64-unknown-linux-gnu/lib/rustlib/x86_64-unknown-linux-gnu/lib/libobject-db744c0ca03eed1d.rlib" "/opt/rustwide/rustup-home/toolchains/1.75.0-x86_64-unknown-linux-gnu/lib/rustlib/x86_64-unknown-linux-gnu/lib/libmemchr-8ba652dc7d4b285a.rlib" "/opt/rustwide/rustup-home/toolchains/1.75.0-x86_64-unknown-linux-gnu/lib/rustlib/x86_64-unknown-linux-gnu/lib/libaddr2line-d5f4520a9ebc0d58.rlib" "/opt/rustwide/rustup-home/toolchains/1.75.0-x86_64-unknown-linux-gnu/lib/rustlib/x86_64-unknown-linux-gnu/lib/libgimli-4ad84de58f0cb463.rlib" "/opt/rustwide/rustup-home/toolchains/1.75.0-x86_64-unknown-linux-gnu/lib/rustlib/x86_64-unknown-linux-gnu/lib/librustc_demangle-0d10aae2e0f38735.rlib" "/opt/rustwide/rustup-home/toolchains/1.75.0-x86_64-unknown-linux-gnu/lib/rustlib/x86_64-unknown-linux-gnu/lib/libstd_detect-0c17cff739e6745b.rlib" "/opt/rustwide/rustup-home/toolchains/1.75.0-x86_64-unknown-linux-gnu/lib/rustlib/x86_64-unknown-linux-gnu/lib/libhashbrown-b29e17139dde1aa8.rlib" "/opt/rustwide/rustup-home/toolchains/1.75.0-x86_64-unknown-linux-gnu/lib/rustlib/x86_64-unknown-linux-gnu/lib/librustc_std_workspace_alloc-1f975299829cc7bd.rlib" "/opt/rustwide/rustup-home/toolchains/1.75.0-x86_64-unknown-linux-gnu/lib/rustlib/x86_64-unknown-linux-gnu/lib/libminiz_oxide-86bae3bc3079f89b.rlib" "/opt/rustwide/rustup-home/toolchains/1.75.0-x86_64-unknown-linux-gnu/lib/rustlib/x86_64-unknown-linux-gnu/lib/libadler-321b82c30dffdf5f.rlib" "/opt/rustwide/rustup-home/toolchains/1.75.0-x86_64-unknown-linux-gnu/lib/rustlib/x86_64-unknown-linux-gnu/lib/libunwind-3dd8a6810a0bdfef.rlib" "/opt/rustwide/rustup-home/toolchains/1.75.0-x86_64-unknown-linux-gnu/lib/rustlib/x86_64-unknown-linux-gnu/lib/libcfg_if-eb39a61c0c879984.rlib" "/opt/rustwide/rustup-home/toolchains/1.75.0-x86_64-unknown-linux-gnu/lib/rustlib/x86_64-unknown-linux-gnu/lib/liblibc-aa769569f91c3548.rlib" "/opt/rustwide/rustup-home/toolchains/1.75.0-x86_64-unknown-linux-gnu/lib/rustlib/x86_64-unknown-linux-gnu/lib/liballoc-510a192a50a983ed.rlib" "/opt/rustwide/rustup-home/toolchains/1.75.0-x86_64-unknown-linux-gnu/lib/rustlib/x86_64-unknown-linux-gnu/lib/librustc_std_workspace_core-0577018320f99037.rlib" "/opt/rustwide/rustup-home/toolchains/1.75.0-x86_64-unknown-linux-gnu/lib/rustlib/x86_64-unknown-linux-gnu/lib/libcore-193cf992125ccd4c.rlib" "/opt/rustwide/rustup-home/toolchains/1.75.0-x86_64-unknown-linux-gnu/lib/rustlib/x86_64-unknown-linux-gnu/lib/libcompiler_builtins-8e138eaf26ebb4a8.rlib" "-Wl,-Bdynamic" "-lgcc_s" "-lutil" "-lrt" "-lpthread" "-lm" "-ldl" "-lc" "-Wl,--eh-frame-hdr" "-Wl,-z,noexecstack" "-L" "/opt/rustwide/rustup-home/toolchains/1.75.0-x86_64-unknown-linux-gnu/lib/rustlib/x86_64-unknown-linux-gnu/lib" "-o" "/opt/rustwide/target/debug/deps/tracing-4c8a605ba6762334" "-Wl,--gc-sections" "-pie" "-Wl,-z,relro,-z,now" "-nodefaultlibs"
[INFO] [stdout]   = note: collect2: fatal error: ld terminated with signal 9 [Killed]
[INFO] [stdout]           compilation terminated.
[INFO] [stdout]           
[INFO] [stdout] 
[INFO] [stdout] 
[INFO] [stdout] error: aborting due to previous error
[INFO] [stdout] 
[INFO] [stdout] 
[INFO] [stderr] error: could not compile `warp` (test "tracing") due to 2 previous errors
[INFO] [stderr] error: could not compile `warp` (lib test)
[INFO] [stderr] 
[INFO] [stderr] Caused by:
[INFO] [stderr]   process didn't exit successfully: `/opt/rustwide/rustup-home/toolchains/1.75.0-x86_64-unknown-linux-gnu/bin/rustc --crate-name warp --edition=2018 src/lib.rs --error-format=json --json=diagnostic-rendered-ansi,artifacts,future-incompat --emit=dep-info,link -C embed-bitcode=no -C debuginfo=2 --test --cfg 'feature="default"' --cfg 'feature="multer"' --cfg 'feature="multipart"' --cfg 'feature="tokio-tungstenite"' --cfg 'feature="websocket"' -C metadata=748dd21b2db0e003 -C extra-filename=-748dd21b2db0e003 --out-dir /opt/rustwide/target/debug/deps -L dependency=/opt/rustwide/target/debug/deps --extern bytes=/opt/rustwide/target/debug/deps/libbytes-0a052f49710012b1.rlib --extern futures_channel=/opt/rustwide/target/debug/deps/libfutures_channel-b11b4e3e73ae8576.rlib --extern futures_util=/opt/rustwide/target/debug/deps/libfutures_util-8eeb250d02b6b044.rlib --extern handlebars=/opt/rustwide/target/debug/deps/libhandlebars-6fa4bd6a76f77e88.rlib --extern headers=/opt/rustwide/target/debug/deps/libheaders-d4e2b2d056af3c63.rlib --extern http=/opt/rustwide/target/debug/deps/libhttp-f741a19cbfac6912.rlib --extern hyper=/opt/rustwide/target/debug/deps/libhyper-9162cd628d50e077.rlib --extern listenfd=/opt/rustwide/target/debug/deps/liblistenfd-2308b2c80f1e8f26.rlib --extern log=/opt/rustwide/target/debug/deps/liblog-e491f2c1d0b13538.rlib --extern mime=/opt/rustwide/target/debug/deps/libmime-7e306270d8ceb372.rlib --extern mime_guess=/opt/rustwide/target/debug/deps/libmime_guess-b52504f9ddbbfa9c.rlib --extern multer=/opt/rustwide/target/debug/deps/libmulter-3ef52ce54fd01d88.rlib --extern percent_encoding=/opt/rustwide/target/debug/deps/libpercent_encoding-5d42724fd4d173a7.rlib --extern pin_project=/opt/rustwide/target/debug/deps/libpin_project-3f6ce3a03929479b.rlib --extern pretty_env_logger=/opt/rustwide/target/debug/deps/libpretty_env_logger-f4bedaea8306deb0.rlib --extern rustls_pemfile=/opt/rustwide/target/debug/deps/librustls_pemfile-51a69b36c7346bd6.rlib --extern scoped_tls=/opt/rustwide/target/debug/deps/libscoped_tls-169b605071c9f714.rlib --extern serde=/opt/rustwide/target/debug/deps/libserde-ab22d28f3b5ead79.rlib --extern serde_derive=/opt/rustwide/target/debug/deps/libserde_derive-f8a072866b7f4731.so --extern serde_json=/opt/rustwide/target/debug/deps/libserde_json-d41155e76ed64e7d.rlib --extern serde_urlencoded=/opt/rustwide/target/debug/deps/libserde_urlencoded-01bab01a89131f6a.rlib --extern tokio=/opt/rustwide/target/debug/deps/libtokio-cc46eb9cf23e84ed.rlib --extern tokio_stream=/opt/rustwide/target/debug/deps/libtokio_stream-6ee1804aa2090255.rlib --extern tokio_tungstenite=/opt/rustwide/target/debug/deps/libtokio_tungstenite-84ddfd443d54e69e.rlib --extern tokio_util=/opt/rustwide/target/debug/deps/libtokio_util-b9d23f95fc1adc71.rlib --extern tower_service=/opt/rustwide/target/debug/deps/libtower_service-104d6e83d5ce383d.rlib --extern tracing=/opt/rustwide/target/debug/deps/libtracing-785edc8e3203c123.rlib --extern tracing_log=/opt/rustwide/target/debug/deps/libtracing_log-5485707d63e1702e.rlib --extern tracing_subscriber=/opt/rustwide/target/debug/deps/libtracing_subscriber-10816c6fec46f35d.rlib --cap-lints=warn` (signal: 9, SIGKILL: kill)
[INFO] [stderr] error: could not compile `warp` (example "websockets")
[INFO] [stderr] 
[INFO] [stderr] Caused by:
[INFO] [stderr]   process didn't exit successfully: `/opt/rustwide/rustup-home/toolchains/1.75.0-x86_64-unknown-linux-gnu/bin/rustc --crate-name websockets --edition=2018 examples/websockets.rs --error-format=json --json=diagnostic-rendered-ansi,artifacts,future-incompat --crate-type bin --emit=dep-info,link -C embed-bitcode=no -C debuginfo=2 --cfg 'feature="default"' --cfg 'feature="multer"' --cfg 'feature="multipart"' --cfg 'feature="tokio-tungstenite"' --cfg 'feature="websocket"' -C metadata=e54af386f9381433 -C extra-filename=-e54af386f9381433 --out-dir /opt/rustwide/target/debug/examples -L dependency=/opt/rustwide/target/debug/deps --extern bytes=/opt/rustwide/target/debug/deps/libbytes-0a052f49710012b1.rlib --extern futures_channel=/opt/rustwide/target/debug/deps/libfutures_channel-b11b4e3e73ae8576.rlib --extern futures_util=/opt/rustwide/target/debug/deps/libfutures_util-8eeb250d02b6b044.rlib --extern handlebars=/opt/rustwide/target/debug/deps/libhandlebars-6fa4bd6a76f77e88.rlib --extern headers=/opt/rustwide/target/debug/deps/libheaders-d4e2b2d056af3c63.rlib --extern http=/opt/rustwide/target/debug/deps/libhttp-f741a19cbfac6912.rlib --extern hyper=/opt/rustwide/target/debug/deps/libhyper-9162cd628d50e077.rlib --extern listenfd=/opt/rustwide/target/debug/deps/liblistenfd-2308b2c80f1e8f26.rlib --extern log=/opt/rustwide/target/debug/deps/liblog-e491f2c1d0b13538.rlib --extern mime=/opt/rustwide/target/debug/deps/libmime-7e306270d8ceb372.rlib --extern mime_guess=/opt/rustwide/target/debug/deps/libmime_guess-b52504f9ddbbfa9c.rlib --extern multer=/opt/rustwide/target/debug/deps/libmulter-3ef52ce54fd01d88.rlib --extern percent_encoding=/opt/rustwide/target/debug/deps/libpercent_encoding-5d42724fd4d173a7.rlib --extern pin_project=/opt/rustwide/target/debug/deps/libpin_project-3f6ce3a03929479b.rlib --extern pretty_env_logger=/opt/rustwide/target/debug/deps/libpretty_env_logger-f4bedaea8306deb0.rlib --extern rustls_pemfile=/opt/rustwide/target/debug/deps/librustls_pemfile-51a69b36c7346bd6.rlib --extern scoped_tls=/opt/rustwide/target/debug/deps/libscoped_tls-169b605071c9f714.rlib --extern serde=/opt/rustwide/target/debug/deps/libserde-ab22d28f3b5ead79.rlib --extern serde_derive=/opt/rustwide/target/debug/deps/libserde_derive-f8a072866b7f4731.so --extern serde_json=/opt/rustwide/target/debug/deps/libserde_json-d41155e76ed64e7d.rlib --extern serde_urlencoded=/opt/rustwide/target/debug/deps/libserde_urlencoded-01bab01a89131f6a.rlib --extern tokio=/opt/rustwide/target/debug/deps/libtokio-cc46eb9cf23e84ed.rlib --extern tokio_stream=/opt/rustwide/target/debug/deps/libtokio_stream-6ee1804aa2090255.rlib --extern tokio_tungstenite=/opt/rustwide/target/debug/deps/libtokio_tungstenite-84ddfd443d54e69e.rlib --extern tokio_util=/opt/rustwide/target/debug/deps/libtokio_util-b9d23f95fc1adc71.rlib --extern tower_service=/opt/rustwide/target/debug/deps/libtower_service-104d6e83d5ce383d.rlib --extern tracing=/opt/rustwide/target/debug/deps/libtracing-785edc8e3203c123.rlib --extern tracing_log=/opt/rustwide/target/debug/deps/libtracing_log-5485707d63e1702e.rlib --extern tracing_subscriber=/opt/rustwide/target/debug/deps/libtracing_subscriber-10816c6fec46f35d.rlib --extern warp=/opt/rustwide/target/debug/deps/libwarp-08d7d2eb57af1623.rlib --cap-lints=warn` (signal: 9, SIGKILL: kill)
[INFO] [stderr] error: could not compile `warp` (example "todos")
[INFO] [stderr] 
[INFO] [stderr] Caused by:
[INFO] [stderr]   process didn't exit successfully: `/opt/rustwide/rustup-home/toolchains/1.75.0-x86_64-unknown-linux-gnu/bin/rustc --crate-name todos --edition=2018 examples/todos.rs --error-format=json --json=diagnostic-rendered-ansi,artifacts,future-incompat --crate-type bin --emit=dep-info,link -C embed-bitcode=no -C debuginfo=2 --cfg 'feature="default"' --cfg 'feature="multer"' --cfg 'feature="multipart"' --cfg 'feature="tokio-tungstenite"' --cfg 'feature="websocket"' -C metadata=8c88d32921fa92c8 -C extra-filename=-8c88d32921fa92c8 --out-dir /opt/rustwide/target/debug/examples -L dependency=/opt/rustwide/target/debug/deps --extern bytes=/opt/rustwide/target/debug/deps/libbytes-0a052f49710012b1.rlib --extern futures_channel=/opt/rustwide/target/debug/deps/libfutures_channel-b11b4e3e73ae8576.rlib --extern futures_util=/opt/rustwide/target/debug/deps/libfutures_util-8eeb250d02b6b044.rlib --extern handlebars=/opt/rustwide/target/debug/deps/libhandlebars-6fa4bd6a76f77e88.rlib --extern headers=/opt/rustwide/target/debug/deps/libheaders-d4e2b2d056af3c63.rlib --extern http=/opt/rustwide/target/debug/deps/libhttp-f741a19cbfac6912.rlib --extern hyper=/opt/rustwide/target/debug/deps/libhyper-9162cd628d50e077.rlib --extern listenfd=/opt/rustwide/target/debug/deps/liblistenfd-2308b2c80f1e8f26.rlib --extern log=/opt/rustwide/target/debug/deps/liblog-e491f2c1d0b13538.rlib --extern mime=/opt/rustwide/target/debug/deps/libmime-7e306270d8ceb372.rlib --extern mime_guess=/opt/rustwide/target/debug/deps/libmime_guess-b52504f9ddbbfa9c.rlib --extern multer=/opt/rustwide/target/debug/deps/libmulter-3ef52ce54fd01d88.rlib --extern percent_encoding=/opt/rustwide/target/debug/deps/libpercent_encoding-5d42724fd4d173a7.rlib --extern pin_project=/opt/rustwide/target/debug/deps/libpin_project-3f6ce3a03929479b.rlib --extern pretty_env_logger=/opt/rustwide/target/debug/deps/libpretty_env_logger-f4bedaea8306deb0.rlib --extern rustls_pemfile=/opt/rustwide/target/debug/deps/librustls_pemfile-51a69b36c7346bd6.rlib --extern scoped_tls=/opt/rustwide/target/debug/deps/libscoped_tls-169b605071c9f714.rlib --extern serde=/opt/rustwide/target/debug/deps/libserde-ab22d28f3b5ead79.rlib --extern serde_derive=/opt/rustwide/target/debug/deps/libserde_derive-f8a072866b7f4731.so --extern serde_json=/opt/rustwide/target/debug/deps/libserde_json-d41155e76ed64e7d.rlib --extern serde_urlencoded=/opt/rustwide/target/debug/deps/libserde_urlencoded-01bab01a89131f6a.rlib --extern tokio=/opt/rustwide/target/debug/deps/libtokio-cc46eb9cf23e84ed.rlib --extern tokio_stream=/opt/rustwide/target/debug/deps/libtokio_stream-6ee1804aa2090255.rlib --extern tokio_tungstenite=/opt/rustwide/target/debug/deps/libtokio_tungstenite-84ddfd443d54e69e.rlib --extern tokio_util=/opt/rustwide/target/debug/deps/libtokio_util-b9d23f95fc1adc71.rlib --extern tower_service=/opt/rustwide/target/debug/deps/libtower_service-104d6e83d5ce383d.rlib --extern tracing=/opt/rustwide/target/debug/deps/libtracing-785edc8e3203c123.rlib --extern tracing_log=/opt/rustwide/target/debug/deps/libtracing_log-5485707d63e1702e.rlib --extern tracing_subscriber=/opt/rustwide/target/debug/deps/libtracing_subscriber-10816c6fec46f35d.rlib --extern warp=/opt/rustwide/target/debug/deps/libwarp-08d7d2eb57af1623.rlib --cap-lints=warn` (signal: 9, SIGKILL: kill)
[INFO] [stdout] error: linking with `cc` failed: exit status: 1
[INFO] [stdout]   |
[INFO] [stdout]   = note: LC_ALL="C" PATH="/opt/rustwide/rustup-home/toolchains/1.75.0-x86_64-unknown-linux-gnu/lib/rustlib/x86_64-unknown-linux-gnu/bin:/opt/rustwide/cargo-home/bin:/usr/local/sbin:/usr/local/bin:/usr/sbin:/usr/bin:/sbin:/bin" VSLANG="1033" "cc" "-m64" "/tmp/rustcsTINGn/symbols.o" "/opt/rustwide/target/debug/deps/header-e8c9524d3167729c.header.a99395249a4786bf-cgu.0.rcgu.o" "/opt/rustwide/target/debug/deps/header-e8c9524d3167729c.header.a99395249a4786bf-cgu.1.rcgu.o" "/opt/rustwide/target/debug/deps/header-e8c9524d3167729c.header.a99395249a4786bf-cgu.2.rcgu.o" "/opt/rustwide/target/debug/deps/header-e8c9524d3167729c.31q94oij3ioqux5p.rcgu.o" "-Wl,--as-needed" "-L" "/opt/rustwide/target/debug/deps" "-L" "/opt/rustwide/rustup-home/toolchains/1.75.0-x86_64-unknown-linux-gnu/lib/rustlib/x86_64-unknown-linux-gnu/lib" "-Wl,-Bstatic" "/opt/rustwide/target/debug/deps/libpretty_env_logger-f4bedaea8306deb0.rlib" "/opt/rustwide/target/debug/deps/libenv_logger-3c9ae480653e5e9e.rlib" "/opt/rustwide/target/debug/deps/libtermcolor-cbaa4bd9813bfe54.rlib" "/opt/rustwide/target/debug/deps/libis_terminal-23bc0c52d329c7b9.rlib" "/opt/rustwide/target/debug/deps/librustix-8976ef047e4af772.rlib" "/opt/rustwide/target/debug/deps/libbitflags-78da337a9db99d1b.rlib" "/opt/rustwide/target/debug/deps/liblinux_raw_sys-a92ca70250660c8f.rlib" "/opt/rustwide/target/debug/deps/libhumantime-e2a10e0b2bfa2002.rlib" "/opt/rustwide/target/debug/deps/libregex-005755ed8bd2e9de.rlib" "/opt/rustwide/target/debug/deps/libregex_automata-4e02aa8ebbd53f09.rlib" "/opt/rustwide/target/debug/deps/libaho_corasick-55fa5d0d87606d18.rlib" "/opt/rustwide/target/debug/deps/libregex_syntax-1c17a3b21e2deb22.rlib" "/opt/rustwide/rustup-home/toolchains/1.75.0-x86_64-unknown-linux-gnu/lib/rustlib/x86_64-unknown-linux-gnu/lib/libtest-3df1bed8075ce1de.rlib" "/opt/rustwide/rustup-home/toolchains/1.75.0-x86_64-unknown-linux-gnu/lib/rustlib/x86_64-unknown-linux-gnu/lib/libgetopts-2076fd86b325cb5d.rlib" "/opt/rustwide/rustup-home/toolchains/1.75.0-x86_64-unknown-linux-gnu/lib/rustlib/x86_64-unknown-linux-gnu/lib/libunicode_width-caa7152ee70c190f.rlib" "/opt/rustwide/rustup-home/toolchains/1.75.0-x86_64-unknown-linux-gnu/lib/rustlib/x86_64-unknown-linux-gnu/lib/librustc_std_workspace_std-04e6425e07f02a3c.rlib" "/opt/rustwide/target/debug/deps/libwarp-08d7d2eb57af1623.rlib" "/opt/rustwide/target/debug/deps/libscoped_tls-169b605071c9f714.rlib" "/opt/rustwide/target/debug/deps/libtokio_tungstenite-84ddfd443d54e69e.rlib" "/opt/rustwide/target/debug/deps/libtungstenite-d0072d63fd6c650c.rlib" "/opt/rustwide/target/debug/deps/libdata_encoding-ee0993e6a6bc4037.rlib" "/opt/rustwide/target/debug/deps/librand-17205bbc62aed508.rlib" "/opt/rustwide/target/debug/deps/librand_chacha-37f4fc9c4878d463.rlib" "/opt/rustwide/target/debug/deps/libppv_lite86-9f808eb911999ef2.rlib" "/opt/rustwide/target/debug/deps/librand_core-1bb03d284c7ed62d.rlib" "/opt/rustwide/target/debug/deps/libgetrandom-9b288811e1d6c264.rlib" "/opt/rustwide/target/debug/deps/libutf8-9b4563d058a684d7.rlib" "/opt/rustwide/target/debug/deps/libbyteorder-b7588b59c1d17615.rlib" "/opt/rustwide/target/debug/deps/libthiserror-d9e9573b6043c085.rlib" "/opt/rustwide/target/debug/deps/liburl-bc0661a5141cbab3.rlib" "/opt/rustwide/target/debug/deps/libidna-35e3e2f202e10859.rlib" "/opt/rustwide/target/debug/deps/libunicode_normalization-e04a0b39935fba30.rlib" "/opt/rustwide/target/debug/deps/libtinyvec-cf6c9f6b792a5507.rlib" "/opt/rustwide/target/debug/deps/libtinyvec_macros-b1cb7f53f58c9f87.rlib" "/opt/rustwide/target/debug/deps/libunicode_bidi-020370784786e57d.rlib" "/opt/rustwide/target/debug/deps/libmulter-3ef52ce54fd01d88.rlib" "/opt/rustwide/target/debug/deps/libmemchr-a76ee3fe84a5d757.rlib" "/opt/rustwide/target/debug/deps/libspin-06cf3734cfe77ab1.rlib" "/opt/rustwide/target/debug/deps/libencoding_rs-000c97fafd38c2ed.rlib" "/opt/rustwide/target/debug/deps/libmime_guess-b52504f9ddbbfa9c.rlib" "/opt/rustwide/target/debug/deps/libunicase-131885e46c9d146d.rlib" "/opt/rustwide/target/debug/deps/libserde_urlencoded-01bab01a89131f6a.rlib" "/opt/rustwide/target/debug/deps/libform_urlencoded-a39e5ffbd9c88c0c.rlib" "/opt/rustwide/target/debug/deps/libpercent_encoding-5d42724fd4d173a7.rlib" "/opt/rustwide/target/debug/deps/libserde_json-d41155e76ed64e7d.rlib" "/opt/rustwide/target/debug/deps/libryu-f8e8abf733224b36.rlib" "/opt/rustwide/target/debug/deps/libserde-ab22d28f3b5ead79.rlib" "/opt/rustwide/target/debug/deps/libheaders-d4e2b2d056af3c63.rlib" "/opt/rustwide/target/debug/deps/libsha1-783b7115c565cb87.rlib" "/opt/rustwide/target/debug/deps/libcpufeatures-2267b67a5a791194.rlib" "/opt/rustwide/target/debug/deps/libdigest-de2dc59efd15c225.rlib" "/opt/rustwide/target/debug/deps/libblock_buffer-7e9270fb9b7ff635.rlib" "/opt/rustwide/target/debug/deps/libcrypto_common-145014adf1649651.rlib" "/opt/rustwide/target/debug/deps/libgeneric_array-18b3188a0c567140.rlib" "/opt/rustwide/target/debug/deps/libtypenum-da95465dc70d2c95.rlib" "/opt/rustwide/target/debug/deps/libmime-7e306270d8ceb372.rlib" "/opt/rustwide/target/debug/deps/libheaders_core-f81cd5460f2ae0e3.rlib" "/opt/rustwide/target/debug/deps/libbase64-3052c0bc8cc540c1.rlib" "/opt/rustwide/target/debug/deps/libhyper-9162cd628d50e077.rlib" "/opt/rustwide/target/debug/deps/libwant-0e59d2771cba3a35.rlib" "/opt/rustwide/target/debug/deps/libtry_lock-51271589248cd7d9.rlib" "/opt/rustwide/target/debug/deps/libsocket2-788f835bc9d0a047.rlib" "/opt/rustwide/target/debug/deps/libhttparse-64f1ffbeda450424.rlib" "/opt/rustwide/target/debug/deps/libh2-366b2a11004b9bc9.rlib" "/opt/rustwide/target/debug/deps/libindexmap-93f72862478380d0.rlib" "/opt/rustwide/target/debug/deps/libhashbrown-567986452cb9bc94.rlib" "/opt/rustwide/target/debug/deps/libtokio_util-b9d23f95fc1adc71.rlib" "/opt/rustwide/target/debug/deps/libtower_service-104d6e83d5ce383d.rlib" "/opt/rustwide/target/debug/deps/libtracing-785edc8e3203c123.rlib" "/opt/rustwide/target/debug/deps/libcfg_if-61dc7a6799e72b18.rlib" "/opt/rustwide/target/debug/deps/liblog-e491f2c1d0b13538.rlib" "/opt/rustwide/target/debug/deps/libtracing_core-9caaf48da55e3332.rlib" "/opt/rustwide/target/debug/deps/libonce_cell-865e1c5018a0303a.rlib" "/opt/rustwide/target/debug/deps/libfutures_channel-b11b4e3e73ae8576.rlib" "/opt/rustwide/target/debug/deps/libhttp_body-6020a10d9659dc54.rlib" "/opt/rustwide/target/debug/deps/libtokio-cc46eb9cf23e84ed.rlib" "/opt/rustwide/target/debug/deps/libnum_cpus-5d4cc2a593edf671.rlib" "/opt/rustwide/target/debug/deps/libsocket2-ecb74b06c5476694.rlib" "/opt/rustwide/target/debug/deps/libmio-d009ac1615f81d45.rlib" "/opt/rustwide/target/debug/deps/liblibc-3d4717d97635189d.rlib" "/opt/rustwide/target/debug/deps/libhttpdate-60c45fdec07c28d7.rlib" "/opt/rustwide/target/debug/deps/libhttp-f741a19cbfac6912.rlib" "/opt/rustwide/target/debug/deps/libitoa-05fb7c91ffbc0a79.rlib" "/opt/rustwide/target/debug/deps/libbytes-0a052f49710012b1.rlib" "/opt/rustwide/target/debug/deps/libfnv-18bf5144d055e772.rlib" "/opt/rustwide/target/debug/deps/libpin_project-3f6ce3a03929479b.rlib" "/opt/rustwide/target/debug/deps/libfutures_util-8eeb250d02b6b044.rlib" "/opt/rustwide/target/debug/deps/libslab-6eb39baadbe9101c.rlib" "/opt/rustwide/target/debug/deps/libpin_project_lite-e0757e0deaa2f8a0.rlib" "/opt/rustwide/target/debug/deps/libfutures_sink-4afe6e57e5588fde.rlib" "/opt/rustwide/target/debug/deps/libfutures_task-ec207c36a8b1b716.rlib" "/opt/rustwide/target/debug/deps/libpin_utils-741f7d9d160e4a16.rlib" "/opt/rustwide/target/debug/deps/libfutures_core-02b74ed2f49284a7.rlib" "/opt/rustwide/rustup-home/toolchains/1.75.0-x86_64-unknown-linux-gnu/lib/rustlib/x86_64-unknown-linux-gnu/lib/libstd-90f6ddbf82de36ec.rlib" "/opt/rustwide/rustup-home/toolchains/1.75.0-x86_64-unknown-linux-gnu/lib/rustlib/x86_64-unknown-linux-gnu/lib/libpanic_unwind-480c41e9d4e1f677.rlib" "/opt/rustwide/rustup-home/toolchains/1.75.0-x86_64-unknown-linux-gnu/lib/rustlib/x86_64-unknown-linux-gnu/lib/libobject-db744c0ca03eed1d.rlib" "/opt/rustwide/rustup-home/toolchains/1.75.0-x86_64-unknown-linux-gnu/lib/rustlib/x86_64-unknown-linux-gnu/lib/libmemchr-8ba652dc7d4b285a.rlib" "/opt/rustwide/rustup-home/toolchains/1.75.0-x86_64-unknown-linux-gnu/lib/rustlib/x86_64-unknown-linux-gnu/lib/libaddr2line-d5f4520a9ebc0d58.rlib" "/opt/rustwide/rustup-home/toolchains/1.75.0-x86_64-unknown-linux-gnu/lib/rustlib/x86_64-unknown-linux-gnu/lib/libgimli-4ad84de58f0cb463.rlib" "/opt/rustwide/rustup-home/toolchains/1.75.0-x86_64-unknown-linux-gnu/lib/rustlib/x86_64-unknown-linux-gnu/lib/librustc_demangle-0d10aae2e0f38735.rlib" "/opt/rustwide/rustup-home/toolchains/1.75.0-x86_64-unknown-linux-gnu/lib/rustlib/x86_64-unknown-linux-gnu/lib/libstd_detect-0c17cff739e6745b.rlib" "/opt/rustwide/rustup-home/toolchains/1.75.0-x86_64-unknown-linux-gnu/lib/rustlib/x86_64-unknown-linux-gnu/lib/libhashbrown-b29e17139dde1aa8.rlib" "/opt/rustwide/rustup-home/toolchains/1.75.0-x86_64-unknown-linux-gnu/lib/rustlib/x86_64-unknown-linux-gnu/lib/librustc_std_workspace_alloc-1f975299829cc7bd.rlib" "/opt/rustwide/rustup-home/toolchains/1.75.0-x86_64-unknown-linux-gnu/lib/rustlib/x86_64-unknown-linux-gnu/lib/libminiz_oxide-86bae3bc3079f89b.rlib" "/opt/rustwide/rustup-home/toolchains/1.75.0-x86_64-unknown-linux-gnu/lib/rustlib/x86_64-unknown-linux-gnu/lib/libadler-321b82c30dffdf5f.rlib" "/opt/rustwide/rustup-home/toolchains/1.75.0-x86_64-unknown-linux-gnu/lib/rustlib/x86_64-unknown-linux-gnu/lib/libunwind-3dd8a6810a0bdfef.rlib" "/opt/rustwide/rustup-home/toolchains/1.75.0-x86_64-unknown-linux-gnu/lib/rustlib/x86_64-unknown-linux-gnu/lib/libcfg_if-eb39a61c0c879984.rlib" "/opt/rustwide/rustup-home/toolchains/1.75.0-x86_64-unknown-linux-gnu/lib/rustlib/x86_64-unknown-linux-gnu/lib/liblibc-aa769569f91c3548.rlib" "/opt/rustwide/rustup-home/toolchains/1.75.0-x86_64-unknown-linux-gnu/lib/rustlib/x86_64-unknown-linux-gnu/lib/liballoc-510a192a50a983ed.rlib" "/opt/rustwide/rustup-home/toolchains/1.75.0-x86_64-unknown-linux-gnu/lib/rustlib/x86_64-unknown-linux-gnu/lib/librustc_std_workspace_core-0577018320f99037.rlib" "/opt/rustwide/rustup-home/toolchains/1.75.0-x86_64-unknown-linux-gnu/lib/rustlib/x86_64-unknown-linux-gnu/lib/libcore-193cf992125ccd4c.rlib" "/opt/rustwide/rustup-home/toolchains/1.75.0-x86_64-unknown-linux-gnu/lib/rustlib/x86_64-unknown-linux-gnu/lib/libcompiler_builtins-8e138eaf26ebb4a8.rlib" "-Wl,-Bdynamic" "-lgcc_s" "-lutil" "-lrt" "-lpthread" "-lm" "-ldl" "-lc" "-Wl,--eh-frame-hdr" "-Wl,-z,noexecstack" "-L" "/opt/rustwide/rustup-home/toolchains/1.75.0-x86_64-unknown-linux-gnu/lib/rustlib/x86_64-unknown-linux-gnu/lib" "-o" "/opt/rustwide/target/debug/deps/header-e8c9524d3167729c" "-Wl,--gc-sections" "-pie" "-Wl,-z,relro,-z,now" "-nodefaultlibs"
[INFO] [stdout]   = note: collect2: fatal error: ld terminated with signal 9 [Killed]
[INFO] [stdout]           compilation terminated.
[INFO] [stdout]           
[INFO] [stdout] 
[INFO] [stdout] 
[INFO] [stdout] error: aborting due to previous error
[INFO] [stdout] 
[INFO] [stdout] 
[INFO] [stderr] error: could not compile `warp` (test "header") due to 2 previous errors
[INFO] [stdout] error: linking with `cc` failed: exit status: 1
[INFO] [stdout]   |
[INFO] [stdout]   = note: LC_ALL="C" PATH="/opt/rustwide/rustup-home/toolchains/1.75.0-x86_64-unknown-linux-gnu/lib/rustlib/x86_64-unknown-linux-gnu/bin:/opt/rustwide/cargo-home/bin:/usr/local/sbin:/usr/local/bin:/usr/sbin:/usr/bin:/sbin:/bin" VSLANG="1033" "cc" "-m64" "/tmp/rustc6okI2J/symbols.o" "/opt/rustwide/target/debug/deps/path-d8867f0866e97db6.path.4cfdfe8125a703ab-cgu.00.rcgu.o" "/opt/rustwide/target/debug/deps/path-d8867f0866e97db6.path.4cfdfe8125a703ab-cgu.01.rcgu.o" "/opt/rustwide/target/debug/deps/path-d8867f0866e97db6.path.4cfdfe8125a703ab-cgu.02.rcgu.o" "/opt/rustwide/target/debug/deps/path-d8867f0866e97db6.path.4cfdfe8125a703ab-cgu.03.rcgu.o" "/opt/rustwide/target/debug/deps/path-d8867f0866e97db6.path.4cfdfe8125a703ab-cgu.04.rcgu.o" "/opt/rustwide/target/debug/deps/path-d8867f0866e97db6.path.4cfdfe8125a703ab-cgu.05.rcgu.o" "/opt/rustwide/target/debug/deps/path-d8867f0866e97db6.path.4cfdfe8125a703ab-cgu.06.rcgu.o" "/opt/rustwide/target/debug/deps/path-d8867f0866e97db6.path.4cfdfe8125a703ab-cgu.07.rcgu.o" "/opt/rustwide/target/debug/deps/path-d8867f0866e97db6.path.4cfdfe8125a703ab-cgu.08.rcgu.o" "/opt/rustwide/target/debug/deps/path-d8867f0866e97db6.path.4cfdfe8125a703ab-cgu.09.rcgu.o" "/opt/rustwide/target/debug/deps/path-d8867f0866e97db6.5g6cu1hokmkf3obc.rcgu.o" "-Wl,--as-needed" "-L" "/opt/rustwide/target/debug/deps" "-L" "/opt/rustwide/rustup-home/toolchains/1.75.0-x86_64-unknown-linux-gnu/lib/rustlib/x86_64-unknown-linux-gnu/lib" "-Wl,-Bstatic" "/opt/rustwide/target/debug/deps/libpretty_env_logger-f4bedaea8306deb0.rlib" "/opt/rustwide/target/debug/deps/libenv_logger-3c9ae480653e5e9e.rlib" "/opt/rustwide/target/debug/deps/libtermcolor-cbaa4bd9813bfe54.rlib" "/opt/rustwide/target/debug/deps/libis_terminal-23bc0c52d329c7b9.rlib" "/opt/rustwide/target/debug/deps/librustix-8976ef047e4af772.rlib" "/opt/rustwide/target/debug/deps/libbitflags-78da337a9db99d1b.rlib" "/opt/rustwide/target/debug/deps/liblinux_raw_sys-a92ca70250660c8f.rlib" "/opt/rustwide/target/debug/deps/libhumantime-e2a10e0b2bfa2002.rlib" "/opt/rustwide/target/debug/deps/libregex-005755ed8bd2e9de.rlib" "/opt/rustwide/target/debug/deps/libregex_automata-4e02aa8ebbd53f09.rlib" "/opt/rustwide/target/debug/deps/libaho_corasick-55fa5d0d87606d18.rlib" "/opt/rustwide/target/debug/deps/libregex_syntax-1c17a3b21e2deb22.rlib" "/opt/rustwide/rustup-home/toolchains/1.75.0-x86_64-unknown-linux-gnu/lib/rustlib/x86_64-unknown-linux-gnu/lib/libtest-3df1bed8075ce1de.rlib" "/opt/rustwide/rustup-home/toolchains/1.75.0-x86_64-unknown-linux-gnu/lib/rustlib/x86_64-unknown-linux-gnu/lib/libgetopts-2076fd86b325cb5d.rlib" "/opt/rustwide/rustup-home/toolchains/1.75.0-x86_64-unknown-linux-gnu/lib/rustlib/x86_64-unknown-linux-gnu/lib/libunicode_width-caa7152ee70c190f.rlib" "/opt/rustwide/rustup-home/toolchains/1.75.0-x86_64-unknown-linux-gnu/lib/rustlib/x86_64-unknown-linux-gnu/lib/librustc_std_workspace_std-04e6425e07f02a3c.rlib" "/opt/rustwide/target/debug/deps/libwarp-08d7d2eb57af1623.rlib" "/opt/rustwide/target/debug/deps/libscoped_tls-169b605071c9f714.rlib" "/opt/rustwide/target/debug/deps/libtokio_tungstenite-84ddfd443d54e69e.rlib" "/opt/rustwide/target/debug/deps/libtungstenite-d0072d63fd6c650c.rlib" "/opt/rustwide/target/debug/deps/libdata_encoding-ee0993e6a6bc4037.rlib" "/opt/rustwide/target/debug/deps/librand-17205bbc62aed508.rlib" "/opt/rustwide/target/debug/deps/librand_chacha-37f4fc9c4878d463.rlib" "/opt/rustwide/target/debug/deps/libppv_lite86-9f808eb911999ef2.rlib" "/opt/rustwide/target/debug/deps/librand_core-1bb03d284c7ed62d.rlib" "/opt/rustwide/target/debug/deps/libgetrandom-9b288811e1d6c264.rlib" "/opt/rustwide/target/debug/deps/libutf8-9b4563d058a684d7.rlib" "/opt/rustwide/target/debug/deps/libbyteorder-b7588b59c1d17615.rlib" "/opt/rustwide/target/debug/deps/libthiserror-d9e9573b6043c085.rlib" "/opt/rustwide/target/debug/deps/liburl-bc0661a5141cbab3.rlib" "/opt/rustwide/target/debug/deps/libidna-35e3e2f202e10859.rlib" "/opt/rustwide/target/debug/deps/libunicode_normalization-e04a0b39935fba30.rlib" "/opt/rustwide/target/debug/deps/libtinyvec-cf6c9f6b792a5507.rlib" "/opt/rustwide/target/debug/deps/libtinyvec_macros-b1cb7f53f58c9f87.rlib" "/opt/rustwide/target/debug/deps/libunicode_bidi-020370784786e57d.rlib" "/opt/rustwide/target/debug/deps/libmulter-3ef52ce54fd01d88.rlib" "/opt/rustwide/target/debug/deps/libmemchr-a76ee3fe84a5d757.rlib" "/opt/rustwide/target/debug/deps/libspin-06cf3734cfe77ab1.rlib" "/opt/rustwide/target/debug/deps/libencoding_rs-000c97fafd38c2ed.rlib" "/opt/rustwide/target/debug/deps/libmime_guess-b52504f9ddbbfa9c.rlib" "/opt/rustwide/target/debug/deps/libunicase-131885e46c9d146d.rlib" "/opt/rustwide/target/debug/deps/libserde_urlencoded-01bab01a89131f6a.rlib" "/opt/rustwide/target/debug/deps/libform_urlencoded-a39e5ffbd9c88c0c.rlib" "/opt/rustwide/target/debug/deps/libpercent_encoding-5d42724fd4d173a7.rlib" "/opt/rustwide/target/debug/deps/libserde_json-d41155e76ed64e7d.rlib" "/opt/rustwide/target/debug/deps/libryu-f8e8abf733224b36.rlib" "/opt/rustwide/target/debug/deps/libserde-ab22d28f3b5ead79.rlib" "/opt/rustwide/target/debug/deps/libheaders-d4e2b2d056af3c63.rlib" "/opt/rustwide/target/debug/deps/libsha1-783b7115c565cb87.rlib" "/opt/rustwide/target/debug/deps/libcpufeatures-2267b67a5a791194.rlib" "/opt/rustwide/target/debug/deps/libdigest-de2dc59efd15c225.rlib" "/opt/rustwide/target/debug/deps/libblock_buffer-7e9270fb9b7ff635.rlib" "/opt/rustwide/target/debug/deps/libcrypto_common-145014adf1649651.rlib" "/opt/rustwide/target/debug/deps/libgeneric_array-18b3188a0c567140.rlib" "/opt/rustwide/target/debug/deps/libtypenum-da95465dc70d2c95.rlib" "/opt/rustwide/target/debug/deps/libmime-7e306270d8ceb372.rlib" "/opt/rustwide/target/debug/deps/libheaders_core-f81cd5460f2ae0e3.rlib" "/opt/rustwide/target/debug/deps/libbase64-3052c0bc8cc540c1.rlib" "/opt/rustwide/target/debug/deps/libhyper-9162cd628d50e077.rlib" "/opt/rustwide/target/debug/deps/libwant-0e59d2771cba3a35.rlib" "/opt/rustwide/target/debug/deps/libtry_lock-51271589248cd7d9.rlib" "/opt/rustwide/target/debug/deps/libsocket2-788f835bc9d0a047.rlib" "/opt/rustwide/target/debug/deps/libhttparse-64f1ffbeda450424.rlib" "/opt/rustwide/target/debug/deps/libh2-366b2a11004b9bc9.rlib" "/opt/rustwide/target/debug/deps/libindexmap-93f72862478380d0.rlib" "/opt/rustwide/target/debug/deps/libhashbrown-567986452cb9bc94.rlib" "/opt/rustwide/target/debug/deps/libtokio_util-b9d23f95fc1adc71.rlib" "/opt/rustwide/target/debug/deps/libtower_service-104d6e83d5ce383d.rlib" "/opt/rustwide/target/debug/deps/libtracing-785edc8e3203c123.rlib" "/opt/rustwide/target/debug/deps/libcfg_if-61dc7a6799e72b18.rlib" "/opt/rustwide/target/debug/deps/liblog-e491f2c1d0b13538.rlib" "/opt/rustwide/target/debug/deps/libtracing_core-9caaf48da55e3332.rlib" "/opt/rustwide/target/debug/deps/libonce_cell-865e1c5018a0303a.rlib" "/opt/rustwide/target/debug/deps/libfutures_channel-b11b4e3e73ae8576.rlib" "/opt/rustwide/target/debug/deps/libhttp_body-6020a10d9659dc54.rlib" "/opt/rustwide/target/debug/deps/libtokio-cc46eb9cf23e84ed.rlib" "/opt/rustwide/target/debug/deps/libnum_cpus-5d4cc2a593edf671.rlib" "/opt/rustwide/target/debug/deps/libsocket2-ecb74b06c5476694.rlib" "/opt/rustwide/target/debug/deps/libmio-d009ac1615f81d45.rlib" "/opt/rustwide/target/debug/deps/liblibc-3d4717d97635189d.rlib" "/opt/rustwide/target/debug/deps/libhttpdate-60c45fdec07c28d7.rlib" "/opt/rustwide/target/debug/deps/libhttp-f741a19cbfac6912.rlib" "/opt/rustwide/target/debug/deps/libitoa-05fb7c91ffbc0a79.rlib" "/opt/rustwide/target/debug/deps/libbytes-0a052f49710012b1.rlib" "/opt/rustwide/target/debug/deps/libfnv-18bf5144d055e772.rlib" "/opt/rustwide/target/debug/deps/libpin_project-3f6ce3a03929479b.rlib" "/opt/rustwide/target/debug/deps/libfutures_util-8eeb250d02b6b044.rlib" "/opt/rustwide/target/debug/deps/libslab-6eb39baadbe9101c.rlib" "/opt/rustwide/target/debug/deps/libpin_project_lite-e0757e0deaa2f8a0.rlib" "/opt/rustwide/target/debug/deps/libfutures_sink-4afe6e57e5588fde.rlib" "/opt/rustwide/target/debug/deps/libfutures_task-ec207c36a8b1b716.rlib" "/opt/rustwide/target/debug/deps/libpin_utils-741f7d9d160e4a16.rlib" "/opt/rustwide/target/debug/deps/libfutures_core-02b74ed2f49284a7.rlib" "/opt/rustwide/rustup-home/toolchains/1.75.0-x86_64-unknown-linux-gnu/lib/rustlib/x86_64-unknown-linux-gnu/lib/libstd-90f6ddbf82de36ec.rlib" "/opt/rustwide/rustup-home/toolchains/1.75.0-x86_64-unknown-linux-gnu/lib/rustlib/x86_64-unknown-linux-gnu/lib/libpanic_unwind-480c41e9d4e1f677.rlib" "/opt/rustwide/rustup-home/toolchains/1.75.0-x86_64-unknown-linux-gnu/lib/rustlib/x86_64-unknown-linux-gnu/lib/libobject-db744c0ca03eed1d.rlib" "/opt/rustwide/rustup-home/toolchains/1.75.0-x86_64-unknown-linux-gnu/lib/rustlib/x86_64-unknown-linux-gnu/lib/libmemchr-8ba652dc7d4b285a.rlib" "/opt/rustwide/rustup-home/toolchains/1.75.0-x86_64-unknown-linux-gnu/lib/rustlib/x86_64-unknown-linux-gnu/lib/libaddr2line-d5f4520a9ebc0d58.rlib" "/opt/rustwide/rustup-home/toolchains/1.75.0-x86_64-unknown-linux-gnu/lib/rustlib/x86_64-unknown-linux-gnu/lib/libgimli-4ad84de58f0cb463.rlib" "/opt/rustwide/rustup-home/toolchains/1.75.0-x86_64-unknown-linux-gnu/lib/rustlib/x86_64-unknown-linux-gnu/lib/librustc_demangle-0d10aae2e0f38735.rlib" "/opt/rustwide/rustup-home/toolchains/1.75.0-x86_64-unknown-linux-gnu/lib/rustlib/x86_64-unknown-linux-gnu/lib/libstd_detect-0c17cff739e6745b.rlib" "/opt/rustwide/rustup-home/toolchains/1.75.0-x86_64-unknown-linux-gnu/lib/rustlib/x86_64-unknown-linux-gnu/lib/libhashbrown-b29e17139dde1aa8.rlib" "/opt/rustwide/rustup-home/toolchains/1.75.0-x86_64-unknown-linux-gnu/lib/rustlib/x86_64-unknown-linux-gnu/lib/librustc_std_workspace_alloc-1f975299829cc7bd.rlib" "/opt/rustwide/rustup-home/toolchains/1.75.0-x86_64-unknown-linux-gnu/lib/rustlib/x86_64-unknown-linux-gnu/lib/libminiz_oxide-86bae3bc3079f89b.rlib" "/opt/rustwide/rustup-home/toolchains/1.75.0-x86_64-unknown-linux-gnu/lib/rustlib/x86_64-unknown-linux-gnu/lib/libadler-321b82c30dffdf5f.rlib" "/opt/rustwide/rustup-home/toolchains/1.75.0-x86_64-unknown-linux-gnu/lib/rustlib/x86_64-unknown-linux-gnu/lib/libunwind-3dd8a6810a0bdfef.rlib" "/opt/rustwide/rustup-home/toolchains/1.75.0-x86_64-unknown-linux-gnu/lib/rustlib/x86_64-unknown-linux-gnu/lib/libcfg_if-eb39a61c0c879984.rlib" "/opt/rustwide/rustup-home/toolchains/1.75.0-x86_64-unknown-linux-gnu/lib/rustlib/x86_64-unknown-linux-gnu/lib/liblibc-aa769569f91c3548.rlib" "/opt/rustwide/rustup-home/toolchains/1.75.0-x86_64-unknown-linux-gnu/lib/rustlib/x86_64-unknown-linux-gnu/lib/liballoc-510a192a50a983ed.rlib" "/opt/rustwide/rustup-home/toolchains/1.75.0-x86_64-unknown-linux-gnu/lib/rustlib/x86_64-unknown-linux-gnu/lib/librustc_std_workspace_core-0577018320f99037.rlib" "/opt/rustwide/rustup-home/toolchains/1.75.0-x86_64-unknown-linux-gnu/lib/rustlib/x86_64-unknown-linux-gnu/lib/libcore-193cf992125ccd4c.rlib" "/opt/rustwide/rustup-home/toolchains/1.75.0-x86_64-unknown-linux-gnu/lib/rustlib/x86_64-unknown-linux-gnu/lib/libcompiler_builtins-8e138eaf26ebb4a8.rlib" "-Wl,-Bdynamic" "-lgcc_s" "-lutil" "-lrt" "-lpthread" "-lm" "-ldl" "-lc" "-Wl,--eh-frame-hdr" "-Wl,-z,noexecstack" "-L" "/opt/rustwide/rustup-home/toolchains/1.75.0-x86_64-unknown-linux-gnu/lib/rustlib/x86_64-unknown-linux-gnu/lib" "-o" "/opt/rustwide/target/debug/deps/path-d8867f0866e97db6" "-Wl,--gc-sections" "-pie" "-Wl,-z,relro,-z,now" "-nodefaultlibs"
[INFO] [stdout]   = note: collect2: fatal error: ld terminated with signal 9 [Killed]
[INFO] [stdout]           compilation terminated.
[INFO] [stdout]           
[INFO] [stdout] 
[INFO] [stdout] 
[INFO] [stdout] error: aborting due to previous error
[INFO] [stdout] 
[INFO] [stdout] 
[INFO] [stderr] error: could not compile `warp` (test "path") due to 2 previous errors
[INFO] running `Command { std: "docker" "inspect" "303a75121eea8534c4f36945053af5c4f743b563f9f121dd55248335039566c4", kill_on_drop: false }`
[INFO] running `Command { std: "docker" "rm" "-f" "303a75121eea8534c4f36945053af5c4f743b563f9f121dd55248335039566c4", kill_on_drop: false }`
[INFO] [stdout] 303a75121eea8534c4f36945053af5c4f743b563f9f121dd55248335039566c4
