[INFO] fetching crate wanikani-rs 0.1.0...
[INFO] testing wanikani-rs-0.1.0 against 1.75.0 for beta-1.76-1
[INFO] extracting crate wanikani-rs 0.1.0 into /workspace/builds/worker-6-tc1/source
[INFO] validating manifest of crates.io crate wanikani-rs 0.1.0 on toolchain 1.75.0
[INFO] running `Command { std: CARGO_HOME="/workspace/cargo-home" RUSTUP_HOME="/workspace/rustup-home" "/workspace/cargo-home/bin/cargo" "+1.75.0" "metadata" "--manifest-path" "Cargo.toml" "--no-deps", kill_on_drop: false }`
[INFO] started tweaking crates.io crate wanikani-rs 0.1.0
[INFO] finished tweaking crates.io crate wanikani-rs 0.1.0
[INFO] tweaked toml for crates.io crate wanikani-rs 0.1.0 written to /workspace/builds/worker-6-tc1/source/Cargo.toml
[INFO] crate crates.io crate wanikani-rs 0.1.0 already has a lockfile, it will not be regenerated
[INFO] running `Command { std: CARGO_HOME="/workspace/cargo-home" RUSTUP_HOME="/workspace/rustup-home" "/workspace/cargo-home/bin/cargo" "+1.75.0" "fetch" "--manifest-path" "Cargo.toml", kill_on_drop: false }`
[INFO] [stderr]     Updating crates.io index
[INFO] [stderr]  Downloading crates ...
[INFO] [stderr]   Downloaded wanikani-rs-model v0.1.0
[INFO] [stderr]   Downloaded serde_qs v0.11.0
[INFO] [stderr]   Downloaded darling_macro v0.14.3
[INFO] [stderr]   Downloaded env v0.0.0
[INFO] [stderr]   Downloaded darling v0.14.3
[INFO] [stderr]   Downloaded darling_core v0.14.3
[INFO] running `Command { std: "docker" "create" "-v" "/var/lib/crater-agent-workspace/builds/worker-6-tc1/target:/opt/rustwide/target:rw,Z" "-v" "/var/lib/crater-agent-workspace/builds/worker-6-tc1/source:/opt/rustwide/workdir:ro,Z" "-v" "/var/lib/crater-agent-workspace/cargo-home:/opt/rustwide/cargo-home:ro,Z" "-v" "/var/lib/crater-agent-workspace/rustup-home:/opt/rustwide/rustup-home:ro,Z" "-e" "SOURCE_DIR=/opt/rustwide/workdir" "-e" "CARGO_TARGET_DIR=/opt/rustwide/target" "-e" "CARGO_HOME=/opt/rustwide/cargo-home" "-e" "RUSTUP_HOME=/opt/rustwide/rustup-home" "-w" "/opt/rustwide/workdir" "-m" "1610612736" "--user" "0:0" "--network" "none" "ghcr.io/rust-lang/crates-build-env/linux@sha256:2788e3201cd34a07e3172128adcd8b3090168a8e3bcc40d7c032b9dda1df7d1c" "/opt/rustwide/cargo-home/bin/cargo" "+1.75.0" "metadata" "--no-deps" "--format-version=1", kill_on_drop: false }`
[INFO] [stdout] 7b5bb2e96bc04b2cc3afd6e2e13ef290c2b27535e15e78c4dda88d3ce76d07b1
[INFO] running `Command { std: "docker" "start" "-a" "7b5bb2e96bc04b2cc3afd6e2e13ef290c2b27535e15e78c4dda88d3ce76d07b1", kill_on_drop: false }`
[INFO] running `Command { std: "docker" "inspect" "7b5bb2e96bc04b2cc3afd6e2e13ef290c2b27535e15e78c4dda88d3ce76d07b1", kill_on_drop: false }`
[INFO] running `Command { std: "docker" "rm" "-f" "7b5bb2e96bc04b2cc3afd6e2e13ef290c2b27535e15e78c4dda88d3ce76d07b1", kill_on_drop: false }`
[INFO] [stdout] 7b5bb2e96bc04b2cc3afd6e2e13ef290c2b27535e15e78c4dda88d3ce76d07b1
[INFO] running `Command { std: "docker" "create" "-v" "/var/lib/crater-agent-workspace/builds/worker-6-tc1/target:/opt/rustwide/target:rw,Z" "-v" "/var/lib/crater-agent-workspace/builds/worker-6-tc1/source:/opt/rustwide/workdir:ro,Z" "-v" "/var/lib/crater-agent-workspace/cargo-home:/opt/rustwide/cargo-home:ro,Z" "-v" "/var/lib/crater-agent-workspace/rustup-home:/opt/rustwide/rustup-home:ro,Z" "-e" "SOURCE_DIR=/opt/rustwide/workdir" "-e" "CARGO_TARGET_DIR=/opt/rustwide/target" "-e" "CARGO_INCREMENTAL=0" "-e" "RUST_BACKTRACE=full" "-e" "RUSTFLAGS=--cap-lints=warn" "-e" "RUSTDOCFLAGS=--cap-lints=warn" "-e" "CARGO_HOME=/opt/rustwide/cargo-home" "-e" "RUSTUP_HOME=/opt/rustwide/rustup-home" "-w" "/opt/rustwide/workdir" "-m" "1610612736" "--user" "0:0" "--network" "none" "ghcr.io/rust-lang/crates-build-env/linux@sha256:2788e3201cd34a07e3172128adcd8b3090168a8e3bcc40d7c032b9dda1df7d1c" "/opt/rustwide/cargo-home/bin/cargo" "+1.75.0" "build" "--frozen" "--message-format=json", kill_on_drop: false }`
[INFO] [stdout] e347306b7a60d44229baf5cca7e6a132a8608be1ce3672c83097c1f22c1bf22c
[INFO] running `Command { std: "docker" "start" "-a" "e347306b7a60d44229baf5cca7e6a132a8608be1ce3672c83097c1f22c1bf22c", kill_on_drop: false }`
[INFO] [stderr]    Compiling proc-macro2 v1.0.51
[INFO] [stderr]    Compiling quote v1.0.23
[INFO] [stderr]    Compiling unicode-ident v1.0.6
[INFO] [stderr]    Compiling syn v1.0.107
[INFO] [stderr]    Compiling libc v0.2.139
[INFO] [stderr]    Compiling log v0.4.17
[INFO] [stderr]    Compiling lock_api v0.4.9
[INFO] [stderr]    Compiling parking_lot_core v0.9.7
[INFO] [stderr]    Compiling once_cell v1.17.1
[INFO] [stderr]    Compiling cc v1.0.79
[INFO] [stderr]    Compiling pin-project-lite v0.2.9
[INFO] [stderr]    Compiling pkg-config v0.3.26
[INFO] [stderr]    Compiling serde_derive v1.0.152
[INFO] [stderr]    Compiling smallvec v1.10.0
[INFO] [stderr]    Compiling scopeguard v1.1.0
[INFO] [stderr]    Compiling futures-core v0.3.26
[INFO] [stderr]    Compiling serde v1.0.152
[INFO] [stderr]    Compiling tokio v1.25.0
[INFO] [stderr]    Compiling itoa v1.0.5
[INFO] [stderr]    Compiling futures-task v0.3.26
[INFO] [stderr]    Compiling tracing-core v0.1.30
[INFO] [stderr]    Compiling indexmap v1.9.2
[INFO] [stderr]    Compiling slab v0.4.7
[INFO] [stderr]    Compiling signal-hook-registry v1.4.1
[INFO] [stderr]    Compiling socket2 v0.4.7
[INFO] [stderr]    Compiling num_cpus v1.15.0
[INFO] [stderr]    Compiling parking_lot v0.12.1
[INFO] [stderr]    Compiling mio v0.8.6
[INFO] [stderr]    Compiling openssl-sys v0.9.80
[INFO] [stderr]    Compiling futures-util v0.3.26
[INFO] [stderr]    Compiling openssl v0.10.45
[INFO] [stderr]    Compiling foreign-types-shared v0.1.1
[INFO] [stderr]    Compiling foreign-types v0.3.2
[INFO] [stderr]    Compiling tracing v0.1.37
[INFO] [stderr]    Compiling http v0.2.8
[INFO] [stderr]    Compiling num-traits v0.2.15
[INFO] [stderr]    Compiling native-tls v0.2.11
[INFO] [stderr]    Compiling futures-channel v0.3.26
[INFO] [stderr]    Compiling percent-encoding v2.2.0
[INFO] [stderr]    Compiling futures-sink v0.3.26
[INFO] [stderr]    Compiling bitflags v1.3.2
[INFO] [stderr]    Compiling num-integer v0.1.45
[INFO] [stderr]    Compiling openssl-probe v0.1.5
[INFO] [stderr]    Compiling try-lock v0.2.4
[INFO] [stderr]    Compiling want v0.3.0
[INFO] [stderr]    Compiling form_urlencoded v1.1.0
[INFO] [stderr]    Compiling serde_json v1.0.93
[INFO] [stderr]    Compiling http-body v0.4.5
[INFO] [stderr]    Compiling tower-service v0.3.2
[INFO] [stderr]    Compiling thiserror v1.0.38
[INFO] [stderr]    Compiling ryu v1.0.12
[INFO] [stderr]    Compiling httpdate v1.0.2
[INFO] [stderr]    Compiling unicode-bidi v0.3.10
[INFO] [stderr]    Compiling time v0.1.45
[INFO] [stderr]    Compiling iana-time-zone v0.1.53
[INFO] [stderr]    Compiling idna v0.3.0
[INFO] [stderr]    Compiling encoding_rs v0.8.32
[INFO] [stderr]    Compiling ipnet v2.7.1
[INFO] [stderr]    Compiling mime v0.3.16
[INFO] [stderr]    Compiling base64 v0.21.0
[INFO] [stderr]    Compiling url v2.3.1
[INFO] [stderr]    Compiling env v0.0.0
[INFO] [stderr]    Compiling darling_core v0.14.3
[INFO] [stderr]    Compiling tokio-macros v1.8.2
[INFO] [stderr]    Compiling openssl-macros v0.1.0
[INFO] [stderr]    Compiling thiserror-impl v1.0.38
[INFO] [stderr]    Compiling darling_macro v0.14.3
[INFO] [stderr]    Compiling darling v0.14.3
[INFO] [stderr]    Compiling serde_with_macros v2.2.0
[INFO] [stderr]    Compiling tokio-util v0.7.7
[INFO] [stderr]    Compiling tokio-native-tls v0.3.1
[INFO] [stderr]    Compiling h2 v0.3.15
[INFO] [stderr]    Compiling serde_urlencoded v0.7.1
[INFO] [stderr]    Compiling chrono v0.4.23
[INFO] [stderr]    Compiling serde_qs v0.11.0
[INFO] [stderr]    Compiling serde_with v2.2.0
[INFO] [stderr]    Compiling wanikani-rs-model v0.1.0
[INFO] [stderr]    Compiling hyper v0.14.24
[INFO] [stderr]    Compiling hyper-tls v0.5.0
[INFO] [stderr]    Compiling reqwest v0.11.14
[INFO] [stderr]    Compiling wanikani-rs v0.1.0 (/opt/rustwide/workdir)
[INFO] [stderr]     Finished dev [unoptimized + debuginfo] target(s) in 56.34s
[INFO] running `Command { std: "docker" "inspect" "e347306b7a60d44229baf5cca7e6a132a8608be1ce3672c83097c1f22c1bf22c", kill_on_drop: false }`
[INFO] running `Command { std: "docker" "rm" "-f" "e347306b7a60d44229baf5cca7e6a132a8608be1ce3672c83097c1f22c1bf22c", kill_on_drop: false }`
[INFO] [stdout] e347306b7a60d44229baf5cca7e6a132a8608be1ce3672c83097c1f22c1bf22c
[INFO] running `Command { std: "docker" "create" "-v" "/var/lib/crater-agent-workspace/builds/worker-6-tc1/target:/opt/rustwide/target:rw,Z" "-v" "/var/lib/crater-agent-workspace/builds/worker-6-tc1/source:/opt/rustwide/workdir:ro,Z" "-v" "/var/lib/crater-agent-workspace/cargo-home:/opt/rustwide/cargo-home:ro,Z" "-v" "/var/lib/crater-agent-workspace/rustup-home:/opt/rustwide/rustup-home:ro,Z" "-e" "SOURCE_DIR=/opt/rustwide/workdir" "-e" "CARGO_TARGET_DIR=/opt/rustwide/target" "-e" "CARGO_INCREMENTAL=0" "-e" "RUST_BACKTRACE=full" "-e" "RUSTFLAGS=--cap-lints=warn" "-e" "RUSTDOCFLAGS=--cap-lints=warn" "-e" "CARGO_HOME=/opt/rustwide/cargo-home" "-e" "RUSTUP_HOME=/opt/rustwide/rustup-home" "-w" "/opt/rustwide/workdir" "-m" "1610612736" "--user" "0:0" "--network" "none" "ghcr.io/rust-lang/crates-build-env/linux@sha256:2788e3201cd34a07e3172128adcd8b3090168a8e3bcc40d7c032b9dda1df7d1c" "/opt/rustwide/cargo-home/bin/cargo" "+1.75.0" "test" "--frozen" "--no-run" "--message-format=json", kill_on_drop: false }`
[INFO] [stdout] 99261e6618e146ed1cc827febd7c87cd69368e20510eac272262fd4f73d6c79f
[INFO] running `Command { std: "docker" "start" "-a" "99261e6618e146ed1cc827febd7c87cd69368e20510eac272262fd4f73d6c79f", kill_on_drop: false }`
[INFO] [stderr]    Compiling wanikani-rs v0.1.0 (/opt/rustwide/workdir)
[INFO] [stdout] error: linking with `cc` failed: exit status: 1
[INFO] [stdout]   |
[INFO] [stdout]   = note: LC_ALL="C" PATH="/opt/rustwide/rustup-home/toolchains/1.75.0-x86_64-unknown-linux-gnu/lib/rustlib/x86_64-unknown-linux-gnu/bin:/opt/rustwide/cargo-home/bin:/usr/local/sbin:/usr/local/bin:/usr/sbin:/usr/bin:/sbin:/bin" VSLANG="1033" "cc" "-m64" "/tmp/rustcEkXb24/symbols.o" "/opt/rustwide/target/debug/examples/resets-c5c4207fd0367c01.resets.278116ef2ac79e67-cgu.0.rcgu.o" "/opt/rustwide/target/debug/examples/resets-c5c4207fd0367c01.resets.278116ef2ac79e67-cgu.1.rcgu.o" "/opt/rustwide/target/debug/examples/resets-c5c4207fd0367c01.resets.278116ef2ac79e67-cgu.2.rcgu.o" "/opt/rustwide/target/debug/examples/resets-c5c4207fd0367c01.resets.278116ef2ac79e67-cgu.3.rcgu.o" "/opt/rustwide/target/debug/examples/resets-c5c4207fd0367c01.resets.278116ef2ac79e67-cgu.4.rcgu.o" "/opt/rustwide/target/debug/examples/resets-c5c4207fd0367c01.1jmd2ll13n9jid4.rcgu.o" "-Wl,--as-needed" "-L" "/opt/rustwide/target/debug/deps" "-L" "/opt/rustwide/rustup-home/toolchains/1.75.0-x86_64-unknown-linux-gnu/lib/rustlib/x86_64-unknown-linux-gnu/lib" "-Wl,-Bstatic" "/opt/rustwide/target/debug/deps/libwanikani_rs-6a63fb4fa72ac6e1.rlib" "/opt/rustwide/target/debug/deps/libreqwest-ac820d085191bdd9.rlib" "/opt/rustwide/target/debug/deps/libhyper_tls-563638d90c18d472.rlib" "/opt/rustwide/target/debug/deps/libserde_urlencoded-e9e316132117b013.rlib" "/opt/rustwide/target/debug/deps/libbase64-01d5e7f2237ad80c.rlib" "/opt/rustwide/target/debug/deps/libipnet-e3bdafb8758a028b.rlib" "/opt/rustwide/target/debug/deps/libtokio_native_tls-77a9b6089fdaa350.rlib" "/opt/rustwide/target/debug/deps/libmime-450b243d21db2a61.rlib" "/opt/rustwide/target/debug/deps/libencoding_rs-7cc5730ecb0d79b3.rlib" "/opt/rustwide/target/debug/deps/libserde_json-c7da71acc517e109.rlib" "/opt/rustwide/target/debug/deps/libryu-c770e4eb8410b4e4.rlib" "/opt/rustwide/target/debug/deps/libnative_tls-4f34282b236ee621.rlib" "/opt/rustwide/target/debug/deps/libopenssl_probe-d850575132083d7c.rlib" "/opt/rustwide/target/debug/deps/libopenssl-9d69c8b7c944fa7e.rlib" "/opt/rustwide/target/debug/deps/libbitflags-b7cee2ca4fb438d0.rlib" "/opt/rustwide/target/debug/deps/libforeign_types-c05743815e5b8a9d.rlib" "/opt/rustwide/target/debug/deps/libforeign_types_shared-d149f5491fde2862.rlib" "/opt/rustwide/target/debug/deps/libopenssl_sys-d64272116ff6c48e.rlib" "/opt/rustwide/target/debug/deps/libhyper-550582ec613ba094.rlib" "/opt/rustwide/target/debug/deps/libwant-29a2634b7bb60b0f.rlib" "/opt/rustwide/target/debug/deps/libtry_lock-51271589248cd7d9.rlib" "/opt/rustwide/target/debug/deps/libhttparse-64f1ffbeda450424.rlib" "/opt/rustwide/target/debug/deps/libh2-ddff8856dd045852.rlib" "/opt/rustwide/target/debug/deps/libindexmap-6a53f35a9491509c.rlib" "/opt/rustwide/target/debug/deps/libhashbrown-567986452cb9bc94.rlib" "/opt/rustwide/target/debug/deps/libslab-29fe6a49d400343d.rlib" "/opt/rustwide/target/debug/deps/libtokio_util-e07015aed2e19949.rlib" "/opt/rustwide/target/debug/deps/libfutures_sink-b308aa1400486ad0.rlib" "/opt/rustwide/target/debug/deps/libtower_service-104d6e83d5ce383d.rlib" "/opt/rustwide/target/debug/deps/libtracing-668659c19909380c.rlib" "/opt/rustwide/target/debug/deps/libtracing_core-298e25f98621a58a.rlib" "/opt/rustwide/target/debug/deps/libonce_cell-a1c572e34ca85e55.rlib" "/opt/rustwide/target/debug/deps/libfutures_channel-a767fef6dda1559f.rlib" "/opt/rustwide/target/debug/deps/libfutures_util-a8c27725006862d5.rlib" "/opt/rustwide/target/debug/deps/libfutures_task-1636ce5e5132227a.rlib" "/opt/rustwide/target/debug/deps/libpin_utils-741f7d9d160e4a16.rlib" "/opt/rustwide/target/debug/deps/libtokio-0795ba97bcfdd440.rlib" "/opt/rustwide/target/debug/deps/libsignal_hook_registry-c7ed33ff855b6f1a.rlib" "/opt/rustwide/target/debug/deps/libnum_cpus-27e0ef034e40cec4.rlib" "/opt/rustwide/target/debug/deps/libsocket2-94cd4cb9801767fa.rlib" "/opt/rustwide/target/debug/deps/libmemchr-4fdcfd9ddfba30cb.rlib" "/opt/rustwide/target/debug/deps/libmio-ae46b10e20aa8df9.rlib" "/opt/rustwide/target/debug/deps/libparking_lot-010afcddb0afbb7f.rlib" "/opt/rustwide/target/debug/deps/libparking_lot_core-74b4784d4350fba4.rlib" "/opt/rustwide/target/debug/deps/libsmallvec-75a5879a2c4c0c6c.rlib" "/opt/rustwide/target/debug/deps/liblock_api-400daf411a1c055a.rlib" "/opt/rustwide/target/debug/deps/libscopeguard-b35f5c652940acc2.rlib" "/opt/rustwide/target/debug/deps/libhttp_body-fb6cc64468baa1ac.rlib" "/opt/rustwide/target/debug/deps/libpin_project_lite-cead9f5d94689600.rlib" "/opt/rustwide/target/debug/deps/liblog-3ad322dff60a4fea.rlib" "/opt/rustwide/target/debug/deps/libcfg_if-61dc7a6799e72b18.rlib" "/opt/rustwide/target/debug/deps/libfutures_core-8976716e982e838e.rlib" "/opt/rustwide/target/debug/deps/liburl-7de698eaba5316fd.rlib" "/opt/rustwide/target/debug/deps/libidna-c73c19433ac42807.rlib" "/opt/rustwide/target/debug/deps/libunicode_normalization-e1c1be84a555e587.rlib" "/opt/rustwide/target/debug/deps/libtinyvec-cf6c9f6b792a5507.rlib" "/opt/rustwide/target/debug/deps/libtinyvec_macros-b1cb7f53f58c9f87.rlib" "/opt/rustwide/target/debug/deps/libunicode_bidi-cbe1be37fef7c2aa.rlib" "/opt/rustwide/target/debug/deps/libform_urlencoded-e8c43e838ad28fa4.rlib" "/opt/rustwide/target/debug/deps/libhttp-48d102f5c6df5449.rlib" "/opt/rustwide/target/debug/deps/libitoa-a6ef745b0a0d98d5.rlib" "/opt/rustwide/target/debug/deps/libbytes-3fc98b508f6e4a28.rlib" "/opt/rustwide/target/debug/deps/libfnv-18bf5144d055e772.rlib" "/opt/rustwide/target/debug/deps/libserde_with-4d0148999cfc452a.rlib" "/opt/rustwide/target/debug/deps/libwanikani_rs_model-51ee316b8ae7b567.rlib" "/opt/rustwide/target/debug/deps/libchrono-bb2a0d0208014110.rlib" "/opt/rustwide/target/debug/deps/libiana_time_zone-52186f3860fc37b6.rlib" "/opt/rustwide/target/debug/deps/libnum_integer-36ed574e93fbcdb4.rlib" "/opt/rustwide/target/debug/deps/libnum_traits-6de3d77aa3f73440.rlib" "/opt/rustwide/target/debug/deps/libtime-a12593c9a9d7590c.rlib" "/opt/rustwide/target/debug/deps/liblibc-9c2267a594730902.rlib" "/opt/rustwide/target/debug/deps/libserde_qs-e73407b70da3b366.rlib" "/opt/rustwide/target/debug/deps/libthiserror-f1312f6a4413e7d5.rlib" "/opt/rustwide/target/debug/deps/libpercent_encoding-c39f6500503dd269.rlib" "/opt/rustwide/target/debug/deps/libserde-0a5671ecd4b86530.rlib" "/opt/rustwide/rustup-home/toolchains/1.75.0-x86_64-unknown-linux-gnu/lib/rustlib/x86_64-unknown-linux-gnu/lib/libstd-90f6ddbf82de36ec.rlib" "/opt/rustwide/rustup-home/toolchains/1.75.0-x86_64-unknown-linux-gnu/lib/rustlib/x86_64-unknown-linux-gnu/lib/libpanic_unwind-480c41e9d4e1f677.rlib" "/opt/rustwide/rustup-home/toolchains/1.75.0-x86_64-unknown-linux-gnu/lib/rustlib/x86_64-unknown-linux-gnu/lib/libobject-db744c0ca03eed1d.rlib" "/opt/rustwide/rustup-home/toolchains/1.75.0-x86_64-unknown-linux-gnu/lib/rustlib/x86_64-unknown-linux-gnu/lib/libmemchr-8ba652dc7d4b285a.rlib" "/opt/rustwide/rustup-home/toolchains/1.75.0-x86_64-unknown-linux-gnu/lib/rustlib/x86_64-unknown-linux-gnu/lib/libaddr2line-d5f4520a9ebc0d58.rlib" "/opt/rustwide/rustup-home/toolchains/1.75.0-x86_64-unknown-linux-gnu/lib/rustlib/x86_64-unknown-linux-gnu/lib/libgimli-4ad84de58f0cb463.rlib" "/opt/rustwide/rustup-home/toolchains/1.75.0-x86_64-unknown-linux-gnu/lib/rustlib/x86_64-unknown-linux-gnu/lib/librustc_demangle-0d10aae2e0f38735.rlib" "/opt/rustwide/rustup-home/toolchains/1.75.0-x86_64-unknown-linux-gnu/lib/rustlib/x86_64-unknown-linux-gnu/lib/libstd_detect-0c17cff739e6745b.rlib" "/opt/rustwide/rustup-home/toolchains/1.75.0-x86_64-unknown-linux-gnu/lib/rustlib/x86_64-unknown-linux-gnu/lib/libhashbrown-b29e17139dde1aa8.rlib" "/opt/rustwide/rustup-home/toolchains/1.75.0-x86_64-unknown-linux-gnu/lib/rustlib/x86_64-unknown-linux-gnu/lib/librustc_std_workspace_alloc-1f975299829cc7bd.rlib" "/opt/rustwide/rustup-home/toolchains/1.75.0-x86_64-unknown-linux-gnu/lib/rustlib/x86_64-unknown-linux-gnu/lib/libminiz_oxide-86bae3bc3079f89b.rlib" "/opt/rustwide/rustup-home/toolchains/1.75.0-x86_64-unknown-linux-gnu/lib/rustlib/x86_64-unknown-linux-gnu/lib/libadler-321b82c30dffdf5f.rlib" "/opt/rustwide/rustup-home/toolchains/1.75.0-x86_64-unknown-linux-gnu/lib/rustlib/x86_64-unknown-linux-gnu/lib/libunwind-3dd8a6810a0bdfef.rlib" "/opt/rustwide/rustup-home/toolchains/1.75.0-x86_64-unknown-linux-gnu/lib/rustlib/x86_64-unknown-linux-gnu/lib/libcfg_if-eb39a61c0c879984.rlib" "/opt/rustwide/rustup-home/toolchains/1.75.0-x86_64-unknown-linux-gnu/lib/rustlib/x86_64-unknown-linux-gnu/lib/liblibc-aa769569f91c3548.rlib" "/opt/rustwide/rustup-home/toolchains/1.75.0-x86_64-unknown-linux-gnu/lib/rustlib/x86_64-unknown-linux-gnu/lib/liballoc-510a192a50a983ed.rlib" "/opt/rustwide/rustup-home/toolchains/1.75.0-x86_64-unknown-linux-gnu/lib/rustlib/x86_64-unknown-linux-gnu/lib/librustc_std_workspace_core-0577018320f99037.rlib" "/opt/rustwide/rustup-home/toolchains/1.75.0-x86_64-unknown-linux-gnu/lib/rustlib/x86_64-unknown-linux-gnu/lib/libcore-193cf992125ccd4c.rlib" "/opt/rustwide/rustup-home/toolchains/1.75.0-x86_64-unknown-linux-gnu/lib/rustlib/x86_64-unknown-linux-gnu/lib/libcompiler_builtins-8e138eaf26ebb4a8.rlib" "-Wl,-Bdynamic" "-lssl" "-lcrypto" "-lgcc_s" "-lutil" "-lrt" "-lpthread" "-lm" "-ldl" "-lc" "-Wl,--eh-frame-hdr" "-Wl,-z,noexecstack" "-L" "/opt/rustwide/rustup-home/toolchains/1.75.0-x86_64-unknown-linux-gnu/lib/rustlib/x86_64-unknown-linux-gnu/lib" "-o" "/opt/rustwide/target/debug/examples/resets-c5c4207fd0367c01" "-Wl,--gc-sections" "-pie" "-Wl,-z,relro,-z,now" "-nodefaultlibs"
[INFO] [stdout]   = note: collect2: fatal error: ld terminated with signal 9 [Killed]
[INFO] [stdout]           compilation terminated.
[INFO] [stdout]           
[INFO] [stdout] 
[INFO] [stdout] 
[INFO] [stdout] error: aborting due to previous error
[INFO] [stdout] 
[INFO] [stdout] 
[INFO] [stderr] error: could not compile `wanikani-rs` (example "resets") due to 2 previous errors
[INFO] [stderr] warning: build failed, waiting for other jobs to finish...
[INFO] [stdout] error: linking with `cc` failed: exit status: 1
[INFO] [stdout]   |
[INFO] [stdout]   = note: LC_ALL="C" PATH="/opt/rustwide/rustup-home/toolchains/1.75.0-x86_64-unknown-linux-gnu/lib/rustlib/x86_64-unknown-linux-gnu/bin:/opt/rustwide/cargo-home/bin:/usr/local/sbin:/usr/local/bin:/usr/sbin:/usr/bin:/sbin:/bin" VSLANG="1033" "cc" "-m64" "/tmp/rustcz0Cx5j/symbols.o" "/opt/rustwide/target/debug/examples/level_progressions-509086b3a92b8b52.level_progressions.d0158c14a9a42abc-cgu.0.rcgu.o" "/opt/rustwide/target/debug/examples/level_progressions-509086b3a92b8b52.level_progressions.d0158c14a9a42abc-cgu.1.rcgu.o" "/opt/rustwide/target/debug/examples/level_progressions-509086b3a92b8b52.level_progressions.d0158c14a9a42abc-cgu.2.rcgu.o" "/opt/rustwide/target/debug/examples/level_progressions-509086b3a92b8b52.level_progressions.d0158c14a9a42abc-cgu.3.rcgu.o" "/opt/rustwide/target/debug/examples/level_progressions-509086b3a92b8b52.level_progressions.d0158c14a9a42abc-cgu.4.rcgu.o" "/opt/rustwide/target/debug/examples/level_progressions-509086b3a92b8b52.3s43egko2chreq8d.rcgu.o" "-Wl,--as-needed" "-L" "/opt/rustwide/target/debug/deps" "-L" "/opt/rustwide/rustup-home/toolchains/1.75.0-x86_64-unknown-linux-gnu/lib/rustlib/x86_64-unknown-linux-gnu/lib" "-Wl,-Bstatic" "/opt/rustwide/target/debug/deps/libwanikani_rs-6a63fb4fa72ac6e1.rlib" "/opt/rustwide/target/debug/deps/libreqwest-ac820d085191bdd9.rlib" "/opt/rustwide/target/debug/deps/libhyper_tls-563638d90c18d472.rlib" "/opt/rustwide/target/debug/deps/libserde_urlencoded-e9e316132117b013.rlib" "/opt/rustwide/target/debug/deps/libbase64-01d5e7f2237ad80c.rlib" "/opt/rustwide/target/debug/deps/libipnet-e3bdafb8758a028b.rlib" "/opt/rustwide/target/debug/deps/libtokio_native_tls-77a9b6089fdaa350.rlib" "/opt/rustwide/target/debug/deps/libmime-450b243d21db2a61.rlib" "/opt/rustwide/target/debug/deps/libencoding_rs-7cc5730ecb0d79b3.rlib" "/opt/rustwide/target/debug/deps/libserde_json-c7da71acc517e109.rlib" "/opt/rustwide/target/debug/deps/libryu-c770e4eb8410b4e4.rlib" "/opt/rustwide/target/debug/deps/libnative_tls-4f34282b236ee621.rlib" "/opt/rustwide/target/debug/deps/libopenssl_probe-d850575132083d7c.rlib" "/opt/rustwide/target/debug/deps/libopenssl-9d69c8b7c944fa7e.rlib" "/opt/rustwide/target/debug/deps/libbitflags-b7cee2ca4fb438d0.rlib" "/opt/rustwide/target/debug/deps/libforeign_types-c05743815e5b8a9d.rlib" "/opt/rustwide/target/debug/deps/libforeign_types_shared-d149f5491fde2862.rlib" "/opt/rustwide/target/debug/deps/libopenssl_sys-d64272116ff6c48e.rlib" "/opt/rustwide/target/debug/deps/libhyper-550582ec613ba094.rlib" "/opt/rustwide/target/debug/deps/libwant-29a2634b7bb60b0f.rlib" "/opt/rustwide/target/debug/deps/libtry_lock-51271589248cd7d9.rlib" "/opt/rustwide/target/debug/deps/libhttparse-64f1ffbeda450424.rlib" "/opt/rustwide/target/debug/deps/libh2-ddff8856dd045852.rlib" "/opt/rustwide/target/debug/deps/libindexmap-6a53f35a9491509c.rlib" "/opt/rustwide/target/debug/deps/libhashbrown-567986452cb9bc94.rlib" "/opt/rustwide/target/debug/deps/libslab-29fe6a49d400343d.rlib" "/opt/rustwide/target/debug/deps/libtokio_util-e07015aed2e19949.rlib" "/opt/rustwide/target/debug/deps/libfutures_sink-b308aa1400486ad0.rlib" "/opt/rustwide/target/debug/deps/libtower_service-104d6e83d5ce383d.rlib" "/opt/rustwide/target/debug/deps/libtracing-668659c19909380c.rlib" "/opt/rustwide/target/debug/deps/libtracing_core-298e25f98621a58a.rlib" "/opt/rustwide/target/debug/deps/libonce_cell-a1c572e34ca85e55.rlib" "/opt/rustwide/target/debug/deps/libfutures_channel-a767fef6dda1559f.rlib" "/opt/rustwide/target/debug/deps/libfutures_util-a8c27725006862d5.rlib" "/opt/rustwide/target/debug/deps/libfutures_task-1636ce5e5132227a.rlib" "/opt/rustwide/target/debug/deps/libpin_utils-741f7d9d160e4a16.rlib" "/opt/rustwide/target/debug/deps/libtokio-0795ba97bcfdd440.rlib" "/opt/rustwide/target/debug/deps/libsignal_hook_registry-c7ed33ff855b6f1a.rlib" "/opt/rustwide/target/debug/deps/libnum_cpus-27e0ef034e40cec4.rlib" "/opt/rustwide/target/debug/deps/libsocket2-94cd4cb9801767fa.rlib" "/opt/rustwide/target/debug/deps/libmemchr-4fdcfd9ddfba30cb.rlib" "/opt/rustwide/target/debug/deps/libmio-ae46b10e20aa8df9.rlib" "/opt/rustwide/target/debug/deps/libparking_lot-010afcddb0afbb7f.rlib" "/opt/rustwide/target/debug/deps/libparking_lot_core-74b4784d4350fba4.rlib" "/opt/rustwide/target/debug/deps/libsmallvec-75a5879a2c4c0c6c.rlib" "/opt/rustwide/target/debug/deps/liblock_api-400daf411a1c055a.rlib" "/opt/rustwide/target/debug/deps/libscopeguard-b35f5c652940acc2.rlib" "/opt/rustwide/target/debug/deps/libhttp_body-fb6cc64468baa1ac.rlib" "/opt/rustwide/target/debug/deps/libpin_project_lite-cead9f5d94689600.rlib" "/opt/rustwide/target/debug/deps/liblog-3ad322dff60a4fea.rlib" "/opt/rustwide/target/debug/deps/libcfg_if-61dc7a6799e72b18.rlib" "/opt/rustwide/target/debug/deps/libfutures_core-8976716e982e838e.rlib" "/opt/rustwide/target/debug/deps/liburl-7de698eaba5316fd.rlib" "/opt/rustwide/target/debug/deps/libidna-c73c19433ac42807.rlib" "/opt/rustwide/target/debug/deps/libunicode_normalization-e1c1be84a555e587.rlib" "/opt/rustwide/target/debug/deps/libtinyvec-cf6c9f6b792a5507.rlib" "/opt/rustwide/target/debug/deps/libtinyvec_macros-b1cb7f53f58c9f87.rlib" "/opt/rustwide/target/debug/deps/libunicode_bidi-cbe1be37fef7c2aa.rlib" "/opt/rustwide/target/debug/deps/libform_urlencoded-e8c43e838ad28fa4.rlib" "/opt/rustwide/target/debug/deps/libhttp-48d102f5c6df5449.rlib" "/opt/rustwide/target/debug/deps/libitoa-a6ef745b0a0d98d5.rlib" "/opt/rustwide/target/debug/deps/libbytes-3fc98b508f6e4a28.rlib" "/opt/rustwide/target/debug/deps/libfnv-18bf5144d055e772.rlib" "/opt/rustwide/target/debug/deps/libserde_with-4d0148999cfc452a.rlib" "/opt/rustwide/target/debug/deps/libwanikani_rs_model-51ee316b8ae7b567.rlib" "/opt/rustwide/target/debug/deps/libchrono-bb2a0d0208014110.rlib" "/opt/rustwide/target/debug/deps/libiana_time_zone-52186f3860fc37b6.rlib" "/opt/rustwide/target/debug/deps/libnum_integer-36ed574e93fbcdb4.rlib" "/opt/rustwide/target/debug/deps/libnum_traits-6de3d77aa3f73440.rlib" "/opt/rustwide/target/debug/deps/libtime-a12593c9a9d7590c.rlib" "/opt/rustwide/target/debug/deps/liblibc-9c2267a594730902.rlib" "/opt/rustwide/target/debug/deps/libserde_qs-e73407b70da3b366.rlib" "/opt/rustwide/target/debug/deps/libthiserror-f1312f6a4413e7d5.rlib" "/opt/rustwide/target/debug/deps/libpercent_encoding-c39f6500503dd269.rlib" "/opt/rustwide/target/debug/deps/libserde-0a5671ecd4b86530.rlib" "/opt/rustwide/rustup-home/toolchains/1.75.0-x86_64-unknown-linux-gnu/lib/rustlib/x86_64-unknown-linux-gnu/lib/libstd-90f6ddbf82de36ec.rlib" "/opt/rustwide/rustup-home/toolchains/1.75.0-x86_64-unknown-linux-gnu/lib/rustlib/x86_64-unknown-linux-gnu/lib/libpanic_unwind-480c41e9d4e1f677.rlib" "/opt/rustwide/rustup-home/toolchains/1.75.0-x86_64-unknown-linux-gnu/lib/rustlib/x86_64-unknown-linux-gnu/lib/libobject-db744c0ca03eed1d.rlib" "/opt/rustwide/rustup-home/toolchains/1.75.0-x86_64-unknown-linux-gnu/lib/rustlib/x86_64-unknown-linux-gnu/lib/libmemchr-8ba652dc7d4b285a.rlib" "/opt/rustwide/rustup-home/toolchains/1.75.0-x86_64-unknown-linux-gnu/lib/rustlib/x86_64-unknown-linux-gnu/lib/libaddr2line-d5f4520a9ebc0d58.rlib" "/opt/rustwide/rustup-home/toolchains/1.75.0-x86_64-unknown-linux-gnu/lib/rustlib/x86_64-unknown-linux-gnu/lib/libgimli-4ad84de58f0cb463.rlib" "/opt/rustwide/rustup-home/toolchains/1.75.0-x86_64-unknown-linux-gnu/lib/rustlib/x86_64-unknown-linux-gnu/lib/librustc_demangle-0d10aae2e0f38735.rlib" "/opt/rustwide/rustup-home/toolchains/1.75.0-x86_64-unknown-linux-gnu/lib/rustlib/x86_64-unknown-linux-gnu/lib/libstd_detect-0c17cff739e6745b.rlib" "/opt/rustwide/rustup-home/toolchains/1.75.0-x86_64-unknown-linux-gnu/lib/rustlib/x86_64-unknown-linux-gnu/lib/libhashbrown-b29e17139dde1aa8.rlib" "/opt/rustwide/rustup-home/toolchains/1.75.0-x86_64-unknown-linux-gnu/lib/rustlib/x86_64-unknown-linux-gnu/lib/librustc_std_workspace_alloc-1f975299829cc7bd.rlib" "/opt/rustwide/rustup-home/toolchains/1.75.0-x86_64-unknown-linux-gnu/lib/rustlib/x86_64-unknown-linux-gnu/lib/libminiz_oxide-86bae3bc3079f89b.rlib" "/opt/rustwide/rustup-home/toolchains/1.75.0-x86_64-unknown-linux-gnu/lib/rustlib/x86_64-unknown-linux-gnu/lib/libadler-321b82c30dffdf5f.rlib" "/opt/rustwide/rustup-home/toolchains/1.75.0-x86_64-unknown-linux-gnu/lib/rustlib/x86_64-unknown-linux-gnu/lib/libunwind-3dd8a6810a0bdfef.rlib" "/opt/rustwide/rustup-home/toolchains/1.75.0-x86_64-unknown-linux-gnu/lib/rustlib/x86_64-unknown-linux-gnu/lib/libcfg_if-eb39a61c0c879984.rlib" "/opt/rustwide/rustup-home/toolchains/1.75.0-x86_64-unknown-linux-gnu/lib/rustlib/x86_64-unknown-linux-gnu/lib/liblibc-aa769569f91c3548.rlib" "/opt/rustwide/rustup-home/toolchains/1.75.0-x86_64-unknown-linux-gnu/lib/rustlib/x86_64-unknown-linux-gnu/lib/liballoc-510a192a50a983ed.rlib" "/opt/rustwide/rustup-home/toolchains/1.75.0-x86_64-unknown-linux-gnu/lib/rustlib/x86_64-unknown-linux-gnu/lib/librustc_std_workspace_core-0577018320f99037.rlib" "/opt/rustwide/rustup-home/toolchains/1.75.0-x86_64-unknown-linux-gnu/lib/rustlib/x86_64-unknown-linux-gnu/lib/libcore-193cf992125ccd4c.rlib" "/opt/rustwide/rustup-home/toolchains/1.75.0-x86_64-unknown-linux-gnu/lib/rustlib/x86_64-unknown-linux-gnu/lib/libcompiler_builtins-8e138eaf26ebb4a8.rlib" "-Wl,-Bdynamic" "-lssl" "-lcrypto" "-lgcc_s" "-lutil" "-lrt" "-lpthread" "-lm" "-ldl" "-lc" "-Wl,--eh-frame-hdr" "-Wl,-z,noexecstack" "-L" "/opt/rustwide/rustup-home/toolchains/1.75.0-x86_64-unknown-linux-gnu/lib/rustlib/x86_64-unknown-linux-gnu/lib" "-o" "/opt/rustwide/target/debug/examples/level_progressions-509086b3a92b8b52" "-Wl,--gc-sections" "-pie" "-Wl,-z,relro,-z,now" "-nodefaultlibs"
[INFO] [stdout]   = note: collect2: fatal error: ld terminated with signal 9 [Killed]
[INFO] [stdout]           compilation terminated.
[INFO] [stdout]           
[INFO] [stdout] 
[INFO] [stdout] 
[INFO] [stdout] error: aborting due to previous error
[INFO] [stdout] 
[INFO] [stdout] 
[INFO] [stderr] error: could not compile `wanikani-rs` (example "level_progressions") due to 2 previous errors
[INFO] [stdout] error: linking with `cc` failed: exit status: 1
[INFO] [stdout]   |
[INFO] [stdout]   = note: LC_ALL="C" PATH="/opt/rustwide/rustup-home/toolchains/1.75.0-x86_64-unknown-linux-gnu/lib/rustlib/x86_64-unknown-linux-gnu/bin:/opt/rustwide/cargo-home/bin:/usr/local/sbin:/usr/local/bin:/usr/sbin:/usr/bin:/sbin:/bin" VSLANG="1033" "cc" "-m64" "/tmp/rustc2MHa2G/symbols.o" "/opt/rustwide/target/debug/examples/summary-9e3b1f26fc76536b.summary.d52afc91fd057229-cgu.0.rcgu.o" "/opt/rustwide/target/debug/examples/summary-9e3b1f26fc76536b.summary.d52afc91fd057229-cgu.1.rcgu.o" "/opt/rustwide/target/debug/examples/summary-9e3b1f26fc76536b.summary.d52afc91fd057229-cgu.2.rcgu.o" "/opt/rustwide/target/debug/examples/summary-9e3b1f26fc76536b.summary.d52afc91fd057229-cgu.3.rcgu.o" "/opt/rustwide/target/debug/examples/summary-9e3b1f26fc76536b.summary.d52afc91fd057229-cgu.4.rcgu.o" "/opt/rustwide/target/debug/examples/summary-9e3b1f26fc76536b.wze8uwca0eq2l21.rcgu.o" "-Wl,--as-needed" "-L" "/opt/rustwide/target/debug/deps" "-L" "/opt/rustwide/rustup-home/toolchains/1.75.0-x86_64-unknown-linux-gnu/lib/rustlib/x86_64-unknown-linux-gnu/lib" "-Wl,-Bstatic" "/opt/rustwide/target/debug/deps/libwanikani_rs-6a63fb4fa72ac6e1.rlib" "/opt/rustwide/target/debug/deps/libreqwest-ac820d085191bdd9.rlib" "/opt/rustwide/target/debug/deps/libhyper_tls-563638d90c18d472.rlib" "/opt/rustwide/target/debug/deps/libserde_urlencoded-e9e316132117b013.rlib" "/opt/rustwide/target/debug/deps/libbase64-01d5e7f2237ad80c.rlib" "/opt/rustwide/target/debug/deps/libipnet-e3bdafb8758a028b.rlib" "/opt/rustwide/target/debug/deps/libtokio_native_tls-77a9b6089fdaa350.rlib" "/opt/rustwide/target/debug/deps/libmime-450b243d21db2a61.rlib" "/opt/rustwide/target/debug/deps/libencoding_rs-7cc5730ecb0d79b3.rlib" "/opt/rustwide/target/debug/deps/libserde_json-c7da71acc517e109.rlib" "/opt/rustwide/target/debug/deps/libryu-c770e4eb8410b4e4.rlib" "/opt/rustwide/target/debug/deps/libnative_tls-4f34282b236ee621.rlib" "/opt/rustwide/target/debug/deps/libopenssl_probe-d850575132083d7c.rlib" "/opt/rustwide/target/debug/deps/libopenssl-9d69c8b7c944fa7e.rlib" "/opt/rustwide/target/debug/deps/libbitflags-b7cee2ca4fb438d0.rlib" "/opt/rustwide/target/debug/deps/libforeign_types-c05743815e5b8a9d.rlib" "/opt/rustwide/target/debug/deps/libforeign_types_shared-d149f5491fde2862.rlib" "/opt/rustwide/target/debug/deps/libopenssl_sys-d64272116ff6c48e.rlib" "/opt/rustwide/target/debug/deps/libhyper-550582ec613ba094.rlib" "/opt/rustwide/target/debug/deps/libwant-29a2634b7bb60b0f.rlib" "/opt/rustwide/target/debug/deps/libtry_lock-51271589248cd7d9.rlib" "/opt/rustwide/target/debug/deps/libhttparse-64f1ffbeda450424.rlib" "/opt/rustwide/target/debug/deps/libh2-ddff8856dd045852.rlib" "/opt/rustwide/target/debug/deps/libindexmap-6a53f35a9491509c.rlib" "/opt/rustwide/target/debug/deps/libhashbrown-567986452cb9bc94.rlib" "/opt/rustwide/target/debug/deps/libslab-29fe6a49d400343d.rlib" "/opt/rustwide/target/debug/deps/libtokio_util-e07015aed2e19949.rlib" "/opt/rustwide/target/debug/deps/libfutures_sink-b308aa1400486ad0.rlib" "/opt/rustwide/target/debug/deps/libtower_service-104d6e83d5ce383d.rlib" "/opt/rustwide/target/debug/deps/libtracing-668659c19909380c.rlib" "/opt/rustwide/target/debug/deps/libtracing_core-298e25f98621a58a.rlib" "/opt/rustwide/target/debug/deps/libonce_cell-a1c572e34ca85e55.rlib" "/opt/rustwide/target/debug/deps/libfutures_channel-a767fef6dda1559f.rlib" "/opt/rustwide/target/debug/deps/libfutures_util-a8c27725006862d5.rlib" "/opt/rustwide/target/debug/deps/libfutures_task-1636ce5e5132227a.rlib" "/opt/rustwide/target/debug/deps/libpin_utils-741f7d9d160e4a16.rlib" "/opt/rustwide/target/debug/deps/libtokio-0795ba97bcfdd440.rlib" "/opt/rustwide/target/debug/deps/libsignal_hook_registry-c7ed33ff855b6f1a.rlib" "/opt/rustwide/target/debug/deps/libnum_cpus-27e0ef034e40cec4.rlib" "/opt/rustwide/target/debug/deps/libsocket2-94cd4cb9801767fa.rlib" "/opt/rustwide/target/debug/deps/libmemchr-4fdcfd9ddfba30cb.rlib" "/opt/rustwide/target/debug/deps/libmio-ae46b10e20aa8df9.rlib" "/opt/rustwide/target/debug/deps/libparking_lot-010afcddb0afbb7f.rlib" "/opt/rustwide/target/debug/deps/libparking_lot_core-74b4784d4350fba4.rlib" "/opt/rustwide/target/debug/deps/libsmallvec-75a5879a2c4c0c6c.rlib" "/opt/rustwide/target/debug/deps/liblock_api-400daf411a1c055a.rlib" "/opt/rustwide/target/debug/deps/libscopeguard-b35f5c652940acc2.rlib" "/opt/rustwide/target/debug/deps/libhttp_body-fb6cc64468baa1ac.rlib" "/opt/rustwide/target/debug/deps/libpin_project_lite-cead9f5d94689600.rlib" "/opt/rustwide/target/debug/deps/liblog-3ad322dff60a4fea.rlib" "/opt/rustwide/target/debug/deps/libcfg_if-61dc7a6799e72b18.rlib" "/opt/rustwide/target/debug/deps/libfutures_core-8976716e982e838e.rlib" "/opt/rustwide/target/debug/deps/liburl-7de698eaba5316fd.rlib" "/opt/rustwide/target/debug/deps/libidna-c73c19433ac42807.rlib" "/opt/rustwide/target/debug/deps/libunicode_normalization-e1c1be84a555e587.rlib" "/opt/rustwide/target/debug/deps/libtinyvec-cf6c9f6b792a5507.rlib" "/opt/rustwide/target/debug/deps/libtinyvec_macros-b1cb7f53f58c9f87.rlib" "/opt/rustwide/target/debug/deps/libunicode_bidi-cbe1be37fef7c2aa.rlib" "/opt/rustwide/target/debug/deps/libform_urlencoded-e8c43e838ad28fa4.rlib" "/opt/rustwide/target/debug/deps/libhttp-48d102f5c6df5449.rlib" "/opt/rustwide/target/debug/deps/libitoa-a6ef745b0a0d98d5.rlib" "/opt/rustwide/target/debug/deps/libbytes-3fc98b508f6e4a28.rlib" "/opt/rustwide/target/debug/deps/libfnv-18bf5144d055e772.rlib" "/opt/rustwide/target/debug/deps/libserde_with-4d0148999cfc452a.rlib" "/opt/rustwide/target/debug/deps/libwanikani_rs_model-51ee316b8ae7b567.rlib" "/opt/rustwide/target/debug/deps/libchrono-bb2a0d0208014110.rlib" "/opt/rustwide/target/debug/deps/libiana_time_zone-52186f3860fc37b6.rlib" "/opt/rustwide/target/debug/deps/libnum_integer-36ed574e93fbcdb4.rlib" "/opt/rustwide/target/debug/deps/libnum_traits-6de3d77aa3f73440.rlib" "/opt/rustwide/target/debug/deps/libtime-a12593c9a9d7590c.rlib" "/opt/rustwide/target/debug/deps/liblibc-9c2267a594730902.rlib" "/opt/rustwide/target/debug/deps/libserde_qs-e73407b70da3b366.rlib" "/opt/rustwide/target/debug/deps/libthiserror-f1312f6a4413e7d5.rlib" "/opt/rustwide/target/debug/deps/libpercent_encoding-c39f6500503dd269.rlib" "/opt/rustwide/target/debug/deps/libserde-0a5671ecd4b86530.rlib" "/opt/rustwide/rustup-home/toolchains/1.75.0-x86_64-unknown-linux-gnu/lib/rustlib/x86_64-unknown-linux-gnu/lib/libstd-90f6ddbf82de36ec.rlib" "/opt/rustwide/rustup-home/toolchains/1.75.0-x86_64-unknown-linux-gnu/lib/rustlib/x86_64-unknown-linux-gnu/lib/libpanic_unwind-480c41e9d4e1f677.rlib" "/opt/rustwide/rustup-home/toolchains/1.75.0-x86_64-unknown-linux-gnu/lib/rustlib/x86_64-unknown-linux-gnu/lib/libobject-db744c0ca03eed1d.rlib" "/opt/rustwide/rustup-home/toolchains/1.75.0-x86_64-unknown-linux-gnu/lib/rustlib/x86_64-unknown-linux-gnu/lib/libmemchr-8ba652dc7d4b285a.rlib" "/opt/rustwide/rustup-home/toolchains/1.75.0-x86_64-unknown-linux-gnu/lib/rustlib/x86_64-unknown-linux-gnu/lib/libaddr2line-d5f4520a9ebc0d58.rlib" "/opt/rustwide/rustup-home/toolchains/1.75.0-x86_64-unknown-linux-gnu/lib/rustlib/x86_64-unknown-linux-gnu/lib/libgimli-4ad84de58f0cb463.rlib" "/opt/rustwide/rustup-home/toolchains/1.75.0-x86_64-unknown-linux-gnu/lib/rustlib/x86_64-unknown-linux-gnu/lib/librustc_demangle-0d10aae2e0f38735.rlib" "/opt/rustwide/rustup-home/toolchains/1.75.0-x86_64-unknown-linux-gnu/lib/rustlib/x86_64-unknown-linux-gnu/lib/libstd_detect-0c17cff739e6745b.rlib" "/opt/rustwide/rustup-home/toolchains/1.75.0-x86_64-unknown-linux-gnu/lib/rustlib/x86_64-unknown-linux-gnu/lib/libhashbrown-b29e17139dde1aa8.rlib" "/opt/rustwide/rustup-home/toolchains/1.75.0-x86_64-unknown-linux-gnu/lib/rustlib/x86_64-unknown-linux-gnu/lib/librustc_std_workspace_alloc-1f975299829cc7bd.rlib" "/opt/rustwide/rustup-home/toolchains/1.75.0-x86_64-unknown-linux-gnu/lib/rustlib/x86_64-unknown-linux-gnu/lib/libminiz_oxide-86bae3bc3079f89b.rlib" "/opt/rustwide/rustup-home/toolchains/1.75.0-x86_64-unknown-linux-gnu/lib/rustlib/x86_64-unknown-linux-gnu/lib/libadler-321b82c30dffdf5f.rlib" "/opt/rustwide/rustup-home/toolchains/1.75.0-x86_64-unknown-linux-gnu/lib/rustlib/x86_64-unknown-linux-gnu/lib/libunwind-3dd8a6810a0bdfef.rlib" "/opt/rustwide/rustup-home/toolchains/1.75.0-x86_64-unknown-linux-gnu/lib/rustlib/x86_64-unknown-linux-gnu/lib/libcfg_if-eb39a61c0c879984.rlib" "/opt/rustwide/rustup-home/toolchains/1.75.0-x86_64-unknown-linux-gnu/lib/rustlib/x86_64-unknown-linux-gnu/lib/liblibc-aa769569f91c3548.rlib" "/opt/rustwide/rustup-home/toolchains/1.75.0-x86_64-unknown-linux-gnu/lib/rustlib/x86_64-unknown-linux-gnu/lib/liballoc-510a192a50a983ed.rlib" "/opt/rustwide/rustup-home/toolchains/1.75.0-x86_64-unknown-linux-gnu/lib/rustlib/x86_64-unknown-linux-gnu/lib/librustc_std_workspace_core-0577018320f99037.rlib" "/opt/rustwide/rustup-home/toolchains/1.75.0-x86_64-unknown-linux-gnu/lib/rustlib/x86_64-unknown-linux-gnu/lib/libcore-193cf992125ccd4c.rlib" "/opt/rustwide/rustup-home/toolchains/1.75.0-x86_64-unknown-linux-gnu/lib/rustlib/x86_64-unknown-linux-gnu/lib/libcompiler_builtins-8e138eaf26ebb4a8.rlib" "-Wl,-Bdynamic" "-lssl" "-lcrypto" "-lgcc_s" "-lutil" "-lrt" "-lpthread" "-lm" "-ldl" "-lc" "-Wl,--eh-frame-hdr" "-Wl,-z,noexecstack" "-L" "/opt/rustwide/rustup-home/toolchains/1.75.0-x86_64-unknown-linux-gnu/lib/rustlib/x86_64-unknown-linux-gnu/lib" "-o" "/opt/rustwide/target/debug/examples/summary-9e3b1f26fc76536b" "-Wl,--gc-sections" "-pie" "-Wl,-z,relro,-z,now" "-nodefaultlibs"
[INFO] [stdout]   = note: collect2: fatal error: ld terminated with signal 9 [Killed]
[INFO] [stdout]           compilation terminated.
[INFO] [stdout]           
[INFO] [stdout] 
[INFO] [stdout] 
[INFO] [stdout] error: aborting due to previous error
[INFO] [stdout] 
[INFO] [stdout] 
[INFO] [stderr] error: could not compile `wanikani-rs` (example "summary") due to 2 previous errors
[INFO] running `Command { std: "docker" "inspect" "99261e6618e146ed1cc827febd7c87cd69368e20510eac272262fd4f73d6c79f", kill_on_drop: false }`
[INFO] running `Command { std: "docker" "rm" "-f" "99261e6618e146ed1cc827febd7c87cd69368e20510eac272262fd4f73d6c79f", kill_on_drop: false }`
[INFO] [stdout] 99261e6618e146ed1cc827febd7c87cd69368e20510eac272262fd4f73d6c79f
[INFO] testing wanikani-rs-0.1.0 against beta-2023-12-22 for beta-1.76-1
[INFO] extracting crate wanikani-rs 0.1.0 into /workspace/builds/worker-6-tc2/source
[INFO] validating manifest of crates.io crate wanikani-rs 0.1.0 on toolchain beta-2023-12-22
[INFO] running `Command { std: CARGO_HOME="/workspace/cargo-home" RUSTUP_HOME="/workspace/rustup-home" "/workspace/cargo-home/bin/cargo" "+beta-2023-12-22" "metadata" "--manifest-path" "Cargo.toml" "--no-deps", kill_on_drop: false }`
[INFO] started tweaking crates.io crate wanikani-rs 0.1.0
[INFO] finished tweaking crates.io crate wanikani-rs 0.1.0
[INFO] tweaked toml for crates.io crate wanikani-rs 0.1.0 written to /workspace/builds/worker-6-tc2/source/Cargo.toml
[INFO] crate crates.io crate wanikani-rs 0.1.0 already has a lockfile, it will not be regenerated
[INFO] running `Command { std: CARGO_HOME="/workspace/cargo-home" RUSTUP_HOME="/workspace/rustup-home" "/workspace/cargo-home/bin/cargo" "+beta-2023-12-22" "fetch" "--manifest-path" "Cargo.toml", kill_on_drop: false }`
[INFO] [stderr]     Blocking waiting for file lock on package cache
[INFO] running `Command { std: "docker" "create" "-v" "/var/lib/crater-agent-workspace/builds/worker-6-tc2/target:/opt/rustwide/target:rw,Z" "-v" "/var/lib/crater-agent-workspace/builds/worker-6-tc2/source:/opt/rustwide/workdir:ro,Z" "-v" "/var/lib/crater-agent-workspace/cargo-home:/opt/rustwide/cargo-home:ro,Z" "-v" "/var/lib/crater-agent-workspace/rustup-home:/opt/rustwide/rustup-home:ro,Z" "-e" "SOURCE_DIR=/opt/rustwide/workdir" "-e" "CARGO_TARGET_DIR=/opt/rustwide/target" "-e" "CARGO_HOME=/opt/rustwide/cargo-home" "-e" "RUSTUP_HOME=/opt/rustwide/rustup-home" "-w" "/opt/rustwide/workdir" "-m" "1610612736" "--user" "0:0" "--network" "none" "ghcr.io/rust-lang/crates-build-env/linux@sha256:2788e3201cd34a07e3172128adcd8b3090168a8e3bcc40d7c032b9dda1df7d1c" "/opt/rustwide/cargo-home/bin/cargo" "+beta-2023-12-22" "metadata" "--no-deps" "--format-version=1", kill_on_drop: false }`
[INFO] [stdout] b290e905369c3ff79606f50cd057e72de9c594ed385a6316cd71fa68ee08dc6e
[INFO] running `Command { std: "docker" "start" "-a" "b290e905369c3ff79606f50cd057e72de9c594ed385a6316cd71fa68ee08dc6e", kill_on_drop: false }`
[INFO] running `Command { std: "docker" "inspect" "b290e905369c3ff79606f50cd057e72de9c594ed385a6316cd71fa68ee08dc6e", kill_on_drop: false }`
[INFO] running `Command { std: "docker" "rm" "-f" "b290e905369c3ff79606f50cd057e72de9c594ed385a6316cd71fa68ee08dc6e", kill_on_drop: false }`
[INFO] [stdout] b290e905369c3ff79606f50cd057e72de9c594ed385a6316cd71fa68ee08dc6e
[INFO] running `Command { std: "docker" "create" "-v" "/var/lib/crater-agent-workspace/builds/worker-6-tc2/target:/opt/rustwide/target:rw,Z" "-v" "/var/lib/crater-agent-workspace/builds/worker-6-tc2/source:/opt/rustwide/workdir:ro,Z" "-v" "/var/lib/crater-agent-workspace/cargo-home:/opt/rustwide/cargo-home:ro,Z" "-v" "/var/lib/crater-agent-workspace/rustup-home:/opt/rustwide/rustup-home:ro,Z" "-e" "SOURCE_DIR=/opt/rustwide/workdir" "-e" "CARGO_TARGET_DIR=/opt/rustwide/target" "-e" "CARGO_INCREMENTAL=0" "-e" "RUST_BACKTRACE=full" "-e" "RUSTFLAGS=--cap-lints=warn" "-e" "RUSTDOCFLAGS=--cap-lints=warn" "-e" "CARGO_HOME=/opt/rustwide/cargo-home" "-e" "RUSTUP_HOME=/opt/rustwide/rustup-home" "-w" "/opt/rustwide/workdir" "-m" "1610612736" "--user" "0:0" "--network" "none" "ghcr.io/rust-lang/crates-build-env/linux@sha256:2788e3201cd34a07e3172128adcd8b3090168a8e3bcc40d7c032b9dda1df7d1c" "/opt/rustwide/cargo-home/bin/cargo" "+beta-2023-12-22" "build" "--frozen" "--message-format=json", kill_on_drop: false }`
[INFO] [stdout] ed50f53bd66c085a5187f81935410b48c81e5b18c47cb8114f8c19e5a932607f
[INFO] running `Command { std: "docker" "start" "-a" "ed50f53bd66c085a5187f81935410b48c81e5b18c47cb8114f8c19e5a932607f", kill_on_drop: false }`
[INFO] [stderr]    Compiling proc-macro2 v1.0.51
[INFO] [stderr]    Compiling unicode-ident v1.0.6
[INFO] [stderr]    Compiling quote v1.0.23
[INFO] [stderr]    Compiling syn v1.0.107
[INFO] [stderr]    Compiling libc v0.2.139
[INFO] [stderr]    Compiling log v0.4.17
[INFO] [stderr]    Compiling lock_api v0.4.9
[INFO] [stderr]    Compiling cc v1.0.79
[INFO] [stderr]    Compiling pin-project-lite v0.2.9
[INFO] [stderr]    Compiling parking_lot_core v0.9.7
[INFO] [stderr]    Compiling pkg-config v0.3.26
[INFO] [stderr]    Compiling serde_derive v1.0.152
[INFO] [stderr]    Compiling once_cell v1.17.1
[INFO] [stderr]    Compiling smallvec v1.10.0
[INFO] [stderr]    Compiling scopeguard v1.1.0
[INFO] [stderr]    Compiling serde v1.0.152
[INFO] [stderr]    Compiling futures-core v0.3.26
[INFO] [stderr]    Compiling tokio v1.25.0
[INFO] [stderr]    Compiling itoa v1.0.5
[INFO] [stderr]    Compiling futures-task v0.3.26
[INFO] [stderr]    Compiling tracing-core v0.1.30
[INFO] [stderr]    Compiling indexmap v1.9.2
[INFO] [stderr]    Compiling slab v0.4.7
[INFO] [stderr]    Compiling signal-hook-registry v1.4.1
[INFO] [stderr]    Compiling socket2 v0.4.7
[INFO] [stderr]    Compiling mio v0.8.6
[INFO] [stderr]    Compiling openssl-sys v0.9.80
[INFO] [stderr]    Compiling num_cpus v1.15.0
[INFO] [stderr]    Compiling parking_lot v0.12.1
[INFO] [stderr]    Compiling futures-util v0.3.26
[INFO] [stderr]    Compiling foreign-types-shared v0.1.1
[INFO] [stderr]    Compiling openssl v0.10.45
[INFO] [stderr]    Compiling foreign-types v0.3.2
[INFO] [stderr]    Compiling tracing v0.1.37
[INFO] [stderr]    Compiling http v0.2.8
[INFO] [stderr]    Compiling num-traits v0.2.15
[INFO] [stderr]    Compiling native-tls v0.2.11
[INFO] [stderr]    Compiling bitflags v1.3.2
[INFO] [stderr]    Compiling futures-sink v0.3.26
[INFO] [stderr]    Compiling percent-encoding v2.2.0
[INFO] [stderr]    Compiling futures-channel v0.3.26
[INFO] [stderr]    Compiling num-integer v0.1.45
[INFO] [stderr]    Compiling try-lock v0.2.4
[INFO] [stderr]    Compiling openssl-probe v0.1.5
[INFO] [stderr]    Compiling want v0.3.0
[INFO] [stderr]    Compiling form_urlencoded v1.1.0
[INFO] [stderr]    Compiling serde_json v1.0.93
[INFO] [stderr]    Compiling thiserror v1.0.38
[INFO] [stderr]    Compiling http-body v0.4.5
[INFO] [stderr]    Compiling unicode-bidi v0.3.10
[INFO] [stderr]    Compiling ryu v1.0.12
[INFO] [stderr]    Compiling httpdate v1.0.2
[INFO] [stderr]    Compiling tower-service v0.3.2
[INFO] [stderr]    Compiling idna v0.3.0
[INFO] [stderr]    Compiling time v0.1.45
[INFO] [stderr]    Compiling iana-time-zone v0.1.53
[INFO] [stderr]    Compiling url v2.3.1
[INFO] [stderr]    Compiling encoding_rs v0.8.32
[INFO] [stderr]    Compiling base64 v0.21.0
[INFO] [stderr]    Compiling ipnet v2.7.1
[INFO] [stderr]    Compiling mime v0.3.16
[INFO] [stderr]    Compiling env v0.0.0
[INFO] [stderr]    Compiling darling_core v0.14.3
[INFO] [stderr]    Compiling tokio-macros v1.8.2
[INFO] [stderr]    Compiling openssl-macros v0.1.0
[INFO] [stderr]    Compiling thiserror-impl v1.0.38
[INFO] [stderr]    Compiling darling_macro v0.14.3
[INFO] [stderr]    Compiling darling v0.14.3
[INFO] [stderr]    Compiling serde_with_macros v2.2.0
[INFO] [stderr]    Compiling tokio-util v0.7.7
[INFO] [stderr]    Compiling tokio-native-tls v0.3.1
[INFO] [stderr]    Compiling h2 v0.3.15
[INFO] [stderr]    Compiling serde_urlencoded v0.7.1
[INFO] [stderr]    Compiling chrono v0.4.23
[INFO] [stderr]    Compiling serde_qs v0.11.0
[INFO] [stderr]    Compiling serde_with v2.2.0
[INFO] [stderr]    Compiling wanikani-rs-model v0.1.0
[INFO] [stderr]    Compiling hyper v0.14.24
[INFO] [stderr]    Compiling hyper-tls v0.5.0
[INFO] [stderr]    Compiling reqwest v0.11.14
[INFO] [stderr]    Compiling wanikani-rs v0.1.0 (/opt/rustwide/workdir)
[INFO] [stderr]     Finished dev [unoptimized + debuginfo] target(s) in 41.23s
[INFO] running `Command { std: "docker" "inspect" "ed50f53bd66c085a5187f81935410b48c81e5b18c47cb8114f8c19e5a932607f", kill_on_drop: false }`
[INFO] running `Command { std: "docker" "rm" "-f" "ed50f53bd66c085a5187f81935410b48c81e5b18c47cb8114f8c19e5a932607f", kill_on_drop: false }`
[INFO] [stdout] ed50f53bd66c085a5187f81935410b48c81e5b18c47cb8114f8c19e5a932607f
[INFO] running `Command { std: "docker" "create" "-v" "/var/lib/crater-agent-workspace/builds/worker-6-tc2/target:/opt/rustwide/target:rw,Z" "-v" "/var/lib/crater-agent-workspace/builds/worker-6-tc2/source:/opt/rustwide/workdir:ro,Z" "-v" "/var/lib/crater-agent-workspace/cargo-home:/opt/rustwide/cargo-home:ro,Z" "-v" "/var/lib/crater-agent-workspace/rustup-home:/opt/rustwide/rustup-home:ro,Z" "-e" "SOURCE_DIR=/opt/rustwide/workdir" "-e" "CARGO_TARGET_DIR=/opt/rustwide/target" "-e" "CARGO_INCREMENTAL=0" "-e" "RUST_BACKTRACE=full" "-e" "RUSTFLAGS=--cap-lints=warn" "-e" "RUSTDOCFLAGS=--cap-lints=warn" "-e" "CARGO_HOME=/opt/rustwide/cargo-home" "-e" "RUSTUP_HOME=/opt/rustwide/rustup-home" "-w" "/opt/rustwide/workdir" "-m" "1610612736" "--user" "0:0" "--network" "none" "ghcr.io/rust-lang/crates-build-env/linux@sha256:2788e3201cd34a07e3172128adcd8b3090168a8e3bcc40d7c032b9dda1df7d1c" "/opt/rustwide/cargo-home/bin/cargo" "+beta-2023-12-22" "test" "--frozen" "--no-run" "--message-format=json", kill_on_drop: false }`
[INFO] [stdout] 94ca45a0697a829a5c0fb3c4d19d7a7a3d152abf7a339a6122b4c5273a3212d0
[INFO] running `Command { std: "docker" "start" "-a" "94ca45a0697a829a5c0fb3c4d19d7a7a3d152abf7a339a6122b4c5273a3212d0", kill_on_drop: false }`
[INFO] [stderr]    Compiling wanikani-rs v0.1.0 (/opt/rustwide/workdir)
[INFO] [stdout] error: linking with `cc` failed: exit status: 1
[INFO] [stdout]   |
[INFO] [stdout]   = note: LC_ALL="C" PATH="/opt/rustwide/rustup-home/toolchains/beta-2023-12-22-x86_64-unknown-linux-gnu/lib/rustlib/x86_64-unknown-linux-gnu/bin:/opt/rustwide/cargo-home/bin:/usr/local/sbin:/usr/local/bin:/usr/sbin:/usr/bin:/sbin:/bin" VSLANG="1033" "cc" "-m64" "/tmp/rustcoHbq4E/symbols.o" "/opt/rustwide/target/debug/examples/study_materials-a898bb67d1d93630.study_materials.18bd3f4a9cdd6b4c-cgu.0.rcgu.o" "/opt/rustwide/target/debug/examples/study_materials-a898bb67d1d93630.study_materials.18bd3f4a9cdd6b4c-cgu.1.rcgu.o" "/opt/rustwide/target/debug/examples/study_materials-a898bb67d1d93630.study_materials.18bd3f4a9cdd6b4c-cgu.2.rcgu.o" "/opt/rustwide/target/debug/examples/study_materials-a898bb67d1d93630.study_materials.18bd3f4a9cdd6b4c-cgu.3.rcgu.o" "/opt/rustwide/target/debug/examples/study_materials-a898bb67d1d93630.study_materials.18bd3f4a9cdd6b4c-cgu.4.rcgu.o" "/opt/rustwide/target/debug/examples/study_materials-a898bb67d1d93630.2alonqj6xfpv9do8.rcgu.o" "-Wl,--as-needed" "-L" "/opt/rustwide/target/debug/deps" "-L" "/opt/rustwide/rustup-home/toolchains/beta-2023-12-22-x86_64-unknown-linux-gnu/lib/rustlib/x86_64-unknown-linux-gnu/lib" "-Wl,-Bstatic" "/opt/rustwide/target/debug/deps/libwanikani_rs-36ac21042007f7cb.rlib" "/opt/rustwide/target/debug/deps/libreqwest-e6eec2caf01053f3.rlib" "/opt/rustwide/target/debug/deps/libhyper_tls-08f5c134ded700e4.rlib" "/opt/rustwide/target/debug/deps/libserde_urlencoded-881d4a7d28f472b8.rlib" "/opt/rustwide/target/debug/deps/libbase64-a25f4c710a824bfc.rlib" "/opt/rustwide/target/debug/deps/libipnet-20aff45b9d3dfe37.rlib" "/opt/rustwide/target/debug/deps/libtokio_native_tls-a0879f070933c824.rlib" "/opt/rustwide/target/debug/deps/libmime-d5b83fc07afe1071.rlib" "/opt/rustwide/target/debug/deps/libencoding_rs-43ba0f5a32920363.rlib" "/opt/rustwide/target/debug/deps/libserde_json-8818a5cfcb7c3cb3.rlib" "/opt/rustwide/target/debug/deps/libryu-f1ac1cda2d3cac1e.rlib" "/opt/rustwide/target/debug/deps/libnative_tls-f8c4a4a4e8c8e6ce.rlib" "/opt/rustwide/target/debug/deps/libopenssl_probe-01da96bec2dfd166.rlib" "/opt/rustwide/target/debug/deps/libopenssl-a0e9003d5cd9b018.rlib" "/opt/rustwide/target/debug/deps/libbitflags-85e13ed1e0c6d910.rlib" "/opt/rustwide/target/debug/deps/libforeign_types-34162016ad32c65c.rlib" "/opt/rustwide/target/debug/deps/libforeign_types_shared-6c481fa47d8ef87b.rlib" "/opt/rustwide/target/debug/deps/libopenssl_sys-14270e6e6cf1b01c.rlib" "/opt/rustwide/target/debug/deps/libhyper-ed15b8975e213bfc.rlib" "/opt/rustwide/target/debug/deps/libwant-14f9215dbf3df951.rlib" "/opt/rustwide/target/debug/deps/libtry_lock-539bdf1ed77a7a8a.rlib" "/opt/rustwide/target/debug/deps/libhttparse-2dbc320ca65411a3.rlib" "/opt/rustwide/target/debug/deps/libh2-f0cbef4c7721d243.rlib" "/opt/rustwide/target/debug/deps/libindexmap-d71c326424e9d2fa.rlib" "/opt/rustwide/target/debug/deps/libhashbrown-e273ba0f8cdcbe5b.rlib" "/opt/rustwide/target/debug/deps/libslab-ce952e4d8ebf26c9.rlib" "/opt/rustwide/target/debug/deps/libtokio_util-7e30389b499b5fde.rlib" "/opt/rustwide/target/debug/deps/libfutures_sink-6c283568ffe240b8.rlib" "/opt/rustwide/target/debug/deps/libtower_service-92bbc7b5a1dd8782.rlib" "/opt/rustwide/target/debug/deps/libtracing-db6e46b9e5468792.rlib" "/opt/rustwide/target/debug/deps/libtracing_core-f68266e5fb8c7173.rlib" "/opt/rustwide/target/debug/deps/libonce_cell-3d70b1de027ce947.rlib" "/opt/rustwide/target/debug/deps/libfutures_channel-1d03abd5d799ae8c.rlib" "/opt/rustwide/target/debug/deps/libfutures_util-bf76f5562ad56126.rlib" "/opt/rustwide/target/debug/deps/libfutures_task-f6059676b5d6ce99.rlib" "/opt/rustwide/target/debug/deps/libpin_utils-9c5dcf17efb91bff.rlib" "/opt/rustwide/target/debug/deps/libtokio-801521217967dda9.rlib" "/opt/rustwide/target/debug/deps/libsignal_hook_registry-7b2f9cf6a5bd4179.rlib" "/opt/rustwide/target/debug/deps/libnum_cpus-3adee3a9b1c33b7e.rlib" "/opt/rustwide/target/debug/deps/libsocket2-830364a7bcefe377.rlib" "/opt/rustwide/target/debug/deps/libmemchr-33d05ae5bba76030.rlib" "/opt/rustwide/target/debug/deps/libmio-a5c04349281cddd4.rlib" "/opt/rustwide/target/debug/deps/libparking_lot-3945792cebe79892.rlib" "/opt/rustwide/target/debug/deps/libparking_lot_core-eccd6384dcede60f.rlib" "/opt/rustwide/target/debug/deps/libsmallvec-5f186dbb2829e135.rlib" "/opt/rustwide/target/debug/deps/liblock_api-7efc9c602b898216.rlib" "/opt/rustwide/target/debug/deps/libscopeguard-31f1b56a39f2a372.rlib" "/opt/rustwide/target/debug/deps/libhttp_body-41bfaf17a1064f51.rlib" "/opt/rustwide/target/debug/deps/libpin_project_lite-e8b15c1d45637ce8.rlib" "/opt/rustwide/target/debug/deps/liblog-c50132996933641a.rlib" "/opt/rustwide/target/debug/deps/libcfg_if-e7002d307f97bc56.rlib" "/opt/rustwide/target/debug/deps/libfutures_core-91d16c200d823a95.rlib" "/opt/rustwide/target/debug/deps/liburl-8fd9ebd42c225a16.rlib" "/opt/rustwide/target/debug/deps/libidna-b3ecea3e19a1e53b.rlib" "/opt/rustwide/target/debug/deps/libunicode_normalization-6720ecd938ebfb2b.rlib" "/opt/rustwide/target/debug/deps/libtinyvec-dcbbce603bc23510.rlib" "/opt/rustwide/target/debug/deps/libtinyvec_macros-333661e3b238a9a3.rlib" "/opt/rustwide/target/debug/deps/libunicode_bidi-33264acdb098a02c.rlib" "/opt/rustwide/target/debug/deps/libform_urlencoded-2e6be29729763aa6.rlib" "/opt/rustwide/target/debug/deps/libhttp-d6f078927f1024a5.rlib" "/opt/rustwide/target/debug/deps/libitoa-0907925ccea3b058.rlib" "/opt/rustwide/target/debug/deps/libbytes-8217216c646d0e94.rlib" "/opt/rustwide/target/debug/deps/libfnv-953831fe314029b4.rlib" "/opt/rustwide/target/debug/deps/libserde_with-a151dc168bd14440.rlib" "/opt/rustwide/target/debug/deps/libwanikani_rs_model-46fcf2c047a34dcf.rlib" "/opt/rustwide/target/debug/deps/libchrono-bc6e826391abb78a.rlib" "/opt/rustwide/target/debug/deps/libiana_time_zone-a08d7576f2ea4cb5.rlib" "/opt/rustwide/target/debug/deps/libnum_integer-4f6a54ffc94feb12.rlib" "/opt/rustwide/target/debug/deps/libnum_traits-b277a111beb39735.rlib" "/opt/rustwide/target/debug/deps/libtime-d60ec394230d2615.rlib" "/opt/rustwide/target/debug/deps/liblibc-c55557f7f88b1291.rlib" "/opt/rustwide/target/debug/deps/libserde_qs-f22f9d7e05f828ab.rlib" "/opt/rustwide/target/debug/deps/libthiserror-e58638a2f1f2db74.rlib" "/opt/rustwide/target/debug/deps/libpercent_encoding-52ba3d834e28489d.rlib" "/opt/rustwide/target/debug/deps/libserde-9f4dbd6e61161b2b.rlib" "/opt/rustwide/rustup-home/toolchains/beta-2023-12-22-x86_64-unknown-linux-gnu/lib/rustlib/x86_64-unknown-linux-gnu/lib/libstd-0672489a78b613de.rlib" "/opt/rustwide/rustup-home/toolchains/beta-2023-12-22-x86_64-unknown-linux-gnu/lib/rustlib/x86_64-unknown-linux-gnu/lib/libpanic_unwind-7eb3ffc34a49f675.rlib" "/opt/rustwide/rustup-home/toolchains/beta-2023-12-22-x86_64-unknown-linux-gnu/lib/rustlib/x86_64-unknown-linux-gnu/lib/libobject-6478a9daa4bee8e2.rlib" "/opt/rustwide/rustup-home/toolchains/beta-2023-12-22-x86_64-unknown-linux-gnu/lib/rustlib/x86_64-unknown-linux-gnu/lib/libmemchr-0c75d871a5c3923d.rlib" "/opt/rustwide/rustup-home/toolchains/beta-2023-12-22-x86_64-unknown-linux-gnu/lib/rustlib/x86_64-unknown-linux-gnu/lib/libaddr2line-d163ef63ad37bb71.rlib" "/opt/rustwide/rustup-home/toolchains/beta-2023-12-22-x86_64-unknown-linux-gnu/lib/rustlib/x86_64-unknown-linux-gnu/lib/libgimli-8a3fd810a85b9f4c.rlib" "/opt/rustwide/rustup-home/toolchains/beta-2023-12-22-x86_64-unknown-linux-gnu/lib/rustlib/x86_64-unknown-linux-gnu/lib/librustc_demangle-462a2cde8c5dfc10.rlib" "/opt/rustwide/rustup-home/toolchains/beta-2023-12-22-x86_64-unknown-linux-gnu/lib/rustlib/x86_64-unknown-linux-gnu/lib/libstd_detect-cb06ac9f54713f71.rlib" "/opt/rustwide/rustup-home/toolchains/beta-2023-12-22-x86_64-unknown-linux-gnu/lib/rustlib/x86_64-unknown-linux-gnu/lib/libhashbrown-f20bfd1f8e59b393.rlib" "/opt/rustwide/rustup-home/toolchains/beta-2023-12-22-x86_64-unknown-linux-gnu/lib/rustlib/x86_64-unknown-linux-gnu/lib/librustc_std_workspace_alloc-1ef460949b49da4b.rlib" "/opt/rustwide/rustup-home/toolchains/beta-2023-12-22-x86_64-unknown-linux-gnu/lib/rustlib/x86_64-unknown-linux-gnu/lib/libminiz_oxide-2cb0c0ffe4f87514.rlib" "/opt/rustwide/rustup-home/toolchains/beta-2023-12-22-x86_64-unknown-linux-gnu/lib/rustlib/x86_64-unknown-linux-gnu/lib/libadler-58d841eb322a11a2.rlib" "/opt/rustwide/rustup-home/toolchains/beta-2023-12-22-x86_64-unknown-linux-gnu/lib/rustlib/x86_64-unknown-linux-gnu/lib/libunwind-aa2ae0b0a9d11533.rlib" "/opt/rustwide/rustup-home/toolchains/beta-2023-12-22-x86_64-unknown-linux-gnu/lib/rustlib/x86_64-unknown-linux-gnu/lib/libcfg_if-23874e15830ed336.rlib" "/opt/rustwide/rustup-home/toolchains/beta-2023-12-22-x86_64-unknown-linux-gnu/lib/rustlib/x86_64-unknown-linux-gnu/lib/liblibc-e47cddc003bce885.rlib" "/opt/rustwide/rustup-home/toolchains/beta-2023-12-22-x86_64-unknown-linux-gnu/lib/rustlib/x86_64-unknown-linux-gnu/lib/liballoc-c22b13b48a8f128e.rlib" "/opt/rustwide/rustup-home/toolchains/beta-2023-12-22-x86_64-unknown-linux-gnu/lib/rustlib/x86_64-unknown-linux-gnu/lib/librustc_std_workspace_core-e46bc3da6d7c462f.rlib" "/opt/rustwide/rustup-home/toolchains/beta-2023-12-22-x86_64-unknown-linux-gnu/lib/rustlib/x86_64-unknown-linux-gnu/lib/libcore-8d1ac131d3cb2645.rlib" "/opt/rustwide/rustup-home/toolchains/beta-2023-12-22-x86_64-unknown-linux-gnu/lib/rustlib/x86_64-unknown-linux-gnu/lib/libcompiler_builtins-a1b43df8c6899c1f.rlib" "-Wl,-Bdynamic" "-lssl" "-lcrypto" "-lgcc_s" "-lutil" "-lrt" "-lpthread" "-lm" "-ldl" "-lc" "-Wl,--eh-frame-hdr" "-Wl,-z,noexecstack" "-L" "/opt/rustwide/rustup-home/toolchains/beta-2023-12-22-x86_64-unknown-linux-gnu/lib/rustlib/x86_64-unknown-linux-gnu/lib" "-o" "/opt/rustwide/target/debug/examples/study_materials-a898bb67d1d93630" "-Wl,--gc-sections" "-pie" "-Wl,-z,relro,-z,now" "-nodefaultlibs"
[INFO] [stdout]   = note: collect2: fatal error: ld terminated with signal 9 [Killed]
[INFO] [stdout]           compilation terminated.
[INFO] [stdout]           
[INFO] [stdout] 
[INFO] [stdout] 
[INFO] [stdout] error: aborting due to 1 previous error
[INFO] [stdout] 
[INFO] [stdout] 
[INFO] [stderr] error: could not compile `wanikani-rs` (example "study_materials") due to 2 previous errors
[INFO] [stderr] warning: build failed, waiting for other jobs to finish...
[INFO] [stdout] error: linking with `cc` failed: exit status: 1
[INFO] [stdout]   |
[INFO] [stdout]   = note: LC_ALL="C" PATH="/opt/rustwide/rustup-home/toolchains/beta-2023-12-22-x86_64-unknown-linux-gnu/lib/rustlib/x86_64-unknown-linux-gnu/bin:/opt/rustwide/cargo-home/bin:/usr/local/sbin:/usr/local/bin:/usr/sbin:/usr/bin:/sbin:/bin" VSLANG="1033" "cc" "-m64" "/tmp/rustcAj3pge/symbols.o" "/opt/rustwide/target/debug/examples/resets-9abd0c93414f9c4c.resets.603412423ddf8c8-cgu.0.rcgu.o" "/opt/rustwide/target/debug/examples/resets-9abd0c93414f9c4c.resets.603412423ddf8c8-cgu.1.rcgu.o" "/opt/rustwide/target/debug/examples/resets-9abd0c93414f9c4c.resets.603412423ddf8c8-cgu.2.rcgu.o" "/opt/rustwide/target/debug/examples/resets-9abd0c93414f9c4c.resets.603412423ddf8c8-cgu.3.rcgu.o" "/opt/rustwide/target/debug/examples/resets-9abd0c93414f9c4c.resets.603412423ddf8c8-cgu.4.rcgu.o" "/opt/rustwide/target/debug/examples/resets-9abd0c93414f9c4c.3ys9mlmbwg9i8dzx.rcgu.o" "-Wl,--as-needed" "-L" "/opt/rustwide/target/debug/deps" "-L" "/opt/rustwide/rustup-home/toolchains/beta-2023-12-22-x86_64-unknown-linux-gnu/lib/rustlib/x86_64-unknown-linux-gnu/lib" "-Wl,-Bstatic" "/opt/rustwide/target/debug/deps/libwanikani_rs-36ac21042007f7cb.rlib" "/opt/rustwide/target/debug/deps/libreqwest-e6eec2caf01053f3.rlib" "/opt/rustwide/target/debug/deps/libhyper_tls-08f5c134ded700e4.rlib" "/opt/rustwide/target/debug/deps/libserde_urlencoded-881d4a7d28f472b8.rlib" "/opt/rustwide/target/debug/deps/libbase64-a25f4c710a824bfc.rlib" "/opt/rustwide/target/debug/deps/libipnet-20aff45b9d3dfe37.rlib" "/opt/rustwide/target/debug/deps/libtokio_native_tls-a0879f070933c824.rlib" "/opt/rustwide/target/debug/deps/libmime-d5b83fc07afe1071.rlib" "/opt/rustwide/target/debug/deps/libencoding_rs-43ba0f5a32920363.rlib" "/opt/rustwide/target/debug/deps/libserde_json-8818a5cfcb7c3cb3.rlib" "/opt/rustwide/target/debug/deps/libryu-f1ac1cda2d3cac1e.rlib" "/opt/rustwide/target/debug/deps/libnative_tls-f8c4a4a4e8c8e6ce.rlib" "/opt/rustwide/target/debug/deps/libopenssl_probe-01da96bec2dfd166.rlib" "/opt/rustwide/target/debug/deps/libopenssl-a0e9003d5cd9b018.rlib" "/opt/rustwide/target/debug/deps/libbitflags-85e13ed1e0c6d910.rlib" "/opt/rustwide/target/debug/deps/libforeign_types-34162016ad32c65c.rlib" "/opt/rustwide/target/debug/deps/libforeign_types_shared-6c481fa47d8ef87b.rlib" "/opt/rustwide/target/debug/deps/libopenssl_sys-14270e6e6cf1b01c.rlib" "/opt/rustwide/target/debug/deps/libhyper-ed15b8975e213bfc.rlib" "/opt/rustwide/target/debug/deps/libwant-14f9215dbf3df951.rlib" "/opt/rustwide/target/debug/deps/libtry_lock-539bdf1ed77a7a8a.rlib" "/opt/rustwide/target/debug/deps/libhttparse-2dbc320ca65411a3.rlib" "/opt/rustwide/target/debug/deps/libh2-f0cbef4c7721d243.rlib" "/opt/rustwide/target/debug/deps/libindexmap-d71c326424e9d2fa.rlib" "/opt/rustwide/target/debug/deps/libhashbrown-e273ba0f8cdcbe5b.rlib" "/opt/rustwide/target/debug/deps/libslab-ce952e4d8ebf26c9.rlib" "/opt/rustwide/target/debug/deps/libtokio_util-7e30389b499b5fde.rlib" "/opt/rustwide/target/debug/deps/libfutures_sink-6c283568ffe240b8.rlib" "/opt/rustwide/target/debug/deps/libtower_service-92bbc7b5a1dd8782.rlib" "/opt/rustwide/target/debug/deps/libtracing-db6e46b9e5468792.rlib" "/opt/rustwide/target/debug/deps/libtracing_core-f68266e5fb8c7173.rlib" "/opt/rustwide/target/debug/deps/libonce_cell-3d70b1de027ce947.rlib" "/opt/rustwide/target/debug/deps/libfutures_channel-1d03abd5d799ae8c.rlib" "/opt/rustwide/target/debug/deps/libfutures_util-bf76f5562ad56126.rlib" "/opt/rustwide/target/debug/deps/libfutures_task-f6059676b5d6ce99.rlib" "/opt/rustwide/target/debug/deps/libpin_utils-9c5dcf17efb91bff.rlib" "/opt/rustwide/target/debug/deps/libtokio-801521217967dda9.rlib" "/opt/rustwide/target/debug/deps/libsignal_hook_registry-7b2f9cf6a5bd4179.rlib" "/opt/rustwide/target/debug/deps/libnum_cpus-3adee3a9b1c33b7e.rlib" "/opt/rustwide/target/debug/deps/libsocket2-830364a7bcefe377.rlib" "/opt/rustwide/target/debug/deps/libmemchr-33d05ae5bba76030.rlib" "/opt/rustwide/target/debug/deps/libmio-a5c04349281cddd4.rlib" "/opt/rustwide/target/debug/deps/libparking_lot-3945792cebe79892.rlib" "/opt/rustwide/target/debug/deps/libparking_lot_core-eccd6384dcede60f.rlib" "/opt/rustwide/target/debug/deps/libsmallvec-5f186dbb2829e135.rlib" "/opt/rustwide/target/debug/deps/liblock_api-7efc9c602b898216.rlib" "/opt/rustwide/target/debug/deps/libscopeguard-31f1b56a39f2a372.rlib" "/opt/rustwide/target/debug/deps/libhttp_body-41bfaf17a1064f51.rlib" "/opt/rustwide/target/debug/deps/libpin_project_lite-e8b15c1d45637ce8.rlib" "/opt/rustwide/target/debug/deps/liblog-c50132996933641a.rlib" "/opt/rustwide/target/debug/deps/libcfg_if-e7002d307f97bc56.rlib" "/opt/rustwide/target/debug/deps/libfutures_core-91d16c200d823a95.rlib" "/opt/rustwide/target/debug/deps/liburl-8fd9ebd42c225a16.rlib" "/opt/rustwide/target/debug/deps/libidna-b3ecea3e19a1e53b.rlib" "/opt/rustwide/target/debug/deps/libunicode_normalization-6720ecd938ebfb2b.rlib" "/opt/rustwide/target/debug/deps/libtinyvec-dcbbce603bc23510.rlib" "/opt/rustwide/target/debug/deps/libtinyvec_macros-333661e3b238a9a3.rlib" "/opt/rustwide/target/debug/deps/libunicode_bidi-33264acdb098a02c.rlib" "/opt/rustwide/target/debug/deps/libform_urlencoded-2e6be29729763aa6.rlib" "/opt/rustwide/target/debug/deps/libhttp-d6f078927f1024a5.rlib" "/opt/rustwide/target/debug/deps/libitoa-0907925ccea3b058.rlib" "/opt/rustwide/target/debug/deps/libbytes-8217216c646d0e94.rlib" "/opt/rustwide/target/debug/deps/libfnv-953831fe314029b4.rlib" "/opt/rustwide/target/debug/deps/libserde_with-a151dc168bd14440.rlib" "/opt/rustwide/target/debug/deps/libwanikani_rs_model-46fcf2c047a34dcf.rlib" "/opt/rustwide/target/debug/deps/libchrono-bc6e826391abb78a.rlib" "/opt/rustwide/target/debug/deps/libiana_time_zone-a08d7576f2ea4cb5.rlib" "/opt/rustwide/target/debug/deps/libnum_integer-4f6a54ffc94feb12.rlib" "/opt/rustwide/target/debug/deps/libnum_traits-b277a111beb39735.rlib" "/opt/rustwide/target/debug/deps/libtime-d60ec394230d2615.rlib" "/opt/rustwide/target/debug/deps/liblibc-c55557f7f88b1291.rlib" "/opt/rustwide/target/debug/deps/libserde_qs-f22f9d7e05f828ab.rlib" "/opt/rustwide/target/debug/deps/libthiserror-e58638a2f1f2db74.rlib" "/opt/rustwide/target/debug/deps/libpercent_encoding-52ba3d834e28489d.rlib" "/opt/rustwide/target/debug/deps/libserde-9f4dbd6e61161b2b.rlib" "/opt/rustwide/rustup-home/toolchains/beta-2023-12-22-x86_64-unknown-linux-gnu/lib/rustlib/x86_64-unknown-linux-gnu/lib/libstd-0672489a78b613de.rlib" "/opt/rustwide/rustup-home/toolchains/beta-2023-12-22-x86_64-unknown-linux-gnu/lib/rustlib/x86_64-unknown-linux-gnu/lib/libpanic_unwind-7eb3ffc34a49f675.rlib" "/opt/rustwide/rustup-home/toolchains/beta-2023-12-22-x86_64-unknown-linux-gnu/lib/rustlib/x86_64-unknown-linux-gnu/lib/libobject-6478a9daa4bee8e2.rlib" "/opt/rustwide/rustup-home/toolchains/beta-2023-12-22-x86_64-unknown-linux-gnu/lib/rustlib/x86_64-unknown-linux-gnu/lib/libmemchr-0c75d871a5c3923d.rlib" "/opt/rustwide/rustup-home/toolchains/beta-2023-12-22-x86_64-unknown-linux-gnu/lib/rustlib/x86_64-unknown-linux-gnu/lib/libaddr2line-d163ef63ad37bb71.rlib" "/opt/rustwide/rustup-home/toolchains/beta-2023-12-22-x86_64-unknown-linux-gnu/lib/rustlib/x86_64-unknown-linux-gnu/lib/libgimli-8a3fd810a85b9f4c.rlib" "/opt/rustwide/rustup-home/toolchains/beta-2023-12-22-x86_64-unknown-linux-gnu/lib/rustlib/x86_64-unknown-linux-gnu/lib/librustc_demangle-462a2cde8c5dfc10.rlib" "/opt/rustwide/rustup-home/toolchains/beta-2023-12-22-x86_64-unknown-linux-gnu/lib/rustlib/x86_64-unknown-linux-gnu/lib/libstd_detect-cb06ac9f54713f71.rlib" "/opt/rustwide/rustup-home/toolchains/beta-2023-12-22-x86_64-unknown-linux-gnu/lib/rustlib/x86_64-unknown-linux-gnu/lib/libhashbrown-f20bfd1f8e59b393.rlib" "/opt/rustwide/rustup-home/toolchains/beta-2023-12-22-x86_64-unknown-linux-gnu/lib/rustlib/x86_64-unknown-linux-gnu/lib/librustc_std_workspace_alloc-1ef460949b49da4b.rlib" "/opt/rustwide/rustup-home/toolchains/beta-2023-12-22-x86_64-unknown-linux-gnu/lib/rustlib/x86_64-unknown-linux-gnu/lib/libminiz_oxide-2cb0c0ffe4f87514.rlib" "/opt/rustwide/rustup-home/toolchains/beta-2023-12-22-x86_64-unknown-linux-gnu/lib/rustlib/x86_64-unknown-linux-gnu/lib/libadler-58d841eb322a11a2.rlib" "/opt/rustwide/rustup-home/toolchains/beta-2023-12-22-x86_64-unknown-linux-gnu/lib/rustlib/x86_64-unknown-linux-gnu/lib/libunwind-aa2ae0b0a9d11533.rlib" "/opt/rustwide/rustup-home/toolchains/beta-2023-12-22-x86_64-unknown-linux-gnu/lib/rustlib/x86_64-unknown-linux-gnu/lib/libcfg_if-23874e15830ed336.rlib" "/opt/rustwide/rustup-home/toolchains/beta-2023-12-22-x86_64-unknown-linux-gnu/lib/rustlib/x86_64-unknown-linux-gnu/lib/liblibc-e47cddc003bce885.rlib" "/opt/rustwide/rustup-home/toolchains/beta-2023-12-22-x86_64-unknown-linux-gnu/lib/rustlib/x86_64-unknown-linux-gnu/lib/liballoc-c22b13b48a8f128e.rlib" "/opt/rustwide/rustup-home/toolchains/beta-2023-12-22-x86_64-unknown-linux-gnu/lib/rustlib/x86_64-unknown-linux-gnu/lib/librustc_std_workspace_core-e46bc3da6d7c462f.rlib" "/opt/rustwide/rustup-home/toolchains/beta-2023-12-22-x86_64-unknown-linux-gnu/lib/rustlib/x86_64-unknown-linux-gnu/lib/libcore-8d1ac131d3cb2645.rlib" "/opt/rustwide/rustup-home/toolchains/beta-2023-12-22-x86_64-unknown-linux-gnu/lib/rustlib/x86_64-unknown-linux-gnu/lib/libcompiler_builtins-a1b43df8c6899c1f.rlib" "-Wl,-Bdynamic" "-lssl" "-lcrypto" "-lgcc_s" "-lutil" "-lrt" "-lpthread" "-lm" "-ldl" "-lc" "-Wl,--eh-frame-hdr" "-Wl,-z,noexecstack" "-L" "/opt/rustwide/rustup-home/toolchains/beta-2023-12-22-x86_64-unknown-linux-gnu/lib/rustlib/x86_64-unknown-linux-gnu/lib" "-o" "/opt/rustwide/target/debug/examples/resets-9abd0c93414f9c4c" "-Wl,--gc-sections" "-pie" "-Wl,-z,relro,-z,now" "-nodefaultlibs"
[INFO] [stdout]   = note: collect2: fatal error: ld terminated with signal 9 [Killed]
[INFO] [stdout]           compilation terminated.
[INFO] [stdout]           
[INFO] [stdout] 
[INFO] [stdout] 
[INFO] [stdout] error: aborting due to 1 previous error
[INFO] [stdout] 
[INFO] [stdout] 
[INFO] [stderr] error: could not compile `wanikani-rs` (example "resets") due to 2 previous errors
[INFO] [stdout] error: linking with `cc` failed: exit status: 1
[INFO] [stdout]   |
[INFO] [stdout]   = note: LC_ALL="C" PATH="/opt/rustwide/rustup-home/toolchains/beta-2023-12-22-x86_64-unknown-linux-gnu/lib/rustlib/x86_64-unknown-linux-gnu/bin:/opt/rustwide/cargo-home/bin:/usr/local/sbin:/usr/local/bin:/usr/sbin:/usr/bin:/sbin:/bin" VSLANG="1033" "cc" "-m64" "/tmp/rustcUJRPTz/symbols.o" "/opt/rustwide/target/debug/examples/srs-698163d593424594.srs.2b14d51b5baf9490-cgu.0.rcgu.o" "/opt/rustwide/target/debug/examples/srs-698163d593424594.srs.2b14d51b5baf9490-cgu.1.rcgu.o" "/opt/rustwide/target/debug/examples/srs-698163d593424594.srs.2b14d51b5baf9490-cgu.2.rcgu.o" "/opt/rustwide/target/debug/examples/srs-698163d593424594.srs.2b14d51b5baf9490-cgu.3.rcgu.o" "/opt/rustwide/target/debug/examples/srs-698163d593424594.srs.2b14d51b5baf9490-cgu.4.rcgu.o" "/opt/rustwide/target/debug/examples/srs-698163d593424594.lvwn7bywttkk6fz.rcgu.o" "-Wl,--as-needed" "-L" "/opt/rustwide/target/debug/deps" "-L" "/opt/rustwide/rustup-home/toolchains/beta-2023-12-22-x86_64-unknown-linux-gnu/lib/rustlib/x86_64-unknown-linux-gnu/lib" "-Wl,-Bstatic" "/opt/rustwide/target/debug/deps/libwanikani_rs-36ac21042007f7cb.rlib" "/opt/rustwide/target/debug/deps/libreqwest-e6eec2caf01053f3.rlib" "/opt/rustwide/target/debug/deps/libhyper_tls-08f5c134ded700e4.rlib" "/opt/rustwide/target/debug/deps/libserde_urlencoded-881d4a7d28f472b8.rlib" "/opt/rustwide/target/debug/deps/libbase64-a25f4c710a824bfc.rlib" "/opt/rustwide/target/debug/deps/libipnet-20aff45b9d3dfe37.rlib" "/opt/rustwide/target/debug/deps/libtokio_native_tls-a0879f070933c824.rlib" "/opt/rustwide/target/debug/deps/libmime-d5b83fc07afe1071.rlib" "/opt/rustwide/target/debug/deps/libencoding_rs-43ba0f5a32920363.rlib" "/opt/rustwide/target/debug/deps/libserde_json-8818a5cfcb7c3cb3.rlib" "/opt/rustwide/target/debug/deps/libryu-f1ac1cda2d3cac1e.rlib" "/opt/rustwide/target/debug/deps/libnative_tls-f8c4a4a4e8c8e6ce.rlib" "/opt/rustwide/target/debug/deps/libopenssl_probe-01da96bec2dfd166.rlib" "/opt/rustwide/target/debug/deps/libopenssl-a0e9003d5cd9b018.rlib" "/opt/rustwide/target/debug/deps/libbitflags-85e13ed1e0c6d910.rlib" "/opt/rustwide/target/debug/deps/libforeign_types-34162016ad32c65c.rlib" "/opt/rustwide/target/debug/deps/libforeign_types_shared-6c481fa47d8ef87b.rlib" "/opt/rustwide/target/debug/deps/libopenssl_sys-14270e6e6cf1b01c.rlib" "/opt/rustwide/target/debug/deps/libhyper-ed15b8975e213bfc.rlib" "/opt/rustwide/target/debug/deps/libwant-14f9215dbf3df951.rlib" "/opt/rustwide/target/debug/deps/libtry_lock-539bdf1ed77a7a8a.rlib" "/opt/rustwide/target/debug/deps/libhttparse-2dbc320ca65411a3.rlib" "/opt/rustwide/target/debug/deps/libh2-f0cbef4c7721d243.rlib" "/opt/rustwide/target/debug/deps/libindexmap-d71c326424e9d2fa.rlib" "/opt/rustwide/target/debug/deps/libhashbrown-e273ba0f8cdcbe5b.rlib" "/opt/rustwide/target/debug/deps/libslab-ce952e4d8ebf26c9.rlib" "/opt/rustwide/target/debug/deps/libtokio_util-7e30389b499b5fde.rlib" "/opt/rustwide/target/debug/deps/libfutures_sink-6c283568ffe240b8.rlib" "/opt/rustwide/target/debug/deps/libtower_service-92bbc7b5a1dd8782.rlib" "/opt/rustwide/target/debug/deps/libtracing-db6e46b9e5468792.rlib" "/opt/rustwide/target/debug/deps/libtracing_core-f68266e5fb8c7173.rlib" "/opt/rustwide/target/debug/deps/libonce_cell-3d70b1de027ce947.rlib" "/opt/rustwide/target/debug/deps/libfutures_channel-1d03abd5d799ae8c.rlib" "/opt/rustwide/target/debug/deps/libfutures_util-bf76f5562ad56126.rlib" "/opt/rustwide/target/debug/deps/libfutures_task-f6059676b5d6ce99.rlib" "/opt/rustwide/target/debug/deps/libpin_utils-9c5dcf17efb91bff.rlib" "/opt/rustwide/target/debug/deps/libtokio-801521217967dda9.rlib" "/opt/rustwide/target/debug/deps/libsignal_hook_registry-7b2f9cf6a5bd4179.rlib" "/opt/rustwide/target/debug/deps/libnum_cpus-3adee3a9b1c33b7e.rlib" "/opt/rustwide/target/debug/deps/libsocket2-830364a7bcefe377.rlib" "/opt/rustwide/target/debug/deps/libmemchr-33d05ae5bba76030.rlib" "/opt/rustwide/target/debug/deps/libmio-a5c04349281cddd4.rlib" "/opt/rustwide/target/debug/deps/libparking_lot-3945792cebe79892.rlib" "/opt/rustwide/target/debug/deps/libparking_lot_core-eccd6384dcede60f.rlib" "/opt/rustwide/target/debug/deps/libsmallvec-5f186dbb2829e135.rlib" "/opt/rustwide/target/debug/deps/liblock_api-7efc9c602b898216.rlib" "/opt/rustwide/target/debug/deps/libscopeguard-31f1b56a39f2a372.rlib" "/opt/rustwide/target/debug/deps/libhttp_body-41bfaf17a1064f51.rlib" "/opt/rustwide/target/debug/deps/libpin_project_lite-e8b15c1d45637ce8.rlib" "/opt/rustwide/target/debug/deps/liblog-c50132996933641a.rlib" "/opt/rustwide/target/debug/deps/libcfg_if-e7002d307f97bc56.rlib" "/opt/rustwide/target/debug/deps/libfutures_core-91d16c200d823a95.rlib" "/opt/rustwide/target/debug/deps/liburl-8fd9ebd42c225a16.rlib" "/opt/rustwide/target/debug/deps/libidna-b3ecea3e19a1e53b.rlib" "/opt/rustwide/target/debug/deps/libunicode_normalization-6720ecd938ebfb2b.rlib" "/opt/rustwide/target/debug/deps/libtinyvec-dcbbce603bc23510.rlib" "/opt/rustwide/target/debug/deps/libtinyvec_macros-333661e3b238a9a3.rlib" "/opt/rustwide/target/debug/deps/libunicode_bidi-33264acdb098a02c.rlib" "/opt/rustwide/target/debug/deps/libform_urlencoded-2e6be29729763aa6.rlib" "/opt/rustwide/target/debug/deps/libhttp-d6f078927f1024a5.rlib" "/opt/rustwide/target/debug/deps/libitoa-0907925ccea3b058.rlib" "/opt/rustwide/target/debug/deps/libbytes-8217216c646d0e94.rlib" "/opt/rustwide/target/debug/deps/libfnv-953831fe314029b4.rlib" "/opt/rustwide/target/debug/deps/libserde_with-a151dc168bd14440.rlib" "/opt/rustwide/target/debug/deps/libwanikani_rs_model-46fcf2c047a34dcf.rlib" "/opt/rustwide/target/debug/deps/libchrono-bc6e826391abb78a.rlib" "/opt/rustwide/target/debug/deps/libiana_time_zone-a08d7576f2ea4cb5.rlib" "/opt/rustwide/target/debug/deps/libnum_integer-4f6a54ffc94feb12.rlib" "/opt/rustwide/target/debug/deps/libnum_traits-b277a111beb39735.rlib" "/opt/rustwide/target/debug/deps/libtime-d60ec394230d2615.rlib" "/opt/rustwide/target/debug/deps/liblibc-c55557f7f88b1291.rlib" "/opt/rustwide/target/debug/deps/libserde_qs-f22f9d7e05f828ab.rlib" "/opt/rustwide/target/debug/deps/libthiserror-e58638a2f1f2db74.rlib" "/opt/rustwide/target/debug/deps/libpercent_encoding-52ba3d834e28489d.rlib" "/opt/rustwide/target/debug/deps/libserde-9f4dbd6e61161b2b.rlib" "/opt/rustwide/rustup-home/toolchains/beta-2023-12-22-x86_64-unknown-linux-gnu/lib/rustlib/x86_64-unknown-linux-gnu/lib/libstd-0672489a78b613de.rlib" "/opt/rustwide/rustup-home/toolchains/beta-2023-12-22-x86_64-unknown-linux-gnu/lib/rustlib/x86_64-unknown-linux-gnu/lib/libpanic_unwind-7eb3ffc34a49f675.rlib" "/opt/rustwide/rustup-home/toolchains/beta-2023-12-22-x86_64-unknown-linux-gnu/lib/rustlib/x86_64-unknown-linux-gnu/lib/libobject-6478a9daa4bee8e2.rlib" "/opt/rustwide/rustup-home/toolchains/beta-2023-12-22-x86_64-unknown-linux-gnu/lib/rustlib/x86_64-unknown-linux-gnu/lib/libmemchr-0c75d871a5c3923d.rlib" "/opt/rustwide/rustup-home/toolchains/beta-2023-12-22-x86_64-unknown-linux-gnu/lib/rustlib/x86_64-unknown-linux-gnu/lib/libaddr2line-d163ef63ad37bb71.rlib" "/opt/rustwide/rustup-home/toolchains/beta-2023-12-22-x86_64-unknown-linux-gnu/lib/rustlib/x86_64-unknown-linux-gnu/lib/libgimli-8a3fd810a85b9f4c.rlib" "/opt/rustwide/rustup-home/toolchains/beta-2023-12-22-x86_64-unknown-linux-gnu/lib/rustlib/x86_64-unknown-linux-gnu/lib/librustc_demangle-462a2cde8c5dfc10.rlib" "/opt/rustwide/rustup-home/toolchains/beta-2023-12-22-x86_64-unknown-linux-gnu/lib/rustlib/x86_64-unknown-linux-gnu/lib/libstd_detect-cb06ac9f54713f71.rlib" "/opt/rustwide/rustup-home/toolchains/beta-2023-12-22-x86_64-unknown-linux-gnu/lib/rustlib/x86_64-unknown-linux-gnu/lib/libhashbrown-f20bfd1f8e59b393.rlib" "/opt/rustwide/rustup-home/toolchains/beta-2023-12-22-x86_64-unknown-linux-gnu/lib/rustlib/x86_64-unknown-linux-gnu/lib/librustc_std_workspace_alloc-1ef460949b49da4b.rlib" "/opt/rustwide/rustup-home/toolchains/beta-2023-12-22-x86_64-unknown-linux-gnu/lib/rustlib/x86_64-unknown-linux-gnu/lib/libminiz_oxide-2cb0c0ffe4f87514.rlib" "/opt/rustwide/rustup-home/toolchains/beta-2023-12-22-x86_64-unknown-linux-gnu/lib/rustlib/x86_64-unknown-linux-gnu/lib/libadler-58d841eb322a11a2.rlib" "/opt/rustwide/rustup-home/toolchains/beta-2023-12-22-x86_64-unknown-linux-gnu/lib/rustlib/x86_64-unknown-linux-gnu/lib/libunwind-aa2ae0b0a9d11533.rlib" "/opt/rustwide/rustup-home/toolchains/beta-2023-12-22-x86_64-unknown-linux-gnu/lib/rustlib/x86_64-unknown-linux-gnu/lib/libcfg_if-23874e15830ed336.rlib" "/opt/rustwide/rustup-home/toolchains/beta-2023-12-22-x86_64-unknown-linux-gnu/lib/rustlib/x86_64-unknown-linux-gnu/lib/liblibc-e47cddc003bce885.rlib" "/opt/rustwide/rustup-home/toolchains/beta-2023-12-22-x86_64-unknown-linux-gnu/lib/rustlib/x86_64-unknown-linux-gnu/lib/liballoc-c22b13b48a8f128e.rlib" "/opt/rustwide/rustup-home/toolchains/beta-2023-12-22-x86_64-unknown-linux-gnu/lib/rustlib/x86_64-unknown-linux-gnu/lib/librustc_std_workspace_core-e46bc3da6d7c462f.rlib" "/opt/rustwide/rustup-home/toolchains/beta-2023-12-22-x86_64-unknown-linux-gnu/lib/rustlib/x86_64-unknown-linux-gnu/lib/libcore-8d1ac131d3cb2645.rlib" "/opt/rustwide/rustup-home/toolchains/beta-2023-12-22-x86_64-unknown-linux-gnu/lib/rustlib/x86_64-unknown-linux-gnu/lib/libcompiler_builtins-a1b43df8c6899c1f.rlib" "-Wl,-Bdynamic" "-lssl" "-lcrypto" "-lgcc_s" "-lutil" "-lrt" "-lpthread" "-lm" "-ldl" "-lc" "-Wl,--eh-frame-hdr" "-Wl,-z,noexecstack" "-L" "/opt/rustwide/rustup-home/toolchains/beta-2023-12-22-x86_64-unknown-linux-gnu/lib/rustlib/x86_64-unknown-linux-gnu/lib" "-o" "/opt/rustwide/target/debug/examples/srs-698163d593424594" "-Wl,--gc-sections" "-pie" "-Wl,-z,relro,-z,now" "-nodefaultlibs"
[INFO] [stdout]   = note: collect2: fatal error: ld terminated with signal 9 [Killed]
[INFO] [stdout]           compilation terminated.
[INFO] [stdout]           
[INFO] [stdout] 
[INFO] [stdout] 
[INFO] [stdout] error: aborting due to 1 previous error
[INFO] [stdout] 
[INFO] [stdout] 
[INFO] [stderr] error: could not compile `wanikani-rs` (example "srs") due to 2 previous errors
[INFO] running `Command { std: "docker" "inspect" "94ca45a0697a829a5c0fb3c4d19d7a7a3d152abf7a339a6122b4c5273a3212d0", kill_on_drop: false }`
[INFO] running `Command { std: "docker" "rm" "-f" "94ca45a0697a829a5c0fb3c4d19d7a7a3d152abf7a339a6122b4c5273a3212d0", kill_on_drop: false }`
[INFO] [stdout] 94ca45a0697a829a5c0fb3c4d19d7a7a3d152abf7a339a6122b4c5273a3212d0
