[INFO] fetching crate wamr-sys 0.1.1...
[INFO] testing wamr-sys-0.1.1 against 1.75.0 for beta-1.76-1
[INFO] extracting crate wamr-sys 0.1.1 into /workspace/builds/worker-0-tc1/source
[INFO] validating manifest of crates.io crate wamr-sys 0.1.1 on toolchain 1.75.0
[INFO] running `Command { std: CARGO_HOME="/workspace/cargo-home" RUSTUP_HOME="/workspace/rustup-home" "/workspace/cargo-home/bin/cargo" "+1.75.0" "metadata" "--manifest-path" "Cargo.toml" "--no-deps", kill_on_drop: false }`
[INFO] started tweaking crates.io crate wamr-sys 0.1.1
[INFO] finished tweaking crates.io crate wamr-sys 0.1.1
[INFO] tweaked toml for crates.io crate wamr-sys 0.1.1 written to /workspace/builds/worker-0-tc1/source/Cargo.toml
[INFO] running `Command { std: CARGO_HOME="/workspace/cargo-home" RUSTUP_HOME="/workspace/rustup-home" "/workspace/cargo-home/bin/cargo" "+1.75.0" "generate-lockfile" "--manifest-path" "Cargo.toml", kill_on_drop: false }`
[INFO] [stderr]     Updating crates.io index
[INFO] running `Command { std: CARGO_HOME="/workspace/cargo-home" RUSTUP_HOME="/workspace/rustup-home" "/workspace/cargo-home/bin/cargo" "+1.75.0" "fetch" "--manifest-path" "Cargo.toml", kill_on_drop: false }`
[INFO] running `Command { std: "docker" "create" "-v" "/var/lib/crater-agent-workspace/builds/worker-0-tc1/target:/opt/rustwide/target:rw,Z" "-v" "/var/lib/crater-agent-workspace/builds/worker-0-tc1/source:/opt/rustwide/workdir:ro,Z" "-v" "/var/lib/crater-agent-workspace/cargo-home:/opt/rustwide/cargo-home:ro,Z" "-v" "/var/lib/crater-agent-workspace/rustup-home:/opt/rustwide/rustup-home:ro,Z" "-e" "SOURCE_DIR=/opt/rustwide/workdir" "-e" "CARGO_TARGET_DIR=/opt/rustwide/target" "-e" "CARGO_HOME=/opt/rustwide/cargo-home" "-e" "RUSTUP_HOME=/opt/rustwide/rustup-home" "-w" "/opt/rustwide/workdir" "-m" "1610612736" "--user" "0:0" "--network" "none" "ghcr.io/rust-lang/crates-build-env/linux@sha256:2788e3201cd34a07e3172128adcd8b3090168a8e3bcc40d7c032b9dda1df7d1c" "/opt/rustwide/cargo-home/bin/cargo" "+1.75.0" "metadata" "--no-deps" "--format-version=1", kill_on_drop: false }`
[INFO] [stdout] 14db49685316d6fedb409a17fe3b8f63ac10c48e37467dcde3b6a9e85a050d62
[INFO] running `Command { std: "docker" "start" "-a" "14db49685316d6fedb409a17fe3b8f63ac10c48e37467dcde3b6a9e85a050d62", kill_on_drop: false }`
[INFO] running `Command { std: "docker" "inspect" "14db49685316d6fedb409a17fe3b8f63ac10c48e37467dcde3b6a9e85a050d62", kill_on_drop: false }`
[INFO] running `Command { std: "docker" "rm" "-f" "14db49685316d6fedb409a17fe3b8f63ac10c48e37467dcde3b6a9e85a050d62", kill_on_drop: false }`
[INFO] [stdout] 14db49685316d6fedb409a17fe3b8f63ac10c48e37467dcde3b6a9e85a050d62
[INFO] running `Command { std: "docker" "create" "-v" "/var/lib/crater-agent-workspace/builds/worker-0-tc1/target:/opt/rustwide/target:rw,Z" "-v" "/var/lib/crater-agent-workspace/builds/worker-0-tc1/source:/opt/rustwide/workdir:ro,Z" "-v" "/var/lib/crater-agent-workspace/cargo-home:/opt/rustwide/cargo-home:ro,Z" "-v" "/var/lib/crater-agent-workspace/rustup-home:/opt/rustwide/rustup-home:ro,Z" "-e" "SOURCE_DIR=/opt/rustwide/workdir" "-e" "CARGO_TARGET_DIR=/opt/rustwide/target" "-e" "CARGO_INCREMENTAL=0" "-e" "RUST_BACKTRACE=full" "-e" "RUSTFLAGS=--cap-lints=warn" "-e" "RUSTDOCFLAGS=--cap-lints=warn" "-e" "CARGO_HOME=/opt/rustwide/cargo-home" "-e" "RUSTUP_HOME=/opt/rustwide/rustup-home" "-w" "/opt/rustwide/workdir" "-m" "1610612736" "--user" "0:0" "--network" "none" "ghcr.io/rust-lang/crates-build-env/linux@sha256:2788e3201cd34a07e3172128adcd8b3090168a8e3bcc40d7c032b9dda1df7d1c" "/opt/rustwide/cargo-home/bin/cargo" "+1.75.0" "build" "--frozen" "--message-format=json", kill_on_drop: false }`
[INFO] [stdout] 9b6fdb848d0cb978265ad4b1d614d38bd63f7073d9853e077c651f539e297069
[INFO] running `Command { std: "docker" "start" "-a" "9b6fdb848d0cb978265ad4b1d614d38bd63f7073d9853e077c651f539e297069", kill_on_drop: false }`
[INFO] [stderr]    Compiling bindgen v0.56.0
[INFO] [stderr]    Compiling shlex v0.1.1
[INFO] [stderr]    Compiling atty v0.2.14
[INFO] [stderr]    Compiling cc v1.0.83
[INFO] [stderr]    Compiling which v3.1.1
[INFO] [stderr]    Compiling clang-sys v1.7.0
[INFO] [stderr]    Compiling env_logger v0.8.4
[INFO] [stderr]    Compiling clap v2.34.0
[INFO] [stderr]    Compiling cmake v0.1.50
[INFO] [stderr]    Compiling wamr-sys v0.1.1 (/opt/rustwide/workdir)
[INFO] [stderr]     Finished dev [unoptimized + debuginfo] target(s) in 13.48s
[INFO] running `Command { std: "docker" "inspect" "9b6fdb848d0cb978265ad4b1d614d38bd63f7073d9853e077c651f539e297069", kill_on_drop: false }`
[INFO] running `Command { std: "docker" "rm" "-f" "9b6fdb848d0cb978265ad4b1d614d38bd63f7073d9853e077c651f539e297069", kill_on_drop: false }`
[INFO] [stdout] 9b6fdb848d0cb978265ad4b1d614d38bd63f7073d9853e077c651f539e297069
[INFO] running `Command { std: "docker" "create" "-v" "/var/lib/crater-agent-workspace/builds/worker-0-tc1/target:/opt/rustwide/target:rw,Z" "-v" "/var/lib/crater-agent-workspace/builds/worker-0-tc1/source:/opt/rustwide/workdir:ro,Z" "-v" "/var/lib/crater-agent-workspace/cargo-home:/opt/rustwide/cargo-home:ro,Z" "-v" "/var/lib/crater-agent-workspace/rustup-home:/opt/rustwide/rustup-home:ro,Z" "-e" "SOURCE_DIR=/opt/rustwide/workdir" "-e" "CARGO_TARGET_DIR=/opt/rustwide/target" "-e" "CARGO_INCREMENTAL=0" "-e" "RUST_BACKTRACE=full" "-e" "RUSTFLAGS=--cap-lints=warn" "-e" "RUSTDOCFLAGS=--cap-lints=warn" "-e" "CARGO_HOME=/opt/rustwide/cargo-home" "-e" "RUSTUP_HOME=/opt/rustwide/rustup-home" "-w" "/opt/rustwide/workdir" "-m" "1610612736" "--user" "0:0" "--network" "none" "ghcr.io/rust-lang/crates-build-env/linux@sha256:2788e3201cd34a07e3172128adcd8b3090168a8e3bcc40d7c032b9dda1df7d1c" "/opt/rustwide/cargo-home/bin/cargo" "+1.75.0" "test" "--frozen" "--no-run" "--message-format=json", kill_on_drop: false }`
[INFO] [stdout] e9cb8d5b316143dc9f452f38e237e4b3bd894c7ca76eff49944454a7ca0b0157
[INFO] running `Command { std: "docker" "start" "-a" "e9cb8d5b316143dc9f452f38e237e4b3bd894c7ca76eff49944454a7ca0b0157", kill_on_drop: false }`
[INFO] [stderr]    Compiling wamr-sys v0.1.1 (/opt/rustwide/workdir)
[INFO] [stdout] error[E0412]: cannot find type `ptr` in this scope
[INFO] [stdout]   --> src/lib.rs:22:85
[INFO] [stdout]    |
[INFO] [stdout] 22 |             let wasm_module = wasm_runtime_load(file, file.len() as u32, err_buf as ptr, 0);
[INFO] [stdout]    |                                                                                     ^^^ help: a builtin type with a similar name exists: `str`
[INFO] [stdout] 
[INFO] [stdout] 
[INFO] [stdout] error[E0308]: mismatched types
[INFO] [stdout]   --> src/lib.rs:22:49
[INFO] [stdout]    |
[INFO] [stdout] 22 |             let wasm_module = wasm_runtime_load(file, file.len() as u32, err_buf as ptr, 0);
[INFO] [stdout]    |                               ----------------- ^^^^ expected `*const u8`, found `&[u8; 41]`
[INFO] [stdout]    |                               |
[INFO] [stdout]    |                               arguments to this function are incorrect
[INFO] [stdout]    |
[INFO] [stdout]    = note: expected raw pointer `*const u8`
[INFO] [stdout]                 found reference `&[u8; 41]`
[INFO] [stdout] note: function defined here
[INFO] [stdout]   --> /opt/rustwide/target/debug/build/wamr-sys-c4c93ab79772124c/out/bindings.rs:3:24636
[INFO] [stdout]    |
[INFO] [stdout] 3  | ...return return WASM module loaded, NULL if failed"] pub fn wasm_runtime_load (buf : * const u8 , size : u32 , error_buf : * mut :: std ...
[INFO] [stdout]    |                                                              ^^^^^^^^^^^^^^^^^
[INFO] [stdout] 
[INFO] [stdout] 
[INFO] [stdout] error: aborting due to 2 previous errors
[INFO] [stdout] 
[INFO] [stdout] 
[INFO] [stdout] Some errors have detailed explanations: E0308, E0412.
[INFO] [stdout] 
[INFO] [stdout] For more information about an error, try `rustc --explain E0308`.
[INFO] [stdout] 
[INFO] [stderr] error: could not compile `wamr-sys` (lib test) due to 3 previous errors
[INFO] running `Command { std: "docker" "inspect" "e9cb8d5b316143dc9f452f38e237e4b3bd894c7ca76eff49944454a7ca0b0157", kill_on_drop: false }`
[INFO] running `Command { std: "docker" "rm" "-f" "e9cb8d5b316143dc9f452f38e237e4b3bd894c7ca76eff49944454a7ca0b0157", kill_on_drop: false }`
[INFO] [stdout] e9cb8d5b316143dc9f452f38e237e4b3bd894c7ca76eff49944454a7ca0b0157
[INFO] testing wamr-sys-0.1.1 against beta-2023-12-22 for beta-1.76-1
[INFO] extracting crate wamr-sys 0.1.1 into /workspace/builds/worker-0-tc2/source
[INFO] validating manifest of crates.io crate wamr-sys 0.1.1 on toolchain beta-2023-12-22
[INFO] running `Command { std: CARGO_HOME="/workspace/cargo-home" RUSTUP_HOME="/workspace/rustup-home" "/workspace/cargo-home/bin/cargo" "+beta-2023-12-22" "metadata" "--manifest-path" "Cargo.toml" "--no-deps", kill_on_drop: false }`
[INFO] started tweaking crates.io crate wamr-sys 0.1.1
[INFO] finished tweaking crates.io crate wamr-sys 0.1.1
[INFO] tweaked toml for crates.io crate wamr-sys 0.1.1 written to /workspace/builds/worker-0-tc2/source/Cargo.toml
[INFO] running `Command { std: CARGO_HOME="/workspace/cargo-home" RUSTUP_HOME="/workspace/rustup-home" "/workspace/cargo-home/bin/cargo" "+beta-2023-12-22" "generate-lockfile" "--manifest-path" "Cargo.toml", kill_on_drop: false }`
[INFO] [stderr]     Blocking waiting for file lock on package cache
[INFO] [stderr]     Updating crates.io index
[INFO] running `Command { std: CARGO_HOME="/workspace/cargo-home" RUSTUP_HOME="/workspace/rustup-home" "/workspace/cargo-home/bin/cargo" "+beta-2023-12-22" "fetch" "--manifest-path" "Cargo.toml", kill_on_drop: false }`
[INFO] [stderr]     Blocking waiting for file lock on package cache
[INFO] running `Command { std: "docker" "create" "-v" "/var/lib/crater-agent-workspace/builds/worker-0-tc2/target:/opt/rustwide/target:rw,Z" "-v" "/var/lib/crater-agent-workspace/builds/worker-0-tc2/source:/opt/rustwide/workdir:ro,Z" "-v" "/var/lib/crater-agent-workspace/cargo-home:/opt/rustwide/cargo-home:ro,Z" "-v" "/var/lib/crater-agent-workspace/rustup-home:/opt/rustwide/rustup-home:ro,Z" "-e" "SOURCE_DIR=/opt/rustwide/workdir" "-e" "CARGO_TARGET_DIR=/opt/rustwide/target" "-e" "CARGO_HOME=/opt/rustwide/cargo-home" "-e" "RUSTUP_HOME=/opt/rustwide/rustup-home" "-w" "/opt/rustwide/workdir" "-m" "1610612736" "--user" "0:0" "--network" "none" "ghcr.io/rust-lang/crates-build-env/linux@sha256:2788e3201cd34a07e3172128adcd8b3090168a8e3bcc40d7c032b9dda1df7d1c" "/opt/rustwide/cargo-home/bin/cargo" "+beta-2023-12-22" "metadata" "--no-deps" "--format-version=1", kill_on_drop: false }`
[INFO] [stdout] c2d2428259ae698aaa9c15080550b586a6eabd61ca2188734bf5760f9b723649
[INFO] running `Command { std: "docker" "start" "-a" "c2d2428259ae698aaa9c15080550b586a6eabd61ca2188734bf5760f9b723649", kill_on_drop: false }`
[INFO] running `Command { std: "docker" "inspect" "c2d2428259ae698aaa9c15080550b586a6eabd61ca2188734bf5760f9b723649", kill_on_drop: false }`
[INFO] running `Command { std: "docker" "rm" "-f" "c2d2428259ae698aaa9c15080550b586a6eabd61ca2188734bf5760f9b723649", kill_on_drop: false }`
[INFO] [stdout] c2d2428259ae698aaa9c15080550b586a6eabd61ca2188734bf5760f9b723649
[INFO] running `Command { std: "docker" "create" "-v" "/var/lib/crater-agent-workspace/builds/worker-0-tc2/target:/opt/rustwide/target:rw,Z" "-v" "/var/lib/crater-agent-workspace/builds/worker-0-tc2/source:/opt/rustwide/workdir:ro,Z" "-v" "/var/lib/crater-agent-workspace/cargo-home:/opt/rustwide/cargo-home:ro,Z" "-v" "/var/lib/crater-agent-workspace/rustup-home:/opt/rustwide/rustup-home:ro,Z" "-e" "SOURCE_DIR=/opt/rustwide/workdir" "-e" "CARGO_TARGET_DIR=/opt/rustwide/target" "-e" "CARGO_INCREMENTAL=0" "-e" "RUST_BACKTRACE=full" "-e" "RUSTFLAGS=--cap-lints=warn" "-e" "RUSTDOCFLAGS=--cap-lints=warn" "-e" "CARGO_HOME=/opt/rustwide/cargo-home" "-e" "RUSTUP_HOME=/opt/rustwide/rustup-home" "-w" "/opt/rustwide/workdir" "-m" "1610612736" "--user" "0:0" "--network" "none" "ghcr.io/rust-lang/crates-build-env/linux@sha256:2788e3201cd34a07e3172128adcd8b3090168a8e3bcc40d7c032b9dda1df7d1c" "/opt/rustwide/cargo-home/bin/cargo" "+beta-2023-12-22" "build" "--frozen" "--message-format=json", kill_on_drop: false }`
[INFO] [stdout] 58ba8dfcf24bb3a3f333e05e5f292bc5e57043ac23e6b11063a1cf7a4089e6ce
[INFO] running `Command { std: "docker" "start" "-a" "58ba8dfcf24bb3a3f333e05e5f292bc5e57043ac23e6b11063a1cf7a4089e6ce", kill_on_drop: false }`
[INFO] [stderr]    Compiling bindgen v0.56.0
[INFO] [stderr]    Compiling shlex v0.1.1
[INFO] [stderr]    Compiling atty v0.2.14
[INFO] [stderr]    Compiling which v3.1.1
[INFO] [stderr]    Compiling cc v1.0.83
[INFO] [stderr]    Compiling clang-sys v1.7.0
[INFO] [stderr]    Compiling env_logger v0.8.4
[INFO] [stderr]    Compiling clap v2.34.0
[INFO] [stderr]    Compiling cmake v0.1.50
[INFO] [stderr]    Compiling wamr-sys v0.1.1 (/opt/rustwide/workdir)
[INFO] [stderr]     Finished dev [unoptimized + debuginfo] target(s) in 17.57s
[INFO] running `Command { std: "docker" "inspect" "58ba8dfcf24bb3a3f333e05e5f292bc5e57043ac23e6b11063a1cf7a4089e6ce", kill_on_drop: false }`
[INFO] running `Command { std: "docker" "rm" "-f" "58ba8dfcf24bb3a3f333e05e5f292bc5e57043ac23e6b11063a1cf7a4089e6ce", kill_on_drop: false }`
[INFO] [stdout] 58ba8dfcf24bb3a3f333e05e5f292bc5e57043ac23e6b11063a1cf7a4089e6ce
[INFO] running `Command { std: "docker" "create" "-v" "/var/lib/crater-agent-workspace/builds/worker-0-tc2/target:/opt/rustwide/target:rw,Z" "-v" "/var/lib/crater-agent-workspace/builds/worker-0-tc2/source:/opt/rustwide/workdir:ro,Z" "-v" "/var/lib/crater-agent-workspace/cargo-home:/opt/rustwide/cargo-home:ro,Z" "-v" "/var/lib/crater-agent-workspace/rustup-home:/opt/rustwide/rustup-home:ro,Z" "-e" "SOURCE_DIR=/opt/rustwide/workdir" "-e" "CARGO_TARGET_DIR=/opt/rustwide/target" "-e" "CARGO_INCREMENTAL=0" "-e" "RUST_BACKTRACE=full" "-e" "RUSTFLAGS=--cap-lints=warn" "-e" "RUSTDOCFLAGS=--cap-lints=warn" "-e" "CARGO_HOME=/opt/rustwide/cargo-home" "-e" "RUSTUP_HOME=/opt/rustwide/rustup-home" "-w" "/opt/rustwide/workdir" "-m" "1610612736" "--user" "0:0" "--network" "none" "ghcr.io/rust-lang/crates-build-env/linux@sha256:2788e3201cd34a07e3172128adcd8b3090168a8e3bcc40d7c032b9dda1df7d1c" "/opt/rustwide/cargo-home/bin/cargo" "+beta-2023-12-22" "test" "--frozen" "--no-run" "--message-format=json", kill_on_drop: false }`
[INFO] [stdout] 9eb858f656811722b38d5553092dc9a38c0afeba105930cd83c46f904dd7d9f6
[INFO] running `Command { std: "docker" "start" "-a" "9eb858f656811722b38d5553092dc9a38c0afeba105930cd83c46f904dd7d9f6", kill_on_drop: false }`
[INFO] [stderr]    Compiling wamr-sys v0.1.1 (/opt/rustwide/workdir)
[INFO] [stdout] error[E0412]: cannot find type `ptr` in this scope
[INFO] [stdout]   --> src/lib.rs:22:85
[INFO] [stdout]    |
[INFO] [stdout] 22 |             let wasm_module = wasm_runtime_load(file, file.len() as u32, err_buf as ptr, 0);
[INFO] [stdout]    |                                                                                     ^^^ help: a builtin type with a similar name exists: `str`
[INFO] [stdout] 
[INFO] [stdout] 
[INFO] [stdout] error[E0308]: mismatched types
[INFO] [stdout]   --> src/lib.rs:22:49
[INFO] [stdout]    |
[INFO] [stdout] 22 |             let wasm_module = wasm_runtime_load(file, file.len() as u32, err_buf as ptr, 0);
[INFO] [stdout]    |                               ----------------- ^^^^ expected `*const u8`, found `&[u8; 41]`
[INFO] [stdout]    |                               |
[INFO] [stdout]    |                               arguments to this function are incorrect
[INFO] [stdout]    |
[INFO] [stdout]    = note: expected raw pointer `*const u8`
[INFO] [stdout]                 found reference `&[u8; 41]`
[INFO] [stdout] note: function defined here
[INFO] [stdout]   --> /opt/rustwide/target/debug/build/wamr-sys-e81626e95a2f1059/out/bindings.rs:3:24636
[INFO] [stdout]    |
[INFO] [stdout] 3  | ...return return WASM module loaded, NULL if failed"] pub fn wasm_runtime_load (buf : * const u8 , size : u32 , error_buf : * mut :: std ...
[INFO] [stdout]    |                                                              ^^^^^^^^^^^^^^^^^
[INFO] [stdout] 
[INFO] [stdout] 
[INFO] [stdout] error: aborting due to 2 previous errors
[INFO] [stdout] 
[INFO] [stdout] 
[INFO] [stdout] Some errors have detailed explanations: E0308, E0412.
[INFO] [stdout] 
[INFO] [stdout] For more information about an error, try `rustc --explain E0308`.
[INFO] [stdout] 
[INFO] [stderr] error: could not compile `wamr-sys` (lib test) due to 3 previous errors
[INFO] running `Command { std: "docker" "inspect" "9eb858f656811722b38d5553092dc9a38c0afeba105930cd83c46f904dd7d9f6", kill_on_drop: false }`
[INFO] running `Command { std: "docker" "rm" "-f" "9eb858f656811722b38d5553092dc9a38c0afeba105930cd83c46f904dd7d9f6", kill_on_drop: false }`
[INFO] [stdout] 9eb858f656811722b38d5553092dc9a38c0afeba105930cd83c46f904dd7d9f6
