[INFO] fetching crate wai-bindgen-gen-wasmtime-py 0.2.3...
[INFO] testing wai-bindgen-gen-wasmtime-py-0.2.3 against 1.75.0 for beta-1.76-1
[INFO] extracting crate wai-bindgen-gen-wasmtime-py 0.2.3 into /workspace/builds/worker-2-tc1/source
[INFO] validating manifest of crates.io crate wai-bindgen-gen-wasmtime-py 0.2.3 on toolchain 1.75.0
[INFO] running `Command { std: CARGO_HOME="/workspace/cargo-home" RUSTUP_HOME="/workspace/rustup-home" "/workspace/cargo-home/bin/cargo" "+1.75.0" "metadata" "--manifest-path" "Cargo.toml" "--no-deps", kill_on_drop: false }`
[INFO] started tweaking crates.io crate wai-bindgen-gen-wasmtime-py 0.2.3
[INFO] finished tweaking crates.io crate wai-bindgen-gen-wasmtime-py 0.2.3
[INFO] tweaked toml for crates.io crate wai-bindgen-gen-wasmtime-py 0.2.3 written to /workspace/builds/worker-2-tc1/source/Cargo.toml
[INFO] running `Command { std: CARGO_HOME="/workspace/cargo-home" RUSTUP_HOME="/workspace/rustup-home" "/workspace/cargo-home/bin/cargo" "+1.75.0" "generate-lockfile" "--manifest-path" "Cargo.toml", kill_on_drop: false }`
[INFO] [stderr]     Updating crates.io index
[INFO] running `Command { std: CARGO_HOME="/workspace/cargo-home" RUSTUP_HOME="/workspace/rustup-home" "/workspace/cargo-home/bin/cargo" "+1.75.0" "fetch" "--manifest-path" "Cargo.toml", kill_on_drop: false }`
[INFO] [stderr]  Downloading crates ...
[INFO] [stderr]   Downloaded wai-bindgen-gen-core v0.2.3
[INFO] [stderr]   Downloaded wai-parser v0.2.3
[INFO] running `Command { std: "docker" "create" "-v" "/var/lib/crater-agent-workspace/builds/worker-2-tc1/target:/opt/rustwide/target:rw,Z" "-v" "/var/lib/crater-agent-workspace/builds/worker-2-tc1/source:/opt/rustwide/workdir:ro,Z" "-v" "/var/lib/crater-agent-workspace/cargo-home:/opt/rustwide/cargo-home:ro,Z" "-v" "/var/lib/crater-agent-workspace/rustup-home:/opt/rustwide/rustup-home:ro,Z" "-e" "SOURCE_DIR=/opt/rustwide/workdir" "-e" "CARGO_TARGET_DIR=/opt/rustwide/target" "-e" "CARGO_HOME=/opt/rustwide/cargo-home" "-e" "RUSTUP_HOME=/opt/rustwide/rustup-home" "-w" "/opt/rustwide/workdir" "-m" "1610612736" "--user" "0:0" "--network" "none" "ghcr.io/rust-lang/crates-build-env/linux@sha256:2788e3201cd34a07e3172128adcd8b3090168a8e3bcc40d7c032b9dda1df7d1c" "/opt/rustwide/cargo-home/bin/cargo" "+1.75.0" "metadata" "--no-deps" "--format-version=1", kill_on_drop: false }`
[INFO] [stdout] 35236802c5a76b9b27fc73c28968370975f5fff7751849393063cde69197d5e0
[INFO] running `Command { std: "docker" "start" "-a" "35236802c5a76b9b27fc73c28968370975f5fff7751849393063cde69197d5e0", kill_on_drop: false }`
[INFO] running `Command { std: "docker" "inspect" "35236802c5a76b9b27fc73c28968370975f5fff7751849393063cde69197d5e0", kill_on_drop: false }`
[INFO] running `Command { std: "docker" "rm" "-f" "35236802c5a76b9b27fc73c28968370975f5fff7751849393063cde69197d5e0", kill_on_drop: false }`
[INFO] [stdout] 35236802c5a76b9b27fc73c28968370975f5fff7751849393063cde69197d5e0
[INFO] running `Command { std: "docker" "create" "-v" "/var/lib/crater-agent-workspace/builds/worker-2-tc1/target:/opt/rustwide/target:rw,Z" "-v" "/var/lib/crater-agent-workspace/builds/worker-2-tc1/source:/opt/rustwide/workdir:ro,Z" "-v" "/var/lib/crater-agent-workspace/cargo-home:/opt/rustwide/cargo-home:ro,Z" "-v" "/var/lib/crater-agent-workspace/rustup-home:/opt/rustwide/rustup-home:ro,Z" "-e" "SOURCE_DIR=/opt/rustwide/workdir" "-e" "CARGO_TARGET_DIR=/opt/rustwide/target" "-e" "CARGO_INCREMENTAL=0" "-e" "RUST_BACKTRACE=full" "-e" "RUSTFLAGS=--cap-lints=warn" "-e" "RUSTDOCFLAGS=--cap-lints=warn" "-e" "CARGO_HOME=/opt/rustwide/cargo-home" "-e" "RUSTUP_HOME=/opt/rustwide/rustup-home" "-w" "/opt/rustwide/workdir" "-m" "1610612736" "--user" "0:0" "--network" "none" "ghcr.io/rust-lang/crates-build-env/linux@sha256:2788e3201cd34a07e3172128adcd8b3090168a8e3bcc40d7c032b9dda1df7d1c" "/opt/rustwide/cargo-home/bin/cargo" "+1.75.0" "build" "--frozen" "--message-format=json", kill_on_drop: false }`
[INFO] [stdout] 9e22f2f3ca748114d460ea02ae70095e7465cddda6de0af476f53f1564aa8d4b
[INFO] running `Command { std: "docker" "start" "-a" "9e22f2f3ca748114d460ea02ae70095e7465cddda6de0af476f53f1564aa8d4b", kill_on_drop: false }`
[INFO] [stderr]    Compiling unicase v2.7.0
[INFO] [stderr]    Compiling pulldown-cmark v0.8.0
[INFO] [stderr]    Compiling tinyvec_macros v0.1.1
[INFO] [stderr]    Compiling unicode-xid v0.2.4
[INFO] [stderr]    Compiling wai-bindgen-gen-wasmtime-py v0.2.3 (/opt/rustwide/workdir)
[INFO] [stderr]    Compiling unicode-segmentation v1.10.1
[INFO] [stderr]    Compiling tinyvec v1.6.0
[INFO] [stderr]    Compiling heck v0.3.3
[INFO] [stderr]    Compiling unicode-normalization v0.1.22
[INFO] [stderr]    Compiling wai-parser v0.2.3
[INFO] [stderr]    Compiling wai-bindgen-gen-core v0.2.3
[INFO] [stderr]     Finished dev [unoptimized + debuginfo] target(s) in 5.33s
[INFO] running `Command { std: "docker" "inspect" "9e22f2f3ca748114d460ea02ae70095e7465cddda6de0af476f53f1564aa8d4b", kill_on_drop: false }`
[INFO] running `Command { std: "docker" "rm" "-f" "9e22f2f3ca748114d460ea02ae70095e7465cddda6de0af476f53f1564aa8d4b", kill_on_drop: false }`
[INFO] [stdout] 9e22f2f3ca748114d460ea02ae70095e7465cddda6de0af476f53f1564aa8d4b
[INFO] running `Command { std: "docker" "create" "-v" "/var/lib/crater-agent-workspace/builds/worker-2-tc1/target:/opt/rustwide/target:rw,Z" "-v" "/var/lib/crater-agent-workspace/builds/worker-2-tc1/source:/opt/rustwide/workdir:ro,Z" "-v" "/var/lib/crater-agent-workspace/cargo-home:/opt/rustwide/cargo-home:ro,Z" "-v" "/var/lib/crater-agent-workspace/rustup-home:/opt/rustwide/rustup-home:ro,Z" "-e" "SOURCE_DIR=/opt/rustwide/workdir" "-e" "CARGO_TARGET_DIR=/opt/rustwide/target" "-e" "CARGO_INCREMENTAL=0" "-e" "RUST_BACKTRACE=full" "-e" "RUSTFLAGS=--cap-lints=warn" "-e" "RUSTDOCFLAGS=--cap-lints=warn" "-e" "CARGO_HOME=/opt/rustwide/cargo-home" "-e" "RUSTUP_HOME=/opt/rustwide/rustup-home" "-w" "/opt/rustwide/workdir" "-m" "1610612736" "--user" "0:0" "--network" "none" "ghcr.io/rust-lang/crates-build-env/linux@sha256:2788e3201cd34a07e3172128adcd8b3090168a8e3bcc40d7c032b9dda1df7d1c" "/opt/rustwide/cargo-home/bin/cargo" "+1.75.0" "test" "--frozen" "--no-run" "--message-format=json", kill_on_drop: false }`
[INFO] [stdout] 7e82fd2c7f2e1a4fa98c0fa113c3f4f4360ebb370085dacc9023450d92b2249d
[INFO] running `Command { std: "docker" "start" "-a" "7e82fd2c7f2e1a4fa98c0fa113c3f4f4360ebb370085dacc9023450d92b2249d", kill_on_drop: false }`
[INFO] [stderr]    Compiling wai-bindgen-gen-wasmtime-py v0.2.3 (/opt/rustwide/workdir)
[INFO] [stdout] error[E0433]: failed to resolve: use of undeclared crate or module `test_helpers`
[INFO] [stdout]  --> tests/codegen.rs:5:5
[INFO] [stdout]   |
[INFO] [stdout] 5 |     test_helpers::codegen_wasmtime_py_export!(
[INFO] [stdout]   |     ^^^^^^^^^^^^ use of undeclared crate or module `test_helpers`
[INFO] [stdout] 
[INFO] [stdout] 
[INFO] [stdout] error[E0433]: failed to resolve: use of undeclared crate or module `test_helpers`
[INFO] [stdout]   --> tests/codegen.rs:14:5
[INFO] [stdout]    |
[INFO] [stdout] 14 |     test_helpers::codegen_wasmtime_py_import!(
[INFO] [stdout]    |     ^^^^^^^^^^^^ use of undeclared crate or module `test_helpers`
[INFO] [stdout] 
[INFO] [stdout] 
[INFO] [stdout] error: aborting due to 2 previous errors
[INFO] [stdout] 
[INFO] [stdout] 
[INFO] [stdout] For more information about this error, try `rustc --explain E0433`.
[INFO] [stdout] 
[INFO] [stderr] error: could not compile `wai-bindgen-gen-wasmtime-py` (test "codegen") due to 3 previous errors
[INFO] [stderr] warning: build failed, waiting for other jobs to finish...
[INFO] [stdout] error[E0433]: failed to resolve: use of undeclared crate or module `test_helpers`
[INFO] [stdout]  --> tests/runtime.rs:7:1
[INFO] [stdout]   |
[INFO] [stdout] 7 | test_helpers::runtime_tests!("py");
[INFO] [stdout]   | ^^^^^^^^^^^^ use of undeclared crate or module `test_helpers`
[INFO] [stdout] 
[INFO] [stdout] 
[INFO] [stdout] error: aborting due to previous error
[INFO] [stdout] 
[INFO] [stdout] 
[INFO] [stdout] For more information about this error, try `rustc --explain E0433`.
[INFO] [stdout] 
[INFO] [stderr] error: could not compile `wai-bindgen-gen-wasmtime-py` (test "runtime") due to 2 previous errors
[INFO] running `Command { std: "docker" "inspect" "7e82fd2c7f2e1a4fa98c0fa113c3f4f4360ebb370085dacc9023450d92b2249d", kill_on_drop: false }`
[INFO] running `Command { std: "docker" "rm" "-f" "7e82fd2c7f2e1a4fa98c0fa113c3f4f4360ebb370085dacc9023450d92b2249d", kill_on_drop: false }`
[INFO] [stdout] 7e82fd2c7f2e1a4fa98c0fa113c3f4f4360ebb370085dacc9023450d92b2249d
