[INFO] fetching crate wai-bindgen-gen-wasmer 0.2.3...
[INFO] testing wai-bindgen-gen-wasmer-0.2.3 against 1.75.0 for beta-1.76-1
[INFO] extracting crate wai-bindgen-gen-wasmer 0.2.3 into /workspace/builds/worker-2-tc1/source
[INFO] validating manifest of crates.io crate wai-bindgen-gen-wasmer 0.2.3 on toolchain 1.75.0
[INFO] running `Command { std: CARGO_HOME="/workspace/cargo-home" RUSTUP_HOME="/workspace/rustup-home" "/workspace/cargo-home/bin/cargo" "+1.75.0" "metadata" "--manifest-path" "Cargo.toml" "--no-deps", kill_on_drop: false }`
[INFO] started tweaking crates.io crate wai-bindgen-gen-wasmer 0.2.3
[INFO] finished tweaking crates.io crate wai-bindgen-gen-wasmer 0.2.3
[INFO] tweaked toml for crates.io crate wai-bindgen-gen-wasmer 0.2.3 written to /workspace/builds/worker-2-tc1/source/Cargo.toml
[INFO] running `Command { std: CARGO_HOME="/workspace/cargo-home" RUSTUP_HOME="/workspace/rustup-home" "/workspace/cargo-home/bin/cargo" "+1.75.0" "generate-lockfile" "--manifest-path" "Cargo.toml", kill_on_drop: false }`
[INFO] [stderr]     Updating crates.io index
[INFO] running `Command { std: CARGO_HOME="/workspace/cargo-home" RUSTUP_HOME="/workspace/rustup-home" "/workspace/cargo-home/bin/cargo" "+1.75.0" "fetch" "--manifest-path" "Cargo.toml", kill_on_drop: false }`
[INFO] [stderr]  Downloading crates ...
[INFO] [stderr]   Downloaded wasmer-wit-bindgen-rust v0.1.1
[INFO] [stderr]   Downloaded cranelift-frontend v0.86.1
[INFO] [stderr]   Downloaded wasmer-wit-bindgen-gen-core v0.1.1
[INFO] [stderr]   Downloaded wasm-bindgen-downcast v0.1.1
[INFO] [stderr]   Downloaded wasmer-types v3.1.1
[INFO] [stderr]   Downloaded wasmer-vm v3.1.1
[INFO] [stderr]   Downloaded wasmer-wit-bindgen-gen-rust v0.1.1
[INFO] [stderr]   Downloaded wai-bindgen-gen-rust v0.2.3
[INFO] [stderr]   Downloaded wai-bindgen-gen-core v0.2.3
[INFO] [stderr]   Downloaded wasmer-wit-bindgen-gen-rust-wasm v0.1.1
[INFO] [stderr]   Downloaded wasmer-vbus v3.1.1
[INFO] [stderr]   Downloaded wasmer-vnet v3.1.1
[INFO] [stderr]   Downloaded wasm-bindgen-downcast-macros v0.1.1
[INFO] [stderr]   Downloaded cranelift-bforest v0.86.1
[INFO] [stderr]   Downloaded wasmer-wasi-types v3.1.1
[INFO] [stderr]   Downloaded regalloc2 v0.3.2
[INFO] [stderr]   Downloaded cranelift-codegen v0.86.1
[INFO] [stderr]   Downloaded wasmer v3.1.1
[INFO] [stderr]   Downloaded wasmer-wasi v3.1.1
[INFO] [stderr]   Downloaded wai-parser v0.2.3
[INFO] [stderr]   Downloaded cranelift-entity v0.86.1
[INFO] [stderr]   Downloaded wasmer-compiler v3.1.1
[INFO] [stderr]   Downloaded cranelift-isle v0.86.1
[INFO] [stderr]   Downloaded wasmer-wit-parser v0.1.1
[INFO] [stderr]   Downloaded wasmer-compiler-cranelift v3.1.1
[INFO] [stderr]   Downloaded wasmer-derive v3.1.1
[INFO] [stderr]   Downloaded cranelift-codegen-shared v0.86.1
[INFO] [stderr]   Downloaded cranelift-codegen-meta v0.86.1
[INFO] [stderr]   Downloaded wasmer-vfs v3.1.1
[INFO] [stderr]   Downloaded wasmer-wit-bindgen-rust-impl v0.1.1
[INFO] [stderr]   Downloaded wasmer-wasi-local-networking v3.1.1
[INFO] running `Command { std: "docker" "create" "-v" "/var/lib/crater-agent-workspace/builds/worker-2-tc1/target:/opt/rustwide/target:rw,Z" "-v" "/var/lib/crater-agent-workspace/builds/worker-2-tc1/source:/opt/rustwide/workdir:ro,Z" "-v" "/var/lib/crater-agent-workspace/cargo-home:/opt/rustwide/cargo-home:ro,Z" "-v" "/var/lib/crater-agent-workspace/rustup-home:/opt/rustwide/rustup-home:ro,Z" "-e" "SOURCE_DIR=/opt/rustwide/workdir" "-e" "CARGO_TARGET_DIR=/opt/rustwide/target" "-e" "CARGO_HOME=/opt/rustwide/cargo-home" "-e" "RUSTUP_HOME=/opt/rustwide/rustup-home" "-w" "/opt/rustwide/workdir" "-m" "1610612736" "--user" "0:0" "--network" "none" "ghcr.io/rust-lang/crates-build-env/linux@sha256:2788e3201cd34a07e3172128adcd8b3090168a8e3bcc40d7c032b9dda1df7d1c" "/opt/rustwide/cargo-home/bin/cargo" "+1.75.0" "metadata" "--no-deps" "--format-version=1", kill_on_drop: false }`
[INFO] [stdout] 76a28df52d297f08611929ba87918de86ce3a1327e9f9856dd63e51dd07ba403
[INFO] running `Command { std: "docker" "start" "-a" "76a28df52d297f08611929ba87918de86ce3a1327e9f9856dd63e51dd07ba403", kill_on_drop: false }`
[INFO] running `Command { std: "docker" "inspect" "76a28df52d297f08611929ba87918de86ce3a1327e9f9856dd63e51dd07ba403", kill_on_drop: false }`
[INFO] running `Command { std: "docker" "rm" "-f" "76a28df52d297f08611929ba87918de86ce3a1327e9f9856dd63e51dd07ba403", kill_on_drop: false }`
[INFO] [stdout] 76a28df52d297f08611929ba87918de86ce3a1327e9f9856dd63e51dd07ba403
[INFO] running `Command { std: "docker" "create" "-v" "/var/lib/crater-agent-workspace/builds/worker-2-tc1/target:/opt/rustwide/target:rw,Z" "-v" "/var/lib/crater-agent-workspace/builds/worker-2-tc1/source:/opt/rustwide/workdir:ro,Z" "-v" "/var/lib/crater-agent-workspace/cargo-home:/opt/rustwide/cargo-home:ro,Z" "-v" "/var/lib/crater-agent-workspace/rustup-home:/opt/rustwide/rustup-home:ro,Z" "-e" "SOURCE_DIR=/opt/rustwide/workdir" "-e" "CARGO_TARGET_DIR=/opt/rustwide/target" "-e" "CARGO_INCREMENTAL=0" "-e" "RUST_BACKTRACE=full" "-e" "RUSTFLAGS=--cap-lints=warn" "-e" "RUSTDOCFLAGS=--cap-lints=warn" "-e" "CARGO_HOME=/opt/rustwide/cargo-home" "-e" "RUSTUP_HOME=/opt/rustwide/rustup-home" "-w" "/opt/rustwide/workdir" "-m" "1610612736" "--user" "0:0" "--network" "none" "ghcr.io/rust-lang/crates-build-env/linux@sha256:2788e3201cd34a07e3172128adcd8b3090168a8e3bcc40d7c032b9dda1df7d1c" "/opt/rustwide/cargo-home/bin/cargo" "+1.75.0" "build" "--frozen" "--message-format=json", kill_on_drop: false }`
[INFO] [stdout] 423a09d43f42fa31e5e5fd9da15ae547a2143414b9c11189b39d11a6195fd302
[INFO] running `Command { std: "docker" "start" "-a" "423a09d43f42fa31e5e5fd9da15ae547a2143414b9c11189b39d11a6195fd302", kill_on_drop: false }`
[INFO] [stderr]    Compiling unicase v2.7.0
[INFO] [stderr]    Compiling pulldown-cmark v0.8.0
[INFO] [stderr]    Compiling memchr v2.7.1
[INFO] [stderr]    Compiling bitflags v1.3.2
[INFO] [stderr]    Compiling unicode-xid v0.2.4
[INFO] [stderr]    Compiling id-arena v2.2.1
[INFO] [stderr]    Compiling unicode-segmentation v1.10.1
[INFO] [stderr]    Compiling wai-bindgen-gen-wasmer v0.2.3 (/opt/rustwide/workdir)
[INFO] [stderr]    Compiling unicode-normalization v0.1.22
[INFO] [stderr]    Compiling heck v0.3.3
[INFO] [stderr]    Compiling wai-parser v0.2.3
[INFO] [stderr]    Compiling wai-bindgen-gen-core v0.2.3
[INFO] [stderr]    Compiling wai-bindgen-gen-rust v0.2.3
[INFO] [stderr]     Finished dev [unoptimized + debuginfo] target(s) in 4.29s
[INFO] running `Command { std: "docker" "inspect" "423a09d43f42fa31e5e5fd9da15ae547a2143414b9c11189b39d11a6195fd302", kill_on_drop: false }`
[INFO] running `Command { std: "docker" "rm" "-f" "423a09d43f42fa31e5e5fd9da15ae547a2143414b9c11189b39d11a6195fd302", kill_on_drop: false }`
[INFO] [stdout] 423a09d43f42fa31e5e5fd9da15ae547a2143414b9c11189b39d11a6195fd302
[INFO] running `Command { std: "docker" "create" "-v" "/var/lib/crater-agent-workspace/builds/worker-2-tc1/target:/opt/rustwide/target:rw,Z" "-v" "/var/lib/crater-agent-workspace/builds/worker-2-tc1/source:/opt/rustwide/workdir:ro,Z" "-v" "/var/lib/crater-agent-workspace/cargo-home:/opt/rustwide/cargo-home:ro,Z" "-v" "/var/lib/crater-agent-workspace/rustup-home:/opt/rustwide/rustup-home:ro,Z" "-e" "SOURCE_DIR=/opt/rustwide/workdir" "-e" "CARGO_TARGET_DIR=/opt/rustwide/target" "-e" "CARGO_INCREMENTAL=0" "-e" "RUST_BACKTRACE=full" "-e" "RUSTFLAGS=--cap-lints=warn" "-e" "RUSTDOCFLAGS=--cap-lints=warn" "-e" "CARGO_HOME=/opt/rustwide/cargo-home" "-e" "RUSTUP_HOME=/opt/rustwide/rustup-home" "-w" "/opt/rustwide/workdir" "-m" "1610612736" "--user" "0:0" "--network" "none" "ghcr.io/rust-lang/crates-build-env/linux@sha256:2788e3201cd34a07e3172128adcd8b3090168a8e3bcc40d7c032b9dda1df7d1c" "/opt/rustwide/cargo-home/bin/cargo" "+1.75.0" "test" "--frozen" "--no-run" "--message-format=json", kill_on_drop: false }`
[INFO] [stdout] 1bae99b0295c7fb1e1aea03ff9545eb9f1a82a5cd3aeda20493b70f17cf40eda
[INFO] running `Command { std: "docker" "start" "-a" "1bae99b0295c7fb1e1aea03ff9545eb9f1a82a5cd3aeda20493b70f17cf40eda", kill_on_drop: false }`
[INFO] [stderr]    Compiling syn v1.0.109
[INFO] [stderr]    Compiling ahash v0.7.7
[INFO] [stderr]    Compiling indexmap v1.9.3
[INFO] [stderr]    Compiling ident_case v1.0.1
[INFO] [stderr]    Compiling fnv v1.0.7
[INFO] [stderr]    Compiling log v0.4.20
[INFO] [stderr]    Compiling target-lexicon v0.12.13
[INFO] [stderr]    Compiling cranelift-isle v0.86.1
[INFO] [stderr]    Compiling crossbeam-utils v0.8.18
[INFO] [stderr]    Compiling getrandom v0.2.11
[INFO] [stderr]    Compiling rkyv v0.7.43
[INFO] [stderr]    Compiling cranelift-codegen-shared v0.86.1
[INFO] [stderr]    Compiling backtrace v0.3.69
[INFO] [stderr]    Compiling memoffset v0.6.5
[INFO] [stderr]    Compiling corosensei v0.1.4
[INFO] [stderr]    Compiling gimli v0.28.1
[INFO] [stderr]    Compiling leb128 v0.2.5
[INFO] [stderr]    Compiling darling_core v0.20.3
[INFO] [stderr]    Compiling cranelift-codegen-meta v0.86.1
[INFO] [stderr]    Compiling seahash v4.1.0
[INFO] [stderr]    Compiling tracing v0.1.40
[INFO] [stderr]    Compiling byteorder v1.5.0
[INFO] [stderr]    Compiling smallvec v1.11.2
[INFO] [stderr]    Compiling wasmer-wit-parser v0.1.1
[INFO] [stderr]    Compiling object v0.32.2
[INFO] [stderr]    Compiling standback v0.2.17
[INFO] [stderr]    Compiling more-asserts v0.2.2
[INFO] [stderr]    Compiling stable_deref_trait v1.2.0
[INFO] [stderr]    Compiling scopeguard v1.2.0
[INFO] [stderr]    Compiling fallible-iterator v0.2.0
[INFO] [stderr]    Compiling slice-group-by v0.3.1
[INFO] [stderr]    Compiling fxhash v0.2.1
[INFO] [stderr]    Compiling rayon-core v1.12.0
[INFO] [stderr]    Compiling proc-macro-hack v0.5.20+deprecated
[INFO] [stderr]    Compiling hashbrown v0.12.3
[INFO] [stderr]    Compiling cranelift-entity v0.86.1
[INFO] [stderr]    Compiling crossbeam-epoch v0.9.17
[INFO] [stderr]    Compiling cranelift-bforest v0.86.1
[INFO] [stderr]    Compiling region v3.0.0
[INFO] [stderr]    Compiling proc-macro-error v1.0.4
[INFO] [stderr]    Compiling wasmer-wit-bindgen-gen-rust-wasm v0.1.1
[INFO] [stderr]    Compiling crossbeam-deque v0.8.4
[INFO] [stderr]    Compiling regalloc2 v0.3.2
[INFO] [stderr]    Compiling wasmer-wit-bindgen-gen-core v0.1.1
[INFO] [stderr]    Compiling wasm-encoder v0.38.1
[INFO] [stderr]    Compiling memmap2 v0.5.10
[INFO] [stderr]    Compiling unicode-width v0.1.11
[INFO] [stderr]    Compiling wasmer-wit-bindgen-gen-rust v0.1.1
[INFO] [stderr]    Compiling wasmer-compiler-cranelift v3.1.1
[INFO] [stderr]    Compiling bytes v1.5.0
[INFO] [stderr]    Compiling const_fn v0.4.9
[INFO] [stderr]    Compiling async-trait v0.1.77
[INFO] [stderr]    Compiling either v1.9.0
[INFO] [stderr]    Compiling wasmparser v0.83.0
[INFO] [stderr]    Compiling rayon v1.8.0
[INFO] [stderr]    Compiling gimli v0.26.2
[INFO] [stderr]    Compiling wast v69.0.1
[INFO] [stderr]    Compiling wasmer-vfs v3.1.1
[INFO] [stderr]    Compiling time v0.2.27
[INFO] [stderr]    Compiling wasmer-vnet v3.1.1
[INFO] [stderr]    Compiling wasmer-vbus v3.1.1
[INFO] [stderr]    Compiling wasmer-wasi-local-networking v3.1.1
[INFO] [stderr]    Compiling generational-arena v0.2.9
[INFO] [stderr]    Compiling darling_macro v0.20.3
[INFO] [stderr]    Compiling addr2line v0.21.0
[INFO] [stderr]    Compiling cranelift-codegen v0.86.1
[INFO] [stderr]    Compiling darling v0.20.3
[INFO] [stderr]    Compiling enumset_derive v0.8.1
[INFO] [stderr]    Compiling ptr_meta_derive v0.1.4
[INFO] [stderr]    Compiling enum-iterator-derive v0.7.0
[INFO] [stderr]    Compiling rkyv_derive v0.7.43
[INFO] [stderr]    Compiling time-macros-impl v0.1.2
[INFO] [stderr]    Compiling wasmer-wit-bindgen-rust-impl v0.1.1
[INFO] [stderr]    Compiling wasmer-derive v3.1.1
[INFO] [stderr]    Compiling derivative v2.2.0
[INFO] [stderr]    Compiling enumset v1.1.3
[INFO] [stderr]    Compiling enum-iterator v0.7.0
[INFO] [stderr]    Compiling ptr_meta v0.1.4
[INFO] [stderr]    Compiling time-macros v0.1.1
[INFO] [stderr]    Compiling wasmer-wit-bindgen-rust v0.1.1
[INFO] [stderr]    Compiling wat v1.0.82
[INFO] [stderr]    Compiling wasmer-types v3.1.1
[INFO] [stderr]    Compiling wasmer-vm v3.1.1
[INFO] [stderr]    Compiling wasmer-compiler v3.1.1
[INFO] [stderr]    Compiling cranelift-frontend v0.86.1
[INFO] [stderr]    Compiling wasmer v3.1.1
[INFO] [stderr]    Compiling wasmer-wasi-types v3.1.1
[INFO] [stderr]    Compiling wasmer-wasi v3.1.1
[INFO] [stderr]    Compiling wai-bindgen-gen-wasmer v0.2.3 (/opt/rustwide/workdir)
[INFO] [stdout] error[E0433]: failed to resolve: use of undeclared crate or module `test_helpers`
[INFO] [stdout]  --> tests/codegen.rs:9:5
[INFO] [stdout]   |
[INFO] [stdout] 9 |     test_helpers::codegen_wasmer_export!(
[INFO] [stdout]   |     ^^^^^^^^^^^^ use of undeclared crate or module `test_helpers`
[INFO] [stdout] 
[INFO] [stdout] 
[INFO] [stdout] error[E0433]: failed to resolve: use of undeclared crate or module `test_helpers`
[INFO] [stdout]   --> tests/codegen.rs:28:5
[INFO] [stdout]    |
[INFO] [stdout] 28 |     test_helpers::codegen_wasmer_import!(
[INFO] [stdout]    |     ^^^^^^^^^^^^ use of undeclared crate or module `test_helpers`
[INFO] [stdout] 
[INFO] [stdout] 
[INFO] [stdout] error[E0433]: failed to resolve: use of undeclared crate or module `wai_bindgen_wasmer`
[INFO] [stdout]   --> tests/codegen.rs:98:5
[INFO] [stdout]    |
[INFO] [stdout] 98 |     wai_bindgen_wasmer::export!({
[INFO] [stdout]    |     ^^^^^^^^^^^^^^^^^^ use of undeclared crate or module `wai_bindgen_wasmer`
[INFO] [stdout] 
[INFO] [stdout] 
[INFO] [stdout] error: aborting due to 3 previous errors
[INFO] [stdout] 
[INFO] [stdout] 
[INFO] [stdout] For more information about this error, try `rustc --explain E0433`.
[INFO] [stdout] 
[INFO] [stderr] error: could not compile `wai-bindgen-gen-wasmer` (test "codegen") due to 4 previous errors
[INFO] [stderr] warning: build failed, waiting for other jobs to finish...
[INFO] [stdout] error[E0433]: failed to resolve: use of undeclared crate or module `test_helpers`
[INFO] [stdout]  --> tests/runtime.rs:5:1
[INFO] [stdout]   |
[INFO] [stdout] 5 | test_helpers::runtime_tests_wasmer!();
[INFO] [stdout]   | ^^^^^^^^^^^^ use of undeclared crate or module `test_helpers`
[INFO] [stdout] 
[INFO] [stdout] 
[INFO] [stdout] error: aborting due to previous error
[INFO] [stdout] 
[INFO] [stdout] 
[INFO] [stdout] For more information about this error, try `rustc --explain E0433`.
[INFO] [stdout] 
[INFO] [stderr] error: could not compile `wai-bindgen-gen-wasmer` (test "runtime") due to 2 previous errors
[INFO] running `Command { std: "docker" "inspect" "1bae99b0295c7fb1e1aea03ff9545eb9f1a82a5cd3aeda20493b70f17cf40eda", kill_on_drop: false }`
[INFO] running `Command { std: "docker" "rm" "-f" "1bae99b0295c7fb1e1aea03ff9545eb9f1a82a5cd3aeda20493b70f17cf40eda", kill_on_drop: false }`
[INFO] [stdout] 1bae99b0295c7fb1e1aea03ff9545eb9f1a82a5cd3aeda20493b70f17cf40eda
[INFO] testing wai-bindgen-gen-wasmer-0.2.3 against beta-2023-12-22 for beta-1.76-1
[INFO] extracting crate wai-bindgen-gen-wasmer 0.2.3 into /workspace/builds/worker-2-tc2/source
[INFO] validating manifest of crates.io crate wai-bindgen-gen-wasmer 0.2.3 on toolchain beta-2023-12-22
[INFO] running `Command { std: CARGO_HOME="/workspace/cargo-home" RUSTUP_HOME="/workspace/rustup-home" "/workspace/cargo-home/bin/cargo" "+beta-2023-12-22" "metadata" "--manifest-path" "Cargo.toml" "--no-deps", kill_on_drop: false }`
[INFO] started tweaking crates.io crate wai-bindgen-gen-wasmer 0.2.3
[INFO] finished tweaking crates.io crate wai-bindgen-gen-wasmer 0.2.3
[INFO] tweaked toml for crates.io crate wai-bindgen-gen-wasmer 0.2.3 written to /workspace/builds/worker-2-tc2/source/Cargo.toml
[INFO] running `Command { std: CARGO_HOME="/workspace/cargo-home" RUSTUP_HOME="/workspace/rustup-home" "/workspace/cargo-home/bin/cargo" "+beta-2023-12-22" "generate-lockfile" "--manifest-path" "Cargo.toml", kill_on_drop: false }`
[INFO] [stderr]     Blocking waiting for file lock on package cache
[INFO] [stderr]     Updating crates.io index
[INFO] running `Command { std: CARGO_HOME="/workspace/cargo-home" RUSTUP_HOME="/workspace/rustup-home" "/workspace/cargo-home/bin/cargo" "+beta-2023-12-22" "fetch" "--manifest-path" "Cargo.toml", kill_on_drop: false }`
[INFO] [stderr]     Blocking waiting for file lock on package cache
[INFO] [stderr]     Blocking waiting for file lock on package cache
[INFO] running `Command { std: "docker" "create" "-v" "/var/lib/crater-agent-workspace/builds/worker-2-tc2/target:/opt/rustwide/target:rw,Z" "-v" "/var/lib/crater-agent-workspace/builds/worker-2-tc2/source:/opt/rustwide/workdir:ro,Z" "-v" "/var/lib/crater-agent-workspace/cargo-home:/opt/rustwide/cargo-home:ro,Z" "-v" "/var/lib/crater-agent-workspace/rustup-home:/opt/rustwide/rustup-home:ro,Z" "-e" "SOURCE_DIR=/opt/rustwide/workdir" "-e" "CARGO_TARGET_DIR=/opt/rustwide/target" "-e" "CARGO_HOME=/opt/rustwide/cargo-home" "-e" "RUSTUP_HOME=/opt/rustwide/rustup-home" "-w" "/opt/rustwide/workdir" "-m" "1610612736" "--user" "0:0" "--network" "none" "ghcr.io/rust-lang/crates-build-env/linux@sha256:2788e3201cd34a07e3172128adcd8b3090168a8e3bcc40d7c032b9dda1df7d1c" "/opt/rustwide/cargo-home/bin/cargo" "+beta-2023-12-22" "metadata" "--no-deps" "--format-version=1", kill_on_drop: false }`
[INFO] [stdout] 528f2a3733e65b813f881b080cc89db48c5561ffaaaea275594a68cd96efddce
[INFO] running `Command { std: "docker" "start" "-a" "528f2a3733e65b813f881b080cc89db48c5561ffaaaea275594a68cd96efddce", kill_on_drop: false }`
[INFO] running `Command { std: "docker" "inspect" "528f2a3733e65b813f881b080cc89db48c5561ffaaaea275594a68cd96efddce", kill_on_drop: false }`
[INFO] running `Command { std: "docker" "rm" "-f" "528f2a3733e65b813f881b080cc89db48c5561ffaaaea275594a68cd96efddce", kill_on_drop: false }`
[INFO] [stdout] 528f2a3733e65b813f881b080cc89db48c5561ffaaaea275594a68cd96efddce
[INFO] running `Command { std: "docker" "create" "-v" "/var/lib/crater-agent-workspace/builds/worker-2-tc2/target:/opt/rustwide/target:rw,Z" "-v" "/var/lib/crater-agent-workspace/builds/worker-2-tc2/source:/opt/rustwide/workdir:ro,Z" "-v" "/var/lib/crater-agent-workspace/cargo-home:/opt/rustwide/cargo-home:ro,Z" "-v" "/var/lib/crater-agent-workspace/rustup-home:/opt/rustwide/rustup-home:ro,Z" "-e" "SOURCE_DIR=/opt/rustwide/workdir" "-e" "CARGO_TARGET_DIR=/opt/rustwide/target" "-e" "CARGO_INCREMENTAL=0" "-e" "RUST_BACKTRACE=full" "-e" "RUSTFLAGS=--cap-lints=warn" "-e" "RUSTDOCFLAGS=--cap-lints=warn" "-e" "CARGO_HOME=/opt/rustwide/cargo-home" "-e" "RUSTUP_HOME=/opt/rustwide/rustup-home" "-w" "/opt/rustwide/workdir" "-m" "1610612736" "--user" "0:0" "--network" "none" "ghcr.io/rust-lang/crates-build-env/linux@sha256:2788e3201cd34a07e3172128adcd8b3090168a8e3bcc40d7c032b9dda1df7d1c" "/opt/rustwide/cargo-home/bin/cargo" "+beta-2023-12-22" "build" "--frozen" "--message-format=json", kill_on_drop: false }`
[INFO] [stdout] cc688ef9ae81a33f421ad2ea207d7c5c5911c4884cd3a74b2981d4e9283335ad
[INFO] running `Command { std: "docker" "start" "-a" "cc688ef9ae81a33f421ad2ea207d7c5c5911c4884cd3a74b2981d4e9283335ad", kill_on_drop: false }`
[INFO] [stderr]    Compiling unicase v2.7.0
[INFO] [stderr]    Compiling pulldown-cmark v0.8.0
[INFO] [stderr]    Compiling memchr v2.7.1
[INFO] [stderr]    Compiling bitflags v1.3.2
[INFO] [stderr]    Compiling unicode-xid v0.2.4
[INFO] [stderr]    Compiling id-arena v2.2.1
[INFO] [stderr]    Compiling unicode-segmentation v1.10.1
[INFO] [stderr]    Compiling wai-bindgen-gen-wasmer v0.2.3 (/opt/rustwide/workdir)
[INFO] [stderr]    Compiling unicode-normalization v0.1.22
[INFO] [stderr]    Compiling heck v0.3.3
[INFO] [stderr]    Compiling wai-parser v0.2.3
[INFO] [stderr]    Compiling wai-bindgen-gen-core v0.2.3
[INFO] [stderr]    Compiling wai-bindgen-gen-rust v0.2.3
[INFO] [stderr]     Finished dev [unoptimized + debuginfo] target(s) in 3.72s
[INFO] running `Command { std: "docker" "inspect" "cc688ef9ae81a33f421ad2ea207d7c5c5911c4884cd3a74b2981d4e9283335ad", kill_on_drop: false }`
[INFO] running `Command { std: "docker" "rm" "-f" "cc688ef9ae81a33f421ad2ea207d7c5c5911c4884cd3a74b2981d4e9283335ad", kill_on_drop: false }`
[INFO] [stdout] cc688ef9ae81a33f421ad2ea207d7c5c5911c4884cd3a74b2981d4e9283335ad
[INFO] running `Command { std: "docker" "create" "-v" "/var/lib/crater-agent-workspace/builds/worker-2-tc2/target:/opt/rustwide/target:rw,Z" "-v" "/var/lib/crater-agent-workspace/builds/worker-2-tc2/source:/opt/rustwide/workdir:ro,Z" "-v" "/var/lib/crater-agent-workspace/cargo-home:/opt/rustwide/cargo-home:ro,Z" "-v" "/var/lib/crater-agent-workspace/rustup-home:/opt/rustwide/rustup-home:ro,Z" "-e" "SOURCE_DIR=/opt/rustwide/workdir" "-e" "CARGO_TARGET_DIR=/opt/rustwide/target" "-e" "CARGO_INCREMENTAL=0" "-e" "RUST_BACKTRACE=full" "-e" "RUSTFLAGS=--cap-lints=warn" "-e" "RUSTDOCFLAGS=--cap-lints=warn" "-e" "CARGO_HOME=/opt/rustwide/cargo-home" "-e" "RUSTUP_HOME=/opt/rustwide/rustup-home" "-w" "/opt/rustwide/workdir" "-m" "1610612736" "--user" "0:0" "--network" "none" "ghcr.io/rust-lang/crates-build-env/linux@sha256:2788e3201cd34a07e3172128adcd8b3090168a8e3bcc40d7c032b9dda1df7d1c" "/opt/rustwide/cargo-home/bin/cargo" "+beta-2023-12-22" "test" "--frozen" "--no-run" "--message-format=json", kill_on_drop: false }`
[INFO] [stdout] 274426b0eec007d75b75986b2fa6eb91d70b5fec2674870f2a0bb17c8b2976eb
[INFO] running `Command { std: "docker" "start" "-a" "274426b0eec007d75b75986b2fa6eb91d70b5fec2674870f2a0bb17c8b2976eb", kill_on_drop: false }`
[INFO] [stderr]    Compiling syn v1.0.109
[INFO] [stderr]    Compiling ahash v0.7.7
[INFO] [stderr]    Compiling ident_case v1.0.1
[INFO] [stderr]    Compiling indexmap v1.9.3
[INFO] [stderr]    Compiling log v0.4.20
[INFO] [stderr]    Compiling fnv v1.0.7
[INFO] [stderr]    Compiling target-lexicon v0.12.13
[INFO] [stderr]    Compiling cranelift-isle v0.86.1
[INFO] [stderr]    Compiling crossbeam-utils v0.8.18
[INFO] [stderr]    Compiling getrandom v0.2.11
[INFO] [stderr]    Compiling rkyv v0.7.43
[INFO] [stderr]    Compiling cranelift-codegen-shared v0.86.1
[INFO] [stderr]    Compiling corosensei v0.1.4
[INFO] [stderr]    Compiling backtrace v0.3.69
[INFO] [stderr]    Compiling memoffset v0.6.5
[INFO] [stderr]    Compiling seahash v4.1.0
[INFO] [stderr]    Compiling cranelift-codegen-meta v0.86.1
[INFO] [stderr]    Compiling byteorder v1.5.0
[INFO] [stderr]    Compiling darling_core v0.20.3
[INFO] [stderr]    Compiling tracing v0.1.40
[INFO] [stderr]    Compiling smallvec v1.11.2
[INFO] [stderr]    Compiling leb128 v0.2.5
[INFO] [stderr]    Compiling gimli v0.28.1
[INFO] [stderr]    Compiling wasmer-wit-parser v0.1.1
[INFO] [stderr]    Compiling object v0.32.2
[INFO] [stderr]    Compiling standback v0.2.17
[INFO] [stderr]    Compiling proc-macro-hack v0.5.20+deprecated
[INFO] [stderr]    Compiling fxhash v0.2.1
[INFO] [stderr]    Compiling slice-group-by v0.3.1
[INFO] [stderr]    Compiling hashbrown v0.12.3
[INFO] [stderr]    Compiling stable_deref_trait v1.2.0
[INFO] [stderr]    Compiling rayon-core v1.12.0
[INFO] [stderr]    Compiling more-asserts v0.2.2
[INFO] [stderr]    Compiling scopeguard v1.2.0
[INFO] [stderr]    Compiling fallible-iterator v0.2.0
[INFO] [stderr]    Compiling cranelift-entity v0.86.1
[INFO] [stderr]    Compiling regalloc2 v0.3.2
[INFO] [stderr]    Compiling crossbeam-epoch v0.9.17
[INFO] [stderr]    Compiling region v3.0.0
[INFO] [stderr]    Compiling cranelift-bforest v0.86.1
[INFO] [stderr]    Compiling proc-macro-error v1.0.4
[INFO] [stderr]    Compiling crossbeam-deque v0.8.4
[INFO] [stderr]    Compiling wasmer-wit-bindgen-gen-rust-wasm v0.1.1
[INFO] [stderr]    Compiling wasmer-wit-bindgen-gen-core v0.1.1
[INFO] [stderr]    Compiling wasm-encoder v0.38.1
[INFO] [stderr]    Compiling memmap2 v0.5.10
[INFO] [stderr]    Compiling wasmer-wit-bindgen-gen-rust v0.1.1
[INFO] [stderr]    Compiling const_fn v0.4.9
[INFO] [stderr]    Compiling wasmparser v0.83.0
[INFO] [stderr]    Compiling unicode-width v0.1.11
[INFO] [stderr]    Compiling bytes v1.5.0
[INFO] [stderr]    Compiling either v1.9.0
[INFO] [stderr]    Compiling wasmer-compiler-cranelift v3.1.1
[INFO] [stderr]    Compiling async-trait v0.1.77
[INFO] [stderr]    Compiling gimli v0.26.2
[INFO] [stderr]    Compiling rayon v1.8.0
[INFO] [stderr]    Compiling addr2line v0.21.0
[INFO] [stderr]    Compiling wast v69.0.1
[INFO] [stderr]    Compiling wasmer-vfs v3.1.1
[INFO] [stderr]    Compiling time v0.2.27
[INFO] [stderr]    Compiling wasmer-vnet v3.1.1
[INFO] [stderr]    Compiling wasmer-vbus v3.1.1
[INFO] [stderr]    Compiling generational-arena v0.2.9
[INFO] [stderr]    Compiling wasmer-wasi-local-networking v3.1.1
[INFO] [stderr]    Compiling cranelift-codegen v0.86.1
[INFO] [stderr]    Compiling darling_macro v0.20.3
[INFO] [stderr]    Compiling darling v0.20.3
[INFO] [stderr]    Compiling enumset_derive v0.8.1
[INFO] [stderr]    Compiling ptr_meta_derive v0.1.4
[INFO] [stderr]    Compiling rkyv_derive v0.7.43
[INFO] [stderr]    Compiling enum-iterator-derive v0.7.0
[INFO] [stderr]    Compiling time-macros-impl v0.1.2
[INFO] [stderr]    Compiling wasmer-wit-bindgen-rust-impl v0.1.1
[INFO] [stderr]    Compiling wasmer-derive v3.1.1
[INFO] [stderr]    Compiling derivative v2.2.0
[INFO] [stderr]    Compiling enumset v1.1.3
[INFO] [stderr]    Compiling ptr_meta v0.1.4
[INFO] [stderr]    Compiling enum-iterator v0.7.0
[INFO] [stderr]    Compiling time-macros v0.1.1
[INFO] [stderr]    Compiling wasmer-wit-bindgen-rust v0.1.1
[INFO] [stderr]    Compiling wat v1.0.82
[INFO] [stderr]    Compiling wasmer-types v3.1.1
[INFO] [stderr]    Compiling wasmer-vm v3.1.1
[INFO] [stderr]    Compiling wasmer-compiler v3.1.1
[INFO] [stderr]    Compiling cranelift-frontend v0.86.1
[INFO] [stderr]    Compiling wasmer v3.1.1
[INFO] [stderr]    Compiling wasmer-wasi-types v3.1.1
[INFO] [stderr]    Compiling wasmer-wasi v3.1.1
[INFO] [stderr]    Compiling wai-bindgen-gen-wasmer v0.2.3 (/opt/rustwide/workdir)
[INFO] [stdout] error[E0433]: failed to resolve: use of undeclared crate or module `test_helpers`
[INFO] [stdout]  --> tests/codegen.rs:9:5
[INFO] [stdout]   |
[INFO] [stdout] 9 |     test_helpers::codegen_wasmer_export!(
[INFO] [stdout]   |     ^^^^^^^^^^^^ use of undeclared crate or module `test_helpers`
[INFO] [stdout] 
[INFO] [stdout] 
[INFO] [stdout] error[E0433]: failed to resolve: use of undeclared crate or module `test_helpers`
[INFO] [stdout]   --> tests/codegen.rs:28:5
[INFO] [stdout]    |
[INFO] [stdout] 28 |     test_helpers::codegen_wasmer_import!(
[INFO] [stdout]    |     ^^^^^^^^^^^^ use of undeclared crate or module `test_helpers`
[INFO] [stdout] 
[INFO] [stdout] 
[INFO] [stdout] error[E0433]: failed to resolve: use of undeclared crate or module `wai_bindgen_wasmer`
[INFO] [stdout]   --> tests/codegen.rs:98:5
[INFO] [stdout]    |
[INFO] [stdout] 98 |     wai_bindgen_wasmer::export!({
[INFO] [stdout]    |     ^^^^^^^^^^^^^^^^^^ use of undeclared crate or module `wai_bindgen_wasmer`
[INFO] [stdout] 
[INFO] [stdout] 
[INFO] [stdout] error: aborting due to 3 previous errors
[INFO] [stdout] 
[INFO] [stdout] 
[INFO] [stdout] For more information about this error, try `rustc --explain E0433`.
[INFO] [stdout] 
[INFO] [stderr] error: could not compile `wai-bindgen-gen-wasmer` (test "codegen") due to 4 previous errors
[INFO] [stderr] warning: build failed, waiting for other jobs to finish...
[INFO] [stdout] error[E0433]: failed to resolve: use of undeclared crate or module `test_helpers`
[INFO] [stdout]  --> tests/runtime.rs:5:1
[INFO] [stdout]   |
[INFO] [stdout] 5 | test_helpers::runtime_tests_wasmer!();
[INFO] [stdout]   | ^^^^^^^^^^^^ use of undeclared crate or module `test_helpers`
[INFO] [stdout] 
[INFO] [stdout] 
[INFO] [stdout] error: aborting due to 1 previous error
[INFO] [stdout] 
[INFO] [stdout] 
[INFO] [stdout] For more information about this error, try `rustc --explain E0433`.
[INFO] [stdout] 
[INFO] [stderr] error: could not compile `wai-bindgen-gen-wasmer` (test "runtime") due to 2 previous errors
[INFO] running `Command { std: "docker" "inspect" "274426b0eec007d75b75986b2fa6eb91d70b5fec2674870f2a0bb17c8b2976eb", kill_on_drop: false }`
[INFO] running `Command { std: "docker" "rm" "-f" "274426b0eec007d75b75986b2fa6eb91d70b5fec2674870f2a0bb17c8b2976eb", kill_on_drop: false }`
[INFO] [stdout] 274426b0eec007d75b75986b2fa6eb91d70b5fec2674870f2a0bb17c8b2976eb
