[INFO] fetching crate wai-bindgen-gen-wasmer-py 0.2.3...
[INFO] testing wai-bindgen-gen-wasmer-py-0.2.3 against 1.75.0 for beta-1.76-1
[INFO] extracting crate wai-bindgen-gen-wasmer-py 0.2.3 into /workspace/builds/worker-4-tc1/source
[INFO] validating manifest of crates.io crate wai-bindgen-gen-wasmer-py 0.2.3 on toolchain 1.75.0
[INFO] running `Command { std: CARGO_HOME="/workspace/cargo-home" RUSTUP_HOME="/workspace/rustup-home" "/workspace/cargo-home/bin/cargo" "+1.75.0" "metadata" "--manifest-path" "Cargo.toml" "--no-deps", kill_on_drop: false }`
[INFO] started tweaking crates.io crate wai-bindgen-gen-wasmer-py 0.2.3
[INFO] finished tweaking crates.io crate wai-bindgen-gen-wasmer-py 0.2.3
[INFO] tweaked toml for crates.io crate wai-bindgen-gen-wasmer-py 0.2.3 written to /workspace/builds/worker-4-tc1/source/Cargo.toml
[INFO] running `Command { std: CARGO_HOME="/workspace/cargo-home" RUSTUP_HOME="/workspace/rustup-home" "/workspace/cargo-home/bin/cargo" "+1.75.0" "generate-lockfile" "--manifest-path" "Cargo.toml", kill_on_drop: false }`
[INFO] [stderr]     Updating crates.io index
[INFO] running `Command { std: CARGO_HOME="/workspace/cargo-home" RUSTUP_HOME="/workspace/rustup-home" "/workspace/cargo-home/bin/cargo" "+1.75.0" "fetch" "--manifest-path" "Cargo.toml", kill_on_drop: false }`
[INFO] [stderr]  Downloading crates ...
[INFO] [stderr]   Downloaded wai-parser v0.2.3
[INFO] [stderr]   Downloaded wai-bindgen-gen-core v0.2.3
[INFO] running `Command { std: "docker" "create" "-v" "/var/lib/crater-agent-workspace/builds/worker-4-tc1/target:/opt/rustwide/target:rw,Z" "-v" "/var/lib/crater-agent-workspace/builds/worker-4-tc1/source:/opt/rustwide/workdir:ro,Z" "-v" "/var/lib/crater-agent-workspace/cargo-home:/opt/rustwide/cargo-home:ro,Z" "-v" "/var/lib/crater-agent-workspace/rustup-home:/opt/rustwide/rustup-home:ro,Z" "-e" "SOURCE_DIR=/opt/rustwide/workdir" "-e" "CARGO_TARGET_DIR=/opt/rustwide/target" "-e" "CARGO_HOME=/opt/rustwide/cargo-home" "-e" "RUSTUP_HOME=/opt/rustwide/rustup-home" "-w" "/opt/rustwide/workdir" "-m" "1610612736" "--user" "0:0" "--network" "none" "ghcr.io/rust-lang/crates-build-env/linux@sha256:2788e3201cd34a07e3172128adcd8b3090168a8e3bcc40d7c032b9dda1df7d1c" "/opt/rustwide/cargo-home/bin/cargo" "+1.75.0" "metadata" "--no-deps" "--format-version=1", kill_on_drop: false }`
[INFO] [stdout] 64d095458dfcb2a2b7340bd38342cb2636ae51c4dc953388cd6c630f1a1268d7
[INFO] running `Command { std: "docker" "start" "-a" "64d095458dfcb2a2b7340bd38342cb2636ae51c4dc953388cd6c630f1a1268d7", kill_on_drop: false }`
[INFO] running `Command { std: "docker" "inspect" "64d095458dfcb2a2b7340bd38342cb2636ae51c4dc953388cd6c630f1a1268d7", kill_on_drop: false }`
[INFO] running `Command { std: "docker" "rm" "-f" "64d095458dfcb2a2b7340bd38342cb2636ae51c4dc953388cd6c630f1a1268d7", kill_on_drop: false }`
[INFO] [stdout] 64d095458dfcb2a2b7340bd38342cb2636ae51c4dc953388cd6c630f1a1268d7
[INFO] running `Command { std: "docker" "create" "-v" "/var/lib/crater-agent-workspace/builds/worker-4-tc1/target:/opt/rustwide/target:rw,Z" "-v" "/var/lib/crater-agent-workspace/builds/worker-4-tc1/source:/opt/rustwide/workdir:ro,Z" "-v" "/var/lib/crater-agent-workspace/cargo-home:/opt/rustwide/cargo-home:ro,Z" "-v" "/var/lib/crater-agent-workspace/rustup-home:/opt/rustwide/rustup-home:ro,Z" "-e" "SOURCE_DIR=/opt/rustwide/workdir" "-e" "CARGO_TARGET_DIR=/opt/rustwide/target" "-e" "CARGO_INCREMENTAL=0" "-e" "RUST_BACKTRACE=full" "-e" "RUSTFLAGS=--cap-lints=warn" "-e" "RUSTDOCFLAGS=--cap-lints=warn" "-e" "CARGO_HOME=/opt/rustwide/cargo-home" "-e" "RUSTUP_HOME=/opt/rustwide/rustup-home" "-w" "/opt/rustwide/workdir" "-m" "1610612736" "--user" "0:0" "--network" "none" "ghcr.io/rust-lang/crates-build-env/linux@sha256:2788e3201cd34a07e3172128adcd8b3090168a8e3bcc40d7c032b9dda1df7d1c" "/opt/rustwide/cargo-home/bin/cargo" "+1.75.0" "build" "--frozen" "--message-format=json", kill_on_drop: false }`
[INFO] [stdout] d850d28995ac1d52ee030527dc66d3398c33325349f18e6e1f5c7f036d6ba3cc
[INFO] running `Command { std: "docker" "start" "-a" "d850d28995ac1d52ee030527dc66d3398c33325349f18e6e1f5c7f036d6ba3cc", kill_on_drop: false }`
[INFO] [stderr]    Compiling unicase v2.7.0
[INFO] [stderr]    Compiling anyhow v1.0.79
[INFO] [stderr]    Compiling pulldown-cmark v0.8.0
[INFO] [stderr]    Compiling tinyvec_macros v0.1.1
[INFO] [stderr]    Compiling id-arena v2.2.1
[INFO] [stderr]    Compiling unicode-xid v0.2.4
[INFO] [stderr]    Compiling unicode-segmentation v1.10.1
[INFO] [stderr]    Compiling wai-bindgen-gen-wasmer-py v0.2.3 (/opt/rustwide/workdir)
[INFO] [stderr]    Compiling tinyvec v1.6.0
[INFO] [stderr]    Compiling heck v0.3.3
[INFO] [stderr]    Compiling unicode-normalization v0.1.22
[INFO] [stderr]    Compiling wai-parser v0.2.3
[INFO] [stderr]    Compiling wai-bindgen-gen-core v0.2.3
[INFO] [stderr]     Finished dev [unoptimized + debuginfo] target(s) in 5.14s
[INFO] running `Command { std: "docker" "inspect" "d850d28995ac1d52ee030527dc66d3398c33325349f18e6e1f5c7f036d6ba3cc", kill_on_drop: false }`
[INFO] running `Command { std: "docker" "rm" "-f" "d850d28995ac1d52ee030527dc66d3398c33325349f18e6e1f5c7f036d6ba3cc", kill_on_drop: false }`
[INFO] [stdout] d850d28995ac1d52ee030527dc66d3398c33325349f18e6e1f5c7f036d6ba3cc
[INFO] running `Command { std: "docker" "create" "-v" "/var/lib/crater-agent-workspace/builds/worker-4-tc1/target:/opt/rustwide/target:rw,Z" "-v" "/var/lib/crater-agent-workspace/builds/worker-4-tc1/source:/opt/rustwide/workdir:ro,Z" "-v" "/var/lib/crater-agent-workspace/cargo-home:/opt/rustwide/cargo-home:ro,Z" "-v" "/var/lib/crater-agent-workspace/rustup-home:/opt/rustwide/rustup-home:ro,Z" "-e" "SOURCE_DIR=/opt/rustwide/workdir" "-e" "CARGO_TARGET_DIR=/opt/rustwide/target" "-e" "CARGO_INCREMENTAL=0" "-e" "RUST_BACKTRACE=full" "-e" "RUSTFLAGS=--cap-lints=warn" "-e" "RUSTDOCFLAGS=--cap-lints=warn" "-e" "CARGO_HOME=/opt/rustwide/cargo-home" "-e" "RUSTUP_HOME=/opt/rustwide/rustup-home" "-w" "/opt/rustwide/workdir" "-m" "1610612736" "--user" "0:0" "--network" "none" "ghcr.io/rust-lang/crates-build-env/linux@sha256:2788e3201cd34a07e3172128adcd8b3090168a8e3bcc40d7c032b9dda1df7d1c" "/opt/rustwide/cargo-home/bin/cargo" "+1.75.0" "test" "--frozen" "--no-run" "--message-format=json", kill_on_drop: false }`
[INFO] [stdout] 72b16b13b3f448810b4aae0233f620cc05e69b3ca808f16b128a44b8d557f4b3
[INFO] running `Command { std: "docker" "start" "-a" "72b16b13b3f448810b4aae0233f620cc05e69b3ca808f16b128a44b8d557f4b3", kill_on_drop: false }`
[INFO] [stderr]    Compiling wai-bindgen-gen-wasmer-py v0.2.3 (/opt/rustwide/workdir)
[INFO] [stdout] error[E0433]: failed to resolve: use of undeclared crate or module `test_helpers`
[INFO] [stdout]  --> tests/codegen.rs:5:5
[INFO] [stdout]   |
[INFO] [stdout] 5 |     test_helpers::codegen_wasmer_py_export!(
[INFO] [stdout]   |     ^^^^^^^^^^^^ use of undeclared crate or module `test_helpers`
[INFO] [stdout] 
[INFO] [stdout] 
[INFO] [stdout] error[E0433]: failed to resolve: use of undeclared crate or module `test_helpers`
[INFO] [stdout]   --> tests/codegen.rs:14:5
[INFO] [stdout]    |
[INFO] [stdout] 14 |     test_helpers::codegen_wasmer_py_import!(
[INFO] [stdout]    |     ^^^^^^^^^^^^ use of undeclared crate or module `test_helpers`
[INFO] [stdout] 
[INFO] [stdout] 
[INFO] [stdout] error: aborting due to 2 previous errors
[INFO] [stdout] 
[INFO] [stdout] 
[INFO] [stdout] For more information about this error, try `rustc --explain E0433`.
[INFO] [stdout] 
[INFO] [stderr] error: could not compile `wai-bindgen-gen-wasmer-py` (test "codegen") due to 3 previous errors
[INFO] [stderr] warning: build failed, waiting for other jobs to finish...
[INFO] [stdout] error[E0433]: failed to resolve: use of undeclared crate or module `test_helpers`
[INFO] [stdout]  --> tests/runtime.rs:7:1
[INFO] [stdout]   |
[INFO] [stdout] 7 | test_helpers::runtime_tests_wasmer_py!("py");
[INFO] [stdout]   | ^^^^^^^^^^^^ use of undeclared crate or module `test_helpers`
[INFO] [stdout] 
[INFO] [stdout] 
[INFO] [stderr] error: could not compile `wai-bindgen-gen-wasmer-py` (test "runtime") due to 2 previous errors
[INFO] [stdout] error: aborting due to previous error
[INFO] [stdout] 
[INFO] [stdout] 
[INFO] [stdout] For more information about this error, try `rustc --explain E0433`.
[INFO] [stdout] 
[INFO] running `Command { std: "docker" "inspect" "72b16b13b3f448810b4aae0233f620cc05e69b3ca808f16b128a44b8d557f4b3", kill_on_drop: false }`
[INFO] running `Command { std: "docker" "rm" "-f" "72b16b13b3f448810b4aae0233f620cc05e69b3ca808f16b128a44b8d557f4b3", kill_on_drop: false }`
[INFO] [stdout] 72b16b13b3f448810b4aae0233f620cc05e69b3ca808f16b128a44b8d557f4b3
[INFO] testing wai-bindgen-gen-wasmer-py-0.2.3 against beta-2023-12-22 for beta-1.76-1
[INFO] extracting crate wai-bindgen-gen-wasmer-py 0.2.3 into /workspace/builds/worker-4-tc2/source
[INFO] validating manifest of crates.io crate wai-bindgen-gen-wasmer-py 0.2.3 on toolchain beta-2023-12-22
[INFO] running `Command { std: CARGO_HOME="/workspace/cargo-home" RUSTUP_HOME="/workspace/rustup-home" "/workspace/cargo-home/bin/cargo" "+beta-2023-12-22" "metadata" "--manifest-path" "Cargo.toml" "--no-deps", kill_on_drop: false }`
[INFO] started tweaking crates.io crate wai-bindgen-gen-wasmer-py 0.2.3
[INFO] finished tweaking crates.io crate wai-bindgen-gen-wasmer-py 0.2.3
[INFO] tweaked toml for crates.io crate wai-bindgen-gen-wasmer-py 0.2.3 written to /workspace/builds/worker-4-tc2/source/Cargo.toml
[INFO] running `Command { std: CARGO_HOME="/workspace/cargo-home" RUSTUP_HOME="/workspace/rustup-home" "/workspace/cargo-home/bin/cargo" "+beta-2023-12-22" "generate-lockfile" "--manifest-path" "Cargo.toml", kill_on_drop: false }`
[INFO] [stderr]     Updating crates.io index
[INFO] running `Command { std: CARGO_HOME="/workspace/cargo-home" RUSTUP_HOME="/workspace/rustup-home" "/workspace/cargo-home/bin/cargo" "+beta-2023-12-22" "fetch" "--manifest-path" "Cargo.toml", kill_on_drop: false }`
[INFO] running `Command { std: "docker" "create" "-v" "/var/lib/crater-agent-workspace/builds/worker-4-tc2/target:/opt/rustwide/target:rw,Z" "-v" "/var/lib/crater-agent-workspace/builds/worker-4-tc2/source:/opt/rustwide/workdir:ro,Z" "-v" "/var/lib/crater-agent-workspace/cargo-home:/opt/rustwide/cargo-home:ro,Z" "-v" "/var/lib/crater-agent-workspace/rustup-home:/opt/rustwide/rustup-home:ro,Z" "-e" "SOURCE_DIR=/opt/rustwide/workdir" "-e" "CARGO_TARGET_DIR=/opt/rustwide/target" "-e" "CARGO_HOME=/opt/rustwide/cargo-home" "-e" "RUSTUP_HOME=/opt/rustwide/rustup-home" "-w" "/opt/rustwide/workdir" "-m" "1610612736" "--user" "0:0" "--network" "none" "ghcr.io/rust-lang/crates-build-env/linux@sha256:2788e3201cd34a07e3172128adcd8b3090168a8e3bcc40d7c032b9dda1df7d1c" "/opt/rustwide/cargo-home/bin/cargo" "+beta-2023-12-22" "metadata" "--no-deps" "--format-version=1", kill_on_drop: false }`
[INFO] [stdout] a6e641fb6c59d93d4f56b891357b8ab8c75ae27b4478f44356968ba396ce1241
[INFO] running `Command { std: "docker" "start" "-a" "a6e641fb6c59d93d4f56b891357b8ab8c75ae27b4478f44356968ba396ce1241", kill_on_drop: false }`
[INFO] running `Command { std: "docker" "inspect" "a6e641fb6c59d93d4f56b891357b8ab8c75ae27b4478f44356968ba396ce1241", kill_on_drop: false }`
[INFO] running `Command { std: "docker" "rm" "-f" "a6e641fb6c59d93d4f56b891357b8ab8c75ae27b4478f44356968ba396ce1241", kill_on_drop: false }`
[INFO] [stdout] a6e641fb6c59d93d4f56b891357b8ab8c75ae27b4478f44356968ba396ce1241
[INFO] running `Command { std: "docker" "create" "-v" "/var/lib/crater-agent-workspace/builds/worker-4-tc2/target:/opt/rustwide/target:rw,Z" "-v" "/var/lib/crater-agent-workspace/builds/worker-4-tc2/source:/opt/rustwide/workdir:ro,Z" "-v" "/var/lib/crater-agent-workspace/cargo-home:/opt/rustwide/cargo-home:ro,Z" "-v" "/var/lib/crater-agent-workspace/rustup-home:/opt/rustwide/rustup-home:ro,Z" "-e" "SOURCE_DIR=/opt/rustwide/workdir" "-e" "CARGO_TARGET_DIR=/opt/rustwide/target" "-e" "CARGO_INCREMENTAL=0" "-e" "RUST_BACKTRACE=full" "-e" "RUSTFLAGS=--cap-lints=warn" "-e" "RUSTDOCFLAGS=--cap-lints=warn" "-e" "CARGO_HOME=/opt/rustwide/cargo-home" "-e" "RUSTUP_HOME=/opt/rustwide/rustup-home" "-w" "/opt/rustwide/workdir" "-m" "1610612736" "--user" "0:0" "--network" "none" "ghcr.io/rust-lang/crates-build-env/linux@sha256:2788e3201cd34a07e3172128adcd8b3090168a8e3bcc40d7c032b9dda1df7d1c" "/opt/rustwide/cargo-home/bin/cargo" "+beta-2023-12-22" "build" "--frozen" "--message-format=json", kill_on_drop: false }`
[INFO] [stdout] 52369a9c2c8e946636a5b6a0c09add5fca742f4ac598993f3d1fba2ae8c337cb
[INFO] running `Command { std: "docker" "start" "-a" "52369a9c2c8e946636a5b6a0c09add5fca742f4ac598993f3d1fba2ae8c337cb", kill_on_drop: false }`
[INFO] [stderr]    Compiling unicase v2.7.0
[INFO] [stderr]    Compiling anyhow v1.0.79
[INFO] [stderr]    Compiling tinyvec_macros v0.1.1
[INFO] [stderr]    Compiling pulldown-cmark v0.8.0
[INFO] [stderr]    Compiling unicode-xid v0.2.4
[INFO] [stderr]    Compiling id-arena v2.2.1
[INFO] [stderr]    Compiling wai-bindgen-gen-wasmer-py v0.2.3 (/opt/rustwide/workdir)
[INFO] [stderr]    Compiling unicode-segmentation v1.10.1
[INFO] [stderr]    Compiling tinyvec v1.6.0
[INFO] [stderr]    Compiling heck v0.3.3
[INFO] [stderr]    Compiling unicode-normalization v0.1.22
[INFO] [stderr]    Compiling wai-parser v0.2.3
[INFO] [stderr]    Compiling wai-bindgen-gen-core v0.2.3
[INFO] [stderr]     Finished dev [unoptimized + debuginfo] target(s) in 4.57s
[INFO] running `Command { std: "docker" "inspect" "52369a9c2c8e946636a5b6a0c09add5fca742f4ac598993f3d1fba2ae8c337cb", kill_on_drop: false }`
[INFO] running `Command { std: "docker" "rm" "-f" "52369a9c2c8e946636a5b6a0c09add5fca742f4ac598993f3d1fba2ae8c337cb", kill_on_drop: false }`
[INFO] [stdout] 52369a9c2c8e946636a5b6a0c09add5fca742f4ac598993f3d1fba2ae8c337cb
[INFO] running `Command { std: "docker" "create" "-v" "/var/lib/crater-agent-workspace/builds/worker-4-tc2/target:/opt/rustwide/target:rw,Z" "-v" "/var/lib/crater-agent-workspace/builds/worker-4-tc2/source:/opt/rustwide/workdir:ro,Z" "-v" "/var/lib/crater-agent-workspace/cargo-home:/opt/rustwide/cargo-home:ro,Z" "-v" "/var/lib/crater-agent-workspace/rustup-home:/opt/rustwide/rustup-home:ro,Z" "-e" "SOURCE_DIR=/opt/rustwide/workdir" "-e" "CARGO_TARGET_DIR=/opt/rustwide/target" "-e" "CARGO_INCREMENTAL=0" "-e" "RUST_BACKTRACE=full" "-e" "RUSTFLAGS=--cap-lints=warn" "-e" "RUSTDOCFLAGS=--cap-lints=warn" "-e" "CARGO_HOME=/opt/rustwide/cargo-home" "-e" "RUSTUP_HOME=/opt/rustwide/rustup-home" "-w" "/opt/rustwide/workdir" "-m" "1610612736" "--user" "0:0" "--network" "none" "ghcr.io/rust-lang/crates-build-env/linux@sha256:2788e3201cd34a07e3172128adcd8b3090168a8e3bcc40d7c032b9dda1df7d1c" "/opt/rustwide/cargo-home/bin/cargo" "+beta-2023-12-22" "test" "--frozen" "--no-run" "--message-format=json", kill_on_drop: false }`
[INFO] [stdout] 4afd2845d96ae753a28c06be900e5c3ec1e736bae01839af9cd164deaf88a1c2
[INFO] running `Command { std: "docker" "start" "-a" "4afd2845d96ae753a28c06be900e5c3ec1e736bae01839af9cd164deaf88a1c2", kill_on_drop: false }`
[INFO] [stderr]    Compiling wai-bindgen-gen-wasmer-py v0.2.3 (/opt/rustwide/workdir)
[INFO] [stdout] error[E0433]: failed to resolve: use of undeclared crate or module `test_helpers`
[INFO] [stdout]  --> tests/codegen.rs:5:5
[INFO] [stdout]   |
[INFO] [stdout] 5 |     test_helpers::codegen_wasmer_py_export!(
[INFO] [stdout]   |     ^^^^^^^^^^^^ use of undeclared crate or module `test_helpers`
[INFO] [stdout] 
[INFO] [stdout] 
[INFO] [stdout] error[E0433]: failed to resolve: use of undeclared crate or module `test_helpers`
[INFO] [stdout]   --> tests/codegen.rs:14:5
[INFO] [stdout]    |
[INFO] [stdout] 14 |     test_helpers::codegen_wasmer_py_import!(
[INFO] [stdout]    |     ^^^^^^^^^^^^ use of undeclared crate or module `test_helpers`
[INFO] [stdout] 
[INFO] [stdout] 
[INFO] [stdout] error[E0433]: failed to resolve: use of undeclared crate or module `test_helpers`
[INFO] [stdout]  --> tests/runtime.rs:7:1
[INFO] [stdout]   |
[INFO] [stdout] 7 | test_helpers::runtime_tests_wasmer_py!("py");
[INFO] [stdout]   | ^^^^^^^^^^^^ use of undeclared crate or module `test_helpers`
[INFO] [stdout] 
[INFO] [stdout] 
[INFO] [stdout] error: aborting due to 2 previous errors
[INFO] [stdout] 
[INFO] [stdout] 
[INFO] [stdout] For more information about this error, try `rustc --explain E0433`.
[INFO] [stdout] 
[INFO] [stderr] error: could not compile `wai-bindgen-gen-wasmer-py` (test "codegen") due to 3 previous errors
[INFO] [stderr] warning: build failed, waiting for other jobs to finish...
[INFO] [stdout] error: aborting due to 1 previous error
[INFO] [stdout] 
[INFO] [stdout] 
[INFO] [stdout] For more information about this error, try `rustc --explain E0433`.
[INFO] [stdout] 
[INFO] [stderr] error: could not compile `wai-bindgen-gen-wasmer-py` (test "runtime") due to 2 previous errors
[INFO] running `Command { std: "docker" "inspect" "4afd2845d96ae753a28c06be900e5c3ec1e736bae01839af9cd164deaf88a1c2", kill_on_drop: false }`
[INFO] running `Command { std: "docker" "rm" "-f" "4afd2845d96ae753a28c06be900e5c3ec1e736bae01839af9cd164deaf88a1c2", kill_on_drop: false }`
[INFO] [stdout] 4afd2845d96ae753a28c06be900e5c3ec1e736bae01839af9cd164deaf88a1c2
